-- MySQL dump 10.13  Distrib 5.5.31, for debian-linux-gnu (i686)
--
-- Host: localhost    Database: north1
-- ------------------------------------------------------
-- Server version	5.5.31-0+wheezy1

/*!40101 SET @OLD_CHARACTER_SET_CLIENT=@@CHARACTER_SET_CLIENT */;
/*!40101 SET @OLD_CHARACTER_SET_RESULTS=@@CHARACTER_SET_RESULTS */;
/*!40101 SET @OLD_COLLATION_CONNECTION=@@COLLATION_CONNECTION */;
/*!40101 SET NAMES utf8 */;
/*!40103 SET @OLD_TIME_ZONE=@@TIME_ZONE */;
/*!40103 SET TIME_ZONE='+00:00' */;
/*!40014 SET @OLD_UNIQUE_CHECKS=@@UNIQUE_CHECKS, UNIQUE_CHECKS=0 */;
/*!40014 SET @OLD_FOREIGN_KEY_CHECKS=@@FOREIGN_KEY_CHECKS, FOREIGN_KEY_CHECKS=0 */;
/*!40101 SET @OLD_SQL_MODE=@@SQL_MODE, SQL_MODE='NO_AUTO_VALUE_ON_ZERO' */;
/*!40111 SET @OLD_SQL_NOTES=@@SQL_NOTES, SQL_NOTES=0 */;

--
-- Table structure for table `amphur`
--

DROP TABLE IF EXISTS `amphur`;
/*!40101 SET @saved_cs_client     = @@character_set_client */;
/*!40101 SET character_set_client = utf8 */;
CREATE TABLE `amphur` (
  `ID` int(10) unsigned NOT NULL AUTO_INCREMENT,
  `province_id` varchar(10) DEFAULT NULL,
  `amphur_id` varchar(10) DEFAULT NULL,
  `amphur_name` varchar(50) DEFAULT NULL,
  PRIMARY KEY (`ID`)
) ENGINE=MyISAM AUTO_INCREMENT=4 DEFAULT CHARSET=utf8;
/*!40101 SET character_set_client = @saved_cs_client */;

--
-- Dumping data for table `amphur`
--

LOCK TABLES `amphur` WRITE;
/*!40000 ALTER TABLE `amphur` DISABLE KEYS */;
INSERT INTO `amphur` VALUES (1,'01','01',''),(2,'01','02',''),(3,'02','01','');
/*!40000 ALTER TABLE `amphur` ENABLE KEYS */;
UNLOCK TABLES;

--
-- Table structure for table `branch`
--

DROP TABLE IF EXISTS `branch`;
/*!40101 SET @saved_cs_client     = @@character_set_client */;
/*!40101 SET character_set_client = utf8 */;
CREATE TABLE `branch` (
  `facode` varchar(10) DEFAULT NULL,
  `bacode` varchar(10) DEFAULT NULL,
  `baname` varchar(50) DEFAULT NULL
) ENGINE=MyISAM DEFAULT CHARSET=utf8;
/*!40101 SET character_set_client = @saved_cs_client */;

--
-- Dumping data for table `branch`
--

LOCK TABLES `branch` WRITE;
/*!40000 ALTER TABLE `branch` DISABLE KEYS */;
INSERT INTO `branch` VALUES ('01','01','สาขาวิชาคอมพิวเตอร์ธุรกิจ'),('01','02','สาขาวิชาการจัดการ'),('02','01','สาขาวิชาการบัญชี');
/*!40000 ALTER TABLE `branch` ENABLE KEYS */;
UNLOCK TABLES;

--
-- Table structure for table `faculty`
--

DROP TABLE IF EXISTS `faculty`;
/*!40101 SET @saved_cs_client     = @@character_set_client */;
/*!40101 SET character_set_client = utf8 */;
CREATE TABLE `faculty` (
  `facode` varchar(10) DEFAULT NULL,
  `faname` varchar(50) DEFAULT NULL
) ENGINE=MyISAM DEFAULT CHARSET=utf8;
/*!40101 SET character_set_client = @saved_cs_client */;

--
-- Dumping data for table `faculty`
--

LOCK TABLES `faculty` WRITE;
/*!40000 ALTER TABLE `faculty` DISABLE KEYS */;
INSERT INTO `faculty` VALUES ('01','คณะบริหารธุรกิจ'),('02','คณะบัญชี');
/*!40000 ALTER TABLE `faculty` ENABLE KEYS */;
UNLOCK TABLES;

--
-- Table structure for table `geography`
--

DROP TABLE IF EXISTS `geography`;
/*!40101 SET @saved_cs_client     = @@character_set_client */;
/*!40101 SET character_set_client = utf8 */;
CREATE TABLE `geography` (
  `GEO_ID` varchar(10) NOT NULL,
  `GEO_NAME` varchar(50) NOT NULL,
  PRIMARY KEY (`GEO_ID`)
) ENGINE=MyISAM DEFAULT CHARSET=utf8;
/*!40101 SET character_set_client = @saved_cs_client */;

--
-- Dumping data for table `geography`
--

LOCK TABLES `geography` WRITE;
/*!40000 ALTER TABLE `geography` DISABLE KEYS */;
INSERT INTO `geography` VALUES ('1','ภาคเหนือ');
/*!40000 ALTER TABLE `geography` ENABLE KEYS */;
UNLOCK TABLES;

--
-- Table structure for table `province`
--

DROP TABLE IF EXISTS `province`;
/*!40101 SET @saved_cs_client     = @@character_set_client */;
/*!40101 SET character_set_client = utf8 */;
CREATE TABLE `province` (
  `geo_id` varchar(10) DEFAULT NULL,
  `province_id` varchar(10) DEFAULT NULL,
  `province_name` varchar(50) DEFAULT NULL
) ENGINE=MyISAM DEFAULT CHARSET=utf8;
/*!40101 SET character_set_client = @saved_cs_client */;

--
-- Dumping data for table `province`
--

LOCK TABLES `province` WRITE;
/*!40000 ALTER TABLE `province` DISABLE KEYS */;
INSERT INTO `province` VALUES ('1','01','เชียงใหม่');
/*!40000 ALTER TABLE `province` ENABLE KEYS */;
UNLOCK TABLES;

--
-- Table structure for table `register`
--

DROP TABLE IF EXISTS `register`;
/*!40101 SET @saved_cs_client     = @@character_set_client */;
/*!40101 SET character_set_client = utf8 */;
CREATE TABLE `register` (
  `idno` varchar(50) NOT NULL DEFAULT '',
  `pren` varchar(50) DEFAULT NULL,
  `name1` varchar(50) DEFAULT NULL,
  `surn` varchar(50) DEFAULT NULL,
  `address` varchar(100) DEFAULT NULL,
  `province` varchar(50) DEFAULT NULL,
  `zipcode` varchar(50) DEFAULT NULL,
  `email` varchar(50) DEFAULT NULL,
  `tel` varchar(50) DEFAULT NULL,
  `facode` varchar(50) DEFAULT NULL,
  `bacode` varchar(50) DEFAULT NULL,
  `date1` varchar(10) NOT NULL,
  PRIMARY KEY (`idno`)
) ENGINE=MyISAM DEFAULT CHARSET=utf8;
/*!40101 SET character_set_client = @saved_cs_client */;

--
-- Dumping data for table `register`
--

LOCK TABLES `register` WRITE;
/*!40000 ALTER TABLE `register` DISABLE KEYS */;
INSERT INTO `register` VALUES ('','','','','','','','','','01','02','12-3-2014'),('1510600077466','นางสาว','อรทัย','นามกร','21 หมู่ 11 ตำบลน้ำดิบ อำเภอป่าซาง','ลำพูน','51120','mickey_1995_orathai@hotmail.com','0957461995','--เลือกคณะ--','--เลือกสาขา--','16-3-2014'),('352001','นาย','ดิเรก','รังรอง','501/131','อ่างทอง','50210','direkgps@hotmail.com','0896357054','01','01','24-2-2014'),('1509901278809','นางสาว','จุฑารัตน์','ไชยวรรณะ','130 ม.5 ต.ท่าศาลา อ.เมือง','เชียงใหม่','50140','nomnamnoi@hotmail.com','0938324012','02','01','19-3-2014'),('1560100187017','น.ส.','พนิดา','เมืองชื่น','111/111 หมู่11 ต.อ้อมน้อย อ.กระทุ่มแบน','สมุทรสาคร','74130','pemai_panida12@outlook.com','0893511418','01','01','21-3-2014'),('1510100191618','นาย','วัชชิระ','คำเดชศักดิ์62','62/1 หมู่ 2 ต.ทาสบเส้า อ.แม่ทา ','ลำพูน','51140','sf_watchira@windowslive.com','0871808075','01','01','22-3-2014'),('1510100244941','นาย','สุบรรณวัฒน์','อยู่คง','41/1 หูม่ 11 ต.ศรีบัวบาน อ.เมือง','ลำพูน','51000','subannawat@gmail.com','0801241237','01','02','27-3-2014'),('1510100222009','นางสาว','ขวัญฤทัย','เจตวรรณ','99/1 หมู่.1 ตำบลป่าสัก อำเภอเมือง ','ลำพูน','51000','kunghang@hotmail.com','0845010881','01','02','28-3-2014'),('3510300219430','นาย','ปรีดา','รัตนพรม','36 หมู่ 12 ต.ป่าพลู อ.บ้านโฮ่ง ','ลำพูน','51130','arm_pree@hotmail.com','0813868897','01','01','30-3-2014'),('1102001709282','นางสาว','เสาวลักษณ์','แสงป่ายาง','147/26  ม.9  ต.สวนหลวง อ.กระทุ่มแบน','สมุทรสาคร','74110','','','02','01','1-4-2014'),('3200300041694','นาย','ชยพล','บุตรศรีมาตย์','พระโขนง','กรุงเทพมหานคร','10260','nanacompu2@hotmail.com','0911103419','--เลือกคณะ--','--เลือกสาขา--','4-4-2014'),('1102002307137','นางสาว','สุรารักษ์','คงตำนาน','101/1 ม.1 ซ.ร่มศรีทอง ต.สวนหลวง อ.กระทุ่มเเบน','สมุทรสาคร','74110','jinny_jtbb@hotmail.com','0894579028','01','02','7-4-2014'),('1129900316204','นางสาว','ณัฐพร','','','','','','','--เลือกคณะ--','--เลือกสาขา--','9-4-2014'),('1559900210101','นางสาว','พัชราภรณ์','ใจสุข','98/1  ถ มะโน  ต ในเวียง  อ เมือง  จ น่าน  55000','น่าน','55000','uttraman-nack-1992@hotmail.com','093-2683778','02','01','21-4-2014'),('4','4','4','4','4','กระบี่','4','4','4','02','01','22-4-2014'),('1200300050271','นางสาว','ธัญมาส','วงค์สุ่ย','73/53 หมู่4 ซอยกิ่งแก้ว32 ถนนกิ่งแก้ว ต.ราชาเทวะ อ.บางพลี','สมุทรปราการ','10540','thanya_lovely1@hotmail.com','0911239068','01','01','23-4-2014'),('1570300099391','นางสาว','อักษราภัค','เบาจิตต์','106/6 หมู่ 2 ต.สถาน อ.เชียงของ ','เชียงราย','57140','Nam.snoopy_lovely@hotmail.com','0800330742','02','01','24-4-2014'),('5500401100851','อร','อรอนงค์','จะนะ','ม.12 ต.เมืองนะ อ.เชียงดาว ','เชียงใหม่','50170','e-ohn@hotmail.com','0979506561','01','02','25-4-2014'),('1509900744261','นางสาว','ฐิติพร','เพียบเพียร','7/2 หมู่3  ต.หนองหอย อ.เมือง','เชียงใหม่','50000','noon-majolica@outlook.co.th','0810222110','01','02','27-4-2014'),('1529900402395','นาย','อนุสรณ์','เต็มจินา','14/1 หมู่5 ต.ทุ่งฝาย อ.เมือง','ลำปาง','52000','lovelove_it22@hotmail.com','0979287448','01','01','30-4-2014'),('1510400085139','นาย','สุชาติ','ใจสุยะ','173/2หมู่12ตำบลลี้อำเภอลี้','ลำพูน','51110','boytyu001@gmail.com','0882615268','01','01','1-5-2014'),('1102001974229','นางสาว','ยลดา','โชติสวัสดิ์รักษา','755','กรุงเทพมหานคร','10150','yolladaou@hotmail.com','0824999134','01','01','3-5-2014'),('151040085139','นาย','สุชาติ','ใจสุยะ','173/2หมู่12ตำบลลี้อำเภอลี้','ลำพูน','51110','boytyu001@gmail.com','0882615268','01','02','4-5-2014'),('15099-01364811','นาย','สหรัตน์','กันทะวงค์','26/5 ม.6 ต.บ้านกลาง อ.เมือง ','ลำพูน','51000','the.m.za@hotmail.com','0957879208','01','02','9-5-2014'),('1510100261730','นางสาว','ทิพวรรณ','ตุ๋นสัด','16 หมู่ 4 ต.ศรีบัวบาน อ.เมือง','ลำพูน','51000','Thip_gap@hotmail.com','0834745387','02','01','10-5-2014'),('1560100150024','นางสาว','อุมาพร','จักรเงิน','2หมู่10 ต.บ้านต๊ำ อ.เมืองพะเยา','พะเยา','56000','taytopbow@hotmail.com','0843287479','01','02','12-5-2014'),('1749900342269','นางสาว','อธิศรา','สุรัติในธรรม','279/58 ถ.โสมมนัสมรรคา ต.ท่าฉลอม อ.เมือง ','สมุทรสาคร','74000','kanklao36@gmail.com','0911966994','01','02','12-5-2014'),('1510100297998','นาย','เศรษฐวัฒน์','ดีติ๊บ','238','ลำพูน','51170','zeeawasdza@hotmail.com','0932641116','01','02','12-5-2014'),('1580400164977','นางสาว','ธารทิพย์','ศักดิ์แสน','82 ม.5 ต.เหมืองจี้ อ.เมือง','ลำพูน','51000','mainy_401@hotmail.com','0979371748','01','01','13-5-2014'),('1200600133687','นาย','เกียรติขจร','จุกสีดา','146','ลำพูน','51000','Nong_2160@hotmail.com','0801209545','01','02','17-5-2014'),('1509901161537','นาย','อธิป','เชื้อหมอ','7/3 หมู่.2 ต.ห้วยยาบ อ.บ้านธิ จ.ลำพูน','ลำพูน','51180','gimji_kung@hotmail.com','0933135631','01','02','21-5-2014'),('1209600091303','นางสาว','ธรรมิกา','จินะกาศ','91/1 ม.5 ต.ทาขุมเงิน อ.แม่ทา ','ลำพูน','51170','beau.ja@hotmail.com','0810357075','02','01','26-5-2014'),('1510400131629','นางสาว','กรวิกา','แก้ววงค์','115/3 หมูที่4 ตำบลลี้ อำเภอลี้ ','ลำพูน','51110','kornvika.fin@gmail.com','0914124921','01','02','26-5-2014'),('1510100140266','นาง','เกศรินทร์','วงศ์ฝั้น','116/1 ม.11 ต.มะเขือแจ้ อ.เมือง ','ลำพูน','51000','๋Jo_LOvEIS@hotmail.com','0817838788','01','02','30-5-2014'),('1749800172248','นา','','','','','','','','--เลือกคณะ--','--เลือกสาขา--','31-5-2014'),('1310300156117','นางสาว','กิติยา','เทียมเลิศ','74ม.12ตำบลบ้านปรือ อำเภอกระสัง ','บุรีรัมย์','31160','Kolfka@hotmail.com','0955146975','01','02','1-6-2014'),('1501600066058','นางสาว','สุรีย์ฉาย','ทาติ๊','15 ม.11 ต.บ่อหลวง อ.ฮอด','เชียงใหม่','50240','charoonno47@gmail.com','0807399353','01','02','2-6-2014'),('1530300061092','นางสาว','บุณยนุช','อินปาจร','11 ม.5 ต. นางพญา อ. ท่าปลา จ.อุตรดิตถ์','อุตรดิตถ์','53150','noopor6733@gmail.com','0923916733','02','01','3-6-2014'),('1549900260167','นางสาว','ปัทมวรรณ','พันธ์เลิศ','66 ม.10 ต.บ้านหนุน อ.สอง ','แพร่','54120','Pattamawan_Panlerd@hotmail.com','0875654470','02','01','5-6-2014'),('1340100013720','นางสาว','ทัศนีย์','คณะพิมพ์','472 ซอยบางแค 1 แขวงบางแค เขตบางแค','กรุงเทพมหานคร','10160','thasaneeskb@hotmail.com','0831638791','01','01','9-6-2014'),('3520100963749','นาง','ณปภัส','สุขใจ','82/2 หมู่ 4 ต.ลี้ อ.ลี้ ','ลำพูน','51110','tomochan_yunho@hotmail.co.th','','01','01','23-6-2014'),('1901300006757','นางสาว','บุญปริตตา','ชัยวัฒนาดี','12/102 แฟลตคลองจั่น บางกะปิ','','10240','nong_eif@hotmail.com','0909918178','--เลือกคณะ--','','24-6-2014'),('1101000534037','นางสาว','ดาราวรรณ','เปรมตุ่น','74 ม. 2 ต. นาเกลือ อ. พระสมุทรเจดีย์ ','สมุทรปราการ','10290','aom_bangpoo@hotmail.com','0840101099','01','02','27-6-2014'),('1540500049223','นาง','รุ่งทิวา','ดูงาม','258 ม.1 ต.เวียงกาหลง อ.เวียงป่าเป้า จ.เชียงราย','เชียงราย','57260','story_nine2556@hotmail.com','0856886020','01','02','4-7-2014'),('1510100245351','นางสาว','จันทร์จิรา','บุญเรือง','58/3 หมู่1 ต.บ้านโฮ่ง อ.บ้านโฮ่ง','ลำพูน','51130','fa_Ammy_305@hotmail.com','0960407830','02','01','10-7-2014'),('1510100219041','นางสาว','พรสุดา','ดวงดึง','106  ม.11ต.เหมืองจี้ อ.เมือง จ.ลำพูน','ลำพูน','51000','-','0894424460','02','','17-7-2014'),('13299008592218','นางสาว','ผุสดี','ยืนยาว','133 ม.6 ต.ตากูก อ.เขวาสินรินทร์ ','สุรินทร์','32000','phusdee-tam23@hotmail.com','0837447505','02','01','18-7-2014'),('5510100026474','น.ส ','นีรชา','ปัญญาแจ่ม','','','','','','01','02','21-7-2014'),('1510100234872','นาย','ภานุวัฒน์','นาริยะ','167/2 ม.10 ต.อุโมงค์ อ.เมือง','ลำพูน','51150','ohm-ohm.1@hotmail.com','0800312418','01','02','22-7-2014'),('1102001986031','แบง','ธนวัฒน์','พุมาเกรียว','43 ซ.เทอดไท 59/2 ข.บางหว้า ข.ภาษีเจริญ','กรุงเทพมหานคร','10160','Thanawat_9356@hotmail.com','0802964485','--เลือกคณะ--','','25-7-2014'),('1430500302019','นางสาว','ดารารัตน์','รวมเงิน','12 หมู่ 9 บจก.เอราวัณรับเบอร์ แขวง/เขต บางบอน','กรุงเทพมหานคร','10150','saytan_33@hotmail.com','0857163279','02','01','27-7-2014'),('1509901259561','นางสาว ','ณัฐธิดา','วงค์ชัย','219/1 หมู่ 10 ต.อุโมงค์ อ.เมือง จ.ลำพูน 51150','ลำพูน','51150','Tee_sby@hotmail.com','0918518003','02','--เลือกสาขา--','30-7-2014'),('3509900608429','นาย','อนุพงศ์','สว่างนาค','177/2ม.6ต.บ้านกลางอ.เมืองจ.ลำพูน','ลำพูน','5100','yongjay3126','0844226368','01','01','31-7-2014'),('1509901414770','นางสาว','ภาณุดา','สมบุญโสด','57/2 ม.4  ต.ศรีบัวบาน อ.เมือง','ลำพูน','54000','Panuda.Sombunsot@schaffner.com','0834701652','02','01','5-8-2014'),('1102200119183','นาย','','','','','','','','--เลือกคณะ--','--เลือกสาขา--','11-8-2014'),('1100800776272','นางสาว','สุชาดา','ชาวหันคำ','64ม.15 ต.โคกยาง อ. ปราสาท จ.สุรินทรฺ์ 32140','สุรินทร์','32140','suchada5674@gmail.com','0800613730','02','01','17-8-2014'),('1620600107101','นาย','อรรถพล','','','','','','','--เลือกคณะ--','--เลือกสาขา--','18-8-2014'),('35008001778','นาง','หงส์ทอง','กันทะวงค์','69 หมู่ 8 ต.แม่สาบ อ. สะเมิง ','เชียงใหม่','50250','pungpond2525@hotmail.com','0861169422','01','02','27-8-2014'),('3520400018756','นางสาว','วราภรณ์','หรรษา','195/1ม5 ต ทุ่งงาม อ  เสริมงาม ฃ','ลำปาง','52210','tyk.12@hotmail.com','0842231979','01','02','31-8-2014'),('1510100122705','นางสาว','เตชินี','ใจศิลป์','238/3 ม.4 ต.มะกอก อ. ป่าซาง ','ลำพูน','51120','supertigertom@gmail.com','0910240240','01','02','1-9-2014'),('44445415424','นาย','ดวงดี','คำปัน','351กดเกเ','อุบลราชธานี','52111','fdgfg','5476','01','01','16-9-2014'),('1440600221045','นางสาว','สุธิดา','มาลาหอม','15/5 ต.ท่าข้าม อ.สามพราน จ.นครปฐม','นครปฐม','73160','Nickky-suthida@hotmail.com','0884537746','01','01','16-9-2014'),('3519900128273','นางสาว','ศรัณรัชต์','ชมภูกา','218 ม.5 ถ.สันป่ายาง ซ.12 ต.ในเมือง อ.เมือง','ลำพูน','51000','','','--เลือกคณะ--','--เลือกสาขา--','18-9-2014'),('1520500055347','นาย','วุฒิชัย','ใจมา','74/2 หมู่5 ต.บ้านร้อง อ.งาว','ลำปาง','52110','','0817242427','01','01','5-10-2014'),('8710276002058','นางสาว','อุษา','ประสิทธิ์กาญจน์','11 ม.6 ต.ตะคร้ำเอน อ.ท่ามะกา','กาญจนบุรี','71130','gu_sasa@hotmail.com','0844640933','01','01','11-10-2014'),('1571200076404','นางสาว','ขวัญฤทัย','เหล็กแก้ว','216 ม.6 ต.ป่าตาล อ.ขุนตาล จ.เชียงราย 57340','เชียงราย','57340','chaomza@gmail.com','0824805100','02','01','12-10-2014'),('1309800262615','นางสาว','อรทัย','โพธิ์นอก','125 หมู่6 บ.หนองจาน ต.หนองสาหร่าย อ.ปากช่อง  ','นครราชสีมา','30130','Praw_naruk@hotmail.com','0913467802','02','01','13-10-2014'),('1102100079660','นาย','วัชรพงศ์ ','นนทะพจน์','89 หมู่ 12 ต.กกเเดง อ.นิคมคำสร้อย','มุกดาหาร','49130','watcarapong_loso@hotmail.com','0907241243','01','01','19-10-2014'),('1580300075344','นางสาว','ชลาลัย','เฟยนาต๊ะ','27/1หมู่3 ต.แม่นาเติง อ.ปาย','แม่ฮ่องสอน','58130','chalalai634@gmail.com','0932253705','01','02','25-10-2014'),('1501500002431','นาย','','','','เชียงใหม่','','','','01','01','25-10-2014'),('15','','','','','','','','','--เลือกคณะ--','--เลือกสาขา--','1-11-2014'),('1539900548047','นาย','ปัณวรรธน์','ลับเนตร','70 ม.4 ต.บ้านตึก อ. ศรีสัชนาลัย ','สุโขทัย','64130','arisean39@gail.com','0920369423','01','01','1-11-2014'),('1571200079276','นางสาว','ปริศนา','พรมช่วย','6ม.3 ต.เม็งราย อ.พญาเม็งราย จ.เชียงราย','เชียงราย','57290','pang1175@gmail.com','0905972874','01','02','10-11-2014'),('1480400069827','นางสาว','พุทธิมา','อ่อนผิว','91ม.4ต.นาทมอ.นาทม','นครพนม','48140','','0873053939','01','02','12-11-2014'),('1770200108401','นางสาว','ทิพยวรรณ','สายชล','23 หมู่ 5 ต. กุยเหนือ อ. กุยบุรี','ประจวบคีรีขันธ์','77150','pao.may.capza@gmail.com','0990146066','02','01','13-11-2014'),('1510100261284','นางสาว','วัชรภรณ์','คำศักดิ์','101 ม.3 ต.หนองหนาม อ.เมือง','ลำพูน','51000','n_an236@hotmail.com','0918727053','02','01','22-11-2014'),('1505300006606','นางสาว','อริสรา','อาวิโรจน์','240 ม.6 ต.วังผาง อ.เวียงหนองล่อง ','ลำพูน','51120','aungaing.xi@gmail.com','0956842848','02','01','24-11-2014'),('2345','qwe','sdfhg','2gt','1234','สุพรรณบุรี','12346','345','245','01','02','10-5-2015');
/*!40000 ALTER TABLE `register` ENABLE KEYS */;
UNLOCK TABLES;

--
-- Table structure for table `test`
--

DROP TABLE IF EXISTS `test`;
/*!40101 SET @saved_cs_client     = @@character_set_client */;
/*!40101 SET character_set_client = utf8 */;
CREATE TABLE `test` (
  `test` varchar(10) DEFAULT '0'
) ENGINE=MyISAM DEFAULT CHARSET=utf8;
/*!40101 SET character_set_client = @saved_cs_client */;

--
-- Dumping data for table `test`
--

LOCK TABLES `test` WRITE;
/*!40000 ALTER TABLE `test` DISABLE KEYS */;
INSERT INTO `test` VALUES ('');
/*!40000 ALTER TABLE `test` ENABLE KEYS */;
UNLOCK TABLES;
/*!40103 SET TIME_ZONE=@OLD_TIME_ZONE */;

/*!40101 SET SQL_MODE=@OLD_SQL_MODE */;
/*!40014 SET FOREIGN_KEY_CHECKS=@OLD_FOREIGN_KEY_CHECKS */;
/*!40014 SET UNIQUE_CHECKS=@OLD_UNIQUE_CHECKS */;
/*!40101 SET CHARACTER_SET_CLIENT=@OLD_CHARACTER_SET_CLIENT */;
/*!40101 SET CHARACTER_SET_RESULTS=@OLD_CHARACTER_SET_RESULTS */;
/*!40101 SET COLLATION_CONNECTION=@OLD_COLLATION_CONNECTION */;
/*!40111 SET SQL_NOTES=@OLD_SQL_NOTES */;

-- Dump completed on 2015-06-21 17:57:54
