--
-- Host: localhost    Database: mbk
-- ------------------------------------------------------


--
-- Table structure for table `fred7_assets`
--

CREATE TABLE `fred7_assets` (
  `id` int(10) unsigned NOT NULL AUTO_INCREMENT COMMENT 'Primary Key',
  `parent_id` int(11) NOT NULL DEFAULT '0' COMMENT 'Nested set parent.',
  `lft` int(11) NOT NULL DEFAULT '0' COMMENT 'Nested set lft.',
  `rgt` int(11) NOT NULL DEFAULT '0' COMMENT 'Nested set rgt.',
  `level` int(10) unsigned NOT NULL COMMENT 'The cached level in the nested tree.',
  `name` varchar(50) NOT NULL COMMENT 'The unique name for the asset.\n',
  `title` varchar(100) NOT NULL COMMENT 'The descriptive title for the asset.',
  `rules` varchar(5120) NOT NULL COMMENT 'JSON encoded access control.',
  PRIMARY KEY (`id`),
  UNIQUE KEY `idx_asset_name` (`name`),
  KEY `idx_lft_rgt` (`lft`,`rgt`),
  KEY `idx_parent_id` (`parent_id`)
) ENGINE=InnoDB AUTO_INCREMENT=57 DEFAULT CHARSET=utf8;

--
-- Dumping data for table `fred7_assets`
--

INSERT INTO `fred7_assets` VALUES (1,0,1,111,0,'root.1','Root Asset','{\"core.login.site\":{\"6\":1,\"2\":1},\"core.login.admin\":{\"6\":1},\"core.login.offline\":{\"6\":1},\"core.admin\":{\"8\":1},\"core.manage\":{\"7\":1},\"core.create\":{\"6\":1,\"3\":1},\"core.delete\":{\"6\":1},\"core.edit\":{\"6\":1,\"4\":1},\"core.edit.state\":{\"6\":1,\"5\":1},\"core.edit.own\":{\"6\":1,\"3\":1}}'),(2,1,1,2,1,'com_admin','com_admin','{}'),(3,1,3,12,1,'com_banners','com_banners','{\"core.admin\":{\"7\":1},\"core.manage\":{\"6\":1},\"core.create\":[],\"core.delete\":[],\"core.edit\":[],\"core.edit.state\":[]}'),(4,1,13,14,1,'com_cache','com_cache','{\"core.admin\":{\"7\":1},\"core.manage\":{\"7\":1}}'),(5,1,15,16,1,'com_checkin','com_checkin','{\"core.admin\":{\"7\":1},\"core.manage\":{\"7\":1}}'),(6,1,17,18,1,'com_config','com_config','{}'),(7,1,19,22,1,'com_contact','com_contact','{\"core.admin\":{\"7\":1},\"core.manage\":{\"6\":1},\"core.create\":[],\"core.delete\":[],\"core.edit\":[],\"core.edit.state\":[],\"core.edit.own\":[]}'),(8,1,23,62,1,'com_content','com_content','{\"core.admin\":{\"7\":1},\"core.manage\":{\"6\":1},\"core.create\":{\"3\":1},\"core.delete\":[],\"core.edit\":{\"4\":1},\"core.edit.state\":{\"5\":1},\"core.edit.own\":[]}'),(9,1,63,64,1,'com_cpanel','com_cpanel','{}'),(10,1,65,66,1,'com_installer','com_installer','{\"core.admin\":[],\"core.manage\":{\"7\":0},\"core.delete\":{\"7\":0},\"core.edit.state\":{\"7\":0}}'),(11,1,67,68,1,'com_languages','com_languages','{\"core.admin\":{\"7\":1},\"core.manage\":[],\"core.create\":[],\"core.delete\":[],\"core.edit\":[],\"core.edit.state\":[]}'),(12,1,69,70,1,'com_login','com_login','{}'),(13,1,71,72,1,'com_mailto','com_mailto','{}'),(14,1,73,74,1,'com_massmail','com_massmail','{}'),(15,1,75,76,1,'com_media','com_media','{\"core.admin\":{\"7\":1},\"core.manage\":{\"6\":1},\"core.create\":{\"3\":1},\"core.delete\":{\"5\":1}}'),(16,1,77,78,1,'com_menus','com_menus','{\"core.admin\":{\"7\":1},\"core.manage\":[],\"core.create\":[],\"core.delete\":[],\"core.edit\":[],\"core.edit.state\":[]}'),(17,1,79,80,1,'com_messages','com_messages','{\"core.admin\":{\"7\":1},\"core.manage\":{\"7\":1}}'),(18,1,81,82,1,'com_modules','com_modules','{\"core.admin\":{\"7\":1},\"core.manage\":[],\"core.create\":[],\"core.delete\":[],\"core.edit\":[],\"core.edit.state\":[]}'),(19,1,83,86,1,'com_newsfeeds','com_newsfeeds','{\"core.admin\":{\"7\":1},\"core.manage\":{\"6\":1},\"core.create\":[],\"core.delete\":[],\"core.edit\":[],\"core.edit.state\":[],\"core.edit.own\":[]}'),(20,1,87,88,1,'com_plugins','com_plugins','{\"core.admin\":{\"7\":1},\"core.manage\":[],\"core.edit\":[],\"core.edit.state\":[]}'),(21,1,89,90,1,'com_redirect','com_redirect','{\"core.admin\":{\"7\":1},\"core.manage\":[]}'),(22,1,91,92,1,'com_search','com_search','{\"core.admin\":{\"7\":1},\"core.manage\":{\"6\":1}}'),(23,1,93,94,1,'com_templates','com_templates','{\"core.admin\":{\"7\":1},\"core.manage\":[],\"core.create\":[],\"core.delete\":[],\"core.edit\":[],\"core.edit.state\":[]}'),(24,1,95,98,1,'com_users','com_users','{\"core.admin\":{\"7\":1},\"core.manage\":[],\"core.create\":[],\"core.delete\":[],\"core.edit\":[],\"core.edit.state\":[]}'),(25,1,99,102,1,'com_weblinks','com_weblinks','{\"core.admin\":{\"7\":1},\"core.manage\":{\"6\":1},\"core.create\":{\"3\":1},\"core.delete\":[],\"core.edit\":{\"4\":1},\"core.edit.state\":{\"5\":1},\"core.edit.own\":[]}'),(26,1,103,104,1,'com_wrapper','com_wrapper','{}'),(27,8,24,25,2,'com_content.category.2','Uncategorised','{\"core.create\":[],\"core.delete\":[],\"core.edit\":[],\"core.edit.state\":[],\"core.edit.own\":[]}'),(28,3,4,5,2,'com_banners.category.3','Uncategorised','{\"core.create\":[],\"core.delete\":[],\"core.edit\":[],\"core.edit.state\":[]}'),(29,7,20,21,2,'com_contact.category.4','Uncategorised','{\"core.create\":[],\"core.delete\":[],\"core.edit\":[],\"core.edit.state\":[],\"core.edit.own\":[]}'),(30,19,84,85,2,'com_newsfeeds.category.5','Uncategorised','{\"core.create\":[],\"core.delete\":[],\"core.edit\":[],\"core.edit.state\":[],\"core.edit.own\":[]}'),(31,25,100,101,2,'com_weblinks.category.6','Uncategorised','{\"core.create\":[],\"core.delete\":[],\"core.edit\":[],\"core.edit.state\":[],\"core.edit.own\":[]}'),(32,24,96,97,1,'com_users.category.7','Uncategorised','{\"core.create\":[],\"core.delete\":[],\"core.edit\":[],\"core.edit.state\":[]}'),(33,1,105,106,1,'com_finder','com_finder','{\"core.admin\":{\"7\":1},\"core.manage\":{\"6\":1}}'),(34,1,107,108,1,'com_joomlaupdate','com_joomlaupdate','{\"core.admin\":[],\"core.manage\":[],\"core.delete\":[],\"core.edit.state\":[]}'),(35,8,26,31,2,'com_content.category.8','เกี่ยวกับวิทยาลัย','{\"core.create\":{\"6\":1,\"3\":1},\"core.delete\":{\"6\":1},\"core.edit\":{\"6\":1,\"4\":1},\"core.edit.state\":{\"6\":1,\"5\":1},\"core.edit.own\":{\"6\":1,\"3\":1}}'),(36,35,27,28,3,'com_content.article.1','ประวัติวิทยาลัย','{\"core.delete\":{\"6\":1},\"core.edit\":{\"6\":1,\"4\":1},\"core.edit.state\":{\"6\":1,\"5\":1}}'),(37,1,109,110,1,'com_jce','jce','{}'),(38,35,29,30,3,'com_content.article.2','ติดต่อเรา','{\"core.delete\":{\"6\":1},\"core.edit\":{\"6\":1,\"4\":1},\"core.edit.state\":{\"6\":1,\"5\":1}}'),(39,8,32,33,2,'com_content.category.9','ฝ่ายวิชาการ','{\"core.create\":{\"6\":1,\"3\":1},\"core.delete\":{\"6\":1},\"core.edit\":{\"6\":1,\"4\":1},\"core.edit.state\":{\"6\":1,\"5\":1},\"core.edit.own\":{\"6\":1,\"3\":1}}'),(40,8,34,35,2,'com_content.category.10','แผนกช่างยนต์','{\"core.create\":{\"6\":1,\"3\":1},\"core.delete\":{\"6\":1},\"core.edit\":{\"6\":1,\"4\":1},\"core.edit.state\":{\"6\":1,\"5\":1},\"core.edit.own\":{\"6\":1,\"3\":1}}'),(41,8,36,37,2,'com_content.category.11','ฝ่ายพัฒนาคุณภาพนักศึกษา','{\"core.create\":{\"6\":1,\"3\":1},\"core.delete\":{\"6\":1},\"core.edit\":{\"6\":1,\"4\":1},\"core.edit.state\":{\"6\":1,\"5\":1},\"core.edit.own\":{\"6\":1,\"3\":1}}'),(42,8,38,39,2,'com_content.category.12','ฝ่ายการเงิน','{\"core.create\":{\"6\":1,\"3\":1},\"core.delete\":{\"6\":1},\"core.edit\":{\"6\":1,\"4\":1},\"core.edit.state\":{\"6\":1,\"5\":1},\"core.edit.own\":{\"6\":1,\"3\":1}}'),(43,8,40,41,2,'com_content.category.13','ฝ่ายกิจกรรม','{\"core.create\":{\"6\":1,\"3\":1},\"core.delete\":{\"6\":1},\"core.edit\":{\"6\":1,\"4\":1},\"core.edit.state\":{\"6\":1,\"5\":1},\"core.edit.own\":{\"6\":1,\"3\":1}}'),(44,8,42,43,2,'com_content.category.14','ห้องสมุด','{\"core.create\":{\"6\":1,\"3\":1},\"core.delete\":{\"6\":1},\"core.edit\":{\"6\":1,\"4\":1},\"core.edit.state\":{\"6\":1,\"5\":1},\"core.edit.own\":{\"6\":1,\"3\":1}}'),(45,8,44,45,2,'com_content.category.15','ฝ่ายวัดผล','{\"core.create\":{\"6\":1,\"3\":1},\"core.delete\":{\"6\":1},\"core.edit\":{\"6\":1,\"4\":1},\"core.edit.state\":{\"6\":1,\"5\":1},\"core.edit.own\":{\"6\":1,\"3\":1}}'),(46,8,46,47,2,'com_content.category.16','ฝ่ายวางแผนพัฒนา','{\"core.create\":{\"6\":1,\"3\":1},\"core.delete\":{\"6\":1},\"core.edit\":{\"6\":1,\"4\":1},\"core.edit.state\":{\"6\":1,\"5\":1},\"core.edit.own\":{\"6\":1,\"3\":1}}'),(47,8,48,49,2,'com_content.category.17','ฝ่ายทะเบียน','{\"core.create\":{\"6\":1,\"3\":1},\"core.delete\":{\"6\":1},\"core.edit\":{\"6\":1,\"4\":1},\"core.edit.state\":{\"6\":1,\"5\":1},\"core.edit.own\":{\"6\":1,\"3\":1}}'),(48,8,50,51,2,'com_content.category.18','แผนกช่างไฟฟ้า','{\"core.create\":{\"6\":1,\"3\":1},\"core.delete\":{\"6\":1},\"core.edit\":{\"6\":1,\"4\":1},\"core.edit.state\":{\"6\":1,\"5\":1},\"core.edit.own\":{\"6\":1,\"3\":1}}'),(49,8,52,53,2,'com_content.category.19','แผนกช่างอิเล็กทรอนิกส์','{\"core.create\":{\"6\":1,\"3\":1},\"core.delete\":{\"6\":1},\"core.edit\":{\"6\":1,\"4\":1},\"core.edit.state\":{\"6\":1,\"5\":1},\"core.edit.own\":{\"6\":1,\"3\":1}}'),(50,8,54,55,2,'com_content.category.20','แผนกช่างกลโรงงาน','{\"core.create\":{\"6\":1,\"3\":1},\"core.delete\":{\"6\":1},\"core.edit\":{\"6\":1,\"4\":1},\"core.edit.state\":{\"6\":1,\"5\":1},\"core.edit.own\":{\"6\":1,\"3\":1}}'),(51,8,56,57,2,'com_content.category.21','แผนกก่อสร้าง สำรวจ','{\"core.create\":{\"6\":1,\"3\":1},\"core.delete\":{\"6\":1},\"core.edit\":{\"6\":1,\"4\":1},\"core.edit.state\":{\"6\":1,\"5\":1},\"core.edit.own\":{\"6\":1,\"3\":1}}'),(52,8,58,59,2,'com_content.category.22','แผนกคอมพิวเตอร์ธุรกิจ','{\"core.create\":{\"6\":1,\"3\":1},\"core.delete\":{\"6\":1},\"core.edit\":{\"6\":1,\"4\":1},\"core.edit.state\":{\"6\":1,\"5\":1},\"core.edit.own\":{\"6\":1,\"3\":1}}'),(53,8,60,61,2,'com_content.category.23','แผนกบัญชี','{\"core.create\":{\"6\":1,\"3\":1},\"core.delete\":{\"6\":1},\"core.edit\":{\"6\":1,\"4\":1},\"core.edit.state\":{\"6\":1,\"5\":1},\"core.edit.own\":{\"6\":1,\"3\":1}}'),(54,3,6,7,2,'com_banners.category.24','กยส.','{\"core.create\":{\"6\":1,\"3\":1},\"core.delete\":{\"6\":1},\"core.edit\":{\"6\":1,\"4\":1},\"core.edit.state\":{\"6\":1,\"5\":1}}'),(55,3,8,9,2,'com_banners.category.25','เงินกู้','{\"core.create\":{\"6\":1,\"3\":1},\"core.delete\":{\"6\":1},\"core.edit\":{\"6\":1,\"4\":1},\"core.edit.state\":{\"6\":1,\"5\":1}}'),(56,3,10,11,2,'com_banners.category.26','Loan','{\"core.create\":{\"6\":1,\"3\":1},\"core.delete\":{\"6\":1},\"core.edit\":{\"6\":1,\"4\":1},\"core.edit.state\":{\"6\":1,\"5\":1}}');

--
-- Table structure for table `fred7_associations`
--

CREATE TABLE `fred7_associations` (
  `id` varchar(50) NOT NULL COMMENT 'A reference to the associated item.',
  `context` varchar(50) NOT NULL COMMENT 'The context of the associated item.',
  `key` char(32) NOT NULL COMMENT 'The key for the association computed from an md5 on associated ids.',
  PRIMARY KEY (`context`,`id`),
  KEY `idx_key` (`key`)
) ENGINE=InnoDB DEFAULT CHARSET=utf8;

--
-- Dumping data for table `fred7_associations`
--


--
-- Table structure for table `fred7_banner_clients`
--

CREATE TABLE `fred7_banner_clients` (
  `id` int(11) NOT NULL AUTO_INCREMENT,
  `name` varchar(255) NOT NULL DEFAULT '',
  `contact` varchar(255) NOT NULL DEFAULT '',
  `email` varchar(255) NOT NULL DEFAULT '',
  `extrainfo` text NOT NULL,
  `state` tinyint(3) NOT NULL DEFAULT '0',
  `checked_out` int(10) unsigned NOT NULL DEFAULT '0',
  `checked_out_time` datetime NOT NULL DEFAULT '0000-00-00 00:00:00',
  `metakey` text NOT NULL,
  `own_prefix` tinyint(4) NOT NULL DEFAULT '0',
  `metakey_prefix` varchar(255) NOT NULL DEFAULT '',
  `purchase_type` tinyint(4) NOT NULL DEFAULT '-1',
  `track_clicks` tinyint(4) NOT NULL DEFAULT '-1',
  `track_impressions` tinyint(4) NOT NULL DEFAULT '-1',
  PRIMARY KEY (`id`),
  KEY `idx_own_prefix` (`own_prefix`),
  KEY `idx_metakey_prefix` (`metakey_prefix`)
) ENGINE=InnoDB AUTO_INCREMENT=3 DEFAULT CHARSET=utf8;

--
-- Dumping data for table `fred7_banner_clients`
--

INSERT INTO `fred7_banner_clients` VALUES (1,'หน่วยงานภายนอก','หน่วยงานภายนอก','arm_preed@hotmail.com','',-2,0,'0000-00-00 00:00:00','',0,'',-1,1,0),(2,'banner','banner','arm_preed@hotmail.com','',1,0,'0000-00-00 00:00:00','',0,'',-1,0,0);

--
-- Table structure for table `fred7_banner_tracks`
--

CREATE TABLE `fred7_banner_tracks` (
  `track_date` datetime NOT NULL,
  `track_type` int(10) unsigned NOT NULL,
  `banner_id` int(10) unsigned NOT NULL,
  `count` int(10) unsigned NOT NULL DEFAULT '0',
  PRIMARY KEY (`track_date`,`track_type`,`banner_id`),
  KEY `idx_track_date` (`track_date`),
  KEY `idx_track_type` (`track_type`),
  KEY `idx_banner_id` (`banner_id`)
) ENGINE=InnoDB DEFAULT CHARSET=utf8;

--
-- Dumping data for table `fred7_banner_tracks`
--


--
-- Table structure for table `fred7_banners`
--

CREATE TABLE `fred7_banners` (
  `id` int(11) NOT NULL AUTO_INCREMENT,
  `cid` int(11) NOT NULL DEFAULT '0',
  `type` int(11) NOT NULL DEFAULT '0',
  `name` varchar(255) NOT NULL DEFAULT '',
  `alias` varchar(255) CHARACTER SET utf8 COLLATE utf8_bin NOT NULL DEFAULT '',
  `imptotal` int(11) NOT NULL DEFAULT '0',
  `impmade` int(11) NOT NULL DEFAULT '0',
  `clicks` int(11) NOT NULL DEFAULT '0',
  `clickurl` varchar(200) NOT NULL DEFAULT '',
  `state` tinyint(3) NOT NULL DEFAULT '0',
  `catid` int(10) unsigned NOT NULL DEFAULT '0',
  `description` text NOT NULL,
  `custombannercode` varchar(2048) NOT NULL,
  `sticky` tinyint(1) unsigned NOT NULL DEFAULT '0',
  `ordering` int(11) NOT NULL DEFAULT '0',
  `metakey` text NOT NULL,
  `params` text NOT NULL,
  `own_prefix` tinyint(1) NOT NULL DEFAULT '0',
  `metakey_prefix` varchar(255) NOT NULL DEFAULT '',
  `purchase_type` tinyint(4) NOT NULL DEFAULT '-1',
  `track_clicks` tinyint(4) NOT NULL DEFAULT '-1',
  `track_impressions` tinyint(4) NOT NULL DEFAULT '-1',
  `checked_out` int(10) unsigned NOT NULL DEFAULT '0',
  `checked_out_time` datetime NOT NULL DEFAULT '0000-00-00 00:00:00',
  `publish_up` datetime NOT NULL DEFAULT '0000-00-00 00:00:00',
  `publish_down` datetime NOT NULL DEFAULT '0000-00-00 00:00:00',
  `reset` datetime NOT NULL DEFAULT '0000-00-00 00:00:00',
  `created` datetime NOT NULL DEFAULT '0000-00-00 00:00:00',
  `language` char(7) NOT NULL DEFAULT '',
  PRIMARY KEY (`id`),
  KEY `idx_state` (`state`),
  KEY `idx_own_prefix` (`own_prefix`),
  KEY `idx_metakey_prefix` (`metakey_prefix`),
  KEY `idx_banner_catid` (`catid`),
  KEY `idx_language` (`language`)
) ENGINE=InnoDB AUTO_INCREMENT=5 DEFAULT CHARSET=utf8;

--
-- Dumping data for table `fred7_banners`
--

INSERT INTO `fred7_banners` VALUES (1,1,0,'กระทรวงศึกษา','',0,0,0,'http://www.moe.go.th/moe/th/home/main.php',-2,24,'','',1,0,'','{\"imageurl\":\"images\\/banners\\/moe.gif\",\"width\":\"\",\"height\":\"\",\"alt\":\"\\u0e01\\u0e23\\u0e30\\u0e17\\u0e23\\u0e27\\u0e07\\u0e28\\u0e36\\u0e01\\u0e29\\u0e32\"}',0,'',-1,1,1,0,'0000-00-00 00:00:00','2013-09-09 12:23:00','2019-09-09 12:23:00','0000-00-00 00:00:00','2013-09-09 04:36:00','*'),(2,0,0,'กระทรวงศึกษาธิการ1','1',0,0,0,'http://www.moe.go.th/moe/th/home/home.php',-2,24,'','',1,0,'','{\"imageurl\":\"images\\/banners\\/moe.gif\",\"width\":180,\"height\":47,\"alt\":\"\"}',0,'',-1,0,0,0,'0000-00-00 00:00:00','0000-00-00 00:00:00','0000-00-00 00:00:00','0000-00-00 00:00:00','2013-09-09 04:59:00','*'),(3,0,0,'กยส.','',0,0,0,'http://www.studentloan.or.th/index.php',-2,25,'','',1,0,'','{\"imageurl\":\"images\\/banners\\/stuloan.png\",\"width\":\"\",\"height\":\"\",\"alt\":\"\"}',0,'',-1,0,0,0,'0000-00-00 00:00:00','0000-00-00 00:00:00','0000-00-00 00:00:00','0000-00-00 00:00:00','2013-09-09 05:08:00','*'),(4,0,0,'std loan','std-loan',0,0,0,'http://www.studentloan.or.th/index.php',1,26,'','',0,1,'','{\"imageurl\":\"images\\/banners\\/stuloan.png\",\"width\":\"\",\"height\":\"\",\"alt\":\"\"}',0,'',-1,0,0,0,'0000-00-00 00:00:00','0000-00-00 00:00:00','0000-00-00 00:00:00','0000-00-00 00:00:00','2013-09-10 03:24:30','*');

--
-- Table structure for table `fred7_categories`
--

CREATE TABLE `fred7_categories` (
  `id` int(11) NOT NULL AUTO_INCREMENT,
  `asset_id` int(10) unsigned NOT NULL DEFAULT '0' COMMENT 'FK to the #__assets table.',
  `parent_id` int(10) unsigned NOT NULL DEFAULT '0',
  `lft` int(11) NOT NULL DEFAULT '0',
  `rgt` int(11) NOT NULL DEFAULT '0',
  `level` int(10) unsigned NOT NULL DEFAULT '0',
  `path` varchar(255) NOT NULL DEFAULT '',
  `extension` varchar(50) NOT NULL DEFAULT '',
  `title` varchar(255) NOT NULL,
  `alias` varchar(255) CHARACTER SET utf8 COLLATE utf8_bin NOT NULL DEFAULT '',
  `note` varchar(255) NOT NULL DEFAULT '',
  `description` mediumtext NOT NULL,
  `published` tinyint(1) NOT NULL DEFAULT '0',
  `checked_out` int(11) unsigned NOT NULL DEFAULT '0',
  `checked_out_time` datetime NOT NULL DEFAULT '0000-00-00 00:00:00',
  `access` int(10) unsigned NOT NULL DEFAULT '0',
  `params` text NOT NULL,
  `metadesc` varchar(1024) NOT NULL COMMENT 'The meta description for the page.',
  `metakey` varchar(1024) NOT NULL COMMENT 'The meta keywords for the page.',
  `metadata` varchar(2048) NOT NULL COMMENT 'JSON encoded metadata properties.',
  `created_user_id` int(10) unsigned NOT NULL DEFAULT '0',
  `created_time` datetime NOT NULL DEFAULT '0000-00-00 00:00:00',
  `modified_user_id` int(10) unsigned NOT NULL DEFAULT '0',
  `modified_time` datetime NOT NULL DEFAULT '0000-00-00 00:00:00',
  `hits` int(10) unsigned NOT NULL DEFAULT '0',
  `language` char(7) NOT NULL,
  PRIMARY KEY (`id`),
  KEY `cat_idx` (`extension`,`published`,`access`),
  KEY `idx_access` (`access`),
  KEY `idx_checkout` (`checked_out`),
  KEY `idx_path` (`path`),
  KEY `idx_left_right` (`lft`,`rgt`),
  KEY `idx_alias` (`alias`),
  KEY `idx_language` (`language`)
) ENGINE=InnoDB AUTO_INCREMENT=27 DEFAULT CHARSET=utf8;

--
-- Dumping data for table `fred7_categories`
--

INSERT INTO `fred7_categories` VALUES (1,0,0,0,51,0,'','system','ROOT','root','','',1,0,'0000-00-00 00:00:00',1,'{}','','','',0,'2009-10-18 16:07:09',0,'0000-00-00 00:00:00',0,'*'),(2,27,1,1,2,1,'uncategorised','com_content','Uncategorised','uncategorised','','',-2,0,'0000-00-00 00:00:00',1,'{\"target\":\"\",\"image\":\"\"}','','','{\"page_title\":\"\",\"author\":\"\",\"robots\":\"\"}',42,'2010-06-28 13:26:37',0,'0000-00-00 00:00:00',0,'*'),(3,28,1,3,4,1,'uncategorised','com_banners','Uncategorised','uncategorised','','',-2,0,'0000-00-00 00:00:00',1,'{\"target\":\"\",\"image\":\"\",\"foobar\":\"\"}','','','{\"page_title\":\"\",\"author\":\"\",\"robots\":\"\"}',42,'2010-06-28 13:27:35',0,'0000-00-00 00:00:00',0,'*'),(4,29,1,5,6,1,'uncategorised','com_contact','Uncategorised','uncategorised','','',1,0,'0000-00-00 00:00:00',1,'{\"target\":\"\",\"image\":\"\"}','','','{\"page_title\":\"\",\"author\":\"\",\"robots\":\"\"}',42,'2010-06-28 13:27:57',0,'0000-00-00 00:00:00',0,'*'),(5,30,1,7,8,1,'uncategorised','com_newsfeeds','Uncategorised','uncategorised','','',1,0,'0000-00-00 00:00:00',1,'{\"target\":\"\",\"image\":\"\"}','','','{\"page_title\":\"\",\"author\":\"\",\"robots\":\"\"}',42,'2010-06-28 13:28:15',0,'0000-00-00 00:00:00',0,'*'),(6,31,1,9,10,1,'uncategorised','com_weblinks','Uncategorised','uncategorised','','',1,0,'0000-00-00 00:00:00',1,'{\"target\":\"\",\"image\":\"\"}','','','{\"page_title\":\"\",\"author\":\"\",\"robots\":\"\"}',42,'2010-06-28 13:28:33',0,'0000-00-00 00:00:00',0,'*'),(7,32,1,11,12,1,'uncategorised','com_users','Uncategorised','uncategorised','','',1,0,'0000-00-00 00:00:00',1,'{\"target\":\"\",\"image\":\"\"}','','','{\"page_title\":\"\",\"author\":\"\",\"robots\":\"\"}',42,'2010-06-28 13:28:33',0,'0000-00-00 00:00:00',0,'*'),(8,35,1,13,14,1,'2013-07-29-09-07-45','com_content','เกี่ยวกับวิทยาลัย','2013-07-29-09-07-45','','',1,0,'0000-00-00 00:00:00',1,'{\"category_layout\":\"\",\"image\":\"\"}','','','{\"author\":\"\",\"robots\":\"\"}',434,'2013-07-29 09:07:45',0,'0000-00-00 00:00:00',0,'*'),(9,39,1,15,16,1,'2013-09-09-03-26-04','com_content','ฝ่ายวิชาการ','2013-09-09-03-26-04','','',1,0,'0000-00-00 00:00:00',1,'{\"category_layout\":\"\",\"image\":\"\"}','','','{\"author\":\"\",\"robots\":\"\"}',434,'2013-09-09 03:26:04',434,'2013-09-09 03:45:41',0,'*'),(10,40,1,17,18,1,'2013-09-09-03-26-16','com_content','แผนกช่างยนต์','2013-09-09-03-26-16','','',1,0,'0000-00-00 00:00:00',1,'{\"category_layout\":\"\",\"image\":\"\"}','','','{\"author\":\"\",\"robots\":\"\"}',434,'2013-09-09 03:26:16',434,'2013-09-09 03:47:32',0,'*'),(11,41,1,19,20,1,'2013-09-09-03-45-51','com_content','ฝ่ายพัฒนาคุณภาพนักศึกษา','2013-09-09-03-45-51','','',1,0,'0000-00-00 00:00:00',1,'{\"category_layout\":\"\",\"image\":\"\"}','','','{\"author\":\"\",\"robots\":\"\"}',434,'2013-09-09 03:45:51',0,'0000-00-00 00:00:00',0,'*'),(12,42,1,21,22,1,'2013-09-09-03-46-00','com_content','ฝ่ายการเงิน','2013-09-09-03-46-00','','',1,0,'0000-00-00 00:00:00',1,'{\"category_layout\":\"\",\"image\":\"\"}','','','{\"author\":\"\",\"robots\":\"\"}',434,'2013-09-09 03:46:00',0,'0000-00-00 00:00:00',0,'*'),(13,43,1,23,24,1,'2013-09-09-03-46-15','com_content','ฝ่ายกิจกรรม','2013-09-09-03-46-15','','',1,0,'0000-00-00 00:00:00',1,'{\"category_layout\":\"\",\"image\":\"\"}','','','{\"author\":\"\",\"robots\":\"\"}',434,'2013-09-09 03:46:15',0,'0000-00-00 00:00:00',0,'*'),(14,44,1,25,26,1,'2013-09-09-03-46-22','com_content','ห้องสมุด','2013-09-09-03-46-22','','',1,0,'0000-00-00 00:00:00',1,'{\"category_layout\":\"\",\"image\":\"\"}','','','{\"author\":\"\",\"robots\":\"\"}',434,'2013-09-09 03:46:22',0,'0000-00-00 00:00:00',0,'*'),(15,45,1,27,28,1,'2013-09-09-03-46-31','com_content','ฝ่ายวัดผล','2013-09-09-03-46-31','','',1,0,'0000-00-00 00:00:00',1,'{\"category_layout\":\"\",\"image\":\"\"}','','','{\"author\":\"\",\"robots\":\"\"}',434,'2013-09-09 03:46:31',0,'0000-00-00 00:00:00',0,'*'),(16,46,1,29,30,1,'2013-09-09-03-47-01','com_content','ฝ่ายวางแผนพัฒนา','2013-09-09-03-47-01','','',1,0,'0000-00-00 00:00:00',1,'{\"category_layout\":\"\",\"image\":\"\"}','','','{\"author\":\"\",\"robots\":\"\"}',434,'2013-09-09 03:47:01',0,'0000-00-00 00:00:00',0,'*'),(17,47,1,31,32,1,'2013-09-09-03-47-12','com_content','ฝ่ายทะเบียน','2013-09-09-03-47-12','','',1,0,'0000-00-00 00:00:00',1,'{\"category_layout\":\"\",\"image\":\"\"}','','','{\"author\":\"\",\"robots\":\"\"}',434,'2013-09-09 03:47:12',0,'0000-00-00 00:00:00',0,'*'),(18,48,1,33,34,1,'2013-09-09-03-47-42','com_content','แผนกช่างไฟฟ้า','2013-09-09-03-47-42','','',1,0,'0000-00-00 00:00:00',1,'{\"category_layout\":\"\",\"image\":\"\"}','','','{\"author\":\"\",\"robots\":\"\"}',434,'2013-09-09 03:47:42',0,'0000-00-00 00:00:00',0,'*'),(19,49,1,35,36,1,'2013-09-09-03-47-55','com_content','แผนกช่างอิเล็กทรอนิกส์','2013-09-09-03-47-55','','',1,0,'0000-00-00 00:00:00',1,'{\"category_layout\":\"\",\"image\":\"\"}','','','{\"author\":\"\",\"robots\":\"\"}',434,'2013-09-09 03:47:55',0,'0000-00-00 00:00:00',0,'*'),(20,50,1,37,38,1,'2013-09-09-03-48-08','com_content','แผนกช่างกลโรงงาน','2013-09-09-03-48-08','','',1,0,'0000-00-00 00:00:00',1,'{\"category_layout\":\"\",\"image\":\"\"}','','','{\"author\":\"\",\"robots\":\"\"}',434,'2013-09-09 03:48:08',0,'0000-00-00 00:00:00',0,'*'),(21,51,1,39,40,1,'2013-09-09-03-48-21','com_content','แผนกก่อสร้าง สำรวจ','2013-09-09-03-48-21','','',1,0,'0000-00-00 00:00:00',1,'{\"category_layout\":\"\",\"image\":\"\"}','','','{\"author\":\"\",\"robots\":\"\"}',434,'2013-09-09 03:48:21',0,'0000-00-00 00:00:00',0,'*'),(22,52,1,41,42,1,'2013-09-09-03-48-43','com_content','แผนกคอมพิวเตอร์ธุรกิจ','2013-09-09-03-48-43','','',1,0,'0000-00-00 00:00:00',1,'{\"category_layout\":\"\",\"image\":\"\"}','','','{\"author\":\"\",\"robots\":\"\"}',434,'2013-09-09 03:48:43',0,'0000-00-00 00:00:00',0,'*'),(23,53,1,43,44,1,'2013-09-09-03-48-53','com_content','แผนกบัญชี','2013-09-09-03-48-53','','',1,0,'0000-00-00 00:00:00',1,'{\"category_layout\":\"\",\"image\":\"\"}','','','{\"author\":\"\",\"robots\":\"\"}',434,'2013-09-09 03:48:53',0,'0000-00-00 00:00:00',0,'*'),(24,54,1,45,46,1,'2013-09-09-04-34-59','com_banners','กยส.','2013-09-09-04-34-59','','',-2,0,'0000-00-00 00:00:00',1,'{\"category_layout\":\"\",\"image\":\"\"}','','','{\"author\":\"\",\"robots\":\"\"}',434,'2013-09-09 04:34:59',434,'2013-09-09 07:23:17',0,'*'),(25,55,1,47,48,1,'2013-09-09-07-24-38','com_banners','เงินกู้','2013-09-09-07-24-38','','',-2,0,'0000-00-00 00:00:00',1,'{\"category_layout\":\"\",\"image\":\"\"}','','','{\"author\":\"\",\"robots\":\"\"}',434,'2013-09-09 07:24:38',434,'2013-09-09 07:24:43',0,'*'),(26,56,1,49,50,1,'loan','com_banners','Loan','loan','','',1,0,'0000-00-00 00:00:00',1,'{\"category_layout\":\"\",\"image\":\"\"}','','','{\"author\":\"\",\"robots\":\"\"}',434,'2013-09-10 03:24:11',0,'0000-00-00 00:00:00',0,'*');

--
-- Table structure for table `fred7_contact_details`
--

CREATE TABLE `fred7_contact_details` (
  `id` int(11) NOT NULL AUTO_INCREMENT,
  `name` varchar(255) NOT NULL DEFAULT '',
  `alias` varchar(255) CHARACTER SET utf8 COLLATE utf8_bin NOT NULL DEFAULT '',
  `con_position` varchar(255) DEFAULT NULL,
  `address` text,
  `suburb` varchar(100) DEFAULT NULL,
  `state` varchar(100) DEFAULT NULL,
  `country` varchar(100) DEFAULT NULL,
  `postcode` varchar(100) DEFAULT NULL,
  `telephone` varchar(255) DEFAULT NULL,
  `fax` varchar(255) DEFAULT NULL,
  `misc` mediumtext,
  `image` varchar(255) DEFAULT NULL,
  `imagepos` varchar(20) DEFAULT NULL,
  `email_to` varchar(255) DEFAULT NULL,
  `default_con` tinyint(1) unsigned NOT NULL DEFAULT '0',
  `published` tinyint(1) NOT NULL DEFAULT '0',
  `checked_out` int(10) unsigned NOT NULL DEFAULT '0',
  `checked_out_time` datetime NOT NULL DEFAULT '0000-00-00 00:00:00',
  `ordering` int(11) NOT NULL DEFAULT '0',
  `params` text NOT NULL,
  `user_id` int(11) NOT NULL DEFAULT '0',
  `catid` int(11) NOT NULL DEFAULT '0',
  `access` int(10) unsigned NOT NULL DEFAULT '0',
  `mobile` varchar(255) NOT NULL DEFAULT '',
  `webpage` varchar(255) NOT NULL DEFAULT '',
  `sortname1` varchar(255) NOT NULL,
  `sortname2` varchar(255) NOT NULL,
  `sortname3` varchar(255) NOT NULL,
  `language` char(7) NOT NULL,
  `created` datetime NOT NULL DEFAULT '0000-00-00 00:00:00',
  `created_by` int(10) unsigned NOT NULL DEFAULT '0',
  `created_by_alias` varchar(255) NOT NULL DEFAULT '',
  `modified` datetime NOT NULL DEFAULT '0000-00-00 00:00:00',
  `modified_by` int(10) unsigned NOT NULL DEFAULT '0',
  `metakey` text NOT NULL,
  `metadesc` text NOT NULL,
  `metadata` text NOT NULL,
  `featured` tinyint(3) unsigned NOT NULL DEFAULT '0' COMMENT 'Set if article is featured.',
  `xreference` varchar(50) NOT NULL COMMENT 'A reference to enable linkages to external data sets.',
  `publish_up` datetime NOT NULL DEFAULT '0000-00-00 00:00:00',
  `publish_down` datetime NOT NULL DEFAULT '0000-00-00 00:00:00',
  PRIMARY KEY (`id`),
  KEY `idx_access` (`access`),
  KEY `idx_checkout` (`checked_out`),
  KEY `idx_state` (`published`),
  KEY `idx_catid` (`catid`),
  KEY `idx_createdby` (`created_by`),
  KEY `idx_featured_catid` (`featured`,`catid`),
  KEY `idx_language` (`language`),
  KEY `idx_xreference` (`xreference`)
) ENGINE=InnoDB DEFAULT CHARSET=utf8;

--
-- Dumping data for table `fred7_contact_details`
--


--
-- Table structure for table `fred7_content`
--

CREATE TABLE `fred7_content` (
  `id` int(10) unsigned NOT NULL AUTO_INCREMENT,
  `asset_id` int(10) unsigned NOT NULL DEFAULT '0' COMMENT 'FK to the #__assets table.',
  `title` varchar(255) NOT NULL DEFAULT '',
  `alias` varchar(255) CHARACTER SET utf8 COLLATE utf8_bin NOT NULL DEFAULT '',
  `title_alias` varchar(255) CHARACTER SET utf8 COLLATE utf8_bin NOT NULL DEFAULT '' COMMENT 'Deprecated in Joomla! 3.0',
  `introtext` mediumtext NOT NULL,
  `fulltext` mediumtext NOT NULL,
  `state` tinyint(3) NOT NULL DEFAULT '0',
  `sectionid` int(10) unsigned NOT NULL DEFAULT '0',
  `mask` int(10) unsigned NOT NULL DEFAULT '0',
  `catid` int(10) unsigned NOT NULL DEFAULT '0',
  `created` datetime NOT NULL DEFAULT '0000-00-00 00:00:00',
  `created_by` int(10) unsigned NOT NULL DEFAULT '0',
  `created_by_alias` varchar(255) NOT NULL DEFAULT '',
  `modified` datetime NOT NULL DEFAULT '0000-00-00 00:00:00',
  `modified_by` int(10) unsigned NOT NULL DEFAULT '0',
  `checked_out` int(10) unsigned NOT NULL DEFAULT '0',
  `checked_out_time` datetime NOT NULL DEFAULT '0000-00-00 00:00:00',
  `publish_up` datetime NOT NULL DEFAULT '0000-00-00 00:00:00',
  `publish_down` datetime NOT NULL DEFAULT '0000-00-00 00:00:00',
  `images` text NOT NULL,
  `urls` text NOT NULL,
  `attribs` varchar(5120) NOT NULL,
  `version` int(10) unsigned NOT NULL DEFAULT '1',
  `parentid` int(10) unsigned NOT NULL DEFAULT '0',
  `ordering` int(11) NOT NULL DEFAULT '0',
  `metakey` text NOT NULL,
  `metadesc` text NOT NULL,
  `access` int(10) unsigned NOT NULL DEFAULT '0',
  `hits` int(10) unsigned NOT NULL DEFAULT '0',
  `metadata` text NOT NULL,
  `featured` tinyint(3) unsigned NOT NULL DEFAULT '0' COMMENT 'Set if article is featured.',
  `language` char(7) NOT NULL COMMENT 'The language code for the article.',
  `xreference` varchar(50) NOT NULL COMMENT 'A reference to enable linkages to external data sets.',
  PRIMARY KEY (`id`),
  KEY `idx_access` (`access`),
  KEY `idx_checkout` (`checked_out`),
  KEY `idx_state` (`state`),
  KEY `idx_catid` (`catid`),
  KEY `idx_createdby` (`created_by`),
  KEY `idx_featured_catid` (`featured`,`catid`),
  KEY `idx_language` (`language`),
  KEY `idx_xreference` (`xreference`)
) ENGINE=InnoDB AUTO_INCREMENT=3 DEFAULT CHARSET=utf8;

--
-- Dumping data for table `fred7_content`
--

INSERT INTO `fred7_content` VALUES (1,36,'ประวัติวิทยาลัย','2013-07-29-09-09-25','','<p>วิทยาลัยนเทคโนโลยีหมู่บ้านครูภาคเหนือ จังหวัดลำพูน เป็นสถานศึกษาระดับอุดมศึกษาเอกชน สังกัดสำนักงานคณะกรรมการการศึกษาเอกชน(สช.) กระทรวงศึกษาธิการ โดยได้รับใบอนุญาตให้จัดตั้งขึ้นตามพระราชบัญญัติการศึกษา สถาบันอุดมศึกษาเอกชน เมื่อวันที่ 25 มกราคม 2528 ตั้งอยู่เลขที่ 197 หมู่ 8 ตำบลบ้านธิ อำเภอบ้านธิ จังหวัดลำพูน บนเนื้อที่ประมาณ 291 ไร่ มีความเป็นมาโดยสังเขปดังนี้</p>\r\n<p>- ปีการศึกษา 2528 โรงเรียนฯ ขยายหลักสูตรเพิ่ม โดยเปิดสอนหลักสูตรช่าง อุตสาหกรรม ระดับประกาศนียบัตรวิชาชีพ 4 สาขาวิชา คือ สาขาวิชาช่างยนต์ สาขาวิชาช่างไฟฟ้ากำลัง สาขาวิชาช่างเชื่อมโลหะแผ่นและสาขาวิชาช่างก่อสร้าง</p>\r\n<p>- ปีการศึกษา 2529 เปิดหลักสูตรเพิ่มในระดับประกาศนียบัตรวิชาชีพชั้นสูง (ปวส.) ประเภทวิชาเกษตรกรรม สาขาวิชาเกษตรกรรม<br /> - ปีการศึกษา 2530 เปิดหลักสูตรเพิ่มในระดับประกาศนียบัตรวิชาชีพ (ปวช.)สาขาวิชาช่างอิเล็กทรอนิกส์ สาขาวิชาพณิชยการและประกาศนียบัตรวิชาชีพเทคนิค สาขาวิชาเลขานุการ <br /> - ปีการศึกษา 2531 เปิดหลักสูตรเพิ่มในระดับประกาศนียบัตรวิชาชีพเทคนิค สาขาวิชาบริหารธุรกิจ สาขาวิชาเทคนิควิศวกรรมโยธา สาขาวิชาเทคนิควิศวกรรมไฟฟ้า และหลักสูตรประกาศนียบัตรวิชาชีพ (ปวช.) สาขาวิชาอุตสาหกรรมการท่องเที่ยว <br /> - ปีการศึกษา 2533 เปิดหลักสูตรเพิ่มในระดับประกาศนียบัตรวิชาชีพชั้นสูง (ปวส.) สาขาวิชาช่างยนต์ สาขาวิชาช่างไฟฟ้ากำลังและสาขาวิชาคอมพิวเตอร์ธุรกิจ<br /> - ปีการศึกษา 2534 เปิดหลักสูตรเพิ่มในระดับประกาศนียบัตรวิชาชีพเทคนิค สาขาวิชาวิศวกรรมอิเล็กทรอนิกส์ และหลักสูตรประกาศนียบัตรวิชาชีพชั้นสูง (ปวส.) สาขาวิชาการบัญชี สาขาวิชาอิเล็กทรอนิกส์และสาขาวิชาช่างก่อสร้าง <br /> - ปีการศึกษา 2535 เปิดหลักสูตรเพิ่มในระดับประกาศนียบัตรวิชาชีพ (ปวช.) สาขาวิชาช่างกลโรงงาน และเปลี่ยนหลักสูตรจากเดิมใช้หลักสูตรประกาศนียบัตรวิชาชีพ (ปวช.) พุทธ-ศักราช 2524 กรมอาชีวศึกษา มาใช้หลักสูตรประกาศนียบัตรวิชาชีพ (ปวช.) พุทธศักราช 2530 ของกรมอาชีวศึกษา<br /> - ปีการศึกษา 2539 เปิดสอนหลักสูตรประกาศนียบัตรวิชาชีพชั้นสูง ( ปวส. ) ประเภทวิชาช่างอุตสาหกรรม สาขาวิชาเทคนิคอุตสาหกรรม และใช้หลักสูตรประกาศนียบัตรวิชาชีพชั้นสูง (ปวส.) พุทธศักราช 2540 ของกรมอาชีวศึกษา <br /> - ปีการศึกษา 2539 ได้มีการเปลี่ยนแปลงหลักสูตรประกาศนียบัตรวิชาชีพ (ปวช.) พุทธศักราช 2530 (ปรับปรุง ครั้งที่ 1 พ.ศ. 2533) มาใช้หลักสูตรประกาศนียบัตรวิชาชีพ (ปวช.) พุทธศักราช 2538 และได้เพิ่มสาขาวิชาเทคนิคอุตสาหกรรม ในระดับประกาศนียบัตรวิชาชีพชั้นสูง (ปวส.) <br /> - ปีการศึกษา 2539 วิทยาลัยเทคโนโลยีหมู่บ้านครูภาคเหนือ ได้รับโล่โรงเรียน จริยธรรมดีเด่น จากนายสุรัฐ ศิลปอนันต์ ปลัดกระทรวงศึกษาธิการ</p>\r\n<p>- ปีการศึกษา 2540 ได้มีการเปลี่ยนแปลงหลักสูตรประกาศนียบัตร วิชาชีพชั้นสูง (ปวส.) พุทธศักราช 2536 มาใช้หลักสูตรประกาศนียบัตรวิชาชีพชั้นสูง (ปวส.) พุทธศักราช 2540 โดยแบ่งเป็น 2 หลักสูตร คือ หลักสูตรประกาศนียบัตรวิชาชีพชั้นสูง (ปวส.) พุทธศักราช 2540 รับผู้จบระดับประกาศนียบัตรวิชาชีพ (ปวช.) (หลักสูตร 2 ปี) และหลักสูตรประกาศนียบัตรวิชาชีพชั้นสูง ( ปวส.) พุทธศักราช 2540 รับผู้จบมัธยมศึกษาตอนปลาย (ม.6) หรือเทียบเท่า ( หลักสูตร 3 ปี )โดยทั้ง 2 หลักสูตร เปิดทั้งช่างอุตสาหกรรมและบริหารธุรกิจ <br /> - ปีการศึกษา 2542 วิทยาลัยเทคโนโลยีหมู่บ้านครูภาคเหนือ ได้รับการรับรองมาตรฐานคุณภาพการศึกษา หลักสูตรประกาศนียบัตรวิชาชีพ (ปวช.) สาขาวิชาช่างยนต์ ช่างไฟฟ้ากำลัง ช่างอิเล็กทรอนิกส์ ช่างกลโรงงาน ช่างก่อสร้าง ช่างสำรวจ พาณิชยกรรม หลักสูตรประกาศนียบัตรวิชาชีพชั้นสูง (ปวส.) สาขาวิชาช่างยนต์ ช่างไฟฟ้ากำลัง ช่างอิเล็กทรอนิกส์ ช่างเทคนิคอุตสาหกรรม ช่างก่อสร้าง การบัญชีและคอมพิวเตอร์ธุรกิจ จากสำนักงานคณะกรรมการการศึกษาเอกชน กระทรวงศึกษาธิการและได้รับโล่พร้อมเกียรติบัตรโรงเรียนสีขาว จากนายสมศักดิ์ ปริศนานันทกุล รัฐมนตรีช่วยว่าการกระทรวงศึกษาธิการ<br /> - ปีการศึกษา 2543 วิทยาลัยเทคโนโลยีหมู่บ้านครูภาคเหนือ ได้รับโล่สถานศึกษาดีเด่นในการร่วมใจสู้ภัยเศรษฐกิจ ระดับจังหวัด จากนายสมศักดิ์ ปริศนานันทกุล รัฐมนตรีว่าการกระทรวงศึกษาธิการ <br /> - ปีการศึกษา 2545 วิทยาลัยเทคโนโลยีหมู่บ้านครูภาคเหนือ จังหวัดลำพูน ได้มีการเปลี่ยนแปลงหลักสูตรประกาศนียบัตรวิชาชีพ (ปวช.) พุทธศักราช 2538 มาใช้หลักสูตรประกาศนียบัตรวิชาชีพ (ปวช.) พุทธศักราช 2545 ปรับเปลี่ยนโครงสร้างรายวิชาในหมวดวิชาเลือก เพื่อให้มีความเหมาะสมกับความต้องการของตลาดแรงงานและโรงเรียนฯ ได้เปลี่ยนผู้บริหารระดับผู้อำนวยการจากเดิม อาจารย์ปรีชา คงศรี เป็นอาจารย์ปรีดา ดีรัศมี<br /> - ปีการศึกษา 2546 วิทยาลัยเทคโนโลยีหมู่บ้านครู ภาคเหนือ จังหวัดลำพูน ได้สร้างพระธาตุเจดีย์พุทธบารมีศรีวิชัย พร้อมทำบุญยกยอดฉัตรในวันที่ 29 มกราคม 2546 ณ ธรรมสถานลานโพธิ์ และวางศิลาฤกษ์อาคารเรียนหลังใหม่ โดยสมเด็จพระพุฒาจารย์ ( เกี่ยว อุปเสโณ ) เจ้าคณะใหญ่หนตะวันออก ได้เสด็จมาเป็นประธานพิธ<br /> - ปีการศึกษา 2547 รับรางวัลพระราชทานเสาเสมาธรรมจักร จากสมเด็จพระเทพรัตนราชสุดาสยามบรมราชกุมารี และผ่านการประเมคุณภาพภายนอก จากสำนักงานรับรองมาตรฐานและประเมินคุณภาพสถานศึกษา (องค์การมหาชน) (สมศ.) <br /> - ปีการศึกษา 2549 เปิดสอน ระดับ ประกาศนียบัตรวิชาชีพ (ปวช.) สาขาวิชาคอมพิวเตอร์ธุรกิจ<br /> - ปีการศึกษา 2550 ดร. พันธุ์นิภา แย้มชุติ ผู้จัดการรับพระราชทานรางวัลเสาเสมาธรรมจักร จากสมเด็จพระเทพรัตนราชสุดาสยามบรมราชกุมารี ประเภทผู้ประกอบอาชีพที่มีคุณธรรมและส่งเสริมพระพุทธศาสนา</p>','',1,0,0,8,'2013-07-29 09:09:00',434,'','2013-09-08 09:24:52',434,0,'0000-00-00 00:00:00','2013-07-29 09:09:00','0000-00-00 00:00:00','{\"image_intro\":\"\",\"float_intro\":\"\",\"image_intro_alt\":\"\",\"image_intro_caption\":\"\",\"image_fulltext\":\"\",\"float_fulltext\":\"\",\"image_fulltext_alt\":\"\",\"image_fulltext_caption\":\"\"}','{\"urla\":false,\"urlatext\":\"\",\"targeta\":\"\",\"urlb\":false,\"urlbtext\":\"\",\"targetb\":\"\",\"urlc\":false,\"urlctext\":\"\",\"targetc\":\"\"}','{\"show_title\":\"\",\"link_titles\":\"\",\"show_intro\":\"\",\"show_category\":\"\",\"link_category\":\"\",\"show_parent_category\":\"\",\"link_parent_category\":\"\",\"show_author\":\"\",\"link_author\":\"\",\"show_create_date\":\"\",\"show_modify_date\":\"\",\"show_publish_date\":\"\",\"show_item_navigation\":\"\",\"show_icons\":\"\",\"show_print_icon\":\"\",\"show_email_icon\":\"\",\"show_vote\":\"\",\"show_hits\":\"\",\"show_noauth\":\"\",\"urls_position\":\"\",\"alternative_readmore\":\"\",\"article_layout\":\"\",\"show_publishing_options\":\"\",\"show_article_options\":\"\",\"show_urls_images_backend\":\"\",\"show_urls_images_frontend\":\"\"}',6,0,1,'','',1,36,'{\"robots\":\"\",\"author\":\"\",\"rights\":\"\",\"xreference\":\"\"}',0,'*',''),(2,38,'ติดต่อเรา','2013-09-09-02-18-46','','<p style=\"text-align: center;\"><span style=\"color: #800000; font-size: 18pt;\">วิทยาลัยเทคโนโลยีหมู่บ้านครูภาคเหนือ จังหวัดลำพูน</span></p>\r\n<p style=\"text-align: center;\"><span style=\"font-size: 14pt; color: #3366ff;\">197 หมู่ 8 ต.บ้านธิ อ.บ้านธิ จ.ลำพูน 50180</span></p>\r\n<p style=\"text-align: center;\"><span style=\"font-size: 14pt; color: #3366ff;\">โทร : 053- 558750 - 1 ,053 - 559297</span></p>','',1,0,0,8,'2013-09-09 02:18:00',434,'','2013-09-09 02:21:15',434,0,'0000-00-00 00:00:00','2013-09-09 02:18:00','0000-00-00 00:00:00','{\"image_intro\":\"\",\"float_intro\":\"\",\"image_intro_alt\":\"\",\"image_intro_caption\":\"\",\"image_fulltext\":\"\",\"float_fulltext\":\"\",\"image_fulltext_alt\":\"\",\"image_fulltext_caption\":\"\"}','{\"urla\":false,\"urlatext\":\"\",\"targeta\":\"\",\"urlb\":false,\"urlbtext\":\"\",\"targetb\":\"\",\"urlc\":false,\"urlctext\":\"\",\"targetc\":\"\"}','{\"show_title\":\"\",\"link_titles\":\"\",\"show_intro\":\"\",\"show_category\":\"\",\"link_category\":\"\",\"show_parent_category\":\"\",\"link_parent_category\":\"\",\"show_author\":\"\",\"link_author\":\"\",\"show_create_date\":\"\",\"show_modify_date\":\"\",\"show_publish_date\":\"\",\"show_item_navigation\":\"\",\"show_icons\":\"\",\"show_print_icon\":\"\",\"show_email_icon\":\"\",\"show_vote\":\"\",\"show_hits\":\"\",\"show_noauth\":\"\",\"urls_position\":\"\",\"alternative_readmore\":\"\",\"article_layout\":\"\",\"show_publishing_options\":\"\",\"show_article_options\":\"\",\"show_urls_images_backend\":\"\",\"show_urls_images_frontend\":\"\"}',2,0,0,'','',1,27,'{\"robots\":\"\",\"author\":\"\",\"rights\":\"\",\"xreference\":\"\"}',0,'*','');

--
-- Table structure for table `fred7_content_frontpage`
--

CREATE TABLE `fred7_content_frontpage` (
  `content_id` int(11) NOT NULL DEFAULT '0',
  `ordering` int(11) NOT NULL DEFAULT '0',
  PRIMARY KEY (`content_id`)
) ENGINE=InnoDB DEFAULT CHARSET=utf8;

--
-- Dumping data for table `fred7_content_frontpage`
--


--
-- Table structure for table `fred7_content_rating`
--

CREATE TABLE `fred7_content_rating` (
  `content_id` int(11) NOT NULL DEFAULT '0',
  `rating_sum` int(10) unsigned NOT NULL DEFAULT '0',
  `rating_count` int(10) unsigned NOT NULL DEFAULT '0',
  `lastip` varchar(50) NOT NULL DEFAULT '',
  PRIMARY KEY (`content_id`)
) ENGINE=InnoDB DEFAULT CHARSET=utf8;

--
-- Dumping data for table `fred7_content_rating`
--


--
-- Table structure for table `fred7_core_log_searches`
--

CREATE TABLE `fred7_core_log_searches` (
  `search_term` varchar(128) NOT NULL DEFAULT '',
  `hits` int(10) unsigned NOT NULL DEFAULT '0'
) ENGINE=InnoDB DEFAULT CHARSET=utf8;

--
-- Dumping data for table `fred7_core_log_searches`
--


--
-- Table structure for table `fred7_extensions`
--

CREATE TABLE `fred7_extensions` (
  `extension_id` int(11) NOT NULL AUTO_INCREMENT,
  `name` varchar(100) NOT NULL,
  `type` varchar(20) NOT NULL,
  `element` varchar(100) NOT NULL,
  `folder` varchar(100) NOT NULL,
  `client_id` tinyint(3) NOT NULL,
  `enabled` tinyint(3) NOT NULL DEFAULT '1',
  `access` int(10) unsigned NOT NULL DEFAULT '1',
  `protected` tinyint(3) NOT NULL DEFAULT '0',
  `manifest_cache` text NOT NULL,
  `params` text NOT NULL,
  `custom_data` text NOT NULL,
  `system_data` text NOT NULL,
  `checked_out` int(10) unsigned NOT NULL DEFAULT '0',
  `checked_out_time` datetime NOT NULL DEFAULT '0000-00-00 00:00:00',
  `ordering` int(11) DEFAULT '0',
  `state` int(11) DEFAULT '0',
  PRIMARY KEY (`extension_id`),
  KEY `element_clientid` (`element`,`client_id`),
  KEY `element_folder_clientid` (`element`,`folder`,`client_id`),
  KEY `extension` (`type`,`element`,`folder`,`client_id`)
) ENGINE=InnoDB AUTO_INCREMENT=10019 DEFAULT CHARSET=utf8;

--
-- Dumping data for table `fred7_extensions`
--

INSERT INTO `fred7_extensions` VALUES (1,'com_mailto','component','com_mailto','',0,1,1,1,'{\"legacy\":false,\"name\":\"com_mailto\",\"type\":\"component\",\"creationDate\":\"April 2006\",\"author\":\"Joomla! Project\",\"copyright\":\"(C) 2005 - 2013 Open Source Matters. All rights reserved.\\t\",\"authorEmail\":\"admin@joomla.org\",\"authorUrl\":\"www.joomla.org\",\"version\":\"2.5.0\",\"description\":\"COM_MAILTO_XML_DESCRIPTION\",\"group\":\"\"}','','','',0,'0000-00-00 00:00:00',0,0),(2,'com_wrapper','component','com_wrapper','',0,1,1,1,'{\"legacy\":false,\"name\":\"com_wrapper\",\"type\":\"component\",\"creationDate\":\"April 2006\",\"author\":\"Joomla! Project\",\"copyright\":\"(C) 2005 - 2013 Open Source Matters. All rights reserved.\\n\\t\",\"authorEmail\":\"admin@joomla.org\",\"authorUrl\":\"www.joomla.org\",\"version\":\"2.5.0\",\"description\":\"COM_WRAPPER_XML_DESCRIPTION\",\"group\":\"\"}','','','',0,'0000-00-00 00:00:00',0,0),(3,'com_admin','component','com_admin','',1,1,1,1,'{\"legacy\":false,\"name\":\"com_admin\",\"type\":\"component\",\"creationDate\":\"April 2006\",\"author\":\"Joomla! Project\",\"copyright\":\"(C) 2005 - 2013 Open Source Matters. All rights reserved.\\n\\t\",\"authorEmail\":\"admin@joomla.org\",\"authorUrl\":\"www.joomla.org\",\"version\":\"2.5.0\",\"description\":\"COM_ADMIN_XML_DESCRIPTION\",\"group\":\"\"}','','','',0,'0000-00-00 00:00:00',0,0),(4,'com_banners','component','com_banners','',1,1,1,0,'{\"legacy\":false,\"name\":\"com_banners\",\"type\":\"component\",\"creationDate\":\"April 2006\",\"author\":\"Joomla! Project\",\"copyright\":\"(C) 2005 - 2013 Open Source Matters. All rights reserved.\\n\\t\",\"authorEmail\":\"admin@joomla.org\",\"authorUrl\":\"www.joomla.org\",\"version\":\"2.5.0\",\"description\":\"COM_BANNERS_XML_DESCRIPTION\",\"group\":\"\"}','{\"purchase_type\":\"3\",\"track_impressions\":\"0\",\"track_clicks\":\"0\",\"metakey_prefix\":\"\"}','','',0,'0000-00-00 00:00:00',0,0),(5,'com_cache','component','com_cache','',1,1,1,1,'{\"legacy\":false,\"name\":\"com_cache\",\"type\":\"component\",\"creationDate\":\"April 2006\",\"author\":\"Joomla! Project\",\"copyright\":\"(C) 2005 - 2013 Open Source Matters. All rights reserved.\\t\",\"authorEmail\":\"admin@joomla.org\",\"authorUrl\":\"www.joomla.org\",\"version\":\"2.5.0\",\"description\":\"COM_CACHE_XML_DESCRIPTION\",\"group\":\"\"}','','','',0,'0000-00-00 00:00:00',0,0),(6,'com_categories','component','com_categories','',1,1,1,1,'{\"legacy\":false,\"name\":\"com_categories\",\"type\":\"component\",\"creationDate\":\"December 2007\",\"author\":\"Joomla! Project\",\"copyright\":\"(C) 2005 - 2013 Open Source Matters. All rights reserved.\",\"authorEmail\":\"admin@joomla.org\",\"authorUrl\":\"www.joomla.org\",\"version\":\"2.5.0\",\"description\":\"COM_CATEGORIES_XML_DESCRIPTION\",\"group\":\"\"}','','','',0,'0000-00-00 00:00:00',0,0),(7,'com_checkin','component','com_checkin','',1,1,1,1,'{\"legacy\":false,\"name\":\"com_checkin\",\"type\":\"component\",\"creationDate\":\"Unknown\",\"author\":\"Joomla! Project\",\"copyright\":\"(C) 2005 - 2008 Open Source Matters. All rights reserved.\\n\\t\",\"authorEmail\":\"admin@joomla.org\",\"authorUrl\":\"www.joomla.org\",\"version\":\"2.5.0\",\"description\":\"COM_CHECKIN_XML_DESCRIPTION\",\"group\":\"\"}','','','',0,'0000-00-00 00:00:00',0,0),(8,'com_contact','component','com_contact','',1,1,1,0,'{\"legacy\":false,\"name\":\"com_contact\",\"type\":\"component\",\"creationDate\":\"April 2006\",\"author\":\"Joomla! Project\",\"copyright\":\"(C) 2005 - 2013 Open Source Matters. All rights reserved.\\n\\t\",\"authorEmail\":\"admin@joomla.org\",\"authorUrl\":\"www.joomla.org\",\"version\":\"2.5.0\",\"description\":\"COM_CONTACT_XML_DESCRIPTION\",\"group\":\"\"}','{\"show_contact_category\":\"hide\",\"show_contact_list\":\"0\",\"presentation_style\":\"sliders\",\"show_name\":\"1\",\"show_position\":\"1\",\"show_email\":\"0\",\"show_street_address\":\"1\",\"show_suburb\":\"1\",\"show_state\":\"1\",\"show_postcode\":\"1\",\"show_country\":\"1\",\"show_telephone\":\"1\",\"show_mobile\":\"1\",\"show_fax\":\"1\",\"show_webpage\":\"1\",\"show_misc\":\"1\",\"show_image\":\"1\",\"image\":\"\",\"allow_vcard\":\"0\",\"show_articles\":\"0\",\"show_profile\":\"0\",\"show_links\":\"0\",\"linka_name\":\"\",\"linkb_name\":\"\",\"linkc_name\":\"\",\"linkd_name\":\"\",\"linke_name\":\"\",\"contact_icons\":\"0\",\"icon_address\":\"\",\"icon_email\":\"\",\"icon_telephone\":\"\",\"icon_mobile\":\"\",\"icon_fax\":\"\",\"icon_misc\":\"\",\"show_headings\":\"1\",\"show_position_headings\":\"1\",\"show_email_headings\":\"0\",\"show_telephone_headings\":\"1\",\"show_mobile_headings\":\"0\",\"show_fax_headings\":\"0\",\"allow_vcard_headings\":\"0\",\"show_suburb_headings\":\"1\",\"show_state_headings\":\"1\",\"show_country_headings\":\"1\",\"show_email_form\":\"1\",\"show_email_copy\":\"1\",\"banned_email\":\"\",\"banned_subject\":\"\",\"banned_text\":\"\",\"validate_session\":\"1\",\"custom_reply\":\"0\",\"redirect\":\"\",\"show_category_crumb\":\"0\",\"metakey\":\"\",\"metadesc\":\"\",\"robots\":\"\",\"author\":\"\",\"rights\":\"\",\"xreference\":\"\"}','','',0,'0000-00-00 00:00:00',0,0),(9,'com_cpanel','component','com_cpanel','',1,1,1,1,'{\"legacy\":false,\"name\":\"com_cpanel\",\"type\":\"component\",\"creationDate\":\"April 2006\",\"author\":\"Joomla! Project\",\"copyright\":\"(C) 2005 - 2013 Open Source Matters. All rights reserved.\",\"authorEmail\":\"admin@joomla.org\",\"authorUrl\":\"www.joomla.org\",\"version\":\"2.5.0\",\"description\":\"COM_CPANEL_XML_DESCRIPTION\",\"group\":\"\"}','','','',0,'0000-00-00 00:00:00',0,0),(10,'com_installer','component','com_installer','',1,1,1,1,'{\"legacy\":false,\"name\":\"com_installer\",\"type\":\"component\",\"creationDate\":\"April 2006\",\"author\":\"Joomla! Project\",\"copyright\":\"(C) 2005 - 2013 Open Source Matters. All rights reserved.\\t\",\"authorEmail\":\"admin@joomla.org\",\"authorUrl\":\"www.joomla.org\",\"version\":\"2.5.0\",\"description\":\"COM_INSTALLER_XML_DESCRIPTION\",\"group\":\"\"}','{}','','',0,'0000-00-00 00:00:00',0,0),(11,'com_languages','component','com_languages','',1,1,1,1,'{\"legacy\":false,\"name\":\"com_languages\",\"type\":\"component\",\"creationDate\":\"2006\",\"author\":\"Joomla! Project\",\"copyright\":\"(C) 2005 - 2013 Open Source Matters. All rights reserved.\\n\\t\",\"authorEmail\":\"admin@joomla.org\",\"authorUrl\":\"www.joomla.org\",\"version\":\"2.5.0\",\"description\":\"COM_LANGUAGES_XML_DESCRIPTION\",\"group\":\"\"}','{\"administrator\":\"en-GB\",\"site\":\"th-TH\"}','','',0,'0000-00-00 00:00:00',0,0),(12,'com_login','component','com_login','',1,1,1,1,'{\"legacy\":false,\"name\":\"com_login\",\"type\":\"component\",\"creationDate\":\"April 2006\",\"author\":\"Joomla! Project\",\"copyright\":\"(C) 2005 - 2013 Open Source Matters. All rights reserved.\\t\",\"authorEmail\":\"admin@joomla.org\",\"authorUrl\":\"www.joomla.org\",\"version\":\"2.5.0\",\"description\":\"COM_LOGIN_XML_DESCRIPTION\",\"group\":\"\"}','','','',0,'0000-00-00 00:00:00',0,0),(13,'com_media','component','com_media','',1,1,0,1,'{\"legacy\":false,\"name\":\"com_media\",\"type\":\"component\",\"creationDate\":\"April 2006\",\"author\":\"Joomla! Project\",\"copyright\":\"(C) 2005 - 2013 Open Source Matters. All rights reserved.\\t\",\"authorEmail\":\"admin@joomla.org\",\"authorUrl\":\"www.joomla.org\",\"version\":\"2.5.0\",\"description\":\"COM_MEDIA_XML_DESCRIPTION\",\"group\":\"\"}','{\"upload_extensions\":\"bmp,csv,doc,gif,ico,jpg,jpeg,odg,odp,ods,odt,pdf,png,ppt,swf,txt,xcf,xls,BMP,CSV,DOC,GIF,ICO,JPG,JPEG,ODG,ODP,ODS,ODT,PDF,PNG,PPT,SWF,TXT,XCF,XLS\",\"upload_maxsize\":\"10\",\"file_path\":\"images\",\"image_path\":\"images\",\"restrict_uploads\":\"1\",\"allowed_media_usergroup\":\"3\",\"check_mime\":\"1\",\"image_extensions\":\"bmp,gif,jpg,png\",\"ignore_extensions\":\"\",\"upload_mime\":\"image\\/jpeg,image\\/gif,image\\/png,image\\/bmp,application\\/x-shockwave-flash,application\\/msword,application\\/excel,application\\/pdf,application\\/powerpoint,text\\/plain,application\\/x-zip\",\"upload_mime_illegal\":\"text\\/html\"}','','',0,'0000-00-00 00:00:00',0,0),(14,'com_menus','component','com_menus','',1,1,1,1,'{\"legacy\":false,\"name\":\"com_menus\",\"type\":\"component\",\"creationDate\":\"April 2006\",\"author\":\"Joomla! Project\",\"copyright\":\"(C) 2005 - 2013 Open Source Matters. All rights reserved.\\t\",\"authorEmail\":\"admin@joomla.org\",\"authorUrl\":\"www.joomla.org\",\"version\":\"2.5.0\",\"description\":\"COM_MENUS_XML_DESCRIPTION\",\"group\":\"\"}','{}','','',0,'0000-00-00 00:00:00',0,0),(15,'com_messages','component','com_messages','',1,1,1,1,'{\"legacy\":false,\"name\":\"com_messages\",\"type\":\"component\",\"creationDate\":\"April 2006\",\"author\":\"Joomla! Project\",\"copyright\":\"(C) 2005 - 2013 Open Source Matters. All rights reserved.\\t\",\"authorEmail\":\"admin@joomla.org\",\"authorUrl\":\"www.joomla.org\",\"version\":\"2.5.0\",\"description\":\"COM_MESSAGES_XML_DESCRIPTION\",\"group\":\"\"}','','','',0,'0000-00-00 00:00:00',0,0),(16,'com_modules','component','com_modules','',1,1,1,1,'{\"legacy\":false,\"name\":\"com_modules\",\"type\":\"component\",\"creationDate\":\"April 2006\",\"author\":\"Joomla! Project\",\"copyright\":\"(C) 2005 - 2013 Open Source Matters. All rights reserved.\\t\",\"authorEmail\":\"admin@joomla.org\",\"authorUrl\":\"www.joomla.org\",\"version\":\"2.5.0\",\"description\":\"COM_MODULES_XML_DESCRIPTION\",\"group\":\"\"}','{}','','',0,'0000-00-00 00:00:00',0,0),(17,'com_newsfeeds','component','com_newsfeeds','',1,1,1,0,'{\"legacy\":false,\"name\":\"com_newsfeeds\",\"type\":\"component\",\"creationDate\":\"April 2006\",\"author\":\"Joomla! Project\",\"copyright\":\"(C) 2005 - 2013 Open Source Matters. All rights reserved.\\t\",\"authorEmail\":\"admin@joomla.org\",\"authorUrl\":\"www.joomla.org\",\"version\":\"2.5.0\",\"description\":\"COM_NEWSFEEDS_XML_DESCRIPTION\",\"group\":\"\"}','{\"show_feed_image\":\"1\",\"show_feed_description\":\"1\",\"show_item_description\":\"1\",\"feed_word_count\":\"0\",\"show_headings\":\"1\",\"show_name\":\"1\",\"show_articles\":\"0\",\"show_link\":\"1\",\"show_description\":\"1\",\"show_description_image\":\"1\",\"display_num\":\"\",\"show_pagination_limit\":\"1\",\"show_pagination\":\"1\",\"show_pagination_results\":\"1\",\"show_cat_items\":\"1\"}','','',0,'0000-00-00 00:00:00',0,0),(18,'com_plugins','component','com_plugins','',1,1,1,1,'{\"legacy\":false,\"name\":\"com_plugins\",\"type\":\"component\",\"creationDate\":\"April 2006\",\"author\":\"Joomla! Project\",\"copyright\":\"(C) 2005 - 2013 Open Source Matters. All rights reserved.\\t\",\"authorEmail\":\"admin@joomla.org\",\"authorUrl\":\"www.joomla.org\",\"version\":\"2.5.0\",\"description\":\"COM_PLUGINS_XML_DESCRIPTION\",\"group\":\"\"}','{}','','',0,'0000-00-00 00:00:00',0,0),(19,'com_search','component','com_search','',1,1,1,1,'{\"legacy\":false,\"name\":\"com_search\",\"type\":\"component\",\"creationDate\":\"April 2006\",\"author\":\"Joomla! Project\",\"copyright\":\"(C) 2005 - 2013 Open Source Matters. All rights reserved.\\n\\t\",\"authorEmail\":\"admin@joomla.org\",\"authorUrl\":\"www.joomla.org\",\"version\":\"2.5.0\",\"description\":\"COM_SEARCH_XML_DESCRIPTION\",\"group\":\"\"}','{\"enabled\":\"0\",\"show_date\":\"1\"}','','',0,'0000-00-00 00:00:00',0,0),(20,'com_templates','component','com_templates','',1,1,1,1,'{\"legacy\":false,\"name\":\"com_templates\",\"type\":\"component\",\"creationDate\":\"April 2006\",\"author\":\"Joomla! Project\",\"copyright\":\"(C) 2005 - 2013 Open Source Matters. All rights reserved.\\t\",\"authorEmail\":\"admin@joomla.org\",\"authorUrl\":\"www.joomla.org\",\"version\":\"2.5.0\",\"description\":\"COM_TEMPLATES_XML_DESCRIPTION\",\"group\":\"\"}','{\"template_positions_display\":\"1\"}','','',0,'0000-00-00 00:00:00',0,0),(21,'com_weblinks','component','com_weblinks','',1,1,1,0,'{\"legacy\":false,\"name\":\"com_weblinks\",\"type\":\"component\",\"creationDate\":\"April 2006\",\"author\":\"Joomla! Project\",\"copyright\":\"(C) 2005 - 2013 Open Source Matters. All rights reserved.\\n\\t\",\"authorEmail\":\"admin@joomla.org\",\"authorUrl\":\"www.joomla.org\",\"version\":\"2.5.0\",\"description\":\"COM_WEBLINKS_XML_DESCRIPTION\",\"group\":\"\"}','{\"show_comp_description\":\"1\",\"comp_description\":\"\",\"show_link_hits\":\"1\",\"show_link_description\":\"1\",\"show_other_cats\":\"0\",\"show_headings\":\"0\",\"show_numbers\":\"0\",\"show_report\":\"1\",\"count_clicks\":\"1\",\"target\":\"0\",\"link_icons\":\"\"}','','',0,'0000-00-00 00:00:00',0,0),(22,'com_content','component','com_content','',1,1,0,1,'{\"legacy\":false,\"name\":\"com_content\",\"type\":\"component\",\"creationDate\":\"April 2006\",\"author\":\"Joomla! Project\",\"copyright\":\"(C) 2005 - 2013 Open Source Matters. All rights reserved.\\t\",\"authorEmail\":\"admin@joomla.org\",\"authorUrl\":\"www.joomla.org\",\"version\":\"2.5.0\",\"description\":\"COM_CONTENT_XML_DESCRIPTION\",\"group\":\"\"}','{\"article_layout\":\"_:default\",\"show_title\":\"1\",\"link_titles\":\"1\",\"show_intro\":\"1\",\"show_category\":\"1\",\"link_category\":\"1\",\"show_parent_category\":\"0\",\"link_parent_category\":\"0\",\"show_author\":\"0\",\"link_author\":\"0\",\"show_create_date\":\"0\",\"show_modify_date\":\"0\",\"show_publish_date\":\"0\",\"show_item_navigation\":\"1\",\"show_vote\":\"0\",\"show_readmore\":\"1\",\"show_readmore_title\":\"1\",\"readmore_limit\":\"100\",\"show_icons\":\"1\",\"show_print_icon\":\"1\",\"show_email_icon\":\"1\",\"show_hits\":\"1\",\"show_noauth\":\"0\",\"urls_position\":\"0\",\"show_publishing_options\":\"1\",\"show_article_options\":\"1\",\"show_urls_images_frontend\":\"0\",\"show_urls_images_backend\":\"1\",\"targeta\":0,\"targetb\":0,\"targetc\":0,\"float_intro\":\"left\",\"float_fulltext\":\"left\",\"category_layout\":\"_:blog\",\"show_category_heading_title_text\":\"1\",\"show_category_title\":\"0\",\"show_description\":\"0\",\"show_description_image\":\"0\",\"maxLevel\":\"1\",\"show_empty_categories\":\"0\",\"show_no_articles\":\"1\",\"show_subcat_desc\":\"1\",\"show_cat_num_articles\":\"0\",\"show_base_description\":\"1\",\"maxLevelcat\":\"-1\",\"show_empty_categories_cat\":\"0\",\"show_subcat_desc_cat\":\"1\",\"show_cat_num_articles_cat\":\"1\",\"num_leading_articles\":\"1\",\"num_intro_articles\":\"4\",\"num_columns\":\"2\",\"num_links\":\"4\",\"multi_column_order\":\"0\",\"show_subcategory_content\":\"0\",\"show_pagination_limit\":\"1\",\"filter_field\":\"hide\",\"show_headings\":\"1\",\"list_show_date\":\"0\",\"date_format\":\"\",\"list_show_hits\":\"1\",\"list_show_author\":\"1\",\"orderby_pri\":\"order\",\"orderby_sec\":\"rdate\",\"order_date\":\"published\",\"show_pagination\":\"2\",\"show_pagination_results\":\"1\",\"show_feed_link\":\"1\",\"feed_summary\":\"0\",\"feed_show_readmore\":\"0\"}','','',0,'0000-00-00 00:00:00',0,0),(23,'com_config','component','com_config','',1,1,0,1,'{\"legacy\":false,\"name\":\"com_config\",\"type\":\"component\",\"creationDate\":\"April 2006\",\"author\":\"Joomla! Project\",\"copyright\":\"(C) 2005 - 2013 Open Source Matters. All rights reserved.\\t\",\"authorEmail\":\"admin@joomla.org\",\"authorUrl\":\"www.joomla.org\",\"version\":\"2.5.0\",\"description\":\"COM_CONFIG_XML_DESCRIPTION\",\"group\":\"\"}','{\"filters\":{\"1\":{\"filter_type\":\"NH\",\"filter_tags\":\"\",\"filter_attributes\":\"\"},\"6\":{\"filter_type\":\"BL\",\"filter_tags\":\"\",\"filter_attributes\":\"\"},\"7\":{\"filter_type\":\"NONE\",\"filter_tags\":\"\",\"filter_attributes\":\"\"},\"2\":{\"filter_type\":\"NH\",\"filter_tags\":\"\",\"filter_attributes\":\"\"},\"3\":{\"filter_type\":\"BL\",\"filter_tags\":\"\",\"filter_attributes\":\"\"},\"4\":{\"filter_type\":\"BL\",\"filter_tags\":\"\",\"filter_attributes\":\"\"},\"5\":{\"filter_type\":\"BL\",\"filter_tags\":\"\",\"filter_attributes\":\"\"},\"8\":{\"filter_type\":\"NONE\",\"filter_tags\":\"\",\"filter_attributes\":\"\"}}}','','',0,'0000-00-00 00:00:00',0,0),(24,'com_redirect','component','com_redirect','',1,1,0,1,'{\"legacy\":false,\"name\":\"com_redirect\",\"type\":\"component\",\"creationDate\":\"April 2006\",\"author\":\"Joomla! Project\",\"copyright\":\"(C) 2005 - 2013 Open Source Matters. All rights reserved.\\t\",\"authorEmail\":\"admin@joomla.org\",\"authorUrl\":\"www.joomla.org\",\"version\":\"2.5.0\",\"description\":\"COM_REDIRECT_XML_DESCRIPTION\",\"group\":\"\"}','{}','','',0,'0000-00-00 00:00:00',0,0),(25,'com_users','component','com_users','',1,1,0,1,'{\"legacy\":false,\"name\":\"com_users\",\"type\":\"component\",\"creationDate\":\"April 2006\",\"author\":\"Joomla! Project\",\"copyright\":\"(C) 2005 - 2013 Open Source Matters. All rights reserved.\\t\",\"authorEmail\":\"admin@joomla.org\",\"authorUrl\":\"www.joomla.org\",\"version\":\"2.5.0\",\"description\":\"COM_USERS_XML_DESCRIPTION\",\"group\":\"\"}','{\"allowUserRegistration\":\"1\",\"new_usertype\":\"2\",\"guest_usergroup\":\"1\",\"sendpassword\":\"1\",\"useractivation\":\"2\",\"mail_to_admin\":\"1\",\"captcha\":\"\",\"frontend_userparams\":\"1\",\"site_language\":\"0\",\"change_login_name\":\"0\",\"reset_count\":\"10\",\"reset_time\":\"1\",\"mailSubjectPrefix\":\"\",\"mailBodySuffix\":\"\"}','','',0,'0000-00-00 00:00:00',0,0),(27,'com_finder','component','com_finder','',1,1,0,0,'{\"legacy\":false,\"name\":\"com_finder\",\"type\":\"component\",\"creationDate\":\"August 2011\",\"author\":\"Joomla! Project\",\"copyright\":\"(C) 2005 - 2013 Open Source Matters. All rights reserved.\",\"authorEmail\":\"admin@joomla.org\",\"authorUrl\":\"www.joomla.org\",\"version\":\"2.5.0\",\"description\":\"COM_FINDER_XML_DESCRIPTION\",\"group\":\"\"}','{\"show_description\":\"1\",\"description_length\":255,\"allow_empty_query\":\"0\",\"show_url\":\"1\",\"show_advanced\":\"1\",\"expand_advanced\":\"0\",\"show_date_filters\":\"0\",\"highlight_terms\":\"1\",\"opensearch_name\":\"\",\"opensearch_description\":\"\",\"batch_size\":\"50\",\"memory_table_limit\":30000,\"title_multiplier\":\"1.7\",\"text_multiplier\":\"0.7\",\"meta_multiplier\":\"1.2\",\"path_multiplier\":\"2.0\",\"misc_multiplier\":\"0.3\",\"stemmer\":\"snowball\"}','','',0,'0000-00-00 00:00:00',0,0),(28,'com_joomlaupdate','component','com_joomlaupdate','',1,1,0,1,'{\"legacy\":false,\"name\":\"com_joomlaupdate\",\"type\":\"component\",\"creationDate\":\"February 2012\",\"author\":\"Joomla! Project\",\"copyright\":\"(C) 2005 - 2013 Open Source Matters. All rights reserved.\\t\",\"authorEmail\":\"admin@joomla.org\",\"authorUrl\":\"www.joomla.org\",\"version\":\"2.5.0\",\"description\":\"COM_JOOMLAUPDATE_XML_DESCRIPTION\",\"group\":\"\"}','{}','','',0,'0000-00-00 00:00:00',0,0),(100,'PHPMailer','library','phpmailer','',0,1,1,1,'{\"legacy\":false,\"name\":\"PHPMailer\",\"type\":\"library\",\"creationDate\":\"2001\",\"author\":\"PHPMailer\",\"copyright\":\"(c) 2001-2003, Brent R. Matzelle, (c) 2004-2009, Andy Prevost. All Rights Reserved., (c) 2010-2011, Jim Jagielski. All Rights Reserved.\",\"authorEmail\":\"jimjag@gmail.com\",\"authorUrl\":\"https:\\/\\/code.google.com\\/a\\/apache-extras.org\\/p\\/phpmailer\\/\",\"version\":\"5.2\",\"description\":\"LIB_PHPMAILER_XML_DESCRIPTION\",\"group\":\"\"}','','','',0,'0000-00-00 00:00:00',0,0),(101,'SimplePie','library','simplepie','',0,1,1,1,'{\"legacy\":false,\"name\":\"SimplePie\",\"type\":\"library\",\"creationDate\":\"2004\",\"author\":\"SimplePie\",\"copyright\":\"Copyright (c) 2004-2009, Ryan Parman and Geoffrey Sneddon\",\"authorEmail\":\"\",\"authorUrl\":\"http:\\/\\/simplepie.org\\/\",\"version\":\"1.2\",\"description\":\"LIB_SIMPLEPIE_XML_DESCRIPTION\",\"group\":\"\"}','','','',0,'0000-00-00 00:00:00',0,0),(102,'phputf8','library','phputf8','',0,1,1,1,'{\"legacy\":false,\"name\":\"phputf8\",\"type\":\"library\",\"creationDate\":\"2006\",\"author\":\"Harry Fuecks\",\"copyright\":\"Copyright various authors\",\"authorEmail\":\"hfuecks@gmail.com\",\"authorUrl\":\"http:\\/\\/sourceforge.net\\/projects\\/phputf8\",\"version\":\"0.5\",\"description\":\"LIB_PHPUTF8_XML_DESCRIPTION\",\"group\":\"\"}','','','',0,'0000-00-00 00:00:00',0,0),(103,'Joomla! Platform','library','joomla','',0,1,1,1,'{\"legacy\":false,\"name\":\"Joomla! Platform\",\"type\":\"library\",\"creationDate\":\"2008\",\"author\":\"Joomla! Project\",\"copyright\":\"Copyright (C) 2005 - 2013 Open Source Matters. All rights reserved.\",\"authorEmail\":\"admin@joomla.org\",\"authorUrl\":\"http:\\/\\/www.joomla.org\",\"version\":\"11.4\",\"description\":\"LIB_JOOMLA_XML_DESCRIPTION\",\"group\":\"\"}','{}','','',0,'0000-00-00 00:00:00',0,0),(200,'mod_articles_archive','module','mod_articles_archive','',0,1,1,1,'{\"legacy\":false,\"name\":\"mod_articles_archive\",\"type\":\"module\",\"creationDate\":\"July 2006\",\"author\":\"Joomla! Project\",\"copyright\":\"Copyright (C) 2005 - 2013 Open Source Matters.\\n\\t\\tAll rights reserved.\",\"authorEmail\":\"admin@joomla.org\",\"authorUrl\":\"www.joomla.org\",\"version\":\"2.5.0\",\"description\":\"MOD_ARTICLES_ARCHIVE_XML_DESCRIPTION\",\"group\":\"\"}','','','',0,'0000-00-00 00:00:00',0,0),(201,'mod_articles_latest','module','mod_articles_latest','',0,1,1,1,'{\"legacy\":false,\"name\":\"mod_articles_latest\",\"type\":\"module\",\"creationDate\":\"July 2004\",\"author\":\"Joomla! Project\",\"copyright\":\"Copyright (C) 2005 - 2013 Open Source Matters. All rights reserved.\",\"authorEmail\":\"admin@joomla.org\",\"authorUrl\":\"www.joomla.org\",\"version\":\"2.5.0\",\"description\":\"MOD_LATEST_NEWS_XML_DESCRIPTION\",\"group\":\"\"}','','','',0,'0000-00-00 00:00:00',0,0),(202,'mod_articles_popular','module','mod_articles_popular','',0,1,1,0,'{\"legacy\":false,\"name\":\"mod_articles_popular\",\"type\":\"module\",\"creationDate\":\"July 2006\",\"author\":\"Joomla! Project\",\"copyright\":\"Copyright (C) 2005 - 2013 Open Source Matters. All rights reserved.\",\"authorEmail\":\"admin@joomla.org\",\"authorUrl\":\"www.joomla.org\",\"version\":\"2.5.0\",\"description\":\"MOD_POPULAR_XML_DESCRIPTION\",\"group\":\"\"}','','','',0,'0000-00-00 00:00:00',0,0),(203,'mod_banners','module','mod_banners','',0,1,1,0,'{\"legacy\":false,\"name\":\"mod_banners\",\"type\":\"module\",\"creationDate\":\"July 2006\",\"author\":\"Joomla! Project\",\"copyright\":\"Copyright (C) 2005 - 2013 Open Source Matters. All rights reserved.\",\"authorEmail\":\"admin@joomla.org\",\"authorUrl\":\"www.joomla.org\",\"version\":\"2.5.0\",\"description\":\"MOD_BANNERS_XML_DESCRIPTION\",\"group\":\"\"}','','','',0,'0000-00-00 00:00:00',0,0),(204,'mod_breadcrumbs','module','mod_breadcrumbs','',0,1,1,1,'{\"legacy\":false,\"name\":\"mod_breadcrumbs\",\"type\":\"module\",\"creationDate\":\"July 2006\",\"author\":\"Joomla! Project\",\"copyright\":\"Copyright (C) 2005 - 2013 Open Source Matters. All rights reserved.\",\"authorEmail\":\"admin@joomla.org\",\"authorUrl\":\"www.joomla.org\",\"version\":\"2.5.0\",\"description\":\"MOD_BREADCRUMBS_XML_DESCRIPTION\",\"group\":\"\"}','','','',0,'0000-00-00 00:00:00',0,0),(205,'mod_custom','module','mod_custom','',0,1,1,1,'{\"legacy\":false,\"name\":\"mod_custom\",\"type\":\"module\",\"creationDate\":\"July 2004\",\"author\":\"Joomla! Project\",\"copyright\":\"Copyright (C) 2005 - 2013 Open Source Matters. All rights reserved.\",\"authorEmail\":\"admin@joomla.org\",\"authorUrl\":\"www.joomla.org\",\"version\":\"2.5.0\",\"description\":\"MOD_CUSTOM_XML_DESCRIPTION\",\"group\":\"\"}','','','',0,'0000-00-00 00:00:00',0,0),(206,'mod_feed','module','mod_feed','',0,1,1,1,'{\"legacy\":false,\"name\":\"mod_feed\",\"type\":\"module\",\"creationDate\":\"July 2005\",\"author\":\"Joomla! Project\",\"copyright\":\"Copyright (C) 2005 - 2013 Open Source Matters. All rights reserved.\",\"authorEmail\":\"admin@joomla.org\",\"authorUrl\":\"www.joomla.org\",\"version\":\"2.5.0\",\"description\":\"MOD_FEED_XML_DESCRIPTION\",\"group\":\"\"}','','','',0,'0000-00-00 00:00:00',0,0),(207,'mod_footer','module','mod_footer','',0,1,1,1,'{\"legacy\":false,\"name\":\"mod_footer\",\"type\":\"module\",\"creationDate\":\"July 2006\",\"author\":\"Joomla! Project\",\"copyright\":\"Copyright (C) 2005 - 2013 Open Source Matters. All rights reserved.\",\"authorEmail\":\"admin@joomla.org\",\"authorUrl\":\"www.joomla.org\",\"version\":\"2.5.0\",\"description\":\"MOD_FOOTER_XML_DESCRIPTION\",\"group\":\"\"}','','','',0,'0000-00-00 00:00:00',0,0),(208,'mod_login','module','mod_login','',0,1,1,1,'{\"legacy\":false,\"name\":\"mod_login\",\"type\":\"module\",\"creationDate\":\"July 2006\",\"author\":\"Joomla! Project\",\"copyright\":\"Copyright (C) 2005 - 2013 Open Source Matters. All rights reserved.\",\"authorEmail\":\"admin@joomla.org\",\"authorUrl\":\"www.joomla.org\",\"version\":\"2.5.0\",\"description\":\"MOD_LOGIN_XML_DESCRIPTION\",\"group\":\"\"}','','','',0,'0000-00-00 00:00:00',0,0),(209,'mod_menu','module','mod_menu','',0,1,1,1,'{\"legacy\":false,\"name\":\"mod_menu\",\"type\":\"module\",\"creationDate\":\"July 2004\",\"author\":\"Joomla! Project\",\"copyright\":\"Copyright (C) 2005 - 2013 Open Source Matters. All rights reserved.\",\"authorEmail\":\"admin@joomla.org\",\"authorUrl\":\"www.joomla.org\",\"version\":\"2.5.0\",\"description\":\"MOD_MENU_XML_DESCRIPTION\",\"group\":\"\"}','','','',0,'0000-00-00 00:00:00',0,0),(210,'mod_articles_news','module','mod_articles_news','',0,1,1,0,'{\"legacy\":false,\"name\":\"mod_articles_news\",\"type\":\"module\",\"creationDate\":\"July 2006\",\"author\":\"Joomla! Project\",\"copyright\":\"Copyright (C) 2005 - 2013 Open Source Matters. All rights reserved.\",\"authorEmail\":\"admin@joomla.org\",\"authorUrl\":\"www.joomla.org\",\"version\":\"2.5.0\",\"description\":\"MOD_ARTICLES_NEWS_XML_DESCRIPTION\",\"group\":\"\"}','','','',0,'0000-00-00 00:00:00',0,0),(211,'mod_random_image','module','mod_random_image','',0,1,1,0,'{\"legacy\":false,\"name\":\"mod_random_image\",\"type\":\"module\",\"creationDate\":\"July 2006\",\"author\":\"Joomla! Project\",\"copyright\":\"Copyright (C) 2005 - 2013 Open Source Matters. All rights reserved.\",\"authorEmail\":\"admin@joomla.org\",\"authorUrl\":\"www.joomla.org\",\"version\":\"2.5.0\",\"description\":\"MOD_RANDOM_IMAGE_XML_DESCRIPTION\",\"group\":\"\"}','','','',0,'0000-00-00 00:00:00',0,0),(212,'mod_related_items','module','mod_related_items','',0,1,1,0,'{\"legacy\":false,\"name\":\"mod_related_items\",\"type\":\"module\",\"creationDate\":\"July 2004\",\"author\":\"Joomla! Project\",\"copyright\":\"Copyright (C) 2005 - 2013 Open Source Matters. All rights reserved.\",\"authorEmail\":\"admin@joomla.org\",\"authorUrl\":\"www.joomla.org\",\"version\":\"2.5.0\",\"description\":\"MOD_RELATED_XML_DESCRIPTION\",\"group\":\"\"}','','','',0,'0000-00-00 00:00:00',0,0),(213,'mod_search','module','mod_search','',0,1,1,0,'{\"legacy\":false,\"name\":\"mod_search\",\"type\":\"module\",\"creationDate\":\"July 2004\",\"author\":\"Joomla! Project\",\"copyright\":\"Copyright (C) 2005 - 2013 Open Source Matters. All rights reserved.\",\"authorEmail\":\"admin@joomla.org\",\"authorUrl\":\"www.joomla.org\",\"version\":\"2.5.0\",\"description\":\"MOD_SEARCH_XML_DESCRIPTION\",\"group\":\"\"}','','','',0,'0000-00-00 00:00:00',0,0),(214,'mod_stats','module','mod_stats','',0,1,1,0,'{\"legacy\":false,\"name\":\"mod_stats\",\"type\":\"module\",\"creationDate\":\"July 2004\",\"author\":\"Joomla! Project\",\"copyright\":\"Copyright (C) 2005 - 2013 Open Source Matters. All rights reserved.\",\"authorEmail\":\"admin@joomla.org\",\"authorUrl\":\"www.joomla.org\",\"version\":\"2.5.0\",\"description\":\"MOD_STATS_XML_DESCRIPTION\",\"group\":\"\"}','','','',0,'0000-00-00 00:00:00',0,0),(215,'mod_syndicate','module','mod_syndicate','',0,1,1,1,'{\"legacy\":false,\"name\":\"mod_syndicate\",\"type\":\"module\",\"creationDate\":\"May 2006\",\"author\":\"Joomla! Project\",\"copyright\":\"Copyright (C) 2005 - 2013 Open Source Matters. All rights reserved.\",\"authorEmail\":\"admin@joomla.org\",\"authorUrl\":\"www.joomla.org\",\"version\":\"2.5.0\",\"description\":\"MOD_SYNDICATE_XML_DESCRIPTION\",\"group\":\"\"}','','','',0,'0000-00-00 00:00:00',0,0),(216,'mod_users_latest','module','mod_users_latest','',0,1,1,1,'{\"legacy\":false,\"name\":\"mod_users_latest\",\"type\":\"module\",\"creationDate\":\"December 2009\",\"author\":\"Joomla! Project\",\"copyright\":\"Copyright (C) 2005 - 2013 Open Source Matters. All rights reserved.\",\"authorEmail\":\"admin@joomla.org\",\"authorUrl\":\"www.joomla.org\",\"version\":\"2.5.0\",\"description\":\"MOD_USERS_LATEST_XML_DESCRIPTION\",\"group\":\"\"}','','','',0,'0000-00-00 00:00:00',0,0),(217,'mod_weblinks','module','mod_weblinks','',0,1,1,0,'{\"legacy\":false,\"name\":\"mod_weblinks\",\"type\":\"module\",\"creationDate\":\"July 2009\",\"author\":\"Joomla! Project\",\"copyright\":\"Copyright (C) 2005 - 2013 Open Source Matters. All rights reserved.\",\"authorEmail\":\"admin@joomla.org\",\"authorUrl\":\"www.joomla.org\",\"version\":\"2.5.0\",\"description\":\"MOD_WEBLINKS_XML_DESCRIPTION\",\"group\":\"\"}','','','',0,'0000-00-00 00:00:00',0,0),(218,'mod_whosonline','module','mod_whosonline','',0,1,1,0,'{\"legacy\":false,\"name\":\"mod_whosonline\",\"type\":\"module\",\"creationDate\":\"July 2004\",\"author\":\"Joomla! Project\",\"copyright\":\"Copyright (C) 2005 - 2013 Open Source Matters. All rights reserved.\",\"authorEmail\":\"admin@joomla.org\",\"authorUrl\":\"www.joomla.org\",\"version\":\"2.5.0\",\"description\":\"MOD_WHOSONLINE_XML_DESCRIPTION\",\"group\":\"\"}','','','',0,'0000-00-00 00:00:00',0,0),(219,'mod_wrapper','module','mod_wrapper','',0,1,1,0,'{\"legacy\":false,\"name\":\"mod_wrapper\",\"type\":\"module\",\"creationDate\":\"October 2004\",\"author\":\"Joomla! Project\",\"copyright\":\"Copyright (C) 2005 - 2013 Open Source Matters. All rights reserved.\",\"authorEmail\":\"admin@joomla.org\",\"authorUrl\":\"www.joomla.org\",\"version\":\"2.5.0\",\"description\":\"MOD_WRAPPER_XML_DESCRIPTION\",\"group\":\"\"}','','','',0,'0000-00-00 00:00:00',0,0),(220,'mod_articles_category','module','mod_articles_category','',0,1,1,1,'{\"legacy\":false,\"name\":\"mod_articles_category\",\"type\":\"module\",\"creationDate\":\"February 2010\",\"author\":\"Joomla! Project\",\"copyright\":\"Copyright (C) 2005 - 2013 Open Source Matters. All rights reserved.\",\"authorEmail\":\"admin@joomla.org\",\"authorUrl\":\"www.joomla.org\",\"version\":\"2.5.0\",\"description\":\"MOD_ARTICLES_CATEGORY_XML_DESCRIPTION\",\"group\":\"\"}','','','',0,'0000-00-00 00:00:00',0,0),(221,'mod_articles_categories','module','mod_articles_categories','',0,1,1,1,'{\"legacy\":false,\"name\":\"mod_articles_categories\",\"type\":\"module\",\"creationDate\":\"February 2010\",\"author\":\"Joomla! Project\",\"copyright\":\"Copyright (C) 2005 - 2013 Open Source Matters. All rights reserved.\",\"authorEmail\":\"admin@joomla.org\",\"authorUrl\":\"www.joomla.org\",\"version\":\"2.5.0\",\"description\":\"MOD_ARTICLES_CATEGORIES_XML_DESCRIPTION\",\"group\":\"\"}','','','',0,'0000-00-00 00:00:00',0,0),(222,'mod_languages','module','mod_languages','',0,1,1,1,'{\"legacy\":false,\"name\":\"mod_languages\",\"type\":\"module\",\"creationDate\":\"February 2010\",\"author\":\"Joomla! Project\",\"copyright\":\"Copyright (C) 2005 - 2013 Open Source Matters. All rights reserved.\",\"authorEmail\":\"admin@joomla.org\",\"authorUrl\":\"www.joomla.org\",\"version\":\"2.5.0\",\"description\":\"MOD_LANGUAGES_XML_DESCRIPTION\",\"group\":\"\"}','','','',0,'0000-00-00 00:00:00',0,0),(223,'mod_finder','module','mod_finder','',0,1,0,0,'{\"legacy\":false,\"name\":\"mod_finder\",\"type\":\"module\",\"creationDate\":\"August 2011\",\"author\":\"Joomla! Project\",\"copyright\":\"(C) 2005 - 2013 Open Source Matters. All rights reserved.\",\"authorEmail\":\"admin@joomla.org\",\"authorUrl\":\"www.joomla.org\",\"version\":\"2.5.0\",\"description\":\"MOD_FINDER_XML_DESCRIPTION\",\"group\":\"\"}','','','',0,'0000-00-00 00:00:00',0,0),(300,'mod_custom','module','mod_custom','',1,1,1,1,'{\"legacy\":false,\"name\":\"mod_custom\",\"type\":\"module\",\"creationDate\":\"July 2004\",\"author\":\"Joomla! Project\",\"copyright\":\"Copyright (C) 2005 - 2013 Open Source Matters. All rights reserved.\",\"authorEmail\":\"admin@joomla.org\",\"authorUrl\":\"www.joomla.org\",\"version\":\"2.5.0\",\"description\":\"MOD_CUSTOM_XML_DESCRIPTION\",\"group\":\"\"}','','','',0,'0000-00-00 00:00:00',0,0),(301,'mod_feed','module','mod_feed','',1,1,1,0,'{\"legacy\":false,\"name\":\"mod_feed\",\"type\":\"module\",\"creationDate\":\"July 2005\",\"author\":\"Joomla! Project\",\"copyright\":\"Copyright (C) 2005 - 2013 Open Source Matters. All rights reserved.\",\"authorEmail\":\"admin@joomla.org\",\"authorUrl\":\"www.joomla.org\",\"version\":\"2.5.0\",\"description\":\"MOD_FEED_XML_DESCRIPTION\",\"group\":\"\"}','','','',0,'0000-00-00 00:00:00',0,0),(302,'mod_latest','module','mod_latest','',1,1,1,0,'{\"legacy\":false,\"name\":\"mod_latest\",\"type\":\"module\",\"creationDate\":\"July 2004\",\"author\":\"Joomla! Project\",\"copyright\":\"Copyright (C) 2005 - 2013 Open Source Matters. All rights reserved.\",\"authorEmail\":\"admin@joomla.org\",\"authorUrl\":\"www.joomla.org\",\"version\":\"2.5.0\",\"description\":\"MOD_LATEST_XML_DESCRIPTION\",\"group\":\"\"}','','','',0,'0000-00-00 00:00:00',0,0),(303,'mod_logged','module','mod_logged','',1,1,1,0,'{\"legacy\":false,\"name\":\"mod_logged\",\"type\":\"module\",\"creationDate\":\"January 2005\",\"author\":\"Joomla! Project\",\"copyright\":\"Copyright (C) 2005 - 2013 Open Source Matters. All rights reserved.\",\"authorEmail\":\"admin@joomla.org\",\"authorUrl\":\"www.joomla.org\",\"version\":\"2.5.0\",\"description\":\"MOD_LOGGED_XML_DESCRIPTION\",\"group\":\"\"}','','','',0,'0000-00-00 00:00:00',0,0),(304,'mod_login','module','mod_login','',1,1,1,1,'{\"legacy\":false,\"name\":\"mod_login\",\"type\":\"module\",\"creationDate\":\"March 2005\",\"author\":\"Joomla! Project\",\"copyright\":\"Copyright (C) 2005 - 2013 Open Source Matters. All rights reserved.\",\"authorEmail\":\"admin@joomla.org\",\"authorUrl\":\"www.joomla.org\",\"version\":\"2.5.0\",\"description\":\"MOD_LOGIN_XML_DESCRIPTION\",\"group\":\"\"}','','','',0,'0000-00-00 00:00:00',0,0),(305,'mod_menu','module','mod_menu','',1,1,1,0,'{\"legacy\":false,\"name\":\"mod_menu\",\"type\":\"module\",\"creationDate\":\"March 2006\",\"author\":\"Joomla! Project\",\"copyright\":\"Copyright (C) 2005 - 2013 Open Source Matters. All rights reserved.\",\"authorEmail\":\"admin@joomla.org\",\"authorUrl\":\"www.joomla.org\",\"version\":\"2.5.0\",\"description\":\"MOD_MENU_XML_DESCRIPTION\",\"group\":\"\"}','','','',0,'0000-00-00 00:00:00',0,0),(307,'mod_popular','module','mod_popular','',1,1,1,0,'{\"legacy\":false,\"name\":\"mod_popular\",\"type\":\"module\",\"creationDate\":\"July 2004\",\"author\":\"Joomla! Project\",\"copyright\":\"Copyright (C) 2005 - 2013 Open Source Matters. All rights reserved.\",\"authorEmail\":\"admin@joomla.org\",\"authorUrl\":\"www.joomla.org\",\"version\":\"2.5.0\",\"description\":\"MOD_POPULAR_XML_DESCRIPTION\",\"group\":\"\"}','','','',0,'0000-00-00 00:00:00',0,0),(308,'mod_quickicon','module','mod_quickicon','',1,1,1,1,'{\"legacy\":false,\"name\":\"mod_quickicon\",\"type\":\"module\",\"creationDate\":\"Nov 2005\",\"author\":\"Joomla! Project\",\"copyright\":\"Copyright (C) 2005 - 2013 Open Source Matters. All rights reserved.\",\"authorEmail\":\"admin@joomla.org\",\"authorUrl\":\"www.joomla.org\",\"version\":\"2.5.0\",\"description\":\"MOD_QUICKICON_XML_DESCRIPTION\",\"group\":\"\"}','','','',0,'0000-00-00 00:00:00',0,0),(309,'mod_status','module','mod_status','',1,1,1,0,'{\"legacy\":false,\"name\":\"mod_status\",\"type\":\"module\",\"creationDate\":\"Feb 2006\",\"author\":\"Joomla! Project\",\"copyright\":\"(C) 2005 - 2013 Open Source Matters. All rights reserved.\",\"authorEmail\":\"admin@joomla.org\",\"authorUrl\":\"www.joomla.org\",\"version\":\"2.5.0\",\"description\":\"MOD_STATUS_XML_DESCRIPTION\",\"group\":\"\"}','','','',0,'0000-00-00 00:00:00',0,0),(310,'mod_submenu','module','mod_submenu','',1,1,1,0,'{\"legacy\":false,\"name\":\"mod_submenu\",\"type\":\"module\",\"creationDate\":\"Feb 2006\",\"author\":\"Joomla! Project\",\"copyright\":\"Copyright (C) 2005 - 2013 Open Source Matters. All rights reserved.\",\"authorEmail\":\"admin@joomla.org\",\"authorUrl\":\"www.joomla.org\",\"version\":\"2.5.0\",\"description\":\"MOD_SUBMENU_XML_DESCRIPTION\",\"group\":\"\"}','','','',0,'0000-00-00 00:00:00',0,0),(311,'mod_title','module','mod_title','',1,1,1,0,'{\"legacy\":false,\"name\":\"mod_title\",\"type\":\"module\",\"creationDate\":\"Nov 2005\",\"author\":\"Joomla! Project\",\"copyright\":\"Copyright (C) 2005 - 2013 Open Source Matters. All rights reserved.\",\"authorEmail\":\"admin@joomla.org\",\"authorUrl\":\"www.joomla.org\",\"version\":\"2.5.0\",\"description\":\"MOD_TITLE_XML_DESCRIPTION\",\"group\":\"\"}','','','',0,'0000-00-00 00:00:00',0,0),(312,'mod_toolbar','module','mod_toolbar','',1,1,1,1,'{\"legacy\":false,\"name\":\"mod_toolbar\",\"type\":\"module\",\"creationDate\":\"Nov 2005\",\"author\":\"Joomla! Project\",\"copyright\":\"Copyright (C) 2005 - 2013 Open Source Matters. All rights reserved.\",\"authorEmail\":\"admin@joomla.org\",\"authorUrl\":\"www.joomla.org\",\"version\":\"2.5.0\",\"description\":\"MOD_TOOLBAR_XML_DESCRIPTION\",\"group\":\"\"}','','','',0,'0000-00-00 00:00:00',0,0),(313,'mod_multilangstatus','module','mod_multilangstatus','',1,1,1,0,'{\"legacy\":false,\"name\":\"mod_multilangstatus\",\"type\":\"module\",\"creationDate\":\"September 2011\",\"author\":\"Joomla! Project\",\"copyright\":\"Copyright (C) 2005 - 2013 Open Source Matters. All rights reserved.\",\"authorEmail\":\"admin@joomla.org\",\"authorUrl\":\"www.joomla.org\",\"version\":\"2.5.0\",\"description\":\"MOD_MULTILANGSTATUS_XML_DESCRIPTION\",\"group\":\"\"}','{\"cache\":\"0\"}','','',0,'0000-00-00 00:00:00',0,0),(314,'mod_version','module','mod_version','',1,1,1,0,'{\"legacy\":false,\"name\":\"mod_version\",\"type\":\"module\",\"creationDate\":\"January 2012\",\"author\":\"Joomla! Project\",\"copyright\":\"Copyright (C) 2005 - 2013 Open Source Matters. All rights reserved.\",\"authorEmail\":\"admin@joomla.org\",\"authorUrl\":\"www.joomla.org\",\"version\":\"2.5.0\",\"description\":\"MOD_VERSION_XML_DESCRIPTION\",\"group\":\"\"}','{\"format\":\"short\",\"product\":\"1\",\"cache\":\"0\"}','','',0,'0000-00-00 00:00:00',0,0),(400,'plg_authentication_gmail','plugin','gmail','authentication',0,0,1,0,'{\"legacy\":false,\"name\":\"plg_authentication_gmail\",\"type\":\"plugin\",\"creationDate\":\"February 2006\",\"author\":\"Joomla! Project\",\"copyright\":\"Copyright (C) 2005 - 2013 Open Source Matters. All rights reserved.\",\"authorEmail\":\"admin@joomla.org\",\"authorUrl\":\"www.joomla.org\",\"version\":\"2.5.0\",\"description\":\"PLG_GMAIL_XML_DESCRIPTION\",\"group\":\"\"}','{\"applysuffix\":\"0\",\"suffix\":\"\",\"verifypeer\":\"1\",\"user_blacklist\":\"\"}','','',0,'0000-00-00 00:00:00',1,0),(401,'plg_authentication_joomla','plugin','joomla','authentication',0,1,1,1,'{\"legacy\":false,\"name\":\"plg_authentication_joomla\",\"type\":\"plugin\",\"creationDate\":\"November 2005\",\"author\":\"Joomla! Project\",\"copyright\":\"Copyright (C) 2005 - 2013 Open Source Matters. All rights reserved.\",\"authorEmail\":\"admin@joomla.org\",\"authorUrl\":\"www.joomla.org\",\"version\":\"2.5.0\",\"description\":\"PLG_AUTH_JOOMLA_XML_DESCRIPTION\",\"group\":\"\"}','{}','','',0,'0000-00-00 00:00:00',0,0),(402,'plg_authentication_ldap','plugin','ldap','authentication',0,0,1,0,'{\"legacy\":false,\"name\":\"plg_authentication_ldap\",\"type\":\"plugin\",\"creationDate\":\"November 2005\",\"author\":\"Joomla! Project\",\"copyright\":\"Copyright (C) 2005 - 2013 Open Source Matters. All rights reserved.\",\"authorEmail\":\"admin@joomla.org\",\"authorUrl\":\"www.joomla.org\",\"version\":\"2.5.0\",\"description\":\"PLG_LDAP_XML_DESCRIPTION\",\"group\":\"\"}','{\"host\":\"\",\"port\":\"389\",\"use_ldapV3\":\"0\",\"negotiate_tls\":\"0\",\"no_referrals\":\"0\",\"auth_method\":\"bind\",\"base_dn\":\"\",\"search_string\":\"\",\"users_dn\":\"\",\"username\":\"admin\",\"password\":\"bobby7\",\"ldap_fullname\":\"fullName\",\"ldap_email\":\"mail\",\"ldap_uid\":\"uid\"}','','',0,'0000-00-00 00:00:00',3,0),(404,'plg_content_emailcloak','plugin','emailcloak','content',0,1,1,0,'{\"legacy\":false,\"name\":\"plg_content_emailcloak\",\"type\":\"plugin\",\"creationDate\":\"November 2005\",\"author\":\"Joomla! Project\",\"copyright\":\"Copyright (C) 2005 - 2013 Open Source Matters. All rights reserved.\",\"authorEmail\":\"admin@joomla.org\",\"authorUrl\":\"www.joomla.org\",\"version\":\"2.5.0\",\"description\":\"PLG_CONTENT_EMAILCLOAK_XML_DESCRIPTION\",\"group\":\"\"}','{\"mode\":\"1\"}','','',0,'0000-00-00 00:00:00',1,0),(405,'plg_content_geshi','plugin','geshi','content',0,0,1,0,'{\"legacy\":false,\"name\":\"plg_content_geshi\",\"type\":\"plugin\",\"creationDate\":\"November 2005\",\"author\":\"Joomla! Project\",\"copyright\":\"Copyright (C) 2005 - 2013 Open Source Matters. All rights reserved.\",\"authorEmail\":\"\",\"authorUrl\":\"qbnz.com\\/highlighter\",\"version\":\"2.5.0\",\"description\":\"PLG_CONTENT_GESHI_XML_DESCRIPTION\",\"group\":\"\"}','{}','','',0,'0000-00-00 00:00:00',2,0),(406,'plg_content_loadmodule','plugin','loadmodule','content',0,1,1,0,'{\"legacy\":false,\"name\":\"plg_content_loadmodule\",\"type\":\"plugin\",\"creationDate\":\"November 2005\",\"author\":\"Joomla! Project\",\"copyright\":\"Copyright (C) 2005 - 2013 Open Source Matters. All rights reserved.\",\"authorEmail\":\"admin@joomla.org\",\"authorUrl\":\"www.joomla.org\",\"version\":\"2.5.0\",\"description\":\"PLG_LOADMODULE_XML_DESCRIPTION\",\"group\":\"\"}','{\"style\":\"xhtml\"}','','',0,'2011-09-18 15:22:50',0,0),(407,'plg_content_pagebreak','plugin','pagebreak','content',0,1,1,1,'{\"legacy\":false,\"name\":\"plg_content_pagebreak\",\"type\":\"plugin\",\"creationDate\":\"November 2005\",\"author\":\"Joomla! Project\",\"copyright\":\"Copyright (C) 2005 - 2013 Open Source Matters. All rights reserved.\",\"authorEmail\":\"admin@joomla.org\",\"authorUrl\":\"www.joomla.org\",\"version\":\"2.5.0\",\"description\":\"PLG_CONTENT_PAGEBREAK_XML_DESCRIPTION\",\"group\":\"\"}','{\"title\":\"1\",\"multipage_toc\":\"1\",\"showall\":\"1\"}','','',0,'0000-00-00 00:00:00',4,0),(408,'plg_content_pagenavigation','plugin','pagenavigation','content',0,1,1,1,'{\"legacy\":false,\"name\":\"plg_content_pagenavigation\",\"type\":\"plugin\",\"creationDate\":\"January 2006\",\"author\":\"Joomla! Project\",\"copyright\":\"Copyright (C) 2005 - 2013 Open Source Matters. All rights reserved.\",\"authorEmail\":\"admin@joomla.org\",\"authorUrl\":\"www.joomla.org\",\"version\":\"2.5.0\",\"description\":\"PLG_PAGENAVIGATION_XML_DESCRIPTION\",\"group\":\"\"}','{\"position\":\"1\"}','','',0,'0000-00-00 00:00:00',5,0),(409,'plg_content_vote','plugin','vote','content',0,1,1,1,'{\"legacy\":false,\"name\":\"plg_content_vote\",\"type\":\"plugin\",\"creationDate\":\"November 2005\",\"author\":\"Joomla! Project\",\"copyright\":\"Copyright (C) 2005 - 2013 Open Source Matters. All rights reserved.\",\"authorEmail\":\"admin@joomla.org\",\"authorUrl\":\"www.joomla.org\",\"version\":\"2.5.0\",\"description\":\"PLG_VOTE_XML_DESCRIPTION\",\"group\":\"\"}','{}','','',0,'0000-00-00 00:00:00',6,0),(410,'plg_editors_codemirror','plugin','codemirror','editors',0,1,1,1,'{\"legacy\":false,\"name\":\"plg_editors_codemirror\",\"type\":\"plugin\",\"creationDate\":\"28 March 2011\",\"author\":\"Marijn Haverbeke\",\"copyright\":\"\",\"authorEmail\":\"N\\/A\",\"authorUrl\":\"\",\"version\":\"1.0\",\"description\":\"PLG_CODEMIRROR_XML_DESCRIPTION\",\"group\":\"\"}','{\"linenumbers\":\"0\",\"tabmode\":\"indent\"}','','',0,'0000-00-00 00:00:00',1,0),(411,'plg_editors_none','plugin','none','editors',0,1,1,1,'{\"legacy\":false,\"name\":\"plg_editors_none\",\"type\":\"plugin\",\"creationDate\":\"August 2004\",\"author\":\"Unknown\",\"copyright\":\"\",\"authorEmail\":\"N\\/A\",\"authorUrl\":\"\",\"version\":\"2.5.0\",\"description\":\"PLG_NONE_XML_DESCRIPTION\",\"group\":\"\"}','{}','','',0,'0000-00-00 00:00:00',2,0),(412,'plg_editors_tinymce','plugin','tinymce','editors',0,1,1,1,'{\"legacy\":false,\"name\":\"plg_editors_tinymce\",\"type\":\"plugin\",\"creationDate\":\"2005-2013\",\"author\":\"Moxiecode Systems AB\",\"copyright\":\"Moxiecode Systems AB\",\"authorEmail\":\"N\\/A\",\"authorUrl\":\"tinymce.moxiecode.com\\/\",\"version\":\"3.5.4.1\",\"description\":\"PLG_TINY_XML_DESCRIPTION\",\"group\":\"\"}','{\"mode\":\"1\",\"skin\":\"0\",\"entity_encoding\":\"raw\",\"lang_mode\":\"0\",\"lang_code\":\"en\",\"text_direction\":\"ltr\",\"content_css\":\"1\",\"content_css_custom\":\"\",\"relative_urls\":\"1\",\"newlines\":\"0\",\"invalid_elements\":\"applet\",\"extended_elements\":\"\",\"toolbar\":\"top\",\"toolbar_align\":\"left\",\"html_height\":\"550\",\"html_width\":\"750\",\"resizing\":\"true\",\"resize_horizontal\":\"false\",\"element_path\":\"1\",\"fonts\":\"1\",\"paste\":\"1\",\"searchreplace\":\"1\",\"insertdate\":\"1\",\"format_date\":\"%Y-%m-%d\",\"inserttime\":\"1\",\"format_time\":\"%H:%M:%S\",\"colors\":\"1\",\"table\":\"1\",\"smilies\":\"1\",\"media\":\"1\",\"hr\":\"1\",\"directionality\":\"1\",\"fullscreen\":\"1\",\"style\":\"1\",\"layer\":\"1\",\"xhtmlxtras\":\"1\",\"visualchars\":\"1\",\"visualblocks\":\"1\",\"nonbreaking\":\"1\",\"template\":\"1\",\"blockquote\":\"1\",\"wordcount\":\"1\",\"advimage\":\"1\",\"advlink\":\"1\",\"advlist\":\"1\",\"autosave\":\"1\",\"contextmenu\":\"1\",\"inlinepopups\":\"1\",\"custom_plugin\":\"\",\"custom_button\":\"\"}','','',0,'0000-00-00 00:00:00',3,0),(413,'plg_editors-xtd_article','plugin','article','editors-xtd',0,1,1,1,'{\"legacy\":false,\"name\":\"plg_editors-xtd_article\",\"type\":\"plugin\",\"creationDate\":\"October 2009\",\"author\":\"Joomla! Project\",\"copyright\":\"Copyright (C) 2005 - 2013 Open Source Matters. All rights reserved.\",\"authorEmail\":\"admin@joomla.org\",\"authorUrl\":\"www.joomla.org\",\"version\":\"2.5.0\",\"description\":\"PLG_ARTICLE_XML_DESCRIPTION\",\"group\":\"\"}','{}','','',0,'0000-00-00 00:00:00',1,0),(414,'plg_editors-xtd_image','plugin','image','editors-xtd',0,1,1,0,'{\"legacy\":false,\"name\":\"plg_editors-xtd_image\",\"type\":\"plugin\",\"creationDate\":\"August 2004\",\"author\":\"Joomla! Project\",\"copyright\":\"Copyright (C) 2005 - 2013 Open Source Matters. All rights reserved.\",\"authorEmail\":\"admin@joomla.org\",\"authorUrl\":\"www.joomla.org\",\"version\":\"2.5.0\",\"description\":\"PLG_IMAGE_XML_DESCRIPTION\",\"group\":\"\"}','{}','','',0,'0000-00-00 00:00:00',2,0),(415,'plg_editors-xtd_pagebreak','plugin','pagebreak','editors-xtd',0,1,1,0,'{\"legacy\":false,\"name\":\"plg_editors-xtd_pagebreak\",\"type\":\"plugin\",\"creationDate\":\"August 2004\",\"author\":\"Joomla! Project\",\"copyright\":\"Copyright (C) 2005 - 2013 Open Source Matters. All rights reserved.\",\"authorEmail\":\"admin@joomla.org\",\"authorUrl\":\"www.joomla.org\",\"version\":\"2.5.0\",\"description\":\"PLG_EDITORSXTD_PAGEBREAK_XML_DESCRIPTION\",\"group\":\"\"}','{}','','',0,'0000-00-00 00:00:00',3,0),(416,'plg_editors-xtd_readmore','plugin','readmore','editors-xtd',0,1,1,0,'{\"legacy\":false,\"name\":\"plg_editors-xtd_readmore\",\"type\":\"plugin\",\"creationDate\":\"March 2006\",\"author\":\"Joomla! Project\",\"copyright\":\"Copyright (C) 2005 - 2013 Open Source Matters. All rights reserved.\",\"authorEmail\":\"admin@joomla.org\",\"authorUrl\":\"www.joomla.org\",\"version\":\"2.5.0\",\"description\":\"PLG_READMORE_XML_DESCRIPTION\",\"group\":\"\"}','{}','','',0,'0000-00-00 00:00:00',4,0),(417,'plg_search_categories','plugin','categories','search',0,1,1,0,'{\"legacy\":false,\"name\":\"plg_search_categories\",\"type\":\"plugin\",\"creationDate\":\"November 2005\",\"author\":\"Joomla! Project\",\"copyright\":\"Copyright (C) 2005 - 2013 Open Source Matters. All rights reserved.\",\"authorEmail\":\"admin@joomla.org\",\"authorUrl\":\"www.joomla.org\",\"version\":\"2.5.0\",\"description\":\"PLG_SEARCH_CATEGORIES_XML_DESCRIPTION\",\"group\":\"\"}','{\"search_limit\":\"50\",\"search_content\":\"1\",\"search_archived\":\"1\"}','','',0,'0000-00-00 00:00:00',0,0),(418,'plg_search_contacts','plugin','contacts','search',0,1,1,0,'{\"legacy\":false,\"name\":\"plg_search_contacts\",\"type\":\"plugin\",\"creationDate\":\"November 2005\",\"author\":\"Joomla! Project\",\"copyright\":\"Copyright (C) 2005 - 2013 Open Source Matters. All rights reserved.\",\"authorEmail\":\"admin@joomla.org\",\"authorUrl\":\"www.joomla.org\",\"version\":\"2.5.0\",\"description\":\"PLG_SEARCH_CONTACTS_XML_DESCRIPTION\",\"group\":\"\"}','{\"search_limit\":\"50\",\"search_content\":\"1\",\"search_archived\":\"1\"}','','',0,'0000-00-00 00:00:00',0,0),(419,'plg_search_content','plugin','content','search',0,1,1,0,'{\"legacy\":false,\"name\":\"plg_search_content\",\"type\":\"plugin\",\"creationDate\":\"November 2005\",\"author\":\"Joomla! Project\",\"copyright\":\"Copyright (C) 2005 - 2013 Open Source Matters. All rights reserved.\",\"authorEmail\":\"admin@joomla.org\",\"authorUrl\":\"www.joomla.org\",\"version\":\"2.5.0\",\"description\":\"PLG_SEARCH_CONTENT_XML_DESCRIPTION\",\"group\":\"\"}','{\"search_limit\":\"50\",\"search_content\":\"1\",\"search_archived\":\"1\"}','','',0,'0000-00-00 00:00:00',0,0),(420,'plg_search_newsfeeds','plugin','newsfeeds','search',0,1,1,0,'{\"legacy\":false,\"name\":\"plg_search_newsfeeds\",\"type\":\"plugin\",\"creationDate\":\"November 2005\",\"author\":\"Joomla! Project\",\"copyright\":\"Copyright (C) 2005 - 2013 Open Source Matters. All rights reserved.\",\"authorEmail\":\"admin@joomla.org\",\"authorUrl\":\"www.joomla.org\",\"version\":\"2.5.0\",\"description\":\"PLG_SEARCH_NEWSFEEDS_XML_DESCRIPTION\",\"group\":\"\"}','{\"search_limit\":\"50\",\"search_content\":\"1\",\"search_archived\":\"1\"}','','',0,'0000-00-00 00:00:00',0,0),(421,'plg_search_weblinks','plugin','weblinks','search',0,1,1,0,'{\"legacy\":false,\"name\":\"plg_search_weblinks\",\"type\":\"plugin\",\"creationDate\":\"November 2005\",\"author\":\"Joomla! Project\",\"copyright\":\"Copyright (C) 2005 - 2013 Open Source Matters. All rights reserved.\",\"authorEmail\":\"admin@joomla.org\",\"authorUrl\":\"www.joomla.org\",\"version\":\"2.5.0\",\"description\":\"PLG_SEARCH_WEBLINKS_XML_DESCRIPTION\",\"group\":\"\"}','{\"search_limit\":\"50\",\"search_content\":\"1\",\"search_archived\":\"1\"}','','',0,'0000-00-00 00:00:00',0,0),(422,'plg_system_languagefilter','plugin','languagefilter','system',0,0,1,1,'{\"legacy\":false,\"name\":\"plg_system_languagefilter\",\"type\":\"plugin\",\"creationDate\":\"July 2010\",\"author\":\"Joomla! Project\",\"copyright\":\"Copyright (C) 2005 - 2013 Open Source Matters. All rights reserved.\",\"authorEmail\":\"admin@joomla.org\",\"authorUrl\":\"www.joomla.org\",\"version\":\"2.5.0\",\"description\":\"PLG_SYSTEM_LANGUAGEFILTER_XML_DESCRIPTION\",\"group\":\"\"}','{}','','',0,'0000-00-00 00:00:00',1,0),(423,'plg_system_p3p','plugin','p3p','system',0,1,1,1,'{\"legacy\":false,\"name\":\"plg_system_p3p\",\"type\":\"plugin\",\"creationDate\":\"September 2010\",\"author\":\"Joomla! Project\",\"copyright\":\"Copyright (C) 2005 - 2013 Open Source Matters. All rights reserved.\",\"authorEmail\":\"admin@joomla.org\",\"authorUrl\":\"www.joomla.org\",\"version\":\"2.5.0\",\"description\":\"PLG_P3P_XML_DESCRIPTION\",\"group\":\"\"}','{\"headers\":\"NOI ADM DEV PSAi COM NAV OUR OTRo STP IND DEM\"}','','',0,'0000-00-00 00:00:00',2,0),(424,'plg_system_cache','plugin','cache','system',0,1,1,1,'{\"legacy\":false,\"name\":\"plg_system_cache\",\"type\":\"plugin\",\"creationDate\":\"February 2007\",\"author\":\"Joomla! Project\",\"copyright\":\"Copyright (C) 2005 - 2013 Open Source Matters. All rights reserved.\",\"authorEmail\":\"admin@joomla.org\",\"authorUrl\":\"www.joomla.org\",\"version\":\"2.5.0\",\"description\":\"PLG_CACHE_XML_DESCRIPTION\",\"group\":\"\"}','{\"browsercache\":\"0\",\"cachetime\":\"15\"}','','',0,'0000-00-00 00:00:00',9,0),(425,'plg_system_debug','plugin','debug','system',0,1,1,0,'{\"legacy\":false,\"name\":\"plg_system_debug\",\"type\":\"plugin\",\"creationDate\":\"December 2006\",\"author\":\"Joomla! Project\",\"copyright\":\"Copyright (C) 2005 - 2013 Open Source Matters. All rights reserved.\",\"authorEmail\":\"admin@joomla.org\",\"authorUrl\":\"www.joomla.org\",\"version\":\"2.5.0\",\"description\":\"PLG_DEBUG_XML_DESCRIPTION\",\"group\":\"\"}','{\"profile\":\"1\",\"queries\":\"1\",\"memory\":\"1\",\"language_files\":\"1\",\"language_strings\":\"1\",\"strip-first\":\"1\",\"strip-prefix\":\"\",\"strip-suffix\":\"\"}','','',0,'0000-00-00 00:00:00',4,0),(426,'plg_system_log','plugin','log','system',0,1,1,1,'{\"legacy\":false,\"name\":\"plg_system_log\",\"type\":\"plugin\",\"creationDate\":\"April 2007\",\"author\":\"Joomla! Project\",\"copyright\":\"Copyright (C) 2005 - 2013 Open Source Matters. All rights reserved.\",\"authorEmail\":\"admin@joomla.org\",\"authorUrl\":\"www.joomla.org\",\"version\":\"2.5.0\",\"description\":\"PLG_LOG_XML_DESCRIPTION\",\"group\":\"\"}','{}','','',0,'0000-00-00 00:00:00',5,0),(427,'plg_system_redirect','plugin','redirect','system',0,1,1,1,'{\"legacy\":false,\"name\":\"plg_system_redirect\",\"type\":\"plugin\",\"creationDate\":\"April 2009\",\"author\":\"Joomla! Project\",\"copyright\":\"Copyright (C) 2005 - 2013 Open Source Matters. All rights reserved.\",\"authorEmail\":\"admin@joomla.org\",\"authorUrl\":\"www.joomla.org\",\"version\":\"2.5.0\",\"description\":\"PLG_REDIRECT_XML_DESCRIPTION\",\"group\":\"\"}','{}','','',0,'0000-00-00 00:00:00',6,0),(428,'plg_system_remember','plugin','remember','system',0,1,1,1,'{\"legacy\":false,\"name\":\"plg_system_remember\",\"type\":\"plugin\",\"creationDate\":\"April 2007\",\"author\":\"Joomla! Project\",\"copyright\":\"Copyright (C) 2005 - 2013 Open Source Matters. All rights reserved.\",\"authorEmail\":\"admin@joomla.org\",\"authorUrl\":\"www.joomla.org\",\"version\":\"2.5.0\",\"description\":\"PLG_REMEMBER_XML_DESCRIPTION\",\"group\":\"\"}','{}','','',0,'0000-00-00 00:00:00',7,0),(429,'plg_system_sef','plugin','sef','system',0,1,1,0,'{\"legacy\":false,\"name\":\"plg_system_sef\",\"type\":\"plugin\",\"creationDate\":\"December 2007\",\"author\":\"Joomla! Project\",\"copyright\":\"Copyright (C) 2005 - 2013 Open Source Matters. All rights reserved.\",\"authorEmail\":\"admin@joomla.org\",\"authorUrl\":\"www.joomla.org\",\"version\":\"2.5.0\",\"description\":\"PLG_SEF_XML_DESCRIPTION\",\"group\":\"\"}','{}','','',0,'0000-00-00 00:00:00',8,0),(430,'plg_system_logout','plugin','logout','system',0,1,1,1,'{\"legacy\":false,\"name\":\"plg_system_logout\",\"type\":\"plugin\",\"creationDate\":\"April 2009\",\"author\":\"Joomla! Project\",\"copyright\":\"Copyright (C) 2005 - 2013 Open Source Matters. All rights reserved.\",\"authorEmail\":\"admin@joomla.org\",\"authorUrl\":\"www.joomla.org\",\"version\":\"2.5.0\",\"description\":\"PLG_SYSTEM_LOGOUT_XML_DESCRIPTION\",\"group\":\"\"}','{}','','',0,'0000-00-00 00:00:00',3,0),(431,'plg_user_contactcreator','plugin','contactcreator','user',0,0,1,1,'{\"legacy\":false,\"name\":\"plg_user_contactcreator\",\"type\":\"plugin\",\"creationDate\":\"August 2009\",\"author\":\"Joomla! Project\",\"copyright\":\"(C) 2005 - 2013 Open Source Matters. All rights reserved.\",\"authorEmail\":\"admin@joomla.org\",\"authorUrl\":\"www.joomla.org\",\"version\":\"2.5.0\",\"description\":\"PLG_CONTACTCREATOR_XML_DESCRIPTION\",\"group\":\"\"}','{\"autowebpage\":\"\",\"category\":\"34\",\"autopublish\":\"0\"}','','',0,'0000-00-00 00:00:00',1,0),(432,'plg_user_joomla','plugin','joomla','user',0,1,1,0,'{\"legacy\":false,\"name\":\"plg_user_joomla\",\"type\":\"plugin\",\"creationDate\":\"December 2006\",\"author\":\"Joomla! Project\",\"copyright\":\"(C) 2005 - 2009 Open Source Matters. All rights reserved.\",\"authorEmail\":\"admin@joomla.org\",\"authorUrl\":\"www.joomla.org\",\"version\":\"2.5.0\",\"description\":\"PLG_USER_JOOMLA_XML_DESCRIPTION\",\"group\":\"\"}','{\"autoregister\":\"1\"}','','',0,'0000-00-00 00:00:00',2,0),(433,'plg_user_profile','plugin','profile','user',0,0,1,1,'{\"legacy\":false,\"name\":\"plg_user_profile\",\"type\":\"plugin\",\"creationDate\":\"January 2008\",\"author\":\"Joomla! Project\",\"copyright\":\"(C) 2005 - 2013 Open Source Matters. All rights reserved.\",\"authorEmail\":\"admin@joomla.org\",\"authorUrl\":\"www.joomla.org\",\"version\":\"2.5.0\",\"description\":\"PLG_USER_PROFILE_XML_DESCRIPTION\",\"group\":\"\"}','{\"register-require_address1\":\"1\",\"register-require_address2\":\"1\",\"register-require_city\":\"1\",\"register-require_region\":\"1\",\"register-require_country\":\"1\",\"register-require_postal_code\":\"1\",\"register-require_phone\":\"1\",\"register-require_website\":\"1\",\"register-require_favoritebook\":\"1\",\"register-require_aboutme\":\"1\",\"register-require_tos\":\"1\",\"register-require_dob\":\"1\",\"profile-require_address1\":\"1\",\"profile-require_address2\":\"1\",\"profile-require_city\":\"1\",\"profile-require_region\":\"1\",\"profile-require_country\":\"1\",\"profile-require_postal_code\":\"1\",\"profile-require_phone\":\"1\",\"profile-require_website\":\"1\",\"profile-require_favoritebook\":\"1\",\"profile-require_aboutme\":\"1\",\"profile-require_tos\":\"1\",\"profile-require_dob\":\"1\"}','','',0,'0000-00-00 00:00:00',0,0),(434,'plg_extension_joomla','plugin','joomla','extension',0,1,1,1,'{\"legacy\":false,\"name\":\"plg_extension_joomla\",\"type\":\"plugin\",\"creationDate\":\"May 2010\",\"author\":\"Joomla! Project\",\"copyright\":\"Copyright (C) 2005 - 2013 Open Source Matters. All rights reserved.\",\"authorEmail\":\"admin@joomla.org\",\"authorUrl\":\"www.joomla.org\",\"version\":\"2.5.0\",\"description\":\"PLG_EXTENSION_JOOMLA_XML_DESCRIPTION\",\"group\":\"\"}','{}','','',0,'0000-00-00 00:00:00',1,0),(435,'plg_content_joomla','plugin','joomla','content',0,1,1,0,'{\"legacy\":false,\"name\":\"plg_content_joomla\",\"type\":\"plugin\",\"creationDate\":\"November 2010\",\"author\":\"Joomla! Project\",\"copyright\":\"Copyright (C) 2005 - 2013 Open Source Matters. All rights reserved.\",\"authorEmail\":\"admin@joomla.org\",\"authorUrl\":\"www.joomla.org\",\"version\":\"2.5.0\",\"description\":\"PLG_CONTENT_JOOMLA_XML_DESCRIPTION\",\"group\":\"\"}','{}','','',0,'0000-00-00 00:00:00',0,0),(436,'plg_system_languagecode','plugin','languagecode','system',0,0,1,0,'{\"legacy\":false,\"name\":\"plg_system_languagecode\",\"type\":\"plugin\",\"creationDate\":\"November 2011\",\"author\":\"Joomla! Project\",\"copyright\":\"Copyright (C) 2005 - 2013 Open Source Matters. All rights reserved.\",\"authorEmail\":\"admin@joomla.org\",\"authorUrl\":\"www.joomla.org\",\"version\":\"2.5.0\",\"description\":\"PLG_SYSTEM_LANGUAGECODE_XML_DESCRIPTION\",\"group\":\"\"}','{}','','',0,'0000-00-00 00:00:00',10,0),(437,'plg_quickicon_joomlaupdate','plugin','joomlaupdate','quickicon',0,1,1,1,'{\"legacy\":false,\"name\":\"plg_quickicon_joomlaupdate\",\"type\":\"plugin\",\"creationDate\":\"August 2011\",\"author\":\"Joomla! Project\",\"copyright\":\"Copyright (C) 2005 - 2013 Open Source Matters. All rights reserved.\",\"authorEmail\":\"admin@joomla.org\",\"authorUrl\":\"www.joomla.org\",\"version\":\"2.5.0\",\"description\":\"PLG_QUICKICON_JOOMLAUPDATE_XML_DESCRIPTION\",\"group\":\"\"}','{}','','',0,'0000-00-00 00:00:00',0,0),(438,'plg_quickicon_extensionupdate','plugin','extensionupdate','quickicon',0,1,1,1,'{\"legacy\":false,\"name\":\"plg_quickicon_extensionupdate\",\"type\":\"plugin\",\"creationDate\":\"August 2011\",\"author\":\"Joomla! Project\",\"copyright\":\"Copyright (C) 2005 - 2013 Open Source Matters. All rights reserved.\",\"authorEmail\":\"admin@joomla.org\",\"authorUrl\":\"www.joomla.org\",\"version\":\"2.5.0\",\"description\":\"PLG_QUICKICON_EXTENSIONUPDATE_XML_DESCRIPTION\",\"group\":\"\"}','{}','','',0,'0000-00-00 00:00:00',0,0),(439,'plg_captcha_recaptcha','plugin','recaptcha','captcha',0,0,1,0,'{\"legacy\":false,\"name\":\"plg_captcha_recaptcha\",\"type\":\"plugin\",\"creationDate\":\"December 2011\",\"author\":\"Joomla! Project\",\"copyright\":\"Copyright (C) 2005 - 2013 Open Source Matters. All rights reserved.\",\"authorEmail\":\"admin@joomla.org\",\"authorUrl\":\"www.joomla.org\",\"version\":\"2.5.0\",\"description\":\"PLG_CAPTCHA_RECAPTCHA_XML_DESCRIPTION\",\"group\":\"\"}','{\"public_key\":\"\",\"private_key\":\"\",\"theme\":\"clean\"}','','',0,'0000-00-00 00:00:00',0,0),(440,'plg_system_highlight','plugin','highlight','system',0,1,1,0,'{\"legacy\":false,\"name\":\"plg_system_highlight\",\"type\":\"plugin\",\"creationDate\":\"August 2011\",\"author\":\"Joomla! Project\",\"copyright\":\"(C) 2005 - 2013 Open Source Matters. All rights reserved.\",\"authorEmail\":\"admin@joomla.org\",\"authorUrl\":\"www.joomla.org\",\"version\":\"2.5.0\",\"description\":\"PLG_SYSTEM_HIGHLIGHT_XML_DESCRIPTION\",\"group\":\"\"}','{}','','',0,'0000-00-00 00:00:00',7,0),(441,'plg_content_finder','plugin','finder','content',0,1,1,0,'{\"legacy\":false,\"name\":\"plg_content_finder\",\"type\":\"plugin\",\"creationDate\":\"December 2011\",\"author\":\"Joomla! Project\",\"copyright\":\"Copyright (C) 2005 - 2013 Open Source Matters. All rights reserved.\",\"authorEmail\":\"admin@joomla.org\",\"authorUrl\":\"www.joomla.org\",\"version\":\"2.5.0\",\"description\":\"PLG_CONTENT_FINDER_XML_DESCRIPTION\",\"group\":\"\"}','{}','','',0,'0000-00-00 00:00:00',0,0),(442,'plg_finder_categories','plugin','categories','finder',0,1,1,0,'{\"legacy\":false,\"name\":\"plg_finder_categories\",\"type\":\"plugin\",\"creationDate\":\"August 2011\",\"author\":\"Joomla! Project\",\"copyright\":\"(C) 2005 - 2013 Open Source Matters. All rights reserved.\",\"authorEmail\":\"admin@joomla.org\",\"authorUrl\":\"www.joomla.org\",\"version\":\"2.5.0\",\"description\":\"PLG_FINDER_CATEGORIES_XML_DESCRIPTION\",\"group\":\"\"}','{}','','',0,'0000-00-00 00:00:00',1,0),(443,'plg_finder_contacts','plugin','contacts','finder',0,1,1,0,'{\"legacy\":false,\"name\":\"plg_finder_contacts\",\"type\":\"plugin\",\"creationDate\":\"August 2011\",\"author\":\"Joomla! Project\",\"copyright\":\"(C) 2005 - 2013 Open Source Matters. All rights reserved.\",\"authorEmail\":\"admin@joomla.org\",\"authorUrl\":\"www.joomla.org\",\"version\":\"2.5.0\",\"description\":\"PLG_FINDER_CONTACTS_XML_DESCRIPTION\",\"group\":\"\"}','{}','','',0,'0000-00-00 00:00:00',2,0),(444,'plg_finder_content','plugin','content','finder',0,1,1,0,'{\"legacy\":false,\"name\":\"plg_finder_content\",\"type\":\"plugin\",\"creationDate\":\"August 2011\",\"author\":\"Joomla! Project\",\"copyright\":\"(C) 2005 - 2013 Open Source Matters. All rights reserved.\",\"authorEmail\":\"admin@joomla.org\",\"authorUrl\":\"www.joomla.org\",\"version\":\"2.5.0\",\"description\":\"PLG_FINDER_CONTENT_XML_DESCRIPTION\",\"group\":\"\"}','{}','','',0,'0000-00-00 00:00:00',3,0),(445,'plg_finder_newsfeeds','plugin','newsfeeds','finder',0,1,1,0,'{\"legacy\":false,\"name\":\"plg_finder_newsfeeds\",\"type\":\"plugin\",\"creationDate\":\"August 2011\",\"author\":\"Joomla! Project\",\"copyright\":\"(C) 2005 - 2013 Open Source Matters. All rights reserved.\",\"authorEmail\":\"admin@joomla.org\",\"authorUrl\":\"www.joomla.org\",\"version\":\"2.5.0\",\"description\":\"PLG_FINDER_NEWSFEEDS_XML_DESCRIPTION\",\"group\":\"\"}','{}','','',0,'0000-00-00 00:00:00',4,0),(446,'plg_finder_weblinks','plugin','weblinks','finder',0,1,1,0,'{\"legacy\":false,\"name\":\"plg_finder_weblinks\",\"type\":\"plugin\",\"creationDate\":\"August 2011\",\"author\":\"Joomla! Project\",\"copyright\":\"(C) 2005 - 2013 Open Source Matters. All rights reserved.\",\"authorEmail\":\"admin@joomla.org\",\"authorUrl\":\"www.joomla.org\",\"version\":\"2.5.0\",\"description\":\"PLG_FINDER_WEBLINKS_XML_DESCRIPTION\",\"group\":\"\"}','{}','','',0,'0000-00-00 00:00:00',5,0),(500,'atomic','template','atomic','',0,1,1,0,'{\"legacy\":false,\"name\":\"atomic\",\"type\":\"template\",\"creationDate\":\"10\\/10\\/09\",\"author\":\"Ron Severdia\",\"copyright\":\"Copyright (C) 2005 - 2013 Open Source Matters, Inc. All rights reserved.\",\"authorEmail\":\"contact@kontentdesign.com\",\"authorUrl\":\"http:\\/\\/www.kontentdesign.com\",\"version\":\"2.5.0\",\"description\":\"TPL_ATOMIC_XML_DESCRIPTION\",\"group\":\"\"}','{}','','',0,'0000-00-00 00:00:00',0,0),(502,'bluestork','template','bluestork','',1,1,1,0,'{\"legacy\":false,\"name\":\"bluestork\",\"type\":\"template\",\"creationDate\":\"07\\/02\\/09\",\"author\":\"Joomla! Project\",\"copyright\":\"Copyright (C) 2005 - 2013 Open Source Matters, Inc. All rights reserved.\",\"authorEmail\":\"admin@joomla.org\",\"authorUrl\":\"www.joomla.org\",\"version\":\"2.5.0\",\"description\":\"TPL_BLUESTORK_XML_DESCRIPTION\",\"group\":\"\"}','{\"useRoundedCorners\":\"1\",\"showSiteName\":\"0\",\"textBig\":\"0\",\"highContrast\":\"0\"}','','',0,'0000-00-00 00:00:00',0,0),(503,'beez_20','template','beez_20','',0,1,1,0,'{\"legacy\":false,\"name\":\"beez_20\",\"type\":\"template\",\"creationDate\":\"25 November 2009\",\"author\":\"Angie Radtke\",\"copyright\":\"Copyright (C) 2005 - 2013 Open Source Matters, Inc. All rights reserved.\",\"authorEmail\":\"a.radtke@derauftritt.de\",\"authorUrl\":\"http:\\/\\/www.der-auftritt.de\",\"version\":\"2.5.0\",\"description\":\"TPL_BEEZ2_XML_DESCRIPTION\",\"group\":\"\"}','{\"wrapperSmall\":\"53\",\"wrapperLarge\":\"72\",\"sitetitle\":\"\",\"sitedescription\":\"\",\"navposition\":\"center\",\"templatecolor\":\"nature\"}','','',0,'0000-00-00 00:00:00',0,0),(504,'hathor','template','hathor','',1,1,1,0,'{\"legacy\":false,\"name\":\"hathor\",\"type\":\"template\",\"creationDate\":\"May 2010\",\"author\":\"Andrea Tarr\",\"copyright\":\"Copyright (C) 2005 - 2013 Open Source Matters, Inc. All rights reserved.\",\"authorEmail\":\"hathor@tarrconsulting.com\",\"authorUrl\":\"http:\\/\\/www.tarrconsulting.com\",\"version\":\"2.5.0\",\"description\":\"TPL_HATHOR_XML_DESCRIPTION\",\"group\":\"\"}','{\"showSiteName\":\"0\",\"colourChoice\":\"0\",\"boldText\":\"0\"}','','',0,'0000-00-00 00:00:00',0,0),(505,'beez5','template','beez5','',0,1,1,0,'{\"legacy\":false,\"name\":\"beez5\",\"type\":\"template\",\"creationDate\":\"21 May 2010\",\"author\":\"Angie Radtke\",\"copyright\":\"Copyright (C) 2005 - 2013 Open Source Matters, Inc. All rights reserved.\",\"authorEmail\":\"a.radtke@derauftritt.de\",\"authorUrl\":\"http:\\/\\/www.der-auftritt.de\",\"version\":\"2.5.0\",\"description\":\"TPL_BEEZ5_XML_DESCRIPTION\",\"group\":\"\"}','{\"wrapperSmall\":\"53\",\"wrapperLarge\":\"72\",\"sitetitle\":\"\",\"sitedescription\":\"\",\"navposition\":\"center\",\"html5\":\"0\"}','','',0,'0000-00-00 00:00:00',0,0),(600,'English (United Kingdom)','language','en-GB','',0,1,1,1,'{\"legacy\":false,\"name\":\"English (United Kingdom)\",\"type\":\"language\",\"creationDate\":\"2008-03-15\",\"author\":\"Joomla! Project\",\"copyright\":\"Copyright (C) 2005 - 2013 Open Source Matters. All rights reserved.\",\"authorEmail\":\"admin@joomla.org\",\"authorUrl\":\"www.joomla.org\",\"version\":\"2.5.10\",\"description\":\"en-GB site language\",\"group\":\"\"}','','','',0,'0000-00-00 00:00:00',0,0),(601,'English (United Kingdom)','language','en-GB','',1,1,1,1,'{\"legacy\":false,\"name\":\"English (United Kingdom)\",\"type\":\"language\",\"creationDate\":\"2008-03-15\",\"author\":\"Joomla! Project\",\"copyright\":\"Copyright (C) 2005 - 2013 Open Source Matters. All rights reserved.\",\"authorEmail\":\"admin@joomla.org\",\"authorUrl\":\"www.joomla.org\",\"version\":\"2.5.10\",\"description\":\"en-GB administrator language\",\"group\":\"\"}','','','',0,'0000-00-00 00:00:00',0,0),(700,'files_joomla','file','joomla','',0,1,1,1,'{\"legacy\":false,\"name\":\"files_joomla\",\"type\":\"file\",\"creationDate\":\"July 2013\",\"author\":\"Joomla! Project\",\"copyright\":\"(C) 2005 - 2013 Open Source Matters. All rights reserved\",\"authorEmail\":\"admin@joomla.org\",\"authorUrl\":\"www.joomla.org\",\"version\":\"2.5.13\",\"description\":\"FILES_JOOMLA_XML_DESCRIPTION\",\"group\":\"\"}','','','',0,'0000-00-00 00:00:00',0,0),(800,'PKG_JOOMLA','package','pkg_joomla','',0,1,1,1,'{\"legacy\":false,\"name\":\"PKG_JOOMLA\",\"type\":\"package\",\"creationDate\":\"2006\",\"author\":\"Joomla! Project\",\"copyright\":\"Copyright (C) 2005 - 2013 Open Source Matters. All rights reserved.\",\"authorEmail\":\"admin@joomla.org\",\"authorUrl\":\"http:\\/\\/www.joomla.org\",\"version\":\"2.5.0\",\"description\":\"PKG_JOOMLA_XML_DESCRIPTION\",\"group\":\"\"}','','','',0,'0000-00-00 00:00:00',0,0),(10000,'Thai','language','th-TH','',1,1,0,0,'{\"legacy\":false,\"name\":\"Thai (\\u0e20\\u0e32\\u0e29\\u0e32\\u0e44\\u0e17\\u0e22)\",\"type\":\"language\",\"creationDate\":\"10.11.2012\",\"author\":\"Thai Translation Team\",\"copyright\":\"Copyright (C) 2005 - 2012 Open Source Matters. All rights reserved.\",\"authorEmail\":\"tt@joomlacorner.com\",\"authorUrl\":\"www.joomlacorner.com\",\"version\":\"2.5.8.1\",\"description\":\"\\n    <div align=\\\"center\\\">\\n      <table border=\\\"0\\\" width=\\\"90%\\\">\\n  \\t    <tr>\\n  \\t\\t    <td width=\\\"100%\\\" colspan=\\\"2\\\">\\n  \\t\\t      <div align=\\\"center\\\">\\n  \\t\\t        <h3>\\u0e20\\u0e32\\u0e29\\u0e32\\u0e44\\u0e17\\u0e22\\u0e2a\\u0e33\\u0e2b\\u0e23\\u0e31\\u0e1a \\u0e08\\u0e39\\u0e21\\u0e25\\u0e48\\u0e32 2.5.8 \\u0e08\\u0e32\\u0e01\\u0e17\\u0e35\\u0e21\\u0e08\\u0e39\\u0e21\\u0e25\\u0e48\\u0e32\\u0e04\\u0e2d\\u0e23\\u0e4c\\u0e40\\u0e19\\u0e2d\\u0e23\\u0e4c \\u0e20\\u0e32\\u0e22\\u0e43\\u0e15\\u0e49\\u0e01\\u0e32\\u0e23\\u0e2a\\u0e19\\u0e31\\u0e1a\\u0e2a\\u0e19\\u0e38\\u0e19\\u0e42\\u0e14\\u0e22\\u0e1a\\u0e23\\u0e34\\u0e29\\u0e31\\u0e17\\u0e21\\u0e32\\u0e23\\u0e4c\\u0e40\\u0e27\\u0e25\\u0e34\\u0e04 \\u0e40\\u0e2d\\u0e47\\u0e19\\u0e08\\u0e34\\u0e49\\u0e19 \\u0e08\\u0e33\\u0e01\\u0e31\\u0e14<\\/h3>\\n  \\t\\t      <\\/div>\\n  \\t\\t      <hr \\/>\\n  \\t\\t    <\\/td>\\n  \\t    <\\/tr>\\n  \\t    <tr>\\n  \\t\\t    <td width=\\\"20%\\\"><u><strong>\\u0e23\\u0e32\\u0e22\\u0e25\\u0e30\\u0e40\\u0e2d\\u0e35\\u0e22\\u0e14 :<\\/strong><\\/u><\\/td>\\n  \\t\\t    <td width=\\\"80%\\\">\\u0e20\\u0e32\\u0e29\\u0e32\\u0e44\\u0e17\\u0e22\\u0e2a\\u0e33\\u0e2b\\u0e23\\u0e31\\u0e1a\\u0e1c\\u0e39\\u0e49\\u0e14\\u0e39\\u0e41\\u0e25\\u0e23\\u0e30\\u0e1a\\u0e1a (\\u0e14\\u0e49\\u0e32\\u0e19\\u0e2b\\u0e25\\u0e31\\u0e07)<\\/td>\\n  \\t    <\\/tr>\\n  \\t    <tr>\\n  \\t\\t    <td width=\\\"20%\\\"><u><strong>\\u0e40\\u0e27\\u0e2d\\u0e23\\u0e4c\\u0e0a\\u0e31\\u0e48\\u0e19 \\u0e08\\u0e39\\u0e21\\u0e25\\u0e48\\u0e32:<\\/strong><\\/u><\\/td>\\n  \\t\\t    <td width=\\\"80%\\\">2.5.8<\\/td>\\n  \\t    <\\/tr>\\n  \\t    <tr>\\n  \\t\\t    <td width=\\\"20%\\\"><u><strong>\\u0e40\\u0e27\\u0e2d\\u0e23\\u0e4c\\u0e0a\\u0e31\\u0e48\\u0e19\\u0e44\\u0e1f\\u0e25\\u0e4c\\u0e20\\u0e32\\u0e29\\u0e32:<\\/strong><\\/u><\\/td>\\n  \\t\\t    <td width=\\\"80%\\\">2.5.8v1<\\/td>\\n  \\t    <\\/tr>\\n  \\t    <td width=\\\"100%\\\" colspan=\\\"2\\\"><hr \\/><\\/td>\\n   \\t    <tr>\\n  \\t\\t    <td width=\\\"40%\\\"><u><strong>\\u0e40\\u0e27\\u0e47\\u0e1a\\u0e44\\u0e0b\\u0e15\\u0e4c\\u0e08\\u0e39\\u0e21\\u0e25\\u0e48\\u0e32\\u0e04\\u0e2d\\u0e23\\u0e4c\\u0e40\\u0e19\\u0e2d\\u0e23\\u0e4c :<\\/strong><\\/u><\\/td>\\n  \\t\\t    <td width=\\\"60%\\\"><a href=\\\"http:\\/\\/www.joomlacorner.com\\\" target=\\\"_blank\\\">http:\\/\\/www.joomlacorner.com<\\/a><\\/td>\\n  \\t\\t <\\/tr>\\n  \\t\\t <tr>   \\n   \\t\\t    <td width=\\\"40%\\\"><u><strong>\\u0e40\\u0e27\\u0e47\\u0e1a\\u0e44\\u0e0b\\u0e15\\u0e4c\\u0e1a\\u0e23\\u0e34\\u0e29\\u0e31\\u0e17\\u0e21\\u0e32\\u0e23\\u0e4c\\u0e40\\u0e27\\u0e25\\u0e34\\u0e04 \\u0e40\\u0e2d\\u0e47\\u0e19\\u0e08\\u0e34\\u0e49\\u0e19 \\u0e08\\u0e33\\u0e01\\u0e31\\u0e14 :<\\/strong><\\/u><\\/td>\\n  \\t\\t    <td width=\\\"60%\\\"><a href=\\\"http:\\/\\/www.marvelic.co.th\\\" target=\\\"_blank\\\">http:\\/\\/www.marvelic.co.th<\\/a><\\/td>\\n  \\t    <\\/tr>\\n  \\t    <tr>\\n  \\t\\t    <td width=\\\"100%\\\" colspan=\\\"2\\\">\\n  \\t\\t      <strong><font color=\\\"#008000\\\">\\u0e17\\u0e48\\u0e32\\u0e19\\u0e2a\\u0e32\\u0e21\\u0e32\\u0e23\\u0e16\\u0e15\\u0e34\\u0e14\\u0e15\\u0e32\\u0e21\\u0e02\\u0e48\\u0e32\\u0e27\\u0e2a\\u0e32\\u0e23\\u0e41\\u0e25\\u0e30\\u0e40\\u0e27\\u0e2d\\u0e23\\u0e4c\\u0e0a\\u0e31\\u0e48\\u0e19\\u0e25\\u0e48\\u0e32\\u0e2a\\u0e38\\u0e14 \\u0e08\\u0e32\\u0e01\\u0e40\\u0e27\\u0e47\\u0e1a\\u0e44\\u0e0b\\u0e15\\u0e4c\\u0e02\\u0e2d\\u0e07\\u0e40\\u0e23\\u0e32\\u0e02\\u0e49\\u0e32\\u0e07\\u0e15\\u0e49\\u0e19<\\/font><\\/strong>\\n          <\\/td>\\n  \\t    <\\/tr>\\n      <\\/table>\\n    <\\/div>\\n    \",\"group\":\"\"}','{}','','',0,'0000-00-00 00:00:00',0,0),(10001,'Thai','language','th-TH','',0,1,0,0,'{\"legacy\":false,\"name\":\"Thai (\\u0e20\\u0e32\\u0e29\\u0e32\\u0e44\\u0e17\\u0e22)\",\"type\":\"language\",\"creationDate\":\"10-11-2012\",\"author\":\"Thai Translation Team\",\"copyright\":\"Copyright (C) 2005 - 2012 Open Source Matters. All rights reserved.\",\"authorEmail\":\"tt@joomlacorner.com\",\"authorUrl\":\"www.joomlacorner.com\",\"version\":\"2.5.8.1\",\"description\":\"\\n    <div align=\\\"center\\\">\\n      <table border=\\\"0\\\" width=\\\"90%\\\">\\n  \\t    <tr>\\n  \\t\\t    <td width=\\\"100%\\\" colspan=\\\"2\\\">\\n  \\t\\t      <div align=\\\"center\\\">\\n  \\t\\t        <h3>\\u0e20\\u0e32\\u0e29\\u0e32\\u0e44\\u0e17\\u0e22\\u0e2a\\u0e33\\u0e2b\\u0e23\\u0e31\\u0e1a \\u0e08\\u0e39\\u0e21\\u0e25\\u0e48\\u0e32 2.5.8 \\u0e08\\u0e32\\u0e01\\u0e17\\u0e35\\u0e21\\u0e08\\u0e39\\u0e21\\u0e25\\u0e48\\u0e32\\u0e04\\u0e2d\\u0e23\\u0e4c\\u0e40\\u0e19\\u0e2d\\u0e23\\u0e4c \\u0e20\\u0e32\\u0e22\\u0e43\\u0e15\\u0e49\\u0e01\\u0e32\\u0e23\\u0e2a\\u0e19\\u0e31\\u0e1a\\u0e2a\\u0e19\\u0e38\\u0e19\\u0e02\\u0e2d\\u0e07\\u0e1a\\u0e23\\u0e34\\u0e29\\u0e31\\u0e17\\u0e21\\u0e32\\u0e23\\u0e4c\\u0e40\\u0e27\\u0e25\\u0e34\\u0e04 \\u0e40\\u0e2d\\u0e47\\u0e19\\u0e08\\u0e34\\u0e49\\u0e19 \\u0e08\\u0e33\\u0e01\\u0e31\\u0e14<\\/h3>\\n  \\t\\t      <\\/div>\\n  \\t\\t      <hr \\/>\\n  \\t\\t    <\\/td>\\n  \\t    <\\/tr>\\n  \\t    <tr>\\n  \\t\\t    <td width=\\\"20%\\\"><u><strong>\\u0e23\\u0e32\\u0e22\\u0e25\\u0e30\\u0e40\\u0e2d\\u0e35\\u0e22\\u0e14:<\\/strong><\\/u><\\/td>\\n  \\t\\t    <td width=\\\"80%\\\">\\u0e20\\u0e32\\u0e29\\u0e32\\u0e44\\u0e17\\u0e22\\u0e2a\\u0e33\\u0e2b\\u0e23\\u0e31\\u0e1a\\u0e44\\u0e0b\\u0e15\\u0e4c (\\u0e14\\u0e49\\u0e32\\u0e19\\u0e2b\\u0e19\\u0e49\\u0e32)<\\/td>\\n  \\t    <\\/tr>\\n  \\t    <tr>\\n  \\t\\t    <td width=\\\"20%\\\"><u><strong>\\u0e40\\u0e27\\u0e2d\\u0e23\\u0e4c\\u0e0a\\u0e31\\u0e48\\u0e19 \\u0e08\\u0e39\\u0e21\\u0e25\\u0e48\\u0e32:<\\/strong><\\/u><\\/td>\\n  \\t\\t    <td width=\\\"80%\\\">2.5.8<\\/td>\\n  \\t    <\\/tr>\\n  \\t    <tr>\\n  \\t\\t    <td width=\\\"20%\\\"><u><strong>\\u0e40\\u0e27\\u0e2d\\u0e23\\u0e4c\\u0e0a\\u0e31\\u0e48\\u0e19\\u0e44\\u0e1f\\u0e25\\u0e4c\\u0e20\\u0e32\\u0e29\\u0e32:<\\/strong><\\/u><\\/td>\\n  \\t\\t    <td width=\\\"80%\\\">2.5.8v1<\\/td>\\n  \\t    <\\/tr>\\n  \\t    <td width=\\\"100%\\\" colspan=\\\"2\\\"><hr \\/><\\/td>\\n  \\t    <tr>\\n  \\t\\t    <td width=\\\"40%\\\"><u><strong>\\u0e40\\u0e27\\u0e47\\u0e1a\\u0e44\\u0e0b\\u0e15\\u0e4c\\u0e08\\u0e39\\u0e21\\u0e25\\u0e48\\u0e32\\u0e04\\u0e2d\\u0e23\\u0e4c\\u0e40\\u0e19\\u0e2d\\u0e23\\u0e4c :<\\/strong><\\/u><\\/td>\\n  \\t\\t    <td width=\\\"60%\\\"><a href=\\\"http:\\/\\/www.joomlacorner.com\\\" target=\\\"_blank\\\">http:\\/\\/www.joomlacorner.com<\\/a><\\/td>\\n  \\t\\t <\\/tr>\\n  \\t\\t <tr>   \\n   \\t\\t    <td width=\\\"40%\\\"><u><strong>\\u0e40\\u0e27\\u0e47\\u0e1a\\u0e44\\u0e0b\\u0e15\\u0e4c\\u0e1a\\u0e23\\u0e34\\u0e29\\u0e31\\u0e17\\u0e21\\u0e32\\u0e23\\u0e4c\\u0e40\\u0e27\\u0e25\\u0e34\\u0e04 \\u0e40\\u0e2d\\u0e47\\u0e19\\u0e08\\u0e34\\u0e49\\u0e19 \\u0e08\\u0e33\\u0e01\\u0e31\\u0e14 :<\\/strong><\\/u><\\/td>\\n  \\t\\t    <td width=\\\"60%\\\"><a href=\\\"http:\\/\\/www.marvelic.co.th\\\" target=\\\"_blank\\\">http:\\/\\/www.marvelic.co.th<\\/a><\\/td>\\n  \\t    <\\/tr>\\n  \\t    <tr>\\n  \\t\\t    <td width=\\\"100%\\\" colspan=\\\"2\\\">\\n  \\t\\t      <strong><font color=\\\"#008000\\\">\\u0e17\\u0e48\\u0e32\\u0e19\\u0e2a\\u0e32\\u0e21\\u0e32\\u0e23\\u0e16\\u0e15\\u0e34\\u0e14\\u0e15\\u0e32\\u0e21\\u0e02\\u0e48\\u0e32\\u0e27\\u0e2a\\u0e32\\u0e23\\u0e41\\u0e25\\u0e30\\u0e40\\u0e27\\u0e2d\\u0e23\\u0e4c\\u0e0a\\u0e31\\u0e48\\u0e19\\u0e25\\u0e48\\u0e32\\u0e2a\\u0e38\\u0e14 \\u0e08\\u0e32\\u0e01\\u0e40\\u0e27\\u0e47\\u0e1a\\u0e44\\u0e0b\\u0e15\\u0e4c\\u0e02\\u0e2d\\u0e07\\u0e40\\u0e23\\u0e32\\u0e02\\u0e49\\u0e32\\u0e07\\u0e15\\u0e49\\u0e19<\\/font><\\/strong>\\n          <\\/td>\\n  \\t    <\\/tr>\\n      <\\/table>\\n    <\\/div>\\n    \",\"group\":\"\"}','{}','','',0,'0000-00-00 00:00:00',0,0),(10002,'siteground-j16-38','template','siteground-j16-38','',0,1,1,0,'{\"legacy\":false,\"name\":\"siteground-j16-38\",\"type\":\"template\",\"creationDate\":\"07 October 2011\",\"author\":\"SiteGround\",\"copyright\":\"Siteground\",\"authorEmail\":\"templates@siteground.com\",\"authorUrl\":\"http:\\/\\/www.siteground.com\",\"version\":\"1.0.0\",\"description\":\"This Joomla Template is designed by SiteGround.com and can be used free of charge. The template is suitable for personal and business Joomla sites. It can be used with many popular modules and components for Joomla. At www.siteground.com you can find more great looking free Joomla templates.\",\"group\":\"\"}','{}','','',0,'0000-00-00 00:00:00',0,0),(10003,'th-TH','package','pkg_th-TH','',0,1,1,0,'{\"legacy\":false,\"name\":\"Thai Language Pack\",\"type\":\"package\",\"creationDate\":\"10.11.2012\",\"author\":\"Thai Translation Team\",\"copyright\":\"\",\"authorEmail\":\"tt@joomlacorner.com\",\"authorUrl\":\"www.joomlacorner.com\",\"version\":\"2.5.8.1\",\"description\":\"\\n\\t\\t<div align=\\\"center\\\">\\n\\t\\t<table border=\\\"0\\\" width=\\\"90%\\\">\\n\\t\\t<tr>\\n\\t\\t\\t<td width=\\\"100%\\\" colspan=\\\"2\\\">\\n\\t\\t\\t\\t<div align=\\\"center\\\">\\n\\t\\t\\t\\t\\t<h3>Joomla 2.5.8 Thai Language Pack by JoomlaCorner Team under Marvelic Engine Co.,Ltd.<br \\/>\\u0e20\\u0e32\\u0e29\\u0e32\\u0e44\\u0e17\\u0e22\\u0e2a\\u0e33\\u0e2b\\u0e23\\u0e31\\u0e1a\\u0e08\\u0e39\\u0e21\\u0e25\\u0e48\\u0e32 2.5.8 \\u0e08\\u0e32\\u0e01\\u0e17\\u0e35\\u0e21\\u0e08\\u0e39\\u0e21\\u0e25\\u0e48\\u0e32\\u0e04\\u0e2d\\u0e23\\u0e4c\\u0e40\\u0e19\\u0e2d\\u0e23\\u0e4c \\u0e20\\u0e32\\u0e22\\u0e43\\u0e15\\u0e49\\u0e01\\u0e32\\u0e23\\u0e2a\\u0e19\\u0e31\\u0e1a\\u0e2a\\u0e19\\u0e38\\u0e19\\u0e42\\u0e14\\u0e22\\u0e1a\\u0e23\\u0e34\\u0e29\\u0e31\\u0e17\\u0e21\\u0e32\\u0e23\\u0e4c\\u0e40\\u0e27\\u0e25\\u0e34\\u0e04 \\u0e40\\u0e2d\\u0e47\\u0e19\\u0e08\\u0e34\\u0e49\\u0e19 \\u0e08\\u0e33\\u0e01\\u0e31\\u0e14<\\/h3>\\n  \\t\\t      <\\/div>\\n  \\t\\t      <hr \\/>\\n  \\t\\t    <\\/td>\\n  \\t    <\\/tr>\\n  \\t    <tr>\\n  \\t\\t    <td width=\\\"22%\\\"><u><strong>\\u0e1b\\u0e23\\u0e30\\u0e01\\u0e2d\\u0e1a\\u0e14\\u0e49\\u0e27\\u0e22:<\\/strong><\\/u><\\/td>\\n  \\t\\t    <td width=\\\"80%\\\">\\u0e2a\\u0e48\\u0e27\\u0e19\\u0e02\\u0e2d\\u0e07\\u0e1c\\u0e39\\u0e49\\u0e14\\u0e39\\u0e41\\u0e25 (\\u0e14\\u0e49\\u0e32\\u0e19\\u0e2b\\u0e25\\u0e31\\u0e07) \\u0e41\\u0e25\\u0e30\\u0e2a\\u0e48\\u0e27\\u0e19\\u0e02\\u0e2d\\u0e07\\u0e44\\u0e0b\\u0e15\\u0e4c (\\u0e14\\u0e49\\u0e32\\u0e19\\u0e2b\\u0e19\\u0e49\\u0e32\\u0e40\\u0e27\\u0e47\\u0e1a)<\\/td>\\n  \\t    <\\/tr>\\n  \\t    <tr>\\n  \\t\\t    <td width=\\\"22%\\\"><u><strong>\\u0e40\\u0e27\\u0e2d\\u0e23\\u0e4c\\u0e0a\\u0e31\\u0e48\\u0e19 \\u0e08\\u0e39\\u0e21\\u0e25\\u0e48\\u0e32 :<\\/strong><\\/u><\\/td>\\n  \\t\\t    <td width=\\\"80%\\\">2.5.8<\\/td>\\n  \\t    <\\/tr>\\n  \\t    <tr>\\n  \\t\\t    <td width=\\\"22%\\\"><u><strong>\\u0e40\\u0e27\\u0e2d\\u0e23\\u0e4c\\u0e0a\\u0e31\\u0e48\\u0e19 \\u0e02\\u0e2d\\u0e07\\u0e44\\u0e1f\\u0e25\\u0e4c\\u0e20\\u0e32\\u0e29\\u0e32:<\\/strong><\\/u><\\/td>\\n  \\t\\t    <td width=\\\"80%\\\">2.5.8v1<\\/td>\\n  \\t    <\\/tr>\\n  \\t    <td width=\\\"100%\\\" colspan=\\\"2\\\"><hr \\/><\\/td>\\n  \\t    <tr>\\n  \\t\\t    <td width=\\\"40%\\\"><u><strong>\\u0e40\\u0e27\\u0e47\\u0e1a\\u0e44\\u0e0b\\u0e15\\u0e4c\\u0e08\\u0e39\\u0e21\\u0e25\\u0e48\\u0e32\\u0e04\\u0e2d\\u0e23\\u0e4c\\u0e40\\u0e19\\u0e2d\\u0e23\\u0e4c :<\\/strong><\\/u><\\/td>\\n  \\t\\t    <td width=\\\"60%\\\"><a href=\\\"http:\\/\\/www.joomlacorner.com\\\" target=\\\"_blank\\\">http:\\/\\/www.joomlacorner.com<\\/a><\\/td>\\n  \\t\\t <\\/tr>\\n  \\t\\t <tr>   \\n   \\t\\t    <td width=\\\"40%\\\"><u><strong>\\u0e40\\u0e27\\u0e47\\u0e1a\\u0e44\\u0e0b\\u0e15\\u0e4c\\u0e1a\\u0e23\\u0e34\\u0e29\\u0e31\\u0e17\\u0e21\\u0e32\\u0e23\\u0e4c\\u0e40\\u0e27\\u0e25\\u0e34\\u0e04 \\u0e40\\u0e2d\\u0e47\\u0e19\\u0e08\\u0e34\\u0e49\\u0e19 \\u0e08\\u0e33\\u0e01\\u0e31\\u0e14 :<\\/strong><\\/u><\\/td>\\n  \\t\\t    <td width=\\\"60%\\\"><a href=\\\"http:\\/\\/www.marvelic.co.th\\\" target=\\\"_blank\\\">http:\\/\\/www.marvelic.co.th<\\/a><\\/td>\\n  \\t    <\\/tr>\\n  \\t    <tr>\\n  \\t\\t    <td width=\\\"100%\\\" colspan=\\\"2\\\">\\n  \\t\\t      <strong><font color=\\\"#008000\\\">\\u0e17\\u0e48\\u0e32\\u0e19\\u0e2a\\u0e32\\u0e21\\u0e32\\u0e23\\u0e16\\u0e15\\u0e34\\u0e14\\u0e15\\u0e32\\u0e21\\u0e02\\u0e48\\u0e32\\u0e27\\u0e2a\\u0e32\\u0e23\\u0e41\\u0e25\\u0e30\\u0e40\\u0e27\\u0e2d\\u0e23\\u0e4c\\u0e0a\\u0e31\\u0e48\\u0e19\\u0e25\\u0e48\\u0e32\\u0e2a\\u0e38\\u0e14 \\u0e08\\u0e32\\u0e01\\u0e40\\u0e27\\u0e47\\u0e1a\\u0e44\\u0e0b\\u0e15\\u0e4c\\u0e02\\u0e2d\\u0e07\\u0e40\\u0e23\\u0e32\\u0e02\\u0e49\\u0e32\\u0e07\\u0e15\\u0e49\\u0e19<\\/font><\\/strong>\\n          <\\/td>\\n  \\t    <\\/tr>\\n      <\\/table>\\n    <\\/div>\\n    \",\"group\":\"\"}','{}','','',0,'0000-00-00 00:00:00',0,0),(10004,'jce','component','com_jce','',1,1,0,0,'{\"legacy\":false,\"name\":\"JCE\",\"type\":\"component\",\"creationDate\":\"13 July 2013\",\"author\":\"Ryan Demmer\",\"copyright\":\"Copyright (C) 2006 - 2013 Ryan Demmer. All rights reserved\",\"authorEmail\":\"info@joomlacontenteditor.net\",\"authorUrl\":\"www.joomlacontenteditor.net\",\"version\":\"2.3.3.2\",\"description\":\"WF_ADMIN_DESC\",\"group\":\"\"}','{}','','',0,'0000-00-00 00:00:00',0,0),(10005,'plg_editors_jce','plugin','jce','editors',0,0,1,0,'{\"legacy\":false,\"name\":\"plg_editors_jce\",\"type\":\"plugin\",\"creationDate\":\"13 July 2013\",\"author\":\"Ryan Demmer\",\"copyright\":\"2006-2010 Ryan Demmer\",\"authorEmail\":\"info@joomlacontenteditor.net\",\"authorUrl\":\"http:\\/\\/www.joomlacontenteditor.net\",\"version\":\"2.3.3.2\",\"description\":\"WF_EDITOR_PLUGIN_DESC\",\"group\":\"\"}','{}','','',0,'0000-00-00 00:00:00',0,0),(10006,'plg_quickicon_jcefilebrowser','plugin','jcefilebrowser','quickicon',0,1,1,0,'{\"legacy\":false,\"name\":\"plg_quickicon_jcefilebrowser\",\"type\":\"plugin\",\"creationDate\":\"13 July 2013\",\"author\":\"Ryan Demmer\",\"copyright\":\"Copyright (C) 2006 - 2013 Ryan Demmer. All rights reserved\",\"authorEmail\":\"@@email@@\",\"authorUrl\":\"www.joomalcontenteditor.net\",\"version\":\"2.3.3.2\",\"description\":\"PLG_QUICKICON_JCEFILEBROWSER_XML_DESCRIPTION\",\"group\":\"\"}','{}','','',0,'0000-00-00 00:00:00',0,0),(10007,'Content - Facebook-Twitter-Google+1','plugin','fb_tw_plus1','content',0,1,1,0,'{\"legacy\":false,\"name\":\"Content - Facebook-Twitter-Google+1\",\"type\":\"plugin\",\"creationDate\":\"Jen 2013\",\"author\":\"Compago\",\"copyright\":\"Copyright (C) 2013 Compago TLC. All rights reserved.\",\"authorEmail\":\"compagotlc@gmail.com\",\"authorUrl\":\"www.compago.it\",\"version\":\"2.7\",\"description\":\" <p style=\\\"text-align:left;\\\">Facebook+Twitter+GooglePlusOne Plugin for Joomla enable the Facebook comments and the share buttons for Pinterest, Twitter, Google +1 and Facebook on your published articles.<\\/p>\\n  <p>If you need some configuration details visit <a target=\'_blank\' href=\'http:\\/\\/www.compago.it\\/software\\/41-compago-software\\/347-facebook-twitter-google1-plugin-for-joomla.html\'>Facebook - Twitter - Google+1 plugin for Joomla<\\/a><\\/p>\\n <br \\/><p>Like the plugin? Please <a target=\'_blank\' href=\'http:\\/\\/extensions.joomla.org\\/extensions\\/social-web\\/social-share\\/social-multi-share\\/18072\'>Rate it! <\\/a>Thank you!<\\/p>\",\"group\":\"\"}','{\"general\":\"General Plugin Settings\",\"enable_like\":\"1\",\"enable_share\":\"1\",\"enable_comments\":\"0\",\"enable_twitter\":\"0\",\"enable_google\":\"0\",\"enable_in\":\"0\",\"enable_pint\":\"0\",\"enable_fb_photo\":\"0\",\"weight_like\":\"1\",\"weight_share\":\"6\",\"weight_twitter\":\"2\",\"weight_google\":\"3\",\"weight_in\":\"4\",\"weight_pint\":\"5\",\"ignore_pagination\":\"0\",\"auto_language\":\"0\",\"general_buttons_settings\":\"Buttons Settings\",\"content_tobe_excluded_buttons\":\"\",\"category_tobe_excluded_buttons\":\"\",\"position\":\"2\",\"container_buttons\":\"1\",\"css_buttons\":\"height:40px;\",\"view_article_buttons\":\"1\",\"view_frontpage_buttons\":\"0\",\"view_category_buttons\":\"0\",\"general_comments_settings\":\"Facebook Comments Box settings\",\"content_tobe_excluded_comments\":\"\",\"category_tobe_excluded_comments\":\"\",\"width_comments\":\"450\",\"autofit_comments\":\"0\",\"number_comments\":\"10\",\"box_color\":\"light\",\"container_comments\":\"1\",\"css_comments\":\"border-top-style:solid;border-top-width:1px;padding:10px;text-align:center;\",\"view_article_comments\":\"1\",\"view_frontpage_comments\":\"0\",\"view_category_comments\":\"0\",\"advanced_fb_settings\":\"Setting For Facebook\",\"asynchronous_fb\":\"0\",\"advanced_fb_like\":\"Setting For Facebook Like Button\",\"layout_style\":\"button_count\",\"show_faces\":\"1\",\"send\":\"1\",\"width_like\":\"\",\"verb_to_display\":\"1\",\"font\":\"arial\",\"color_scheme\":\"light\",\"language_fb\":\"en_US\",\"container_like\":\"1\",\"css_like\":\"float:left;margin:10px;\",\"opengraph\":\"OpenGraph Options\",\"type\":\"article\",\"defaultimage\":\"\",\"onlydefaultimage\":\"0\",\"description\":\"0\",\"directyoutube\":\"0\",\"advanced_fb_share\":\"Setting For Facebook Share Button\",\"share_button_style\":\"icontext\",\"text_share_button\":\"Share\",\"container_share\":\"1\",\"css_share\":\"float:right;margin:10px;\",\"advanced_fb_comments\":\"Setting For Facebook Comment Box\",\"enable_comments_count\":\"0\",\"enable_comments_print\":\"0\",\"container_comments_count\":\"1\",\"css_comments_count\":\"\",\"@spacer_fb_admin\":\"Setting For Facebook Administration\",\"admin_id\":\"\",\"app_id\":\"\",\"fb_secret_key\":\"\",\"enable_admin\":\"0\",\"enable_app\":\"0\",\"enable_fb_autopublish\":\"0\",\"fb_text_old\":\"\",\"fb_text_new\":\"Update\",\"fb_autopublish_image\":\"1\",\"size_google\":\"medium\",\"annotation_google\":\"bubble\",\"language_google\":\"en-US\",\"container_google\":\"1\",\"css_google\":\"float:left;margin:10px;\",\"html5_google\":\"0\",\"asynchronous_google\":\"0\",\"show_count_twitter\":\"horizontal\",\"language_twitter\":\"en\",\"data_via_twitter\":\"\",\"data_related_twitter\":\"\",\"hashtags_twitter\":\"\",\"datasize_twitter\":\"medium\",\"container_twitter\":\"1\",\"css_twitter\":\"float:left;margin:10px;\",\"asynchronous_twitter\":\"0\",\"enable_twitter_autopublish\":\"0\",\"twitter_use_tinyurl\":\"0\",\"twitter_consumer_key\":\"\",\"twitter_consumer_secret\":\"\",\"twitter_oauth_token\":\"\",\"twitter_oauth_token_secret\":\"\",\"data-counter_in\":\"right\",\"data-showzero_in\":\"0\",\"container_in\":\"1\",\"css_in\":\"float:left;margin:10px;\",\"asynchronous_in\":\"0\",\"count_layout_pint\":\"horizontal\",\"selection_pint\":\"0\",\"container_pint\":\"1\",\"css_pint\":\"float:left;margin:10px;\",\"asynchronous_pint\":\"0\"}','','',434,'2013-09-08 10:08:08',0,0),(10008,'Facebook Like Box','module','mod_facebook_like_box','',0,1,0,0,'{\"legacy\":true,\"name\":\"Facebook Like Box\",\"type\":\"module\",\"creationDate\":\"2010-05-16\",\"author\":\"Sunento Wu\",\"copyright\":\"Copyright (C) 2010 Sunento Wul. All rights reserved.\",\"authorEmail\":\"sunwu2007@gmail.com\",\"authorUrl\":\"http:\\/\\/vivociti.com\",\"version\":\"2.2\",\"description\":\" \\n\\t\\tFacebook Like Box is a social module that enables Facebook Page owners to attract and gain Likes from their own website. The Like Box enables users to: see how many users already like this page, and which of their friends like it too, read recent posts from the page and Like the page with one click, without needing to visit the page.\",\"group\":\"\"}','{}','','',0,'0000-00-00 00:00:00',0,0),(10009,'iNivoSlider','module','mod_inivoslider','',0,1,0,0,'{\"legacy\":false,\"name\":\"iNivoSlider\",\"type\":\"module\",\"creationDate\":\"2011 November\",\"author\":\"NewJoomlaTemplates.com\",\"copyright\":\"NewJoomlaTemplates.com\",\"authorEmail\":\"support@newjoomlatemplates.com\",\"authorUrl\":\"http:\\/\\/newjoomlatemplates.com\",\"version\":\"2.5.0\",\"description\":\"\\n\\t\\n\\t<h1>NivoSlider for Joomla 2.5<\\/h1>\\n\\t<div style=\\\"margin:0 0 0 10px;\\\">Developed by <a href=\\\"http:\\/\\/joomlathemes.co\\\" target=\\\"_blank\\\">JoomlaThemes.co<\\/a>; report a bug at official <a href=\\\"http:\\/\\/joomlathemes.co\\/nivoslider\\\" target=\\\"_blank\\\">Joomla 2.5 iNivoSlider<\\/a> page.<\\/div>\\t<br\\/>\\n\\t\\t\\n\\t\",\"group\":\"\"}','{\"jQuery\":\"1\",\"imageWidth\":\"940\",\"imageHeight\":\"300\",\"imageSlices\":\"10\",\"animationSpeed\":\"300\",\"pauseTime\":\"3000\",\"directionNav\":\"true\",\"controlNav\":\"true\",\"keyboardNav\":\"true\",\"slideEffect\":\"random\",\"boxCols\":\"8\",\"boxRows\":\"4\"}','','',0,'0000-00-00 00:00:00',0,0),(10010,'Skylab','template','skylab','',0,1,1,0,'{\"legacy\":false,\"name\":\"Skylab\",\"type\":\"template\",\"creationDate\":\"9.1.2012\",\"author\":\"LineLab.org\",\"copyright\":\"Copyright 2011 - LineLab.org\",\"authorEmail\":\"info@linelab.org\",\"authorUrl\":\"http:\\/\\/www.linelab.org\",\"version\":\"1.0.0\",\"description\":\"TPL_SKYLAB_XML_DESCRIPTION\",\"group\":\"\"}','{\"templateWidth\":\"960\",\"leftWidth\":\"270\",\"rightWidth\":\"270\",\"sitetitle\":\"Skylab Free Joomla 2.5 Template by LineLab.org\",\"display_slideshow\":\"0\",\"frontpage\":\"1\",\"slideshow\":\"templates\\/skylab\\/images\\/example.jpg\"}','','',0,'0000-00-00 00:00:00',0,0),(10011,'MOD_FACEBOOKLIKE','module','mod_facebooklike','',0,1,0,0,'{\"legacy\":false,\"name\":\"MOD_FACEBOOKLIKE\",\"type\":\"module\",\"creationDate\":\"February 2011\",\"author\":\"Martiinkolle.dk\",\"copyright\":\"Copyright (C) 2012 Martiinkolle.dk and KMweb.dk. All rights reserved.\",\"authorEmail\":\"martiinkolle@gmail.com\",\"authorUrl\":\"http:\\/\\/martiinkolle.dk\",\"version\":\"1.4.9.1\",\"description\":\"\\n\\nFacebook like button for Joomla 2.5\\n\\n\\t\",\"group\":\"\"}','{\"autoDetectUrl\":\"1\",\"url\":\"\",\"action\":\"like\",\"loadAsWhat\":\"2\",\"showPictures\":\"true\",\"send\":\"1\",\"zindex\":\"0\",\"width\":\"100%\",\"height\":\"\",\"layout\":\"standard\",\"colorScheme\":\"light\",\"font\":\"arial\",\"moduleclass_sfx\":\"\",\"loadApi\":\"1\",\"httpsOrNot\":\"1\",\"language\":\"\",\"type\":\"website\"}','','',0,'0000-00-00 00:00:00',0,0),(10012,'plg_vombiefacebooklike','plugin','vombiefacebooklike','system',0,1,1,0,'{\"legacy\":false,\"name\":\"plg_vombiefacebooklike\",\"type\":\"plugin\",\"creationDate\":\"March 2012\",\"author\":\"Martin Kollerup\",\"copyright\":\"(C) 2012 Copyright Martiinkolle.dk\",\"authorEmail\":\"martin.kollerup@gmail.com\",\"authorUrl\":\"http:\\/\\/matiinkolle.dk\",\"version\":\"1.4.9\",\"description\":\"Integration of open graph for mod_facebooklike\",\"group\":\"\"}','{}','','',0,'0000-00-00 00:00:00',0,0),(10013,'facebooklike','package','pkg_facebooklike','',0,1,1,0,'{\"legacy\":false,\"name\":\"Facebook Like\",\"type\":\"package\",\"creationDate\":\"January 2012\",\"author\":\"Martin Kollerup\",\"copyright\":\"\",\"authorEmail\":\"martiinkolle@gmail.com\",\"authorUrl\":\"martiinkolle.dk\",\"version\":\"1.4.9.1\",\"description\":\"Facebook Like Button for Joomla. This package is installing a module and a plugin\",\"group\":\"\"}','{}','','',0,'0000-00-00 00:00:00',0,0),(10014,'mod_dmt_social','module','mod_dmt_social','',0,1,0,0,'{\"legacy\":false,\"name\":\"mod_dmt_social\",\"type\":\"module\",\"creationDate\":\"June 2011\",\"author\":\"Demente Design\",\"copyright\":\"\",\"authorEmail\":\"contact@demente-design.com\",\"authorUrl\":\"http:\\/\\/demente-design.com\",\"version\":\"1.1\",\"description\":\"A simple module to display links to popular social networking sites. Default icons from <a href=\\\"http:\\/\\/www.komodomedia.com\\/download\\/#social-network-icon-pack\\\">Komodomedia<\\/a>. To add icons name them [website]_16.png and put them in the icons directory.\",\"group\":\"\"}','{\"iconSize\":\"16\",\"RSS\":\"1\",\"format\":\"rss\",\"targetBlank\":\"1\",\"moduleclass_sfx\":\"\",\"addCSS\":\"1\",\"addRelMe\":\"1\",\"addRelNofollow\":\"1\",\"cache\":\"1\",\"cache_time\":\"900\",\"cachemode\":\"itemid\"}','','',0,'0000-00-00 00:00:00',0,0),(10015,'Social Fancy Sliders','module','mod_socialfancysliders','',0,1,0,0,'{\"legacy\":false,\"name\":\"Social Fancy Sliders\",\"type\":\"module\",\"creationDate\":\"June 2012\",\"author\":\"Shared on www.MafiaShare.net\",\"copyright\":\"Copyright (C) pulseextensions.com\",\"authorEmail\":\"info@pulseinfotech.com\",\"authorUrl\":\"http:\\/\\/www.mafiashare.net\",\"version\":\"1.5\",\"description\":\"<a href=\\\"http:\\/\\/joomlana.net\\\" target=\\\"_blank\\\"><img src=\\\"http:\\/\\/joomlana.net\\/Joomlana%20Enterprise.png\\\" width=\\\"360\\\" height=\\\"115\\\" alt=\\\"Joomlana.net\\\" \\/><\\/a><br\\/>Social Fancy Sliders From Pulse Extensions Team\",\"group\":\"\"}','{\"theme_style\":\"12\",\"top_margin\":\"10\",\"facebook_s_enable\":\"1\",\"facebook_direction\":\"2\",\"facebook_top_margin\":\"10\",\"facebook_page_url\":\"http:\\/\\/www.facebook.com\\/pulseextensions\",\"facebook_slide_width\":\"300\",\"facebook_slide_height\":\"440\",\"facebook_faces\":\"1\",\"facebook_header\":\"1\",\"facebook_stream\":\"0\",\"facebook_border_size\":\"5\",\"facebook_border_color\":\"#3b5998\",\"twitter_s_enable\":\"1\",\"twitter_direction\":\"2\",\"twitter_top_margin\":\"85\",\"twitter_username\":\"PulseExtensions\",\"twitter_slide_width\":\"300\",\"twitter_slide_height\":\"440\",\"twitter_twitts_number\":\"6\",\"twitter_border_size\":\"5\",\"twitter_border_color\":\"#33ccff\",\"gplus_s_enable\":\"1\",\"gplus_direction\":\"2\",\"gplus_top_margin\":\"160\",\"gplus_id\":\"104629412415657030658\",\"gplus_slide_width\":\"300\",\"gplus_slide_height\":\"440\",\"gplus_border_size\":\"5\",\"gplus_border_color\":\"#000000\",\"ytube_s_enable\":\"1\",\"ytube_direction\":\"2\",\"ytube_top_margin\":\"235\",\"ytube_id\":\"LadyGagaVEVO\",\"ytube_slide_width\":\"300\",\"ytube_slide_height\":\"440\",\"ytube_border_size\":\"5\",\"ytube_border_color\":\"#9b9b9b\",\"linkedin_s_enable\":\"1\",\"linkedin_direction\":\"2\",\"linkedin_top_margin\":\"310\",\"linkedin_public_profile\":\"http:\\/\\/in.linkedin.com\\/in\\/pulseinfotech\",\"linkedin_public_profile_enable\":\"1\",\"linkedin_company_profile\":\"http:\\/\\/www.linkedin.com\\/company\\/1441\",\"linkedin_company_profile_enable\":\"1\",\"linkedin_slide_width\":\"300\",\"linkedin_slide_height\":\"440\",\"linkedin_border_size\":\"5\",\"linkedin_border_color\":\"#007fb1\"}','','',0,'0000-00-00 00:00:00',0,0),(10016,'System - Google Maps','plugin','plugin_googlemap3','system',0,1,1,0,'{\"legacy\":false,\"name\":\"System - Google Maps\",\"type\":\"plugin\",\"creationDate\":\"July 2013\",\"author\":\"Mike Reumer\",\"copyright\":\"(C) 2013 Reumer\",\"authorEmail\":\"tech@reumer.net\",\"authorUrl\":\"tech.reumer.net\",\"version\":\"3.1\",\"description\":\"PLUGIN_GOOGLE_MAP3_INSTALLATION\",\"group\":\"\"}','{\"publ\":\"\",\"debug\":\"0\",\"plugincode\":\"mosmap\",\"brackets\":\"{\",\"Google_API_version\":\"3.x\",\"visualrefresh\":\"0\",\"show\":\"1\",\"mapclass\":\"\",\"mapcss\":\"\\/* For img in the map remove borders, shadow, no margin and no max-width\\r*\\/\\r.map img, .svPanel img {\\r    border: 0px;\\r    box-shadow: none;\\r    margin: 0px !important;\\r    padding: 0px !important;\\r    max-width: none !important;\\r    background: none !important;\\r}\\r\\r\\/* Make sure the directions are below the map\\r*\\/\\r.directions {\\r    clear: left;\\r}\\r\\r.adp-directions {\\r    width: 100%;\\r}\\r\\r\\/* Solve problems in chrome with the show of the direction steps in full width\\r*\\/\\r.adp-placemark {\\r    width : 100%;\\r}\\r\\r\\/* Padding for image overlay\\r*\\/\\r.controlDiv {\\r    padding : 5px;\\r}\\r\",\"loadmootools\":\"1\",\"timeinterval\":\"500\",\"Google_API_key\":\"\",\"Google_Multi_API_key\":\"\",\"urlsetting\":\"http_host\",\"googlewebsite\":\"maps.google.com\",\"styledmap\":\"\",\"align\":\"center\",\"langtype\":\"site\",\"lang\":\"\",\"width\":\"500\",\"height\":\"400\",\"effect\":\"none\",\"lat\":\"52.075581\",\"lon\":\"4.541513\",\"centerlat\":\"\",\"centerlon\":\"\",\"address\":\"\",\"latitudeid\":\"\",\"latitudedesc\":\"1\",\"latitudecoord\":\"0\",\"latitudeform\":\"0\",\"controltype\":\"UI\",\"zoomType\":\"3D-large\",\"svcontrol\":\"1\",\"returncontrol\":\"1\",\"zoom\":\"10\",\"corzoom\":\"0\",\"minzoom\":\"0\",\"maxzoom\":\"19\",\"rotation\":\"1\",\"zoomnew\":\"0\",\"zoomWheel\":\"0\",\"keyboard\":\"0\",\"mapType\":\"Normal\",\"showmaptype\":\"1\",\"showNormalMaptype\":\"1\",\"showSatelliteMaptype\":\"1\",\"showHybridMaptype\":\"1\",\"showTerrainMaptype\":\"1\",\"showEarthMaptype\":\"1\",\"showscale\":\"0\",\"overview\":\"0\",\"dragging\":\"1\",\"marker\":\"1\",\"icon\":\"\",\"iconwidth\":\"\",\"iconheight\":\"\",\"iconanchorx\":\"\",\"iconanchory\":\"\",\"iconshadow\":\"\",\"iconshadowwidth\":\"\",\"iconshadowheight\":\"\",\"iconimagemap\":\"\",\"traffic\":\"0\",\"transit\":\"0\",\"bicycle\":\"0\",\"panoramio\":\"0\",\"pano_userid\":\"\",\"pano_tag\":\"\",\"weather\":\"0\",\"weathercloud\":\"0\",\"weatherinfo\":\"1\",\"weathertempunit\":\"celsius\",\"weatherwindunit\":\"km\",\"dir\":\"0\",\"dirtype\":\"D\",\"formdirtype\":\"1\",\"avoidhighways\":\"0\",\"avoidtoll\":\"0\",\"diroptimize\":\"0\",\"diralternatives\":\"0\",\"showdir\":\"1\",\"animdir\":\"0\",\"animspeed\":\"1\",\"animautostart\":\"0\",\"animunit\":\"kilometers\",\"formspeed\":\"0\",\"formaddress\":\"0\",\"formdir\":\"0\",\"autocompl\":\"both\",\"langanim\":\"en;The requested panorama could not be displayed|Could not generate a route for the current start and end addresses|Street View coverage is not available for this route|You have reached your destination|miles|miles|ft|kilometers|kilometer|meters|In|You will reach your destination|Stop|Drive|Press Drive to follow your route|Route|Speed|Fast|Medium|Slow\",\"txtdir\":\"Directions: \",\"txtgetdir\":\"Get Directions\",\"txtfrom\":\"From here\",\"txtto\":\"To here\",\"txtdiraddr\":\"Address: \",\"txt_driving\":\"\",\"txt_avhighways\":\"\",\"txt_avtoll\":\"\",\"txt_walking\":\"\",\"txt_bicycle\":\"\",\"txt_transit\":\"\",\"txt_optimize\":\"\",\"txt_alternatives\":\"\",\"inputsize\":\"25\",\"dirdefault\":\"0\",\"gotoaddr\":\"0\",\"gotoaddrzoom\":\"0\",\"txtaddr\":\"Address: ##\",\"erraddr\":\"Address ## not found!\",\"txtgotoaddr\":\"Goto\",\"clientgeotype\":\"google\",\"lightbox\":\"0\",\"txtlightbox\":\"Open lightbox\",\"lbxcaption\":\"\",\"lbxwidth\":\"500\",\"lbxheight\":\"700\",\"lbxcenterlat\":\"\",\"lbxcenterlon\":\"\",\"lbxzoom\":\"\",\"sv\":\"none\",\"svwidth\":\"100%\",\"svheight\":\"300\",\"svyaw\":\"0\",\"svpitch\":\"0\",\"svzoom\":\"\",\"svautorotate\":\"0\",\"svaddress\":\"1\",\"earthtimeout\":\"300\",\"earthborders\":\"1\",\"earthbuildings\":\"0\",\"earthroads\":\"0\",\"earthterrain\":\"0\",\"kmlrenderer\":\"google\",\"kmlsidebar\":\"none\",\"kmlsbwidth\":\"200\",\"kmlfoldersopen\":\"0\",\"kmlhide\":\"0\",\"kmlscale\":\"0\",\"kmlopenmethod\":\"click\",\"kmlsbsort\":\"none\",\"kmllightbox\":\"0\",\"kmlmessshow\":\"0\",\"kmlclickablemarkers\":\"1\",\"kmlzoommarkers\":\"0\",\"kmlopendivmarkers\":\"\",\"kmlcontentlinkmarkers\":\"0\",\"kmllinkablemarkers\":\"0\",\"kmllinktarget\":\"_self\",\"kmllinkmethod\":\"dblclick\",\"kmlhighlite\":\"{ \'color\': \'#aaffff\', \'opacity\': 0.3,  \'textcolor\': \'#000000\' }\",\"kmlmarkerlabel\":\"100\",\"kmlmarkerlabelclass\":\"\",\"kmlpolylabel\":\"100\",\"kmlpolylabelclass\":\"\",\"proxy\":\"1\",\"txtsrchnrby\":\"Search nearby\",\"txtzoomhere\":\"Zoom Here\",\"txtaddrstart\":\"Start address:\",\"txtkmlgetdir\":\"Go\",\"txtback\":\"\\u00ab Back\",\"txtsearchnearby\":\"Search nearby: e.g. pizza\",\"txtsearch\":\"Go\",\"maxcluster\":\"\",\"clustericonurl\":\"\\/media\\/plugin_googlemap3\\/site\\/geoxmlv3\\/images\\/m\",\"gridsize\":\"\",\"minmarkerscluster\":\"\",\"maxlinesinfocluster\":\"\",\"clusterinfowindow\":\"click\",\"clusterzoom\":\"dblclick\",\"clustermarkerzoom\":\"16\",\"txtzoomin\":\"Zoom in to show more\",\"txtclustercount1\":\"...and\",\"txtclustercount2\":\"more\",\"tilelayer\":\"\",\"tilemethod\":\"\",\"tileopacity\":\"1\",\"tilebounds\":\"\",\"tileminzoom\":\"0\",\"tilemaxzoom\":\"19\",\"imageurl\":\"\",\"imageposition\":\"RIGHT_TOP\",\"imageindex\":\"1\",\"imagewidth\":\"\",\"imageheight\":\"\",\"twittername\":\"\",\"twittertweets\":\"15\",\"twittericon\":\"\\/media\\/plugin_googlemap3\\/site\\/Twitter\\/twitter_map_icon.png\",\"twitterline\":\"#ff0000ff\",\"twitterlinewidth\":\"4\",\"twitterstartloc\":\"0,0,0\",\"twitterconsumerkey\":\"\",\"twitterconsumersecret\":\"\",\"twitteraccesstoken\":\"\",\"twitteraccesstokensecret\":\"\"}','','',0,'0000-00-00 00:00:00',0,0),(10017,'MOD_ITPFBLIKEBOX','module','mod_itpfblikebox','',0,1,0,0,'{\"legacy\":false,\"name\":\"MOD_ITPFBLIKEBOX\",\"type\":\"module\",\"creationDate\":\"18 July, 2013\",\"author\":\"Todor Iliev\",\"copyright\":\"Copyright (C) 2010 Todor Iliev ( ITPrism.com )\",\"authorEmail\":\"todor@itprism.com\",\"authorUrl\":\"http:\\/\\/itprism.com\",\"version\":\"1.9\",\"description\":\"MOD_ITPFBLIKEBOX_DESC\",\"group\":\"\"}','{\"fbPageLink\":\"\",\"fbRendering\":\"2\",\"fbWidth\":\"250\",\"fbHeight\":\"827\",\"fbColour\":\"light\",\"fbBorder\":\"1\",\"fbFaces\":\"1\",\"fbStream\":\"1\",\"fbHeader\":\"1\",\"fbDynamicLocale\":\"1\",\"fbLocale\":\"en_US\",\"facebookLikeAppId\":\"\",\"fbLoadJsLib\":\"1\",\"facebookRootDiv\":\"1\",\"facebookForceWall\":\"0\",\"facebookResponsive\":\"0\",\"cache\":\"1\",\"cache_time\":\"900\",\"cachemode\":\"static\"}','','',0,'0000-00-00 00:00:00',0,0),(10018,'ARI Image Slider','module','mod_ariimageslider','',0,1,0,0,'{\"legacy\":false,\"name\":\"ARI Image Slider\",\"type\":\"module\",\"creationDate\":\"August 2013\",\"author\":\"ARI Soft\",\"copyright\":\"ARI Soft\",\"authorEmail\":\"info@ari-soft.com\",\"authorUrl\":\"www.ari-soft.com\",\"version\":\"2.1.5\",\"description\":\"ARI_IMAGE_SLIDER_MODULE\",\"group\":\"\"}','{}','','',0,'0000-00-00 00:00:00',0,0);

--
-- Table structure for table `fred7_finder_filters`
--

CREATE TABLE `fred7_finder_filters` (
  `filter_id` int(10) unsigned NOT NULL AUTO_INCREMENT,
  `title` varchar(255) NOT NULL,
  `alias` varchar(255) NOT NULL,
  `state` tinyint(1) NOT NULL DEFAULT '1',
  `created` datetime NOT NULL DEFAULT '0000-00-00 00:00:00',
  `created_by` int(10) unsigned NOT NULL,
  `created_by_alias` varchar(255) NOT NULL,
  `modified` datetime NOT NULL DEFAULT '0000-00-00 00:00:00',
  `modified_by` int(10) unsigned NOT NULL DEFAULT '0',
  `checked_out` int(10) unsigned NOT NULL DEFAULT '0',
  `checked_out_time` datetime NOT NULL DEFAULT '0000-00-00 00:00:00',
  `map_count` int(10) unsigned NOT NULL DEFAULT '0',
  `data` text NOT NULL,
  `params` mediumtext,
  PRIMARY KEY (`filter_id`)
) ENGINE=InnoDB DEFAULT CHARSET=utf8;

--
-- Dumping data for table `fred7_finder_filters`
--


--
-- Table structure for table `fred7_finder_links`
--

CREATE TABLE `fred7_finder_links` (
  `link_id` int(10) unsigned NOT NULL AUTO_INCREMENT,
  `url` varchar(255) NOT NULL,
  `route` varchar(255) NOT NULL,
  `title` varchar(255) DEFAULT NULL,
  `description` varchar(255) DEFAULT NULL,
  `indexdate` datetime NOT NULL DEFAULT '0000-00-00 00:00:00',
  `md5sum` varchar(32) DEFAULT NULL,
  `published` tinyint(1) NOT NULL DEFAULT '1',
  `state` int(5) DEFAULT '1',
  `access` int(5) DEFAULT '0',
  `language` varchar(8) NOT NULL,
  `publish_start_date` datetime NOT NULL DEFAULT '0000-00-00 00:00:00',
  `publish_end_date` datetime NOT NULL DEFAULT '0000-00-00 00:00:00',
  `start_date` datetime NOT NULL DEFAULT '0000-00-00 00:00:00',
  `end_date` datetime NOT NULL DEFAULT '0000-00-00 00:00:00',
  `list_price` double unsigned NOT NULL DEFAULT '0',
  `sale_price` double unsigned NOT NULL DEFAULT '0',
  `type_id` int(11) NOT NULL,
  `object` mediumblob NOT NULL,
  PRIMARY KEY (`link_id`),
  KEY `idx_type` (`type_id`),
  KEY `idx_title` (`title`),
  KEY `idx_md5` (`md5sum`),
  KEY `idx_url` (`url`(75)),
  KEY `idx_published_list` (`published`,`state`,`access`,`publish_start_date`,`publish_end_date`,`list_price`),
  KEY `idx_published_sale` (`published`,`state`,`access`,`publish_start_date`,`publish_end_date`,`sale_price`)
) ENGINE=InnoDB AUTO_INCREMENT=22 DEFAULT CHARSET=utf8;

--
-- Dumping data for table `fred7_finder_links`
--

INSERT INTO `fred7_finder_links` VALUES (1,'index.php?option=com_content&view=article&id=1','index.php?option=com_content&view=article&id=1:2013-07-29-09-09-25&catid=8:2013-07-29-09-07-45&Itemid=103','ประวัติวิทยาลัย','วิทยาลัยนเทคโนโลยีหมู่บ้านครูภาคเหนือ จังหวัดลำพูน เป็นสถานศึกษาระดับอุดมศึกษาเอกชน สังกัดสำนักงานคณะกรรมการการศึกษาเอกชน(สช.) กระทรวงศึกษาธิการ โดยได้รับใบอนุญาตให้จัดตั้งขึ้นตามพระราชบัญญัติการศึกษา สถาบันอุดมศึกษาเอกชน เมื่อวันที่ 25 มกราคม 2528 ตั้งอย','2013-09-08 16:24:52','23c55398ca455b142792532b995afa80',1,1,1,'*','2013-07-29 09:09:00','0000-00-00 00:00:00','2013-07-29 09:09:00','0000-00-00 00:00:00',0,0,3,'O:19:\"FinderIndexerResult\":18:{s:11:\"\0*\0elements\";a:24:{s:2:\"id\";s:1:\"1\";s:5:\"alias\";s:19:\"2013-07-29-09-09-25\";s:7:\"summary\";s:12923:\"<p>วิทยาลัยนเทคโนโลยีหมู่บ้านครูภาคเหนือ จังหวัดลำพูน เป็นสถานศึกษาระดับอุดมศึกษาเอกชน สังกัดสำนักงานคณะกรรมการการศึกษาเอกชน(สช.) กระทรวงศึกษาธิการ โดยได้รับใบอนุญาตให้จัดตั้งขึ้นตามพระราชบัญญัติการศึกษา สถาบันอุดมศึกษาเอกชน เมื่อวันที่ 25 มกราคม 2528 ตั้งอยู่เลขที่ 197 หมู่ 8 ตำบลบ้านธิ อำเภอบ้านธิ จังหวัดลำพูน บนเนื้อที่ประมาณ 291 ไร่ มีความเป็นมาโดยสังเขปดังนี้</p>\r\n<p>- ปีการศึกษา 2528 โรงเรียนฯ ขยายหลักสูตรเพิ่ม โดยเปิดสอนหลักสูตรช่าง อุตสาหกรรม ระดับประกาศนียบัตรวิชาชีพ 4 สาขาวิชา คือ สาขาวิชาช่างยนต์ สาขาวิชาช่างไฟฟ้ากำลัง สาขาวิชาช่างเชื่อมโลหะแผ่นและสาขาวิชาช่างก่อสร้าง</p>\r\n<p>- ปีการศึกษา 2529 เปิดหลักสูตรเพิ่มในระดับประกาศนียบัตรวิชาชีพชั้นสูง (ปวส.) ประเภทวิชาเกษตรกรรม สาขาวิชาเกษตรกรรม<br /> - ปีการศึกษา 2530 เปิดหลักสูตรเพิ่มในระดับประกาศนียบัตรวิชาชีพ (ปวช.)สาขาวิชาช่างอิเล็กทรอนิกส์ สาขาวิชาพณิชยการและประกาศนียบัตรวิชาชีพเทคนิค สาขาวิชาเลขานุการ <br /> - ปีการศึกษา 2531 เปิดหลักสูตรเพิ่มในระดับประกาศนียบัตรวิชาชีพเทคนิค สาขาวิชาบริหารธุรกิจ สาขาวิชาเทคนิควิศวกรรมโยธา สาขาวิชาเทคนิควิศวกรรมไฟฟ้า และหลักสูตรประกาศนียบัตรวิชาชีพ (ปวช.) สาขาวิชาอุตสาหกรรมการท่องเที่ยว <br /> - ปีการศึกษา 2533 เปิดหลักสูตรเพิ่มในระดับประกาศนียบัตรวิชาชีพชั้นสูง (ปวส.) สาขาวิชาช่างยนต์ สาขาวิชาช่างไฟฟ้ากำลังและสาขาวิชาคอมพิวเตอร์ธุรกิจ<br /> - ปีการศึกษา 2534 เปิดหลักสูตรเพิ่มในระดับประกาศนียบัตรวิชาชีพเทคนิค สาขาวิชาวิศวกรรมอิเล็กทรอนิกส์ และหลักสูตรประกาศนียบัตรวิชาชีพชั้นสูง (ปวส.) สาขาวิชาการบัญชี สาขาวิชาอิเล็กทรอนิกส์และสาขาวิชาช่างก่อสร้าง <br /> - ปีการศึกษา 2535 เปิดหลักสูตรเพิ่มในระดับประกาศนียบัตรวิชาชีพ (ปวช.) สาขาวิชาช่างกลโรงงาน และเปลี่ยนหลักสูตรจากเดิมใช้หลักสูตรประกาศนียบัตรวิชาชีพ (ปวช.) พุทธ-ศักราช 2524 กรมอาชีวศึกษา มาใช้หลักสูตรประกาศนียบัตรวิชาชีพ (ปวช.) พุทธศักราช 2530 ของกรมอาชีวศึกษา<br /> - ปีการศึกษา 2539 เปิดสอนหลักสูตรประกาศนียบัตรวิชาชีพชั้นสูง ( ปวส. ) ประเภทวิชาช่างอุตสาหกรรม สาขาวิชาเทคนิคอุตสาหกรรม และใช้หลักสูตรประกาศนียบัตรวิชาชีพชั้นสูง (ปวส.) พุทธศักราช 2540 ของกรมอาชีวศึกษา <br /> - ปีการศึกษา 2539 ได้มีการเปลี่ยนแปลงหลักสูตรประกาศนียบัตรวิชาชีพ (ปวช.) พุทธศักราช 2530 (ปรับปรุง ครั้งที่ 1 พ.ศ. 2533) มาใช้หลักสูตรประกาศนียบัตรวิชาชีพ (ปวช.) พุทธศักราช 2538 และได้เพิ่มสาขาวิชาเทคนิคอุตสาหกรรม ในระดับประกาศนียบัตรวิชาชีพชั้นสูง (ปวส.) <br /> - ปีการศึกษา 2539 วิทยาลัยเทคโนโลยีหมู่บ้านครูภาคเหนือ ได้รับโล่โรงเรียน จริยธรรมดีเด่น จากนายสุรัฐ ศิลปอนันต์ ปลัดกระทรวงศึกษาธิการ</p>\r\n<p>- ปีการศึกษา 2540 ได้มีการเปลี่ยนแปลงหลักสูตรประกาศนียบัตร วิชาชีพชั้นสูง (ปวส.) พุทธศักราช 2536 มาใช้หลักสูตรประกาศนียบัตรวิชาชีพชั้นสูง (ปวส.) พุทธศักราช 2540 โดยแบ่งเป็น 2 หลักสูตร คือ หลักสูตรประกาศนียบัตรวิชาชีพชั้นสูง (ปวส.) พุทธศักราช 2540 รับผู้จบระดับประกาศนียบัตรวิชาชีพ (ปวช.) (หลักสูตร 2 ปี) และหลักสูตรประกาศนียบัตรวิชาชีพชั้นสูง ( ปวส.) พุทธศักราช 2540 รับผู้จบมัธยมศึกษาตอนปลาย (ม.6) หรือเทียบเท่า ( หลักสูตร 3 ปี )โดยทั้ง 2 หลักสูตร เปิดทั้งช่างอุตสาหกรรมและบริหารธุรกิจ <br /> - ปีการศึกษา 2542 วิทยาลัยเทคโนโลยีหมู่บ้านครูภาคเหนือ ได้รับการรับรองมาตรฐานคุณภาพการศึกษา หลักสูตรประกาศนียบัตรวิชาชีพ (ปวช.) สาขาวิชาช่างยนต์ ช่างไฟฟ้ากำลัง ช่างอิเล็กทรอนิกส์ ช่างกลโรงงาน ช่างก่อสร้าง ช่างสำรวจ พาณิชยกรรม หลักสูตรประกาศนียบัตรวิชาชีพชั้นสูง (ปวส.) สาขาวิชาช่างยนต์ ช่างไฟฟ้ากำลัง ช่างอิเล็กทรอนิกส์ ช่างเทคนิคอุตสาหกรรม ช่างก่อสร้าง การบัญชีและคอมพิวเตอร์ธุรกิจ จากสำนักงานคณะกรรมการการศึกษาเอกชน กระทรวงศึกษาธิการและได้รับโล่พร้อมเกียรติบัตรโรงเรียนสีขาว จากนายสมศักดิ์ ปริศนานันทกุล รัฐมนตรีช่วยว่าการกระทรวงศึกษาธิการ<br /> - ปีการศึกษา 2543 วิทยาลัยเทคโนโลยีหมู่บ้านครูภาคเหนือ ได้รับโล่สถานศึกษาดีเด่นในการร่วมใจสู้ภัยเศรษฐกิจ ระดับจังหวัด จากนายสมศักดิ์ ปริศนานันทกุล รัฐมนตรีว่าการกระทรวงศึกษาธิการ <br /> - ปีการศึกษา 2545 วิทยาลัยเทคโนโลยีหมู่บ้านครูภาคเหนือ จังหวัดลำพูน ได้มีการเปลี่ยนแปลงหลักสูตรประกาศนียบัตรวิชาชีพ (ปวช.) พุทธศักราช 2538 มาใช้หลักสูตรประกาศนียบัตรวิชาชีพ (ปวช.) พุทธศักราช 2545 ปรับเปลี่ยนโครงสร้างรายวิชาในหมวดวิชาเลือก เพื่อให้มีความเหมาะสมกับความต้องการของตลาดแรงงานและโรงเรียนฯ ได้เปลี่ยนผู้บริหารระดับผู้อำนวยการจากเดิม อาจารย์ปรีชา คงศรี เป็นอาจารย์ปรีดา ดีรัศมี<br /> - ปีการศึกษา 2546 วิทยาลัยเทคโนโลยีหมู่บ้านครู ภาคเหนือ จังหวัดลำพูน ได้สร้างพระธาตุเจดีย์พุทธบารมีศรีวิชัย พร้อมทำบุญยกยอดฉัตรในวันที่ 29 มกราคม 2546 ณ ธรรมสถานลานโพธิ์ และวางศิลาฤกษ์อาคารเรียนหลังใหม่ โดยสมเด็จพระพุฒาจารย์ ( เกี่ยว อุปเสโณ ) เจ้าคณะใหญ่หนตะวันออก ได้เสด็จมาเป็นประธานพิธ<br /> - ปีการศึกษา 2547 รับรางวัลพระราชทานเสาเสมาธรรมจักร จากสมเด็จพระเทพรัตนราชสุดาสยามบรมราชกุมารี และผ่านการประเมคุณภาพภายนอก จากสำนักงานรับรองมาตรฐานและประเมินคุณภาพสถานศึกษา (องค์การมหาชน) (สมศ.) <br /> - ปีการศึกษา 2549 เปิดสอน ระดับ ประกาศนียบัตรวิชาชีพ (ปวช.) สาขาวิชาคอมพิวเตอร์ธุรกิจ<br /> - ปีการศึกษา 2550 ดร. พันธุ์นิภา แย้มชุติ ผู้จัดการรับพระราชทานรางวัลเสาเสมาธรรมจักร จากสมเด็จพระเทพรัตนราชสุดาสยามบรมราชกุมารี ประเภทผู้ประกอบอาชีพที่มีคุณธรรมและส่งเสริมพระพุทธศาสนา</p>\";s:4:\"body\";s:0:\"\";s:5:\"catid\";s:1:\"8\";s:10:\"created_by\";s:3:\"434\";s:16:\"created_by_alias\";s:0:\"\";s:8:\"modified\";s:19:\"2013-09-08 09:24:52\";s:11:\"modified_by\";s:3:\"434\";s:6:\"params\";O:9:\"JRegistry\":1:{s:7:\"\0*\0data\";O:8:\"stdClass\":66:{s:14:\"article_layout\";s:9:\"_:default\";s:10:\"show_title\";s:1:\"1\";s:11:\"link_titles\";s:1:\"1\";s:10:\"show_intro\";s:1:\"1\";s:13:\"show_category\";s:1:\"1\";s:13:\"link_category\";s:1:\"1\";s:20:\"show_parent_category\";s:1:\"0\";s:20:\"link_parent_category\";s:1:\"0\";s:11:\"show_author\";s:1:\"1\";s:11:\"link_author\";s:1:\"0\";s:16:\"show_create_date\";s:1:\"0\";s:16:\"show_modify_date\";s:1:\"0\";s:17:\"show_publish_date\";s:1:\"1\";s:20:\"show_item_navigation\";s:1:\"1\";s:9:\"show_vote\";s:1:\"0\";s:13:\"show_readmore\";s:1:\"1\";s:19:\"show_readmore_title\";s:1:\"1\";s:14:\"readmore_limit\";s:3:\"100\";s:10:\"show_icons\";s:1:\"1\";s:15:\"show_print_icon\";s:1:\"1\";s:15:\"show_email_icon\";s:1:\"1\";s:9:\"show_hits\";s:1:\"1\";s:11:\"show_noauth\";s:1:\"0\";s:23:\"show_publishing_options\";s:1:\"1\";s:20:\"show_article_options\";s:1:\"1\";s:25:\"show_urls_images_frontend\";s:1:\"0\";s:24:\"show_urls_images_backend\";s:1:\"1\";s:7:\"targeta\";i:0;s:7:\"targetb\";i:0;s:7:\"targetc\";i:0;s:11:\"float_intro\";s:4:\"left\";s:14:\"float_fulltext\";s:4:\"left\";s:15:\"category_layout\";s:6:\"_:blog\";s:19:\"show_category_title\";s:1:\"0\";s:16:\"show_description\";s:1:\"0\";s:22:\"show_description_image\";s:1:\"0\";s:8:\"maxLevel\";s:1:\"1\";s:21:\"show_empty_categories\";s:1:\"0\";s:16:\"show_no_articles\";s:1:\"1\";s:16:\"show_subcat_desc\";s:1:\"1\";s:21:\"show_cat_num_articles\";s:1:\"0\";s:21:\"show_base_description\";s:1:\"1\";s:11:\"maxLevelcat\";s:2:\"-1\";s:25:\"show_empty_categories_cat\";s:1:\"0\";s:20:\"show_subcat_desc_cat\";s:1:\"1\";s:25:\"show_cat_num_articles_cat\";s:1:\"1\";s:20:\"num_leading_articles\";s:1:\"1\";s:18:\"num_intro_articles\";s:1:\"4\";s:11:\"num_columns\";s:1:\"2\";s:9:\"num_links\";s:1:\"4\";s:18:\"multi_column_order\";s:1:\"0\";s:24:\"show_subcategory_content\";s:1:\"0\";s:21:\"show_pagination_limit\";s:1:\"1\";s:12:\"filter_field\";s:4:\"hide\";s:13:\"show_headings\";s:1:\"1\";s:14:\"list_show_date\";s:1:\"0\";s:11:\"date_format\";s:0:\"\";s:14:\"list_show_hits\";s:1:\"1\";s:16:\"list_show_author\";s:1:\"1\";s:11:\"orderby_pri\";s:5:\"order\";s:11:\"orderby_sec\";s:5:\"rdate\";s:10:\"order_date\";s:9:\"published\";s:15:\"show_pagination\";s:1:\"2\";s:23:\"show_pagination_results\";s:1:\"1\";s:14:\"show_feed_link\";s:1:\"1\";s:12:\"feed_summary\";s:1:\"0\";}}s:7:\"metakey\";s:0:\"\";s:8:\"metadesc\";s:0:\"\";s:8:\"metadata\";O:9:\"JRegistry\":1:{s:7:\"\0*\0data\";O:8:\"stdClass\":4:{s:6:\"robots\";s:0:\"\";s:6:\"author\";s:0:\"\";s:6:\"rights\";s:0:\"\";s:10:\"xreference\";s:0:\"\";}}s:7:\"version\";s:1:\"6\";s:8:\"ordering\";s:1:\"0\";s:8:\"category\";s:51:\"เกี่ยวกับวิทยาลัย\";s:9:\"cat_state\";s:1:\"1\";s:10:\"cat_access\";s:1:\"1\";s:4:\"slug\";s:21:\"1:2013-07-29-09-09-25\";s:7:\"catslug\";s:21:\"8:2013-07-29-09-07-45\";s:6:\"author\";s:10:\"Super User\";s:6:\"layout\";s:7:\"article\";s:4:\"path\";s:93:\"index.php/2013-07-29-09-12-27/2013-07-29-10-50-42/8-2013-07-29-09-07-45/1-2013-07-29-09-09-25\";s:10:\"metaauthor\";N;}s:15:\"\0*\0instructions\";a:5:{i:1;a:3:{i:0;s:5:\"title\";i:1;s:8:\"subtitle\";i:2;s:2:\"id\";}i:2;a:2:{i:0;s:7:\"summary\";i:1;s:4:\"body\";}i:3;a:8:{i:0;s:4:\"meta\";i:1;s:10:\"list_price\";i:2;s:10:\"sale_price\";i:3;s:7:\"metakey\";i:4;s:8:\"metadesc\";i:5;s:10:\"metaauthor\";i:6;s:6:\"author\";i:7;s:16:\"created_by_alias\";}i:4;a:2:{i:0;s:4:\"path\";i:1;s:5:\"alias\";}i:5;a:1:{i:0;s:8:\"comments\";}}s:11:\"\0*\0taxonomy\";a:4:{s:4:\"Type\";a:1:{s:7:\"Article\";O:7:\"JObject\":4:{s:10:\"\0*\0_errors\";a:0:{}s:5:\"title\";s:7:\"Article\";s:5:\"state\";i:1;s:6:\"access\";i:1;}}s:6:\"Author\";a:1:{s:10:\"Super User\";O:7:\"JObject\":4:{s:10:\"\0*\0_errors\";a:0:{}s:5:\"title\";s:10:\"Super User\";s:5:\"state\";i:1;s:6:\"access\";i:1;}}s:8:\"Category\";a:1:{s:51:\"เกี่ยวกับวิทยาลัย\";O:7:\"JObject\":4:{s:10:\"\0*\0_errors\";a:0:{}s:5:\"title\";s:51:\"เกี่ยวกับวิทยาลัย\";s:5:\"state\";i:1;s:6:\"access\";i:1;}}s:8:\"Language\";a:1:{s:1:\"*\";O:7:\"JObject\":4:{s:10:\"\0*\0_errors\";a:0:{}s:5:\"title\";s:1:\"*\";s:5:\"state\";i:1;s:6:\"access\";i:1;}}}s:3:\"url\";s:46:\"index.php?option=com_content&view=article&id=1\";s:5:\"route\";s:105:\"index.php?option=com_content&view=article&id=1:2013-07-29-09-09-25&catid=8:2013-07-29-09-07-45&Itemid=103\";s:5:\"title\";s:45:\"ประวัติวิทยาลัย\";s:11:\"description\";s:12791:\"วิทยาลัยนเทคโนโลยีหมู่บ้านครูภาคเหนือ จังหวัดลำพูน เป็นสถานศึกษาระดับอุดมศึกษาเอกชน สังกัดสำนักงานคณะกรรมการการศึกษาเอกชน(สช.) กระทรวงศึกษาธิการ โดยได้รับใบอนุญาตให้จัดตั้งขึ้นตามพระราชบัญญัติการศึกษา สถาบันอุดมศึกษาเอกชน เมื่อวันที่ 25 มกราคม 2528 ตั้งอยู่เลขที่ 197 หมู่ 8 ตำบลบ้านธิ อำเภอบ้านธิ จังหวัดลำพูน บนเนื้อที่ประมาณ 291 ไร่ มีความเป็นมาโดยสังเขปดังนี้ - ปีการศึกษา 2528 โรงเรียนฯ ขยายหลักสูตรเพิ่ม โดยเปิดสอนหลักสูตรช่าง อุตสาหกรรม ระดับประกาศนียบัตรวิชาชีพ 4 สาขาวิชา คือ สาขาวิชาช่างยนต์ สาขาวิชาช่างไฟฟ้ากำลัง สาขาวิชาช่างเชื่อมโลหะแผ่นและสาขาวิชาช่างก่อสร้าง - ปีการศึกษา 2529 เปิดหลักสูตรเพิ่มในระดับประกาศนียบัตรวิชาชีพชั้นสูง (ปวส.) ประเภทวิชาเกษตรกรรม สาขาวิชาเกษตรกรรม - ปีการศึกษา 2530เปิดหลักสูตรเพิ่มในระดับประกาศนียบัตรวิชาชีพ (ปวช.)สาขาวิชาช่างอิเล็กทรอนิกส์ สาขาวิชาพณิชยการและประกาศนียบัตรวิชาชีพเทคนิค สาขาวิชาเลขานุการ - ปีการศึกษา 2531 เปิดหลักสูตรเพิ่มในระดับประกาศนียบัตรวิชาชีพเทคนิค สาขาวิชาบริหารธุรกิจ สาขาวิชาเทคนิควิศวกรรมโยธา สาขาวิชาเทคนิควิศวกรรมไฟฟ้า และหลักสูตรประกาศนียบัตรวิชาชีพ (ปวช.) สาขาวิชาอุตสาหกรรมการท่องเที่ยว - ปีการศึกษา 2533 เปิดหลักสูตรเพิ่มในระดับประกาศนียบัตรวิชาชีพชั้นสูง (ปวส.) สาขาวิชาช่างยนต์ สาขาวิชาช่างไฟฟ้ากำลังและสาขาวิชาคอมพิวเตอร์ธุรกิจ - ปีการศึกษา 2534 เปิดหลักสูตรเพิ่มในระดับประกาศนียบัตรวิชาชีพเทคนิค สาขาวิชาวิศวกรรมอิเล็กทรอนิกส์ และหลักสูตรประกาศนียบัตรวิชาชีพชั้นสูง (ปวส.) สาขาวิชาการบัญชี สาขาวิชาอิเล็กทรอนิกส์และสาขาวิชาช่างก่อสร้าง/> - ปีการศึกษา 2535 เปิดหลักสูตรเพิ่มในระดับประกาศนียบัตรวิชาชีพ (ปวช.) สาขาวิชาช่างกลโรงงาน และเปลี่ยนหลักสูตรจากเดิมใช้หลักสูตรประกาศนียบัตรวิชาชีพ (ปวช.) พุทธ-ศักราช 2524 กรมอาชีวศึกษา มาใช้หลักสูตรประกาศนียบัตรวิชาชีพ (ปวช.) พุทธศักราช 2530 ของกรมอาชีวศึกษา - ปีการศึกษา 2539 เปิดสอนหลักสูตรประกาศนียบัตรวิชาชีพชั้นสูง ( ปวส. ) ประเภทวิชาช่างอุตสาหกรรม สาขาวิชาเทคนิคอุตสาหกรรม และใช้หลักสูตรประกาศนียบัตรวิชาชีพชั้นสูง (ปวส.) พุทธศักราช 2540 ของกรมอาชีวศึกษา - ปีการศึกษา 2539 ได้มีการเปลี่ยนแปลงหลักสูตรประกาศนียบัตรวิชาชีพ (ปวช.) พุทธศักราช 2530 (ปรับปรุง ครั้งที่ 1 พ.ศ. 2533) มาใช้หลักสูตรประกาศนียบัตรวิชาชีพ (ปวช.) พุทธศักราช 2538 และได้เพิ่มสาขาวิชาเทคนิคอุตสาหกรรม ในระดับประกาศนียบัตรวิชาชีพชั้นสูง (ปวส.) - ปีการศึกษา 2539วิทยาลัยเทคโนโลยีหมู่บ้านครูภาคเหนือ ได้รับโล่โรงเรียน จริยธรรมดีเด่น จากนายสุรัฐ ศิลปอนันต์ ปลัดกระทรวงศึกษาธิการ - ปีการศึกษา 2540 ได้มีการเปลี่ยนแปลงหลักสูตรประกาศนียบัตร วิชาชีพชั้นสูง (ปวส.) พุทธศักราช 2536 มาใช้หลักสูตรประกาศนียบัตรวิชาชีพชั้นสูง (ปวส.) พุทธศักราช 2540 โดยแบ่งเป็น 2 หลักสูตร คือ หลักสูตรประกาศนียบัตรวิชาชีพชั้นสูง (ปวส.) พุทธศักราช 2540 รับผู้จบระดับประกาศนียบัตรวิชาชีพ (ปวช.) (หลักสูตร 2 ปี) และหลักสูตรประกาศนียบัตรวิชาชีพชั้นสูง ( ปวส.) พุทธศักราช 2540 รับผู้จบมัธยมศึกษาตอนปลาย (ม.6) หรือเทียบเท่า ( หลักสูตร 3 ปี )โดยทั้ง 2 หลักสูตร เปิดทั้งช่างอุตสาหกรรมและบริหารธุรกิจ - ปีการศึกษา 2542 วิทยาลัยเทคโนโลยีหมู่บ้านครูภาคเหนือ ได้รับการรับรองมาตรฐานคุณภาพการศึกษา หลักสูตรประกาศนียบัตรวิชาชีพ (ปวช.) สาขาวิชาช่างยนต์ช่างไฟฟ้ากำลัง ช่างอิเล็กทรอนิกส์ ช่างกลโรงงาน ช่างก่อสร้าง ช่างสำรวจ พาณิชยกรรม หลักสูตรประกาศนียบัตรวิชาชีพชั้นสูง (ปวส.) สาขาวิชาช่างยนต์ ช่างไฟฟ้ากำลัง ช่างอิเล็กทรอนิกส์ ช่างเทคนิคอุตสาหกรรม ช่างก่อสร้าง การบัญชีและคอมพิวเตอร์ธุรกิจ จากสำนักงานคณะกรรมการการศึกษาเอกชน กระทรวงศึกษาธิการและได้รับโล่พร้อมเกียรติบัตรโรงเรียนสีขาว จากนายสมศักดิ์ ปริศนานันทกุล รัฐมนตรีช่วยว่าการกระทรวงศึกษาธิการ - ปีการศึกษา 2543 วิทยาลัยเทคโนโลยีหมู่บ้านครูภาคเหนือ ได้รับโล่สถานศึกษาดีเด่นในการร่วมใจสู้ภัยเศรษฐกิจ ระดับจังหวัด จากนายสมศักดิ์ ปริศนานันทกุล รัฐมนตรีว่าการกระทรวงศึกษาธิการ - ปีการศึกษา 2545 วิทยาลัยเทคโนโลยีหมู่บ้านครูภาคเหนือ จังหวัดลำพูน ได้มีการเปลี่ยนแปลงหลักสูตรประกาศนียบัตรวิชาชีพ (ปวช.) พุทธศักราช 2538มาใช้หลักสูตรประกาศนียบัตรวิชาชีพ (ปวช.) พุทธศักราช 2545 ปรับเปลี่ยนโครงสร้างรายวิชาในหมวดวิชาเลือก เพื่อให้มีความเหมาะสมกับความต้องการของตลาดแรงงานและโรงเรียนฯ ได้เปลี่ยนผู้บริหารระดับผู้อำนวยการจากเดิม อาจารย์ปรีชา คงศรี เป็นอาจารย์ปรีดา ดีรัศมี - ปีการศึกษา 2546 วิทยาลัยเทคโนโลยีหมู่บ้านครู ภาคเหนือ จังหวัดลำพูน ได้สร้างพระธาตุเจดีย์พุทธบารมีศรีวิชัย พร้อมทำบุญยกยอดฉัตรในวันที่ 29 มกราคม 2546 ณ ธรรมสถานลานโพธิ์ และวางศิลาฤกษ์อาคารเรียนหลังใหม่ โดยสมเด็จพระพุฒาจารย์ ( เกี่ยว อุปเสโณ ) เจ้าคณะใหญ่หนตะวันออก ได้เสด็จมาเป็นประธานพิธ - ปีการศึกษา 2547 รับรางวัลพระราชทานเสาเสมาธรรมจักร จากสมเด็จพระเทพรัตนราชสุดาสยามบรมราชกุมารี และผ่านการประเมคุณภาพภายนอก จากสำนักงานรับรองมาตรฐานและประเมินคุณภาพสถานศึกษา(องค์การมหาชน) (สมศ.) - ปีการศึกษา 2549 เปิดสอน ระดับ ประกาศนียบัตรวิชาชีพ (ปวช.) สาขาวิชาคอมพิวเตอร์ธุรกิจ - ปีการศึกษา 2550 ดร. พันธุ์นิภา แย้มชุติ ผู้จัดการรับพระราชทานรางวัลเสาเสมาธรรมจักร จากสมเด็จพระเทพรัตนราชสุดาสยามบรมราชกุมารี ประเภทผู้ประกอบอาชีพที่มีคุณธรรมและส่งเสริมพระพุทธศาสนา\";s:9:\"published\";N;s:5:\"state\";i:1;s:6:\"access\";s:1:\"1\";s:8:\"language\";s:1:\"*\";s:18:\"publish_start_date\";s:19:\"2013-07-29 09:09:00\";s:16:\"publish_end_date\";s:19:\"0000-00-00 00:00:00\";s:10:\"start_date\";s:19:\"2013-07-29 09:09:00\";s:8:\"end_date\";s:19:\"0000-00-00 00:00:00\";s:10:\"list_price\";N;s:10:\"sale_price\";N;s:7:\"type_id\";i:3;}'),(2,'index.php?option=com_content&view=article&id=2','index.php?option=com_content&view=article&id=2:2013-09-09-02-18-46&catid=8:2013-07-29-09-07-45&Itemid=115','ติดต่อเรา','วิทยาลัยเทคโนโลยีหมู่บ้านครูภาคเหนือ จังหวัดลำพูน 197 หมู่ 8 ต.บ้านธิ อ.บ้านธิ จ.ลำพูน 50180 โทร : 053- 558750 - 1 ,053 - 559297','2013-09-09 09:21:16','e1547dcbf1b754d22422c572956352c4',1,1,1,'*','2013-09-09 02:18:00','0000-00-00 00:00:00','2013-09-09 02:18:00','0000-00-00 00:00:00',0,0,3,'O:19:\"FinderIndexerResult\":18:{s:11:\"\0*\0elements\";a:24:{s:2:\"id\";s:1:\"2\";s:5:\"alias\";s:19:\"2013-09-09-02-18-46\";s:7:\"summary\";s:547:\"<p style=\"text-align: center;\"><span style=\"color: #800000; font-size: 18pt;\">วิทยาลัยเทคโนโลยีหมู่บ้านครูภาคเหนือ จังหวัดลำพูน</span></p>\r\n<p style=\"text-align: center;\"><span style=\"font-size: 14pt; color: #3366ff;\">197 หมู่ 8 ต.บ้านธิ อ.บ้านธิ จ.ลำพูน 50180</span></p>\r\n<p style=\"text-align: center;\"><span style=\"font-size: 14pt; color: #3366ff;\">โทร : 053- 558750 - 1 ,053 - 559297</span></p>\";s:4:\"body\";s:0:\"\";s:5:\"catid\";s:1:\"8\";s:10:\"created_by\";s:3:\"434\";s:16:\"created_by_alias\";s:0:\"\";s:8:\"modified\";s:19:\"2013-09-09 02:21:15\";s:11:\"modified_by\";s:3:\"434\";s:6:\"params\";O:9:\"JRegistry\":1:{s:7:\"\0*\0data\";O:8:\"stdClass\":66:{s:14:\"article_layout\";s:9:\"_:default\";s:10:\"show_title\";s:1:\"1\";s:11:\"link_titles\";s:1:\"1\";s:10:\"show_intro\";s:1:\"1\";s:13:\"show_category\";s:1:\"1\";s:13:\"link_category\";s:1:\"1\";s:20:\"show_parent_category\";s:1:\"0\";s:20:\"link_parent_category\";s:1:\"0\";s:11:\"show_author\";s:1:\"1\";s:11:\"link_author\";s:1:\"0\";s:16:\"show_create_date\";s:1:\"0\";s:16:\"show_modify_date\";s:1:\"0\";s:17:\"show_publish_date\";s:1:\"1\";s:20:\"show_item_navigation\";s:1:\"1\";s:9:\"show_vote\";s:1:\"0\";s:13:\"show_readmore\";s:1:\"1\";s:19:\"show_readmore_title\";s:1:\"1\";s:14:\"readmore_limit\";s:3:\"100\";s:10:\"show_icons\";s:1:\"1\";s:15:\"show_print_icon\";s:1:\"1\";s:15:\"show_email_icon\";s:1:\"1\";s:9:\"show_hits\";s:1:\"1\";s:11:\"show_noauth\";s:1:\"0\";s:23:\"show_publishing_options\";s:1:\"1\";s:20:\"show_article_options\";s:1:\"1\";s:25:\"show_urls_images_frontend\";s:1:\"0\";s:24:\"show_urls_images_backend\";s:1:\"1\";s:7:\"targeta\";i:0;s:7:\"targetb\";i:0;s:7:\"targetc\";i:0;s:11:\"float_intro\";s:4:\"left\";s:14:\"float_fulltext\";s:4:\"left\";s:15:\"category_layout\";s:6:\"_:blog\";s:19:\"show_category_title\";s:1:\"0\";s:16:\"show_description\";s:1:\"0\";s:22:\"show_description_image\";s:1:\"0\";s:8:\"maxLevel\";s:1:\"1\";s:21:\"show_empty_categories\";s:1:\"0\";s:16:\"show_no_articles\";s:1:\"1\";s:16:\"show_subcat_desc\";s:1:\"1\";s:21:\"show_cat_num_articles\";s:1:\"0\";s:21:\"show_base_description\";s:1:\"1\";s:11:\"maxLevelcat\";s:2:\"-1\";s:25:\"show_empty_categories_cat\";s:1:\"0\";s:20:\"show_subcat_desc_cat\";s:1:\"1\";s:25:\"show_cat_num_articles_cat\";s:1:\"1\";s:20:\"num_leading_articles\";s:1:\"1\";s:18:\"num_intro_articles\";s:1:\"4\";s:11:\"num_columns\";s:1:\"2\";s:9:\"num_links\";s:1:\"4\";s:18:\"multi_column_order\";s:1:\"0\";s:24:\"show_subcategory_content\";s:1:\"0\";s:21:\"show_pagination_limit\";s:1:\"1\";s:12:\"filter_field\";s:4:\"hide\";s:13:\"show_headings\";s:1:\"1\";s:14:\"list_show_date\";s:1:\"0\";s:11:\"date_format\";s:0:\"\";s:14:\"list_show_hits\";s:1:\"1\";s:16:\"list_show_author\";s:1:\"1\";s:11:\"orderby_pri\";s:5:\"order\";s:11:\"orderby_sec\";s:5:\"rdate\";s:10:\"order_date\";s:9:\"published\";s:15:\"show_pagination\";s:1:\"2\";s:23:\"show_pagination_results\";s:1:\"1\";s:14:\"show_feed_link\";s:1:\"1\";s:12:\"feed_summary\";s:1:\"0\";}}s:7:\"metakey\";s:0:\"\";s:8:\"metadesc\";s:0:\"\";s:8:\"metadata\";O:9:\"JRegistry\":1:{s:7:\"\0*\0data\";O:8:\"stdClass\":4:{s:6:\"robots\";s:0:\"\";s:6:\"author\";s:0:\"\";s:6:\"rights\";s:0:\"\";s:10:\"xreference\";s:0:\"\";}}s:7:\"version\";s:1:\"2\";s:8:\"ordering\";s:1:\"0\";s:8:\"category\";s:51:\"เกี่ยวกับวิทยาลัย\";s:9:\"cat_state\";s:1:\"1\";s:10:\"cat_access\";s:1:\"1\";s:4:\"slug\";s:21:\"2:2013-09-09-02-18-46\";s:7:\"catslug\";s:21:\"8:2013-07-29-09-07-45\";s:6:\"author\";s:10:\"Super User\";s:6:\"layout\";s:7:\"article\";s:4:\"path\";s:73:\"index.php/2013-09-09-02-14-20/8-2013-07-29-09-07-45/2-2013-09-09-02-18-46\";s:10:\"metaauthor\";N;}s:15:\"\0*\0instructions\";a:5:{i:1;a:3:{i:0;s:5:\"title\";i:1;s:8:\"subtitle\";i:2;s:2:\"id\";}i:2;a:2:{i:0;s:7:\"summary\";i:1;s:4:\"body\";}i:3;a:8:{i:0;s:4:\"meta\";i:1;s:10:\"list_price\";i:2;s:10:\"sale_price\";i:3;s:7:\"metakey\";i:4;s:8:\"metadesc\";i:5;s:10:\"metaauthor\";i:6;s:6:\"author\";i:7;s:16:\"created_by_alias\";}i:4;a:2:{i:0;s:4:\"path\";i:1;s:5:\"alias\";}i:5;a:1:{i:0;s:8:\"comments\";}}s:11:\"\0*\0taxonomy\";a:4:{s:4:\"Type\";a:1:{s:7:\"Article\";O:7:\"JObject\":4:{s:10:\"\0*\0_errors\";a:0:{}s:5:\"title\";s:7:\"Article\";s:5:\"state\";i:1;s:6:\"access\";i:1;}}s:6:\"Author\";a:1:{s:10:\"Super User\";O:7:\"JObject\":4:{s:10:\"\0*\0_errors\";a:0:{}s:5:\"title\";s:10:\"Super User\";s:5:\"state\";i:1;s:6:\"access\";i:1;}}s:8:\"Category\";a:1:{s:51:\"เกี่ยวกับวิทยาลัย\";O:7:\"JObject\":4:{s:10:\"\0*\0_errors\";a:0:{}s:5:\"title\";s:51:\"เกี่ยวกับวิทยาลัย\";s:5:\"state\";i:1;s:6:\"access\";i:1;}}s:8:\"Language\";a:1:{s:1:\"*\";O:7:\"JObject\":4:{s:10:\"\0*\0_errors\";a:0:{}s:5:\"title\";s:1:\"*\";s:5:\"state\";i:1;s:6:\"access\";i:1;}}}s:3:\"url\";s:46:\"index.php?option=com_content&view=article&id=2\";s:5:\"route\";s:105:\"index.php?option=com_content&view=article&id=2:2013-09-09-02-18-46&catid=8:2013-07-29-09-07-45&Itemid=115\";s:5:\"title\";s:27:\"ติดต่อเรา\";s:11:\"description\";s:278:\"วิทยาลัยเทคโนโลยีหมู่บ้านครูภาคเหนือ จังหวัดลำพูน 197 หมู่ 8 ต.บ้านธิ อ.บ้านธิ จ.ลำพูน 50180 โทร : 053- 558750 - 1 ,053 - 559297\";s:9:\"published\";N;s:5:\"state\";i:1;s:6:\"access\";s:1:\"1\";s:8:\"language\";s:1:\"*\";s:18:\"publish_start_date\";s:19:\"2013-09-09 02:18:00\";s:16:\"publish_end_date\";s:19:\"0000-00-00 00:00:00\";s:10:\"start_date\";s:19:\"2013-09-09 02:18:00\";s:8:\"end_date\";s:19:\"0000-00-00 00:00:00\";s:10:\"list_price\";N;s:10:\"sale_price\";N;s:7:\"type_id\";i:3;}'),(3,'index.php?option=com_content&view=category&id=9','index.php?Itemid=116','ฝ่ายวิชาการ','','2013-09-09 10:45:41','a5867e6b9ccf41403b2cdbc48c14aad7',1,1,1,'*','0000-00-00 00:00:00','0000-00-00 00:00:00','2013-09-09 03:26:04','0000-00-00 00:00:00',0,0,1,'O:19:\"FinderIndexerResult\":18:{s:11:\"\0*\0elements\";a:18:{s:2:\"id\";s:1:\"9\";s:5:\"alias\";s:19:\"2013-09-09-03-26-04\";s:7:\"summary\";s:0:\"\";s:9:\"extension\";s:11:\"com_content\";s:10:\"created_by\";s:3:\"434\";s:8:\"modified\";s:19:\"2013-09-09 03:45:41\";s:11:\"modified_by\";s:3:\"434\";s:7:\"metakey\";s:0:\"\";s:8:\"metadesc\";s:0:\"\";s:8:\"metadata\";O:9:\"JRegistry\":1:{s:7:\"\0*\0data\";O:8:\"stdClass\":2:{s:6:\"author\";s:0:\"\";s:6:\"robots\";s:0:\"\";}}s:3:\"lft\";s:2:\"15\";s:9:\"parent_id\";s:1:\"1\";s:5:\"level\";s:1:\"1\";s:6:\"params\";O:9:\"JRegistry\":1:{s:7:\"\0*\0data\";O:8:\"stdClass\":2:{s:15:\"category_layout\";s:0:\"\";s:5:\"image\";s:0:\"\";}}s:4:\"slug\";s:21:\"9:2013-09-09-03-26-04\";s:6:\"layout\";s:8:\"category\";s:10:\"metaauthor\";N;s:4:\"path\";s:29:\"index.php/2013-09-09-03-31-59\";}s:15:\"\0*\0instructions\";a:5:{i:1;a:3:{i:0;s:5:\"title\";i:1;s:8:\"subtitle\";i:2;s:2:\"id\";}i:2;a:2:{i:0;s:7:\"summary\";i:1;s:4:\"body\";}i:3;a:8:{i:0;s:4:\"meta\";i:1;s:10:\"list_price\";i:2;s:10:\"sale_price\";i:3;s:4:\"link\";i:4;s:7:\"metakey\";i:5;s:8:\"metadesc\";i:6;s:10:\"metaauthor\";i:7;s:6:\"author\";}i:4;a:2:{i:0;s:4:\"path\";i:1;s:5:\"alias\";}i:5;a:1:{i:0;s:8:\"comments\";}}s:11:\"\0*\0taxonomy\";a:2:{s:4:\"Type\";a:1:{s:8:\"Category\";O:7:\"JObject\":4:{s:10:\"\0*\0_errors\";a:0:{}s:5:\"title\";s:8:\"Category\";s:5:\"state\";i:1;s:6:\"access\";i:1;}}s:8:\"Language\";a:1:{s:1:\"*\";O:7:\"JObject\":4:{s:10:\"\0*\0_errors\";a:0:{}s:5:\"title\";s:1:\"*\";s:5:\"state\";i:1;s:6:\"access\";i:1;}}}s:3:\"url\";s:47:\"index.php?option=com_content&view=category&id=9\";s:5:\"route\";s:20:\"index.php?Itemid=116\";s:5:\"title\";s:33:\"ฝ่ายวิชาการ\";s:11:\"description\";s:0:\"\";s:9:\"published\";N;s:5:\"state\";i:1;s:6:\"access\";s:1:\"1\";s:8:\"language\";s:1:\"*\";s:18:\"publish_start_date\";s:19:\"0000-00-00 00:00:00\";s:16:\"publish_end_date\";s:19:\"0000-00-00 00:00:00\";s:10:\"start_date\";s:19:\"2013-09-09 03:26:04\";s:8:\"end_date\";s:19:\"0000-00-00 00:00:00\";s:10:\"list_price\";N;s:10:\"sale_price\";N;s:7:\"type_id\";i:1;}'),(4,'index.php?option=com_content&view=category&id=10','index.php?option=com_content&view=category&id=10','แผนกช่างยนต์','','2013-09-09 10:47:32','1575073d0b36fbaeb65d27fec691af7e',1,1,1,'*','0000-00-00 00:00:00','0000-00-00 00:00:00','2013-09-09 03:26:16','0000-00-00 00:00:00',0,0,1,'O:19:\"FinderIndexerResult\":18:{s:11:\"\0*\0elements\";a:18:{s:2:\"id\";s:2:\"10\";s:5:\"alias\";s:19:\"2013-09-09-03-26-16\";s:7:\"summary\";s:0:\"\";s:9:\"extension\";s:11:\"com_content\";s:10:\"created_by\";s:3:\"434\";s:8:\"modified\";s:19:\"2013-09-09 03:47:32\";s:11:\"modified_by\";s:3:\"434\";s:7:\"metakey\";s:0:\"\";s:8:\"metadesc\";s:0:\"\";s:8:\"metadata\";O:9:\"JRegistry\":1:{s:7:\"\0*\0data\";O:8:\"stdClass\":2:{s:6:\"author\";s:0:\"\";s:6:\"robots\";s:0:\"\";}}s:3:\"lft\";s:2:\"17\";s:9:\"parent_id\";s:1:\"1\";s:5:\"level\";s:1:\"1\";s:6:\"params\";O:9:\"JRegistry\":1:{s:7:\"\0*\0data\";O:8:\"stdClass\":2:{s:15:\"category_layout\";s:0:\"\";s:5:\"image\";s:0:\"\";}}s:4:\"slug\";s:22:\"10:2013-09-09-03-26-16\";s:6:\"layout\";s:8:\"category\";s:10:\"metaauthor\";N;s:4:\"path\";s:59:\"index.php/component/content/category/10-2013-09-09-03-26-16\";}s:15:\"\0*\0instructions\";a:5:{i:1;a:3:{i:0;s:5:\"title\";i:1;s:8:\"subtitle\";i:2;s:2:\"id\";}i:2;a:2:{i:0;s:7:\"summary\";i:1;s:4:\"body\";}i:3;a:8:{i:0;s:4:\"meta\";i:1;s:10:\"list_price\";i:2;s:10:\"sale_price\";i:3;s:4:\"link\";i:4;s:7:\"metakey\";i:5;s:8:\"metadesc\";i:6;s:10:\"metaauthor\";i:7;s:6:\"author\";}i:4;a:2:{i:0;s:4:\"path\";i:1;s:5:\"alias\";}i:5;a:1:{i:0;s:8:\"comments\";}}s:11:\"\0*\0taxonomy\";a:2:{s:4:\"Type\";a:1:{s:8:\"Category\";O:7:\"JObject\":4:{s:10:\"\0*\0_errors\";a:0:{}s:5:\"title\";s:8:\"Category\";s:5:\"state\";i:1;s:6:\"access\";i:1;}}s:8:\"Language\";a:1:{s:1:\"*\";O:7:\"JObject\":4:{s:10:\"\0*\0_errors\";a:0:{}s:5:\"title\";s:1:\"*\";s:5:\"state\";i:1;s:6:\"access\";i:1;}}}s:3:\"url\";s:48:\"index.php?option=com_content&view=category&id=10\";s:5:\"route\";s:48:\"index.php?option=com_content&view=category&id=10\";s:5:\"title\";s:36:\"แผนกช่างยนต์\";s:11:\"description\";s:0:\"\";s:9:\"published\";N;s:5:\"state\";i:1;s:6:\"access\";s:1:\"1\";s:8:\"language\";s:1:\"*\";s:18:\"publish_start_date\";s:19:\"0000-00-00 00:00:00\";s:16:\"publish_end_date\";s:19:\"0000-00-00 00:00:00\";s:10:\"start_date\";s:19:\"2013-09-09 03:26:16\";s:8:\"end_date\";s:19:\"0000-00-00 00:00:00\";s:10:\"list_price\";N;s:10:\"sale_price\";N;s:7:\"type_id\";i:1;}'),(5,'index.php?option=com_content&view=category&id=11','index.php?option=com_content&view=category&id=11','ฝ่ายพัฒนาคุณภาพนักศึกษา','','2013-09-09 10:45:51','8b505372054e1e7e880e902e2f9d2d50',1,1,1,'*','0000-00-00 00:00:00','0000-00-00 00:00:00','2013-09-09 03:45:51','0000-00-00 00:00:00',0,0,1,'O:19:\"FinderIndexerResult\":18:{s:11:\"\0*\0elements\";a:18:{s:2:\"id\";s:2:\"11\";s:5:\"alias\";s:19:\"2013-09-09-03-45-51\";s:7:\"summary\";s:0:\"\";s:9:\"extension\";s:11:\"com_content\";s:10:\"created_by\";s:3:\"434\";s:8:\"modified\";s:19:\"0000-00-00 00:00:00\";s:11:\"modified_by\";s:1:\"0\";s:7:\"metakey\";s:0:\"\";s:8:\"metadesc\";s:0:\"\";s:8:\"metadata\";O:9:\"JRegistry\":1:{s:7:\"\0*\0data\";O:8:\"stdClass\":2:{s:6:\"author\";s:0:\"\";s:6:\"robots\";s:0:\"\";}}s:3:\"lft\";s:2:\"19\";s:9:\"parent_id\";s:1:\"1\";s:5:\"level\";s:1:\"1\";s:6:\"params\";O:9:\"JRegistry\":1:{s:7:\"\0*\0data\";O:8:\"stdClass\":2:{s:15:\"category_layout\";s:0:\"\";s:5:\"image\";s:0:\"\";}}s:4:\"slug\";s:22:\"11:2013-09-09-03-45-51\";s:6:\"layout\";s:8:\"category\";s:10:\"metaauthor\";N;s:4:\"path\";s:59:\"index.php/component/content/category/11-2013-09-09-03-45-51\";}s:15:\"\0*\0instructions\";a:5:{i:1;a:3:{i:0;s:5:\"title\";i:1;s:8:\"subtitle\";i:2;s:2:\"id\";}i:2;a:2:{i:0;s:7:\"summary\";i:1;s:4:\"body\";}i:3;a:8:{i:0;s:4:\"meta\";i:1;s:10:\"list_price\";i:2;s:10:\"sale_price\";i:3;s:4:\"link\";i:4;s:7:\"metakey\";i:5;s:8:\"metadesc\";i:6;s:10:\"metaauthor\";i:7;s:6:\"author\";}i:4;a:2:{i:0;s:4:\"path\";i:1;s:5:\"alias\";}i:5;a:1:{i:0;s:8:\"comments\";}}s:11:\"\0*\0taxonomy\";a:2:{s:4:\"Type\";a:1:{s:8:\"Category\";O:7:\"JObject\":4:{s:10:\"\0*\0_errors\";a:0:{}s:5:\"title\";s:8:\"Category\";s:5:\"state\";i:1;s:6:\"access\";i:1;}}s:8:\"Language\";a:1:{s:1:\"*\";O:7:\"JObject\":4:{s:10:\"\0*\0_errors\";a:0:{}s:5:\"title\";s:1:\"*\";s:5:\"state\";i:1;s:6:\"access\";i:1;}}}s:3:\"url\";s:48:\"index.php?option=com_content&view=category&id=11\";s:5:\"route\";s:48:\"index.php?option=com_content&view=category&id=11\";s:5:\"title\";s:69:\"ฝ่ายพัฒนาคุณภาพนักศึกษา\";s:11:\"description\";s:0:\"\";s:9:\"published\";N;s:5:\"state\";i:1;s:6:\"access\";s:1:\"1\";s:8:\"language\";s:1:\"*\";s:18:\"publish_start_date\";s:19:\"0000-00-00 00:00:00\";s:16:\"publish_end_date\";s:19:\"0000-00-00 00:00:00\";s:10:\"start_date\";s:19:\"2013-09-09 03:45:51\";s:8:\"end_date\";s:19:\"0000-00-00 00:00:00\";s:10:\"list_price\";N;s:10:\"sale_price\";N;s:7:\"type_id\";i:1;}'),(6,'index.php?option=com_content&view=category&id=12','index.php?option=com_content&view=category&id=12','ฝ่ายการเงิน','','2013-09-09 10:46:00','be57f04af1573fe436cc719c53c95fbf',1,1,1,'*','0000-00-00 00:00:00','0000-00-00 00:00:00','2013-09-09 03:46:00','0000-00-00 00:00:00',0,0,1,'O:19:\"FinderIndexerResult\":18:{s:11:\"\0*\0elements\";a:18:{s:2:\"id\";s:2:\"12\";s:5:\"alias\";s:19:\"2013-09-09-03-46-00\";s:7:\"summary\";s:0:\"\";s:9:\"extension\";s:11:\"com_content\";s:10:\"created_by\";s:3:\"434\";s:8:\"modified\";s:19:\"0000-00-00 00:00:00\";s:11:\"modified_by\";s:1:\"0\";s:7:\"metakey\";s:0:\"\";s:8:\"metadesc\";s:0:\"\";s:8:\"metadata\";O:9:\"JRegistry\":1:{s:7:\"\0*\0data\";O:8:\"stdClass\":2:{s:6:\"author\";s:0:\"\";s:6:\"robots\";s:0:\"\";}}s:3:\"lft\";s:2:\"21\";s:9:\"parent_id\";s:1:\"1\";s:5:\"level\";s:1:\"1\";s:6:\"params\";O:9:\"JRegistry\":1:{s:7:\"\0*\0data\";O:8:\"stdClass\":2:{s:15:\"category_layout\";s:0:\"\";s:5:\"image\";s:0:\"\";}}s:4:\"slug\";s:22:\"12:2013-09-09-03-46-00\";s:6:\"layout\";s:8:\"category\";s:10:\"metaauthor\";N;s:4:\"path\";s:59:\"index.php/component/content/category/12-2013-09-09-03-46-00\";}s:15:\"\0*\0instructions\";a:5:{i:1;a:3:{i:0;s:5:\"title\";i:1;s:8:\"subtitle\";i:2;s:2:\"id\";}i:2;a:2:{i:0;s:7:\"summary\";i:1;s:4:\"body\";}i:3;a:8:{i:0;s:4:\"meta\";i:1;s:10:\"list_price\";i:2;s:10:\"sale_price\";i:3;s:4:\"link\";i:4;s:7:\"metakey\";i:5;s:8:\"metadesc\";i:6;s:10:\"metaauthor\";i:7;s:6:\"author\";}i:4;a:2:{i:0;s:4:\"path\";i:1;s:5:\"alias\";}i:5;a:1:{i:0;s:8:\"comments\";}}s:11:\"\0*\0taxonomy\";a:2:{s:4:\"Type\";a:1:{s:8:\"Category\";O:7:\"JObject\":4:{s:10:\"\0*\0_errors\";a:0:{}s:5:\"title\";s:8:\"Category\";s:5:\"state\";i:1;s:6:\"access\";i:1;}}s:8:\"Language\";a:1:{s:1:\"*\";O:7:\"JObject\":4:{s:10:\"\0*\0_errors\";a:0:{}s:5:\"title\";s:1:\"*\";s:5:\"state\";i:1;s:6:\"access\";i:1;}}}s:3:\"url\";s:48:\"index.php?option=com_content&view=category&id=12\";s:5:\"route\";s:48:\"index.php?option=com_content&view=category&id=12\";s:5:\"title\";s:33:\"ฝ่ายการเงิน\";s:11:\"description\";s:0:\"\";s:9:\"published\";N;s:5:\"state\";i:1;s:6:\"access\";s:1:\"1\";s:8:\"language\";s:1:\"*\";s:18:\"publish_start_date\";s:19:\"0000-00-00 00:00:00\";s:16:\"publish_end_date\";s:19:\"0000-00-00 00:00:00\";s:10:\"start_date\";s:19:\"2013-09-09 03:46:00\";s:8:\"end_date\";s:19:\"0000-00-00 00:00:00\";s:10:\"list_price\";N;s:10:\"sale_price\";N;s:7:\"type_id\";i:1;}'),(7,'index.php?option=com_content&view=category&id=13','index.php?option=com_content&view=category&id=13','ฝ่ายกิจกรรม','','2013-09-09 10:46:15','f7facf7962064340002c0de984822b16',1,1,1,'*','0000-00-00 00:00:00','0000-00-00 00:00:00','2013-09-09 03:46:15','0000-00-00 00:00:00',0,0,1,'O:19:\"FinderIndexerResult\":18:{s:11:\"\0*\0elements\";a:18:{s:2:\"id\";s:2:\"13\";s:5:\"alias\";s:19:\"2013-09-09-03-46-15\";s:7:\"summary\";s:0:\"\";s:9:\"extension\";s:11:\"com_content\";s:10:\"created_by\";s:3:\"434\";s:8:\"modified\";s:19:\"0000-00-00 00:00:00\";s:11:\"modified_by\";s:1:\"0\";s:7:\"metakey\";s:0:\"\";s:8:\"metadesc\";s:0:\"\";s:8:\"metadata\";O:9:\"JRegistry\":1:{s:7:\"\0*\0data\";O:8:\"stdClass\":2:{s:6:\"author\";s:0:\"\";s:6:\"robots\";s:0:\"\";}}s:3:\"lft\";s:2:\"23\";s:9:\"parent_id\";s:1:\"1\";s:5:\"level\";s:1:\"1\";s:6:\"params\";O:9:\"JRegistry\":1:{s:7:\"\0*\0data\";O:8:\"stdClass\":2:{s:15:\"category_layout\";s:0:\"\";s:5:\"image\";s:0:\"\";}}s:4:\"slug\";s:22:\"13:2013-09-09-03-46-15\";s:6:\"layout\";s:8:\"category\";s:10:\"metaauthor\";N;s:4:\"path\";s:59:\"index.php/component/content/category/13-2013-09-09-03-46-15\";}s:15:\"\0*\0instructions\";a:5:{i:1;a:3:{i:0;s:5:\"title\";i:1;s:8:\"subtitle\";i:2;s:2:\"id\";}i:2;a:2:{i:0;s:7:\"summary\";i:1;s:4:\"body\";}i:3;a:8:{i:0;s:4:\"meta\";i:1;s:10:\"list_price\";i:2;s:10:\"sale_price\";i:3;s:4:\"link\";i:4;s:7:\"metakey\";i:5;s:8:\"metadesc\";i:6;s:10:\"metaauthor\";i:7;s:6:\"author\";}i:4;a:2:{i:0;s:4:\"path\";i:1;s:5:\"alias\";}i:5;a:1:{i:0;s:8:\"comments\";}}s:11:\"\0*\0taxonomy\";a:2:{s:4:\"Type\";a:1:{s:8:\"Category\";O:7:\"JObject\":4:{s:10:\"\0*\0_errors\";a:0:{}s:5:\"title\";s:8:\"Category\";s:5:\"state\";i:1;s:6:\"access\";i:1;}}s:8:\"Language\";a:1:{s:1:\"*\";O:7:\"JObject\":4:{s:10:\"\0*\0_errors\";a:0:{}s:5:\"title\";s:1:\"*\";s:5:\"state\";i:1;s:6:\"access\";i:1;}}}s:3:\"url\";s:48:\"index.php?option=com_content&view=category&id=13\";s:5:\"route\";s:48:\"index.php?option=com_content&view=category&id=13\";s:5:\"title\";s:33:\"ฝ่ายกิจกรรม\";s:11:\"description\";s:0:\"\";s:9:\"published\";N;s:5:\"state\";i:1;s:6:\"access\";s:1:\"1\";s:8:\"language\";s:1:\"*\";s:18:\"publish_start_date\";s:19:\"0000-00-00 00:00:00\";s:16:\"publish_end_date\";s:19:\"0000-00-00 00:00:00\";s:10:\"start_date\";s:19:\"2013-09-09 03:46:15\";s:8:\"end_date\";s:19:\"0000-00-00 00:00:00\";s:10:\"list_price\";N;s:10:\"sale_price\";N;s:7:\"type_id\";i:1;}'),(8,'index.php?option=com_content&view=category&id=14','index.php?option=com_content&view=category&id=14','ห้องสมุด','','2013-09-09 10:46:22','3ae3ebb6e379cea5cbb7be619b1701ef',1,1,1,'*','0000-00-00 00:00:00','0000-00-00 00:00:00','2013-09-09 03:46:22','0000-00-00 00:00:00',0,0,1,'O:19:\"FinderIndexerResult\":18:{s:11:\"\0*\0elements\";a:18:{s:2:\"id\";s:2:\"14\";s:5:\"alias\";s:19:\"2013-09-09-03-46-22\";s:7:\"summary\";s:0:\"\";s:9:\"extension\";s:11:\"com_content\";s:10:\"created_by\";s:3:\"434\";s:8:\"modified\";s:19:\"0000-00-00 00:00:00\";s:11:\"modified_by\";s:1:\"0\";s:7:\"metakey\";s:0:\"\";s:8:\"metadesc\";s:0:\"\";s:8:\"metadata\";O:9:\"JRegistry\":1:{s:7:\"\0*\0data\";O:8:\"stdClass\":2:{s:6:\"author\";s:0:\"\";s:6:\"robots\";s:0:\"\";}}s:3:\"lft\";s:2:\"25\";s:9:\"parent_id\";s:1:\"1\";s:5:\"level\";s:1:\"1\";s:6:\"params\";O:9:\"JRegistry\":1:{s:7:\"\0*\0data\";O:8:\"stdClass\":2:{s:15:\"category_layout\";s:0:\"\";s:5:\"image\";s:0:\"\";}}s:4:\"slug\";s:22:\"14:2013-09-09-03-46-22\";s:6:\"layout\";s:8:\"category\";s:10:\"metaauthor\";N;s:4:\"path\";s:59:\"index.php/component/content/category/14-2013-09-09-03-46-22\";}s:15:\"\0*\0instructions\";a:5:{i:1;a:3:{i:0;s:5:\"title\";i:1;s:8:\"subtitle\";i:2;s:2:\"id\";}i:2;a:2:{i:0;s:7:\"summary\";i:1;s:4:\"body\";}i:3;a:8:{i:0;s:4:\"meta\";i:1;s:10:\"list_price\";i:2;s:10:\"sale_price\";i:3;s:4:\"link\";i:4;s:7:\"metakey\";i:5;s:8:\"metadesc\";i:6;s:10:\"metaauthor\";i:7;s:6:\"author\";}i:4;a:2:{i:0;s:4:\"path\";i:1;s:5:\"alias\";}i:5;a:1:{i:0;s:8:\"comments\";}}s:11:\"\0*\0taxonomy\";a:2:{s:4:\"Type\";a:1:{s:8:\"Category\";O:7:\"JObject\":4:{s:10:\"\0*\0_errors\";a:0:{}s:5:\"title\";s:8:\"Category\";s:5:\"state\";i:1;s:6:\"access\";i:1;}}s:8:\"Language\";a:1:{s:1:\"*\";O:7:\"JObject\":4:{s:10:\"\0*\0_errors\";a:0:{}s:5:\"title\";s:1:\"*\";s:5:\"state\";i:1;s:6:\"access\";i:1;}}}s:3:\"url\";s:48:\"index.php?option=com_content&view=category&id=14\";s:5:\"route\";s:48:\"index.php?option=com_content&view=category&id=14\";s:5:\"title\";s:24:\"ห้องสมุด\";s:11:\"description\";s:0:\"\";s:9:\"published\";N;s:5:\"state\";i:1;s:6:\"access\";s:1:\"1\";s:8:\"language\";s:1:\"*\";s:18:\"publish_start_date\";s:19:\"0000-00-00 00:00:00\";s:16:\"publish_end_date\";s:19:\"0000-00-00 00:00:00\";s:10:\"start_date\";s:19:\"2013-09-09 03:46:22\";s:8:\"end_date\";s:19:\"0000-00-00 00:00:00\";s:10:\"list_price\";N;s:10:\"sale_price\";N;s:7:\"type_id\";i:1;}'),(9,'index.php?option=com_content&view=category&id=15','index.php?option=com_content&view=category&id=15','ฝ่ายวัดผล','','2013-09-09 10:46:31','e3545f8b2d53fdde029e63006d89f153',1,1,1,'*','0000-00-00 00:00:00','0000-00-00 00:00:00','2013-09-09 03:46:31','0000-00-00 00:00:00',0,0,1,'O:19:\"FinderIndexerResult\":18:{s:11:\"\0*\0elements\";a:18:{s:2:\"id\";s:2:\"15\";s:5:\"alias\";s:19:\"2013-09-09-03-46-31\";s:7:\"summary\";s:0:\"\";s:9:\"extension\";s:11:\"com_content\";s:10:\"created_by\";s:3:\"434\";s:8:\"modified\";s:19:\"0000-00-00 00:00:00\";s:11:\"modified_by\";s:1:\"0\";s:7:\"metakey\";s:0:\"\";s:8:\"metadesc\";s:0:\"\";s:8:\"metadata\";O:9:\"JRegistry\":1:{s:7:\"\0*\0data\";O:8:\"stdClass\":2:{s:6:\"author\";s:0:\"\";s:6:\"robots\";s:0:\"\";}}s:3:\"lft\";s:2:\"27\";s:9:\"parent_id\";s:1:\"1\";s:5:\"level\";s:1:\"1\";s:6:\"params\";O:9:\"JRegistry\":1:{s:7:\"\0*\0data\";O:8:\"stdClass\":2:{s:15:\"category_layout\";s:0:\"\";s:5:\"image\";s:0:\"\";}}s:4:\"slug\";s:22:\"15:2013-09-09-03-46-31\";s:6:\"layout\";s:8:\"category\";s:10:\"metaauthor\";N;s:4:\"path\";s:59:\"index.php/component/content/category/15-2013-09-09-03-46-31\";}s:15:\"\0*\0instructions\";a:5:{i:1;a:3:{i:0;s:5:\"title\";i:1;s:8:\"subtitle\";i:2;s:2:\"id\";}i:2;a:2:{i:0;s:7:\"summary\";i:1;s:4:\"body\";}i:3;a:8:{i:0;s:4:\"meta\";i:1;s:10:\"list_price\";i:2;s:10:\"sale_price\";i:3;s:4:\"link\";i:4;s:7:\"metakey\";i:5;s:8:\"metadesc\";i:6;s:10:\"metaauthor\";i:7;s:6:\"author\";}i:4;a:2:{i:0;s:4:\"path\";i:1;s:5:\"alias\";}i:5;a:1:{i:0;s:8:\"comments\";}}s:11:\"\0*\0taxonomy\";a:2:{s:4:\"Type\";a:1:{s:8:\"Category\";O:7:\"JObject\":4:{s:10:\"\0*\0_errors\";a:0:{}s:5:\"title\";s:8:\"Category\";s:5:\"state\";i:1;s:6:\"access\";i:1;}}s:8:\"Language\";a:1:{s:1:\"*\";O:7:\"JObject\":4:{s:10:\"\0*\0_errors\";a:0:{}s:5:\"title\";s:1:\"*\";s:5:\"state\";i:1;s:6:\"access\";i:1;}}}s:3:\"url\";s:48:\"index.php?option=com_content&view=category&id=15\";s:5:\"route\";s:48:\"index.php?option=com_content&view=category&id=15\";s:5:\"title\";s:27:\"ฝ่ายวัดผล\";s:11:\"description\";s:0:\"\";s:9:\"published\";N;s:5:\"state\";i:1;s:6:\"access\";s:1:\"1\";s:8:\"language\";s:1:\"*\";s:18:\"publish_start_date\";s:19:\"0000-00-00 00:00:00\";s:16:\"publish_end_date\";s:19:\"0000-00-00 00:00:00\";s:10:\"start_date\";s:19:\"2013-09-09 03:46:31\";s:8:\"end_date\";s:19:\"0000-00-00 00:00:00\";s:10:\"list_price\";N;s:10:\"sale_price\";N;s:7:\"type_id\";i:1;}'),(10,'index.php?option=com_content&view=category&id=16','index.php?option=com_content&view=category&id=16','ฝ่ายวางแผนพัฒนา','','2013-09-09 10:47:01','6a48a6b3689c5b148ceeae0f6467e8ad',1,1,1,'*','0000-00-00 00:00:00','0000-00-00 00:00:00','2013-09-09 03:47:01','0000-00-00 00:00:00',0,0,1,'O:19:\"FinderIndexerResult\":18:{s:11:\"\0*\0elements\";a:18:{s:2:\"id\";s:2:\"16\";s:5:\"alias\";s:19:\"2013-09-09-03-47-01\";s:7:\"summary\";s:0:\"\";s:9:\"extension\";s:11:\"com_content\";s:10:\"created_by\";s:3:\"434\";s:8:\"modified\";s:19:\"0000-00-00 00:00:00\";s:11:\"modified_by\";s:1:\"0\";s:7:\"metakey\";s:0:\"\";s:8:\"metadesc\";s:0:\"\";s:8:\"metadata\";O:9:\"JRegistry\":1:{s:7:\"\0*\0data\";O:8:\"stdClass\":2:{s:6:\"author\";s:0:\"\";s:6:\"robots\";s:0:\"\";}}s:3:\"lft\";s:2:\"29\";s:9:\"parent_id\";s:1:\"1\";s:5:\"level\";s:1:\"1\";s:6:\"params\";O:9:\"JRegistry\":1:{s:7:\"\0*\0data\";O:8:\"stdClass\":2:{s:15:\"category_layout\";s:0:\"\";s:5:\"image\";s:0:\"\";}}s:4:\"slug\";s:22:\"16:2013-09-09-03-47-01\";s:6:\"layout\";s:8:\"category\";s:10:\"metaauthor\";N;s:4:\"path\";s:59:\"index.php/component/content/category/16-2013-09-09-03-47-01\";}s:15:\"\0*\0instructions\";a:5:{i:1;a:3:{i:0;s:5:\"title\";i:1;s:8:\"subtitle\";i:2;s:2:\"id\";}i:2;a:2:{i:0;s:7:\"summary\";i:1;s:4:\"body\";}i:3;a:8:{i:0;s:4:\"meta\";i:1;s:10:\"list_price\";i:2;s:10:\"sale_price\";i:3;s:4:\"link\";i:4;s:7:\"metakey\";i:5;s:8:\"metadesc\";i:6;s:10:\"metaauthor\";i:7;s:6:\"author\";}i:4;a:2:{i:0;s:4:\"path\";i:1;s:5:\"alias\";}i:5;a:1:{i:0;s:8:\"comments\";}}s:11:\"\0*\0taxonomy\";a:2:{s:4:\"Type\";a:1:{s:8:\"Category\";O:7:\"JObject\":4:{s:10:\"\0*\0_errors\";a:0:{}s:5:\"title\";s:8:\"Category\";s:5:\"state\";i:1;s:6:\"access\";i:1;}}s:8:\"Language\";a:1:{s:1:\"*\";O:7:\"JObject\":4:{s:10:\"\0*\0_errors\";a:0:{}s:5:\"title\";s:1:\"*\";s:5:\"state\";i:1;s:6:\"access\";i:1;}}}s:3:\"url\";s:48:\"index.php?option=com_content&view=category&id=16\";s:5:\"route\";s:48:\"index.php?option=com_content&view=category&id=16\";s:5:\"title\";s:45:\"ฝ่ายวางแผนพัฒนา\";s:11:\"description\";s:0:\"\";s:9:\"published\";N;s:5:\"state\";i:1;s:6:\"access\";s:1:\"1\";s:8:\"language\";s:1:\"*\";s:18:\"publish_start_date\";s:19:\"0000-00-00 00:00:00\";s:16:\"publish_end_date\";s:19:\"0000-00-00 00:00:00\";s:10:\"start_date\";s:19:\"2013-09-09 03:47:01\";s:8:\"end_date\";s:19:\"0000-00-00 00:00:00\";s:10:\"list_price\";N;s:10:\"sale_price\";N;s:7:\"type_id\";i:1;}'),(11,'index.php?option=com_content&view=category&id=17','index.php?option=com_content&view=category&id=17','ฝ่ายทะเบียน','','2013-09-09 10:47:12','88df82822f3fef032130ffb129bbb1d0',1,1,1,'*','0000-00-00 00:00:00','0000-00-00 00:00:00','2013-09-09 03:47:12','0000-00-00 00:00:00',0,0,1,'O:19:\"FinderIndexerResult\":18:{s:11:\"\0*\0elements\";a:18:{s:2:\"id\";s:2:\"17\";s:5:\"alias\";s:19:\"2013-09-09-03-47-12\";s:7:\"summary\";s:0:\"\";s:9:\"extension\";s:11:\"com_content\";s:10:\"created_by\";s:3:\"434\";s:8:\"modified\";s:19:\"0000-00-00 00:00:00\";s:11:\"modified_by\";s:1:\"0\";s:7:\"metakey\";s:0:\"\";s:8:\"metadesc\";s:0:\"\";s:8:\"metadata\";O:9:\"JRegistry\":1:{s:7:\"\0*\0data\";O:8:\"stdClass\":2:{s:6:\"author\";s:0:\"\";s:6:\"robots\";s:0:\"\";}}s:3:\"lft\";s:2:\"31\";s:9:\"parent_id\";s:1:\"1\";s:5:\"level\";s:1:\"1\";s:6:\"params\";O:9:\"JRegistry\":1:{s:7:\"\0*\0data\";O:8:\"stdClass\":2:{s:15:\"category_layout\";s:0:\"\";s:5:\"image\";s:0:\"\";}}s:4:\"slug\";s:22:\"17:2013-09-09-03-47-12\";s:6:\"layout\";s:8:\"category\";s:10:\"metaauthor\";N;s:4:\"path\";s:59:\"index.php/component/content/category/17-2013-09-09-03-47-12\";}s:15:\"\0*\0instructions\";a:5:{i:1;a:3:{i:0;s:5:\"title\";i:1;s:8:\"subtitle\";i:2;s:2:\"id\";}i:2;a:2:{i:0;s:7:\"summary\";i:1;s:4:\"body\";}i:3;a:8:{i:0;s:4:\"meta\";i:1;s:10:\"list_price\";i:2;s:10:\"sale_price\";i:3;s:4:\"link\";i:4;s:7:\"metakey\";i:5;s:8:\"metadesc\";i:6;s:10:\"metaauthor\";i:7;s:6:\"author\";}i:4;a:2:{i:0;s:4:\"path\";i:1;s:5:\"alias\";}i:5;a:1:{i:0;s:8:\"comments\";}}s:11:\"\0*\0taxonomy\";a:2:{s:4:\"Type\";a:1:{s:8:\"Category\";O:7:\"JObject\":4:{s:10:\"\0*\0_errors\";a:0:{}s:5:\"title\";s:8:\"Category\";s:5:\"state\";i:1;s:6:\"access\";i:1;}}s:8:\"Language\";a:1:{s:1:\"*\";O:7:\"JObject\":4:{s:10:\"\0*\0_errors\";a:0:{}s:5:\"title\";s:1:\"*\";s:5:\"state\";i:1;s:6:\"access\";i:1;}}}s:3:\"url\";s:48:\"index.php?option=com_content&view=category&id=17\";s:5:\"route\";s:48:\"index.php?option=com_content&view=category&id=17\";s:5:\"title\";s:33:\"ฝ่ายทะเบียน\";s:11:\"description\";s:0:\"\";s:9:\"published\";N;s:5:\"state\";i:1;s:6:\"access\";s:1:\"1\";s:8:\"language\";s:1:\"*\";s:18:\"publish_start_date\";s:19:\"0000-00-00 00:00:00\";s:16:\"publish_end_date\";s:19:\"0000-00-00 00:00:00\";s:10:\"start_date\";s:19:\"2013-09-09 03:47:12\";s:8:\"end_date\";s:19:\"0000-00-00 00:00:00\";s:10:\"list_price\";N;s:10:\"sale_price\";N;s:7:\"type_id\";i:1;}'),(12,'index.php?option=com_content&view=category&id=18','index.php?option=com_content&view=category&id=18','แผนกช่างไฟฟ้า','','2013-09-09 10:47:42','e09e6b4f75912d2ded55be6294c8c3bd',1,1,1,'*','0000-00-00 00:00:00','0000-00-00 00:00:00','2013-09-09 03:47:42','0000-00-00 00:00:00',0,0,1,'O:19:\"FinderIndexerResult\":18:{s:11:\"\0*\0elements\";a:18:{s:2:\"id\";s:2:\"18\";s:5:\"alias\";s:19:\"2013-09-09-03-47-42\";s:7:\"summary\";s:0:\"\";s:9:\"extension\";s:11:\"com_content\";s:10:\"created_by\";s:3:\"434\";s:8:\"modified\";s:19:\"0000-00-00 00:00:00\";s:11:\"modified_by\";s:1:\"0\";s:7:\"metakey\";s:0:\"\";s:8:\"metadesc\";s:0:\"\";s:8:\"metadata\";O:9:\"JRegistry\":1:{s:7:\"\0*\0data\";O:8:\"stdClass\":2:{s:6:\"author\";s:0:\"\";s:6:\"robots\";s:0:\"\";}}s:3:\"lft\";s:2:\"33\";s:9:\"parent_id\";s:1:\"1\";s:5:\"level\";s:1:\"1\";s:6:\"params\";O:9:\"JRegistry\":1:{s:7:\"\0*\0data\";O:8:\"stdClass\":2:{s:15:\"category_layout\";s:0:\"\";s:5:\"image\";s:0:\"\";}}s:4:\"slug\";s:22:\"18:2013-09-09-03-47-42\";s:6:\"layout\";s:8:\"category\";s:10:\"metaauthor\";N;s:4:\"path\";s:59:\"index.php/component/content/category/18-2013-09-09-03-47-42\";}s:15:\"\0*\0instructions\";a:5:{i:1;a:3:{i:0;s:5:\"title\";i:1;s:8:\"subtitle\";i:2;s:2:\"id\";}i:2;a:2:{i:0;s:7:\"summary\";i:1;s:4:\"body\";}i:3;a:8:{i:0;s:4:\"meta\";i:1;s:10:\"list_price\";i:2;s:10:\"sale_price\";i:3;s:4:\"link\";i:4;s:7:\"metakey\";i:5;s:8:\"metadesc\";i:6;s:10:\"metaauthor\";i:7;s:6:\"author\";}i:4;a:2:{i:0;s:4:\"path\";i:1;s:5:\"alias\";}i:5;a:1:{i:0;s:8:\"comments\";}}s:11:\"\0*\0taxonomy\";a:2:{s:4:\"Type\";a:1:{s:8:\"Category\";O:7:\"JObject\":4:{s:10:\"\0*\0_errors\";a:0:{}s:5:\"title\";s:8:\"Category\";s:5:\"state\";i:1;s:6:\"access\";i:1;}}s:8:\"Language\";a:1:{s:1:\"*\";O:7:\"JObject\":4:{s:10:\"\0*\0_errors\";a:0:{}s:5:\"title\";s:1:\"*\";s:5:\"state\";i:1;s:6:\"access\";i:1;}}}s:3:\"url\";s:48:\"index.php?option=com_content&view=category&id=18\";s:5:\"route\";s:48:\"index.php?option=com_content&view=category&id=18\";s:5:\"title\";s:39:\"แผนกช่างไฟฟ้า\";s:11:\"description\";s:0:\"\";s:9:\"published\";N;s:5:\"state\";i:1;s:6:\"access\";s:1:\"1\";s:8:\"language\";s:1:\"*\";s:18:\"publish_start_date\";s:19:\"0000-00-00 00:00:00\";s:16:\"publish_end_date\";s:19:\"0000-00-00 00:00:00\";s:10:\"start_date\";s:19:\"2013-09-09 03:47:42\";s:8:\"end_date\";s:19:\"0000-00-00 00:00:00\";s:10:\"list_price\";N;s:10:\"sale_price\";N;s:7:\"type_id\";i:1;}'),(13,'index.php?option=com_content&view=category&id=19','index.php?option=com_content&view=category&id=19','แผนกช่างอิเล็กทรอนิกส์','','2013-09-09 10:47:56','046c3845fc00c3ff1b6dfceffcdd9266',1,1,1,'*','0000-00-00 00:00:00','0000-00-00 00:00:00','2013-09-09 03:47:55','0000-00-00 00:00:00',0,0,1,'O:19:\"FinderIndexerResult\":18:{s:11:\"\0*\0elements\";a:18:{s:2:\"id\";s:2:\"19\";s:5:\"alias\";s:19:\"2013-09-09-03-47-55\";s:7:\"summary\";s:0:\"\";s:9:\"extension\";s:11:\"com_content\";s:10:\"created_by\";s:3:\"434\";s:8:\"modified\";s:19:\"0000-00-00 00:00:00\";s:11:\"modified_by\";s:1:\"0\";s:7:\"metakey\";s:0:\"\";s:8:\"metadesc\";s:0:\"\";s:8:\"metadata\";O:9:\"JRegistry\":1:{s:7:\"\0*\0data\";O:8:\"stdClass\":2:{s:6:\"author\";s:0:\"\";s:6:\"robots\";s:0:\"\";}}s:3:\"lft\";s:2:\"35\";s:9:\"parent_id\";s:1:\"1\";s:5:\"level\";s:1:\"1\";s:6:\"params\";O:9:\"JRegistry\":1:{s:7:\"\0*\0data\";O:8:\"stdClass\":2:{s:15:\"category_layout\";s:0:\"\";s:5:\"image\";s:0:\"\";}}s:4:\"slug\";s:22:\"19:2013-09-09-03-47-55\";s:6:\"layout\";s:8:\"category\";s:10:\"metaauthor\";N;s:4:\"path\";s:59:\"index.php/component/content/category/19-2013-09-09-03-47-55\";}s:15:\"\0*\0instructions\";a:5:{i:1;a:3:{i:0;s:5:\"title\";i:1;s:8:\"subtitle\";i:2;s:2:\"id\";}i:2;a:2:{i:0;s:7:\"summary\";i:1;s:4:\"body\";}i:3;a:8:{i:0;s:4:\"meta\";i:1;s:10:\"list_price\";i:2;s:10:\"sale_price\";i:3;s:4:\"link\";i:4;s:7:\"metakey\";i:5;s:8:\"metadesc\";i:6;s:10:\"metaauthor\";i:7;s:6:\"author\";}i:4;a:2:{i:0;s:4:\"path\";i:1;s:5:\"alias\";}i:5;a:1:{i:0;s:8:\"comments\";}}s:11:\"\0*\0taxonomy\";a:2:{s:4:\"Type\";a:1:{s:8:\"Category\";O:7:\"JObject\":4:{s:10:\"\0*\0_errors\";a:0:{}s:5:\"title\";s:8:\"Category\";s:5:\"state\";i:1;s:6:\"access\";i:1;}}s:8:\"Language\";a:1:{s:1:\"*\";O:7:\"JObject\":4:{s:10:\"\0*\0_errors\";a:0:{}s:5:\"title\";s:1:\"*\";s:5:\"state\";i:1;s:6:\"access\";i:1;}}}s:3:\"url\";s:48:\"index.php?option=com_content&view=category&id=19\";s:5:\"route\";s:48:\"index.php?option=com_content&view=category&id=19\";s:5:\"title\";s:66:\"แผนกช่างอิเล็กทรอนิกส์\";s:11:\"description\";s:0:\"\";s:9:\"published\";N;s:5:\"state\";i:1;s:6:\"access\";s:1:\"1\";s:8:\"language\";s:1:\"*\";s:18:\"publish_start_date\";s:19:\"0000-00-00 00:00:00\";s:16:\"publish_end_date\";s:19:\"0000-00-00 00:00:00\";s:10:\"start_date\";s:19:\"2013-09-09 03:47:55\";s:8:\"end_date\";s:19:\"0000-00-00 00:00:00\";s:10:\"list_price\";N;s:10:\"sale_price\";N;s:7:\"type_id\";i:1;}'),(14,'index.php?option=com_content&view=category&id=20','index.php?option=com_content&view=category&id=20','แผนกช่างกลโรงงาน','','2013-09-09 10:48:08','c61ffbd19531f0b1b913fae9ce88d5b0',1,1,1,'*','0000-00-00 00:00:00','0000-00-00 00:00:00','2013-09-09 03:48:08','0000-00-00 00:00:00',0,0,1,'O:19:\"FinderIndexerResult\":18:{s:11:\"\0*\0elements\";a:18:{s:2:\"id\";s:2:\"20\";s:5:\"alias\";s:19:\"2013-09-09-03-48-08\";s:7:\"summary\";s:0:\"\";s:9:\"extension\";s:11:\"com_content\";s:10:\"created_by\";s:3:\"434\";s:8:\"modified\";s:19:\"0000-00-00 00:00:00\";s:11:\"modified_by\";s:1:\"0\";s:7:\"metakey\";s:0:\"\";s:8:\"metadesc\";s:0:\"\";s:8:\"metadata\";O:9:\"JRegistry\":1:{s:7:\"\0*\0data\";O:8:\"stdClass\":2:{s:6:\"author\";s:0:\"\";s:6:\"robots\";s:0:\"\";}}s:3:\"lft\";s:2:\"37\";s:9:\"parent_id\";s:1:\"1\";s:5:\"level\";s:1:\"1\";s:6:\"params\";O:9:\"JRegistry\":1:{s:7:\"\0*\0data\";O:8:\"stdClass\":2:{s:15:\"category_layout\";s:0:\"\";s:5:\"image\";s:0:\"\";}}s:4:\"slug\";s:22:\"20:2013-09-09-03-48-08\";s:6:\"layout\";s:8:\"category\";s:10:\"metaauthor\";N;s:4:\"path\";s:59:\"index.php/component/content/category/20-2013-09-09-03-48-08\";}s:15:\"\0*\0instructions\";a:5:{i:1;a:3:{i:0;s:5:\"title\";i:1;s:8:\"subtitle\";i:2;s:2:\"id\";}i:2;a:2:{i:0;s:7:\"summary\";i:1;s:4:\"body\";}i:3;a:8:{i:0;s:4:\"meta\";i:1;s:10:\"list_price\";i:2;s:10:\"sale_price\";i:3;s:4:\"link\";i:4;s:7:\"metakey\";i:5;s:8:\"metadesc\";i:6;s:10:\"metaauthor\";i:7;s:6:\"author\";}i:4;a:2:{i:0;s:4:\"path\";i:1;s:5:\"alias\";}i:5;a:1:{i:0;s:8:\"comments\";}}s:11:\"\0*\0taxonomy\";a:2:{s:4:\"Type\";a:1:{s:8:\"Category\";O:7:\"JObject\":4:{s:10:\"\0*\0_errors\";a:0:{}s:5:\"title\";s:8:\"Category\";s:5:\"state\";i:1;s:6:\"access\";i:1;}}s:8:\"Language\";a:1:{s:1:\"*\";O:7:\"JObject\":4:{s:10:\"\0*\0_errors\";a:0:{}s:5:\"title\";s:1:\"*\";s:5:\"state\";i:1;s:6:\"access\";i:1;}}}s:3:\"url\";s:48:\"index.php?option=com_content&view=category&id=20\";s:5:\"route\";s:48:\"index.php?option=com_content&view=category&id=20\";s:5:\"title\";s:48:\"แผนกช่างกลโรงงาน\";s:11:\"description\";s:0:\"\";s:9:\"published\";N;s:5:\"state\";i:1;s:6:\"access\";s:1:\"1\";s:8:\"language\";s:1:\"*\";s:18:\"publish_start_date\";s:19:\"0000-00-00 00:00:00\";s:16:\"publish_end_date\";s:19:\"0000-00-00 00:00:00\";s:10:\"start_date\";s:19:\"2013-09-09 03:48:08\";s:8:\"end_date\";s:19:\"0000-00-00 00:00:00\";s:10:\"list_price\";N;s:10:\"sale_price\";N;s:7:\"type_id\";i:1;}'),(15,'index.php?option=com_content&view=category&id=21','index.php?option=com_content&view=category&id=21','แผนกก่อสร้าง สำรวจ','','2013-09-09 10:48:21','f095d9422e85a1c2361e32f4c3276071',1,1,1,'*','0000-00-00 00:00:00','0000-00-00 00:00:00','2013-09-09 03:48:21','0000-00-00 00:00:00',0,0,1,'O:19:\"FinderIndexerResult\":18:{s:11:\"\0*\0elements\";a:18:{s:2:\"id\";s:2:\"21\";s:5:\"alias\";s:19:\"2013-09-09-03-48-21\";s:7:\"summary\";s:0:\"\";s:9:\"extension\";s:11:\"com_content\";s:10:\"created_by\";s:3:\"434\";s:8:\"modified\";s:19:\"0000-00-00 00:00:00\";s:11:\"modified_by\";s:1:\"0\";s:7:\"metakey\";s:0:\"\";s:8:\"metadesc\";s:0:\"\";s:8:\"metadata\";O:9:\"JRegistry\":1:{s:7:\"\0*\0data\";O:8:\"stdClass\":2:{s:6:\"author\";s:0:\"\";s:6:\"robots\";s:0:\"\";}}s:3:\"lft\";s:2:\"39\";s:9:\"parent_id\";s:1:\"1\";s:5:\"level\";s:1:\"1\";s:6:\"params\";O:9:\"JRegistry\":1:{s:7:\"\0*\0data\";O:8:\"stdClass\":2:{s:15:\"category_layout\";s:0:\"\";s:5:\"image\";s:0:\"\";}}s:4:\"slug\";s:22:\"21:2013-09-09-03-48-21\";s:6:\"layout\";s:8:\"category\";s:10:\"metaauthor\";N;s:4:\"path\";s:59:\"index.php/component/content/category/21-2013-09-09-03-48-21\";}s:15:\"\0*\0instructions\";a:5:{i:1;a:3:{i:0;s:5:\"title\";i:1;s:8:\"subtitle\";i:2;s:2:\"id\";}i:2;a:2:{i:0;s:7:\"summary\";i:1;s:4:\"body\";}i:3;a:8:{i:0;s:4:\"meta\";i:1;s:10:\"list_price\";i:2;s:10:\"sale_price\";i:3;s:4:\"link\";i:4;s:7:\"metakey\";i:5;s:8:\"metadesc\";i:6;s:10:\"metaauthor\";i:7;s:6:\"author\";}i:4;a:2:{i:0;s:4:\"path\";i:1;s:5:\"alias\";}i:5;a:1:{i:0;s:8:\"comments\";}}s:11:\"\0*\0taxonomy\";a:2:{s:4:\"Type\";a:1:{s:8:\"Category\";O:7:\"JObject\":4:{s:10:\"\0*\0_errors\";a:0:{}s:5:\"title\";s:8:\"Category\";s:5:\"state\";i:1;s:6:\"access\";i:1;}}s:8:\"Language\";a:1:{s:1:\"*\";O:7:\"JObject\":4:{s:10:\"\0*\0_errors\";a:0:{}s:5:\"title\";s:1:\"*\";s:5:\"state\";i:1;s:6:\"access\";i:1;}}}s:3:\"url\";s:48:\"index.php?option=com_content&view=category&id=21\";s:5:\"route\";s:48:\"index.php?option=com_content&view=category&id=21\";s:5:\"title\";s:52:\"แผนกก่อสร้าง สำรวจ\";s:11:\"description\";s:0:\"\";s:9:\"published\";N;s:5:\"state\";i:1;s:6:\"access\";s:1:\"1\";s:8:\"language\";s:1:\"*\";s:18:\"publish_start_date\";s:19:\"0000-00-00 00:00:00\";s:16:\"publish_end_date\";s:19:\"0000-00-00 00:00:00\";s:10:\"start_date\";s:19:\"2013-09-09 03:48:21\";s:8:\"end_date\";s:19:\"0000-00-00 00:00:00\";s:10:\"list_price\";N;s:10:\"sale_price\";N;s:7:\"type_id\";i:1;}'),(16,'index.php?option=com_content&view=category&id=22','index.php?option=com_content&view=category&id=22','แผนกคอมพิวเตอร์ธุรกิจ','','2013-09-09 10:48:43','9f8d79fe13bd4b4de928640b8f21542d',1,1,1,'*','0000-00-00 00:00:00','0000-00-00 00:00:00','2013-09-09 03:48:43','0000-00-00 00:00:00',0,0,1,'O:19:\"FinderIndexerResult\":18:{s:11:\"\0*\0elements\";a:18:{s:2:\"id\";s:2:\"22\";s:5:\"alias\";s:19:\"2013-09-09-03-48-43\";s:7:\"summary\";s:0:\"\";s:9:\"extension\";s:11:\"com_content\";s:10:\"created_by\";s:3:\"434\";s:8:\"modified\";s:19:\"0000-00-00 00:00:00\";s:11:\"modified_by\";s:1:\"0\";s:7:\"metakey\";s:0:\"\";s:8:\"metadesc\";s:0:\"\";s:8:\"metadata\";O:9:\"JRegistry\":1:{s:7:\"\0*\0data\";O:8:\"stdClass\":2:{s:6:\"author\";s:0:\"\";s:6:\"robots\";s:0:\"\";}}s:3:\"lft\";s:2:\"41\";s:9:\"parent_id\";s:1:\"1\";s:5:\"level\";s:1:\"1\";s:6:\"params\";O:9:\"JRegistry\":1:{s:7:\"\0*\0data\";O:8:\"stdClass\":2:{s:15:\"category_layout\";s:0:\"\";s:5:\"image\";s:0:\"\";}}s:4:\"slug\";s:22:\"22:2013-09-09-03-48-43\";s:6:\"layout\";s:8:\"category\";s:10:\"metaauthor\";N;s:4:\"path\";s:59:\"index.php/component/content/category/22-2013-09-09-03-48-43\";}s:15:\"\0*\0instructions\";a:5:{i:1;a:3:{i:0;s:5:\"title\";i:1;s:8:\"subtitle\";i:2;s:2:\"id\";}i:2;a:2:{i:0;s:7:\"summary\";i:1;s:4:\"body\";}i:3;a:8:{i:0;s:4:\"meta\";i:1;s:10:\"list_price\";i:2;s:10:\"sale_price\";i:3;s:4:\"link\";i:4;s:7:\"metakey\";i:5;s:8:\"metadesc\";i:6;s:10:\"metaauthor\";i:7;s:6:\"author\";}i:4;a:2:{i:0;s:4:\"path\";i:1;s:5:\"alias\";}i:5;a:1:{i:0;s:8:\"comments\";}}s:11:\"\0*\0taxonomy\";a:2:{s:4:\"Type\";a:1:{s:8:\"Category\";O:7:\"JObject\":4:{s:10:\"\0*\0_errors\";a:0:{}s:5:\"title\";s:8:\"Category\";s:5:\"state\";i:1;s:6:\"access\";i:1;}}s:8:\"Language\";a:1:{s:1:\"*\";O:7:\"JObject\":4:{s:10:\"\0*\0_errors\";a:0:{}s:5:\"title\";s:1:\"*\";s:5:\"state\";i:1;s:6:\"access\";i:1;}}}s:3:\"url\";s:48:\"index.php?option=com_content&view=category&id=22\";s:5:\"route\";s:48:\"index.php?option=com_content&view=category&id=22\";s:5:\"title\";s:63:\"แผนกคอมพิวเตอร์ธุรกิจ\";s:11:\"description\";s:0:\"\";s:9:\"published\";N;s:5:\"state\";i:1;s:6:\"access\";s:1:\"1\";s:8:\"language\";s:1:\"*\";s:18:\"publish_start_date\";s:19:\"0000-00-00 00:00:00\";s:16:\"publish_end_date\";s:19:\"0000-00-00 00:00:00\";s:10:\"start_date\";s:19:\"2013-09-09 03:48:43\";s:8:\"end_date\";s:19:\"0000-00-00 00:00:00\";s:10:\"list_price\";N;s:10:\"sale_price\";N;s:7:\"type_id\";i:1;}'),(17,'index.php?option=com_content&view=category&id=23','index.php?option=com_content&view=category&id=23','แผนกบัญชี','','2013-09-09 10:48:53','973c6187dfe6b159799ec4fd24a7ea60',1,1,1,'*','0000-00-00 00:00:00','0000-00-00 00:00:00','2013-09-09 03:48:53','0000-00-00 00:00:00',0,0,1,'O:19:\"FinderIndexerResult\":18:{s:11:\"\0*\0elements\";a:18:{s:2:\"id\";s:2:\"23\";s:5:\"alias\";s:19:\"2013-09-09-03-48-53\";s:7:\"summary\";s:0:\"\";s:9:\"extension\";s:11:\"com_content\";s:10:\"created_by\";s:3:\"434\";s:8:\"modified\";s:19:\"0000-00-00 00:00:00\";s:11:\"modified_by\";s:1:\"0\";s:7:\"metakey\";s:0:\"\";s:8:\"metadesc\";s:0:\"\";s:8:\"metadata\";O:9:\"JRegistry\":1:{s:7:\"\0*\0data\";O:8:\"stdClass\":2:{s:6:\"author\";s:0:\"\";s:6:\"robots\";s:0:\"\";}}s:3:\"lft\";s:2:\"43\";s:9:\"parent_id\";s:1:\"1\";s:5:\"level\";s:1:\"1\";s:6:\"params\";O:9:\"JRegistry\":1:{s:7:\"\0*\0data\";O:8:\"stdClass\":2:{s:15:\"category_layout\";s:0:\"\";s:5:\"image\";s:0:\"\";}}s:4:\"slug\";s:22:\"23:2013-09-09-03-48-53\";s:6:\"layout\";s:8:\"category\";s:10:\"metaauthor\";N;s:4:\"path\";s:59:\"index.php/component/content/category/23-2013-09-09-03-48-53\";}s:15:\"\0*\0instructions\";a:5:{i:1;a:3:{i:0;s:5:\"title\";i:1;s:8:\"subtitle\";i:2;s:2:\"id\";}i:2;a:2:{i:0;s:7:\"summary\";i:1;s:4:\"body\";}i:3;a:8:{i:0;s:4:\"meta\";i:1;s:10:\"list_price\";i:2;s:10:\"sale_price\";i:3;s:4:\"link\";i:4;s:7:\"metakey\";i:5;s:8:\"metadesc\";i:6;s:10:\"metaauthor\";i:7;s:6:\"author\";}i:4;a:2:{i:0;s:4:\"path\";i:1;s:5:\"alias\";}i:5;a:1:{i:0;s:8:\"comments\";}}s:11:\"\0*\0taxonomy\";a:2:{s:4:\"Type\";a:1:{s:8:\"Category\";O:7:\"JObject\":4:{s:10:\"\0*\0_errors\";a:0:{}s:5:\"title\";s:8:\"Category\";s:5:\"state\";i:1;s:6:\"access\";i:1;}}s:8:\"Language\";a:1:{s:1:\"*\";O:7:\"JObject\":4:{s:10:\"\0*\0_errors\";a:0:{}s:5:\"title\";s:1:\"*\";s:5:\"state\";i:1;s:6:\"access\";i:1;}}}s:3:\"url\";s:48:\"index.php?option=com_content&view=category&id=23\";s:5:\"route\";s:48:\"index.php?option=com_content&view=category&id=23\";s:5:\"title\";s:27:\"แผนกบัญชี\";s:11:\"description\";s:0:\"\";s:9:\"published\";N;s:5:\"state\";i:1;s:6:\"access\";s:1:\"1\";s:8:\"language\";s:1:\"*\";s:18:\"publish_start_date\";s:19:\"0000-00-00 00:00:00\";s:16:\"publish_end_date\";s:19:\"0000-00-00 00:00:00\";s:10:\"start_date\";s:19:\"2013-09-09 03:48:53\";s:8:\"end_date\";s:19:\"0000-00-00 00:00:00\";s:10:\"list_price\";N;s:10:\"sale_price\";N;s:7:\"type_id\";i:1;}'),(18,'index.php?option=com_banners&view=category&id=24','index.php?option=com_content&view=category&id=24','กยส.','','2013-09-09 14:24:10','793b48ec7f8f895044043f1870ec7046',1,0,1,'*','0000-00-00 00:00:00','0000-00-00 00:00:00','2013-09-09 04:34:59','0000-00-00 00:00:00',0,0,1,'O:19:\"FinderIndexerResult\":18:{s:11:\"\0*\0elements\";a:18:{s:2:\"id\";s:2:\"24\";s:5:\"alias\";s:19:\"2013-09-09-04-34-59\";s:7:\"summary\";s:0:\"\";s:9:\"extension\";s:11:\"com_banners\";s:10:\"created_by\";s:3:\"434\";s:8:\"modified\";s:19:\"2013-09-09 07:23:17\";s:11:\"modified_by\";s:3:\"434\";s:7:\"metakey\";s:0:\"\";s:8:\"metadesc\";s:0:\"\";s:8:\"metadata\";O:9:\"JRegistry\":1:{s:7:\"\0*\0data\";O:8:\"stdClass\":2:{s:6:\"author\";s:0:\"\";s:6:\"robots\";s:0:\"\";}}s:3:\"lft\";s:2:\"45\";s:9:\"parent_id\";s:1:\"1\";s:5:\"level\";s:1:\"1\";s:6:\"params\";O:9:\"JRegistry\":1:{s:7:\"\0*\0data\";O:8:\"stdClass\":2:{s:15:\"category_layout\";s:0:\"\";s:5:\"image\";s:0:\"\";}}s:4:\"slug\";s:22:\"24:2013-09-09-04-34-59\";s:6:\"layout\";s:8:\"category\";s:10:\"metaauthor\";N;s:4:\"path\";s:42:\"index.php/component/content/category?id=24\";}s:15:\"\0*\0instructions\";a:5:{i:1;a:3:{i:0;s:5:\"title\";i:1;s:8:\"subtitle\";i:2;s:2:\"id\";}i:2;a:2:{i:0;s:7:\"summary\";i:1;s:4:\"body\";}i:3;a:8:{i:0;s:4:\"meta\";i:1;s:10:\"list_price\";i:2;s:10:\"sale_price\";i:3;s:4:\"link\";i:4;s:7:\"metakey\";i:5;s:8:\"metadesc\";i:6;s:10:\"metaauthor\";i:7;s:6:\"author\";}i:4;a:2:{i:0;s:4:\"path\";i:1;s:5:\"alias\";}i:5;a:1:{i:0;s:8:\"comments\";}}s:11:\"\0*\0taxonomy\";a:2:{s:4:\"Type\";a:1:{s:8:\"Category\";O:7:\"JObject\":4:{s:10:\"\0*\0_errors\";a:0:{}s:5:\"title\";s:8:\"Category\";s:5:\"state\";i:1;s:6:\"access\";i:1;}}s:8:\"Language\";a:1:{s:1:\"*\";O:7:\"JObject\":4:{s:10:\"\0*\0_errors\";a:0:{}s:5:\"title\";s:1:\"*\";s:5:\"state\";i:1;s:6:\"access\";i:1;}}}s:3:\"url\";s:48:\"index.php?option=com_banners&view=category&id=24\";s:5:\"route\";s:48:\"index.php?option=com_content&view=category&id=24\";s:5:\"title\";s:10:\"กยส.\";s:11:\"description\";s:0:\"\";s:9:\"published\";N;s:5:\"state\";i:0;s:6:\"access\";s:1:\"1\";s:8:\"language\";s:1:\"*\";s:18:\"publish_start_date\";s:19:\"0000-00-00 00:00:00\";s:16:\"publish_end_date\";s:19:\"0000-00-00 00:00:00\";s:10:\"start_date\";s:19:\"2013-09-09 04:34:59\";s:8:\"end_date\";s:19:\"0000-00-00 00:00:00\";s:10:\"list_price\";N;s:10:\"sale_price\";N;s:7:\"type_id\";i:1;}'),(19,'index.php?option=com_banners&view=category&id=3','index.php?option=com_content&view=category&id=3','Uncategorised','','2013-09-09 11:35:15','319f9e6029426c36f259d91c85354f73',1,0,1,'*','0000-00-00 00:00:00','0000-00-00 00:00:00','2010-06-28 13:27:35','0000-00-00 00:00:00',0,0,1,'O:19:\"FinderIndexerResult\":18:{s:11:\"\0*\0elements\";a:18:{s:2:\"id\";s:1:\"3\";s:5:\"alias\";s:13:\"uncategorised\";s:7:\"summary\";s:0:\"\";s:9:\"extension\";s:11:\"com_banners\";s:10:\"created_by\";s:2:\"42\";s:8:\"modified\";s:19:\"0000-00-00 00:00:00\";s:11:\"modified_by\";s:1:\"0\";s:7:\"metakey\";s:0:\"\";s:8:\"metadesc\";s:0:\"\";s:8:\"metadata\";O:9:\"JRegistry\":1:{s:7:\"\0*\0data\";O:8:\"stdClass\":3:{s:10:\"page_title\";s:0:\"\";s:6:\"author\";s:0:\"\";s:6:\"robots\";s:0:\"\";}}s:3:\"lft\";s:1:\"3\";s:9:\"parent_id\";s:1:\"1\";s:5:\"level\";s:1:\"1\";s:6:\"params\";O:9:\"JRegistry\":1:{s:7:\"\0*\0data\";O:8:\"stdClass\":3:{s:6:\"target\";s:0:\"\";s:5:\"image\";s:0:\"\";s:6:\"foobar\";s:0:\"\";}}s:4:\"slug\";s:15:\"3:uncategorised\";s:6:\"layout\";s:8:\"category\";s:10:\"metaauthor\";N;s:4:\"path\";s:41:\"index.php/component/content/category?id=3\";}s:15:\"\0*\0instructions\";a:5:{i:1;a:3:{i:0;s:5:\"title\";i:1;s:8:\"subtitle\";i:2;s:2:\"id\";}i:2;a:2:{i:0;s:7:\"summary\";i:1;s:4:\"body\";}i:3;a:8:{i:0;s:4:\"meta\";i:1;s:10:\"list_price\";i:2;s:10:\"sale_price\";i:3;s:4:\"link\";i:4;s:7:\"metakey\";i:5;s:8:\"metadesc\";i:6;s:10:\"metaauthor\";i:7;s:6:\"author\";}i:4;a:2:{i:0;s:4:\"path\";i:1;s:5:\"alias\";}i:5;a:1:{i:0;s:8:\"comments\";}}s:11:\"\0*\0taxonomy\";a:2:{s:4:\"Type\";a:1:{s:8:\"Category\";O:7:\"JObject\":4:{s:10:\"\0*\0_errors\";a:0:{}s:5:\"title\";s:8:\"Category\";s:5:\"state\";i:1;s:6:\"access\";i:1;}}s:8:\"Language\";a:1:{s:1:\"*\";O:7:\"JObject\":4:{s:10:\"\0*\0_errors\";a:0:{}s:5:\"title\";s:1:\"*\";s:5:\"state\";i:1;s:6:\"access\";i:1;}}}s:3:\"url\";s:47:\"index.php?option=com_banners&view=category&id=3\";s:5:\"route\";s:47:\"index.php?option=com_content&view=category&id=3\";s:5:\"title\";s:13:\"Uncategorised\";s:11:\"description\";s:0:\"\";s:9:\"published\";N;s:5:\"state\";i:0;s:6:\"access\";s:1:\"1\";s:8:\"language\";s:1:\"*\";s:18:\"publish_start_date\";s:19:\"0000-00-00 00:00:00\";s:16:\"publish_end_date\";s:19:\"0000-00-00 00:00:00\";s:10:\"start_date\";s:19:\"2010-06-28 13:27:35\";s:8:\"end_date\";s:19:\"0000-00-00 00:00:00\";s:10:\"list_price\";N;s:10:\"sale_price\";N;s:7:\"type_id\";i:1;}'),(20,'index.php?option=com_banners&view=category&id=25','index.php?option=com_content&view=category&id=25','เงินกู้','','2013-09-10 10:09:52','b7db4e0ab9467731add1a9b2e27f8820',1,0,1,'*','0000-00-00 00:00:00','0000-00-00 00:00:00','2013-09-09 07:24:38','0000-00-00 00:00:00',0,0,1,'O:19:\"FinderIndexerResult\":18:{s:11:\"\0*\0elements\";a:18:{s:2:\"id\";s:2:\"25\";s:5:\"alias\";s:19:\"2013-09-09-07-24-38\";s:7:\"summary\";s:0:\"\";s:9:\"extension\";s:11:\"com_banners\";s:10:\"created_by\";s:3:\"434\";s:8:\"modified\";s:19:\"2013-09-09 07:24:43\";s:11:\"modified_by\";s:3:\"434\";s:7:\"metakey\";s:0:\"\";s:8:\"metadesc\";s:0:\"\";s:8:\"metadata\";O:9:\"JRegistry\":1:{s:7:\"\0*\0data\";O:8:\"stdClass\":2:{s:6:\"author\";s:0:\"\";s:6:\"robots\";s:0:\"\";}}s:3:\"lft\";s:2:\"47\";s:9:\"parent_id\";s:1:\"1\";s:5:\"level\";s:1:\"1\";s:6:\"params\";O:9:\"JRegistry\":1:{s:7:\"\0*\0data\";O:8:\"stdClass\":2:{s:15:\"category_layout\";s:0:\"\";s:5:\"image\";s:0:\"\";}}s:4:\"slug\";s:22:\"25:2013-09-09-07-24-38\";s:6:\"layout\";s:8:\"category\";s:10:\"metaauthor\";N;s:4:\"path\";s:42:\"index.php/component/content/category?id=25\";}s:15:\"\0*\0instructions\";a:5:{i:1;a:3:{i:0;s:5:\"title\";i:1;s:8:\"subtitle\";i:2;s:2:\"id\";}i:2;a:2:{i:0;s:7:\"summary\";i:1;s:4:\"body\";}i:3;a:8:{i:0;s:4:\"meta\";i:1;s:10:\"list_price\";i:2;s:10:\"sale_price\";i:3;s:4:\"link\";i:4;s:7:\"metakey\";i:5;s:8:\"metadesc\";i:6;s:10:\"metaauthor\";i:7;s:6:\"author\";}i:4;a:2:{i:0;s:4:\"path\";i:1;s:5:\"alias\";}i:5;a:1:{i:0;s:8:\"comments\";}}s:11:\"\0*\0taxonomy\";a:2:{s:4:\"Type\";a:1:{s:8:\"Category\";O:7:\"JObject\":4:{s:10:\"\0*\0_errors\";a:0:{}s:5:\"title\";s:8:\"Category\";s:5:\"state\";i:1;s:6:\"access\";i:1;}}s:8:\"Language\";a:1:{s:1:\"*\";O:7:\"JObject\":4:{s:10:\"\0*\0_errors\";a:0:{}s:5:\"title\";s:1:\"*\";s:5:\"state\";i:1;s:6:\"access\";i:1;}}}s:3:\"url\";s:48:\"index.php?option=com_banners&view=category&id=25\";s:5:\"route\";s:48:\"index.php?option=com_content&view=category&id=25\";s:5:\"title\";s:21:\"เงินกู้\";s:11:\"description\";s:0:\"\";s:9:\"published\";N;s:5:\"state\";i:0;s:6:\"access\";s:1:\"1\";s:8:\"language\";s:1:\"*\";s:18:\"publish_start_date\";s:19:\"0000-00-00 00:00:00\";s:16:\"publish_end_date\";s:19:\"0000-00-00 00:00:00\";s:10:\"start_date\";s:19:\"2013-09-09 07:24:38\";s:8:\"end_date\";s:19:\"0000-00-00 00:00:00\";s:10:\"list_price\";N;s:10:\"sale_price\";N;s:7:\"type_id\";i:1;}'),(21,'index.php?option=com_banners&view=category&id=26','index.php?option=com_content&view=category&id=26','Loan','','2013-09-10 10:24:11','a9f250dbe9bfb9000a4620f5ebd20b67',1,1,1,'*','0000-00-00 00:00:00','0000-00-00 00:00:00','2013-09-10 03:24:11','0000-00-00 00:00:00',0,0,1,'O:19:\"FinderIndexerResult\":18:{s:11:\"\0*\0elements\";a:18:{s:2:\"id\";s:2:\"26\";s:5:\"alias\";s:4:\"loan\";s:7:\"summary\";s:0:\"\";s:9:\"extension\";s:11:\"com_banners\";s:10:\"created_by\";s:3:\"434\";s:8:\"modified\";s:19:\"0000-00-00 00:00:00\";s:11:\"modified_by\";s:1:\"0\";s:7:\"metakey\";s:0:\"\";s:8:\"metadesc\";s:0:\"\";s:8:\"metadata\";O:9:\"JRegistry\":1:{s:7:\"\0*\0data\";O:8:\"stdClass\":2:{s:6:\"author\";s:0:\"\";s:6:\"robots\";s:0:\"\";}}s:3:\"lft\";s:2:\"49\";s:9:\"parent_id\";s:1:\"1\";s:5:\"level\";s:1:\"1\";s:6:\"params\";O:9:\"JRegistry\":1:{s:7:\"\0*\0data\";O:8:\"stdClass\":2:{s:15:\"category_layout\";s:0:\"\";s:5:\"image\";s:0:\"\";}}s:4:\"slug\";s:7:\"26:loan\";s:6:\"layout\";s:8:\"category\";s:10:\"metaauthor\";N;s:4:\"path\";s:42:\"index.php/component/content/category?id=26\";}s:15:\"\0*\0instructions\";a:5:{i:1;a:3:{i:0;s:5:\"title\";i:1;s:8:\"subtitle\";i:2;s:2:\"id\";}i:2;a:2:{i:0;s:7:\"summary\";i:1;s:4:\"body\";}i:3;a:8:{i:0;s:4:\"meta\";i:1;s:10:\"list_price\";i:2;s:10:\"sale_price\";i:3;s:4:\"link\";i:4;s:7:\"metakey\";i:5;s:8:\"metadesc\";i:6;s:10:\"metaauthor\";i:7;s:6:\"author\";}i:4;a:2:{i:0;s:4:\"path\";i:1;s:5:\"alias\";}i:5;a:1:{i:0;s:8:\"comments\";}}s:11:\"\0*\0taxonomy\";a:2:{s:4:\"Type\";a:1:{s:8:\"Category\";O:7:\"JObject\":4:{s:10:\"\0*\0_errors\";a:0:{}s:5:\"title\";s:8:\"Category\";s:5:\"state\";i:1;s:6:\"access\";i:1;}}s:8:\"Language\";a:1:{s:1:\"*\";O:7:\"JObject\":4:{s:10:\"\0*\0_errors\";a:0:{}s:5:\"title\";s:1:\"*\";s:5:\"state\";i:1;s:6:\"access\";i:1;}}}s:3:\"url\";s:48:\"index.php?option=com_banners&view=category&id=26\";s:5:\"route\";s:48:\"index.php?option=com_content&view=category&id=26\";s:5:\"title\";s:4:\"Loan\";s:11:\"description\";s:0:\"\";s:9:\"published\";N;s:5:\"state\";i:1;s:6:\"access\";s:1:\"1\";s:8:\"language\";s:1:\"*\";s:18:\"publish_start_date\";s:19:\"0000-00-00 00:00:00\";s:16:\"publish_end_date\";s:19:\"0000-00-00 00:00:00\";s:10:\"start_date\";s:19:\"2013-09-10 03:24:11\";s:8:\"end_date\";s:19:\"0000-00-00 00:00:00\";s:10:\"list_price\";N;s:10:\"sale_price\";N;s:7:\"type_id\";i:1;}');

--
-- Table structure for table `fred7_finder_links_terms0`
--

CREATE TABLE `fred7_finder_links_terms0` (
  `link_id` int(10) unsigned NOT NULL,
  `term_id` int(10) unsigned NOT NULL,
  `weight` float unsigned NOT NULL,
  PRIMARY KEY (`link_id`,`term_id`),
  KEY `idx_term_weight` (`term_id`,`weight`),
  KEY `idx_link_term_weight` (`link_id`,`term_id`,`weight`)
) ENGINE=InnoDB DEFAULT CHARSET=utf8;

--
-- Dumping data for table `fred7_finder_links_terms0`
--

INSERT INTO `fred7_finder_links_terms0` VALUES (1,121,0.56004),(2,121,0.56004),(1,123,0.79992),(2,123,0.79992),(1,124,3.19992),(2,124,3.19992),(1,213,0.65331),(1,214,1.12),(1,215,1.23669),(1,216,0.46669),(1,217,1.21331),(1,218,1.4),(1,372,0.23331),(1,373,1.30669),(1,374,1.4),(1,375,0.56),(1,376,1.33),(1,377,1.4),(1,378,0.7),(1,379,1.33),(1,380,1.4),(1,381,0.7),(1,382,1.4),(1,383,1.4),(1,384,0.7),(1,385,1.4),(1,386,1.4),(1,387,0.7),(1,388,1.37669),(1,389,1.4),(1,390,0.7),(1,391,1.4),(1,392,1.4),(1,393,0.7),(1,394,2.8),(2,1056,0.04669),(2,1057,0.88669),(2,1058,0.93331),(2,1059,1.02);

--
-- Table structure for table `fred7_finder_links_terms1`
--

CREATE TABLE `fred7_finder_links_terms1` (
  `link_id` int(10) unsigned NOT NULL,
  `term_id` int(10) unsigned NOT NULL,
  `weight` float unsigned NOT NULL,
  PRIMARY KEY (`link_id`,`term_id`),
  KEY `idx_term_weight` (`term_id`,`weight`),
  KEY `idx_link_term_weight` (`link_id`,`term_id`,`weight`)
) ENGINE=InnoDB DEFAULT CHARSET=utf8;

--
-- Dumping data for table `fred7_finder_links_terms1`
--

INSERT INTO `fred7_finder_links_terms1` VALUES (1,155,0.65331),(1,156,1.30669),(1,157,1.4),(2,158,0.56),(1,158,2.24),(1,159,1.37669),(1,160,1.4),(1,161,1.4),(1,162,1.4),(1,163,1.4),(1,164,1.4),(1,165,1.4),(1,166,1.4),(1,167,1.30662),(1,168,2.70662),(1,169,1.4),(1,170,1.4),(1,171,0.51331),(1,172,1.21331),(1,173,1.4),(1,174,1.4),(1,175,1.4),(1,176,1.4),(1,177,1.4),(1,178,0.7),(1,179,2.8),(1,180,0.7),(2,1051,0.04669),(2,1052,0.86331),(2,1053,1.00331),(2,1054,1.07331),(2,1055,1.19);

--
-- Table structure for table `fred7_finder_links_terms2`
--

CREATE TABLE `fred7_finder_links_terms2` (
  `link_id` int(10) unsigned NOT NULL,
  `term_id` int(10) unsigned NOT NULL,
  `weight` float unsigned NOT NULL,
  PRIMARY KEY (`link_id`,`term_id`),
  KEY `idx_term_weight` (`term_id`,`weight`),
  KEY `idx_link_term_weight` (`link_id`,`term_id`,`weight`)
) ENGINE=InnoDB DEFAULT CHARSET=utf8;

--
-- Dumping data for table `fred7_finder_links_terms2`
--

INSERT INTO `fred7_finder_links_terms2` VALUES (1,207,0.09331),(1,208,1.00331),(1,209,1.21331),(1,210,0.32669),(1,211,1.12),(1,212,1.23669),(1,487,0.18669),(2,487,0.18669),(1,488,0.84),(2,488,0.84),(1,489,1.09669),(1,490,0.60669),(1,491,1.21331),(1,492,1.26),(1,493,1.49324),(1,494,0.93331),(1,495,1.00331),(1,496,0.93331),(1,497,1.00331),(1,498,0.98),(1,499,1.4),(1,500,1.4),(1,501,1.4),(1,502,0.7),(1,503,1.4),(1,504,1.4),(1,505,1.4),(1,506,2.8),(1,507,1.4),(1,508,1.4),(2,1069,0.88669),(8,1143,0.90661),(21,1250,0.98679);

--
-- Table structure for table `fred7_finder_links_terms3`
--

CREATE TABLE `fred7_finder_links_terms3` (
  `link_id` int(10) unsigned NOT NULL,
  `term_id` int(10) unsigned NOT NULL,
  `weight` float unsigned NOT NULL,
  PRIMARY KEY (`link_id`,`term_id`),
  KEY `idx_term_weight` (`term_id`,`weight`),
  KEY `idx_link_term_weight` (`link_id`,`term_id`,`weight`)
) ENGINE=InnoDB DEFAULT CHARSET=utf8;

--
-- Dumping data for table `fred7_finder_links_terms3`
--

INSERT INTO `fred7_finder_links_terms3` VALUES (1,322,0.04669),(1,323,0.77),(1,324,0.88669),(1,325,0.7),(1,326,1.4),(1,327,1.4),(1,328,0.46669),(1,329,1.14331),(1,330,1.4),(1,331,0.46669),(1,332,1.4),(1,333,1.4),(1,334,0.51331),(1,335,1.07331),(1,336,1.4),(1,337,4.6669),(1,338,2.1),(1,339,1.4),(1,340,1.26),(1,341,1.05),(1,342,1.4),(1,343,2.1),(1,344,1.4),(1,345,4.2),(1,346,1.4),(1,347,1.4),(1,348,1.4),(1,349,1.33),(1,350,1.05),(1,351,1.4),(1,524,0.28),(1,525,1.02669),(1,526,1.4),(1,527,1.2),(2,527,1.2),(1,528,0.7),(1,529,1.4),(1,530,1.4),(1,531,0.7),(1,532,1.4),(1,533,1.4),(1,534,0.32669),(1,535,1.00331),(1,536,1.4),(1,537,0.7),(1,538,1.4),(1,539,1.4),(1,540,1.4),(1,541,2.8),(1,542,1.4),(1,543,1.4),(1,544,1.4),(1,545,2.8),(1,546,1.4),(1,547,1.4),(1,548,1.4),(1,549,1.4),(1,550,1.4),(1,551,2.8),(1,552,0.7),(1,553,1.4),(1,554,1.4),(1,555,0.7),(1,556,1.26),(1,557,1.4),(1,558,0.7),(1,559,2.8),(1,560,0.51331),(1,561,1.02669),(1,562,1.19),(1,604,0.7),(1,605,1.4),(1,606,1.4),(20,1242,0.79339);

--
-- Table structure for table `fred7_finder_links_terms4`
--

CREATE TABLE `fred7_finder_links_terms4` (
  `link_id` int(10) unsigned NOT NULL,
  `term_id` int(10) unsigned NOT NULL,
  `weight` float unsigned NOT NULL,
  PRIMARY KEY (`link_id`,`term_id`),
  KEY `idx_term_weight` (`term_id`,`weight`),
  KEY `idx_link_term_weight` (`link_id`,`term_id`,`weight`)
) ENGINE=InnoDB DEFAULT CHARSET=utf8;

--
-- Dumping data for table `fred7_finder_links_terms4`
--

INSERT INTO `fred7_finder_links_terms4` VALUES (1,320,0.7),(1,321,2.8),(3,1096,0.17),(3,1097,0.63996),(4,1097,0.63996),(5,1097,0.63996),(6,1097,0.63996),(7,1097,0.63996),(8,1097,0.63996),(9,1097,0.63996),(10,1097,0.63996),(11,1097,0.63996),(12,1097,0.63996),(13,1097,0.63996),(14,1097,0.63996),(15,1097,0.63996),(16,1097,0.63996),(17,1097,0.63996),(18,1097,0.63996),(19,1097,0.63996),(20,1097,0.63996),(21,1097,0.63996);

--
-- Table structure for table `fred7_finder_links_terms5`
--

CREATE TABLE `fred7_finder_links_terms5` (
  `link_id` int(10) unsigned NOT NULL,
  `term_id` int(10) unsigned NOT NULL,
  `weight` float unsigned NOT NULL,
  PRIMARY KEY (`link_id`,`term_id`),
  KEY `idx_term_weight` (`term_id`,`weight`),
  KEY `idx_link_term_weight` (`link_id`,`term_id`,`weight`)
) ENGINE=InnoDB DEFAULT CHARSET=utf8;

--
-- Dumping data for table `fred7_finder_links_terms5`
--

INSERT INTO `fred7_finder_links_terms5` VALUES (1,418,0.09331),(1,419,1.16669),(1,420,1.4),(1,421,0.7),(1,422,1.4),(1,423,1.4),(1,424,0.14),(1,425,1.02669),(1,426,1.14331),(1,427,0.7),(1,428,1.4),(1,429,1.4),(1,430,0.37331),(1,431,0.98),(1,432,1.37669),(1,433,0.7),(1,434,1.4),(1,435,0.7),(1,436,1.4),(1,437,1.4),(1,438,0.7),(1,439,2.8),(1,440,2.8),(1,441,1.4),(1,442,1.4),(1,443,1.4),(1,444,1.4),(1,445,1.4),(1,446,1.4),(1,447,0.7),(1,448,1.4),(1,449,1.4),(1,450,0.7),(1,451,1.4),(1,452,1.4),(1,453,0.7),(1,454,1.4),(1,455,1.4),(1,456,0.7),(1,457,1.4),(1,458,1.4),(1,459,0.7),(1,460,1.4),(1,461,1.4),(1,462,0.7),(1,463,1.4),(1,464,1.4),(1,465,0.7),(1,466,1.4),(1,467,1.4),(1,468,0.7),(1,469,0.7),(1,470,1.4),(1,471,1.4),(1,472,0.7),(1,473,1.35331),(1,474,1.4),(1,475,0.7),(1,476,1.4),(1,477,1.4),(1,478,0.7),(1,479,1.4),(1,480,1.4),(1,481,0.7),(1,482,1.4),(1,483,1.4),(1,484,0.7),(1,485,1.35331),(1,486,1.4),(1,509,0.56),(1,510,1.07331),(1,511,1.33),(1,512,0.56),(1,513,1.12),(1,514,1.4),(1,515,0.51331),(1,516,1.26),(1,517,1.4),(1,518,0.46669),(1,519,1.4),(1,520,1.4),(1,521,0.32669),(1,522,1.37669),(1,523,1.4),(2,1070,0.04669),(2,1071,0.88669),(2,1072,0.93331),(15,1200,0.56661);

--
-- Table structure for table `fred7_finder_links_terms6`
--

CREATE TABLE `fred7_finder_links_terms6` (
  `link_id` int(10) unsigned NOT NULL,
  `term_id` int(10) unsigned NOT NULL,
  `weight` float unsigned NOT NULL,
  PRIMARY KEY (`link_id`,`term_id`),
  KEY `idx_term_weight` (`term_id`,`weight`),
  KEY `idx_link_term_weight` (`link_id`,`term_id`,`weight`)
) ENGINE=InnoDB DEFAULT CHARSET=utf8;

--
-- Dumping data for table `fred7_finder_links_terms6`
--

INSERT INTO `fred7_finder_links_terms6` VALUES (1,138,0.7),(1,139,1.4),(1,140,1.4),(1,141,1.4),(1,142,2.66),(1,143,2.8);

--
-- Table structure for table `fred7_finder_links_terms7`
--

CREATE TABLE `fred7_finder_links_terms7` (
  `link_id` int(10) unsigned NOT NULL,
  `term_id` int(10) unsigned NOT NULL,
  `weight` float unsigned NOT NULL,
  PRIMARY KEY (`link_id`,`term_id`),
  KEY `idx_term_weight` (`term_id`,`weight`),
  KEY `idx_link_term_weight` (`link_id`,`term_id`,`weight`)
) ENGINE=InnoDB DEFAULT CHARSET=utf8;

--
-- Dumping data for table `fred7_finder_links_terms7`
--

INSERT INTO `fred7_finder_links_terms7` VALUES (1,125,0.64008),(2,125,0.64008),(1,204,0.04669),(1,205,1.12),(1,206,1.4),(1,412,0.04669),(1,413,0.84),(1,414,1.4),(1,415,0.46669),(1,416,1.4),(1,417,1.4),(19,1233,3.20679);

--
-- Table structure for table `fred7_finder_links_terms8`
--

CREATE TABLE `fred7_finder_links_terms8` (
  `link_id` int(10) unsigned NOT NULL,
  `term_id` int(10) unsigned NOT NULL,
  `weight` float unsigned NOT NULL,
  PRIMARY KEY (`link_id`,`term_id`),
  KEY `idx_term_weight` (`term_id`,`weight`),
  KEY `idx_link_term_weight` (`link_id`,`term_id`,`weight`)
) ENGINE=InnoDB DEFAULT CHARSET=utf8;

--
-- Dumping data for table `fred7_finder_links_terms8`
--

INSERT INTO `fred7_finder_links_terms8` VALUES (1,122,0.6666),(2,122,0.6666),(3,122,0.6666),(4,122,0.6666),(5,122,0.6666),(6,122,0.6666),(7,122,0.6666),(8,122,0.6666),(9,122,0.6666),(10,122,0.6666),(11,122,0.6666),(12,122,0.6666),(13,122,0.6666),(14,122,0.6666),(15,122,0.6666),(16,122,0.6666),(17,122,0.6666),(18,122,0.6666),(19,122,0.6666),(20,122,0.6666),(21,122,0.6666);

--
-- Table structure for table `fred7_finder_links_terms9`
--

CREATE TABLE `fred7_finder_links_terms9` (
  `link_id` int(10) unsigned NOT NULL,
  `term_id` int(10) unsigned NOT NULL,
  `weight` float unsigned NOT NULL,
  PRIMARY KEY (`link_id`,`term_id`),
  KEY `idx_term_weight` (`term_id`,`weight`),
  KEY `idx_link_term_weight` (`link_id`,`term_id`,`weight`)
) ENGINE=InnoDB DEFAULT CHARSET=utf8;

--
-- Dumping data for table `fred7_finder_links_terms9`
--

INSERT INTO `fred7_finder_links_terms9` VALUES (1,219,0.7),(1,220,1.4),(1,221,1.4),(1,395,0.65331),(1,396,1.12),(1,397,1.37669),(1,398,0.7),(1,399,1.4),(1,400,1.4),(1,401,0.7),(1,402,1.4),(1,403,1.4),(2,404,0.7),(1,404,2.8),(1,405,1.4),(2,405,1.4),(1,406,1.4),(1,407,1.4),(1,408,1.4),(1,409,2.8),(1,410,1.4),(1,411,1.4),(2,1068,1.4);

--
-- Table structure for table `fred7_finder_links_termsa`
--

CREATE TABLE `fred7_finder_links_termsa` (
  `link_id` int(10) unsigned NOT NULL,
  `term_id` int(10) unsigned NOT NULL,
  `weight` float unsigned NOT NULL,
  PRIMARY KEY (`link_id`,`term_id`),
  KEY `idx_term_weight` (`term_id`,`weight`),
  KEY `idx_link_term_weight` (`link_id`,`term_id`,`weight`)
) ENGINE=InnoDB DEFAULT CHARSET=utf8;

--
-- Dumping data for table `fred7_finder_links_termsa`
--

INSERT INTO `fred7_finder_links_termsa` VALUES (1,115,0.07),(1,116,0.93331),(1,117,1.02669),(1,222,0.7),(1,223,1.16669),(1,224,1.26),(2,1041,0.4),(6,1041,0.4),(7,1041,0.4),(8,1041,0.4),(9,1041,0.4),(2,1060,0.56),(2,1061,0.88669),(2,1062,1.02669),(2,1063,0.88669),(2,1064,1.05),(2,1065,0.23331),(2,1066,0.95669),(2,1067,1.05),(5,1114,0.4),(5,1115,2.3334),(6,1130,2.3334),(7,1135,2.3334),(8,1142,2.3334),(9,1148,2.3334),(10,1157,0.4),(11,1157,0.4),(12,1157,0.4),(13,1157,0.4),(10,1158,2.3334),(11,1162,2.3334),(12,1169,0.4),(12,1170,2.3334),(13,1177,2.3334),(14,1187,0.4),(15,1187,0.4),(16,1187,0.4),(17,1187,0.4),(14,1188,2.3334),(15,1199,2.3334),(16,1205,0.4),(16,1206,2.3334),(17,1213,2.3334);

--
-- Table structure for table `fred7_finder_links_termsb`
--

CREATE TABLE `fred7_finder_links_termsb` (
  `link_id` int(10) unsigned NOT NULL,
  `term_id` int(10) unsigned NOT NULL,
  `weight` float unsigned NOT NULL,
  PRIMARY KEY (`link_id`,`term_id`),
  KEY `idx_term_weight` (`term_id`,`weight`),
  KEY `idx_link_term_weight` (`link_id`,`term_id`,`weight`)
) ENGINE=InnoDB DEFAULT CHARSET=utf8;

--
-- Dumping data for table `fred7_finder_links_termsb`
--

INSERT INTO `fred7_finder_links_termsb` VALUES (1,563,0.37331),(1,564,1.4),(1,565,1.4),(1,566,0.7),(1,567,1.4),(1,568,0.7),(1,569,1.4),(1,570,1.4),(1,571,0.7),(1,572,1.4),(1,573,1.4),(1,574,1.4),(1,575,2.8),(1,576,1.4),(1,577,1.4),(1,578,0.7),(1,579,1.4),(1,580,1.4),(1,581,0.7),(1,582,1.4),(1,583,1.4),(1,584,0.7),(1,585,1.4),(1,586,1.4),(4,1167,1.36),(12,1171,1.47339),(13,1179,1.7),(14,1189,1.7),(15,1201,1.36),(15,1202,2.72),(16,1207,1.7),(17,1215,1.02);

--
-- Table structure for table `fred7_finder_links_termsc`
--

CREATE TABLE `fred7_finder_links_termsc` (
  `link_id` int(10) unsigned NOT NULL,
  `term_id` int(10) unsigned NOT NULL,
  `weight` float unsigned NOT NULL,
  PRIMARY KEY (`link_id`,`term_id`),
  KEY `idx_term_weight` (`term_id`,`weight`),
  KEY `idx_link_term_weight` (`link_id`,`term_id`,`weight`)
) ENGINE=InnoDB DEFAULT CHARSET=utf8;

--
-- Dumping data for table `fred7_finder_links_termsc`
--

INSERT INTO `fred7_finder_links_termsc` VALUES (1,2,0.4),(20,2,0.4),(1,3,2.3334),(1,4,2.5334),(1,5,0.8),(2,5,0.8),(3,5,0.8),(4,5,0.8),(5,5,0.8),(6,5,0.8),(7,5,0.8),(8,5,0.8),(9,5,0.8),(10,5,0.8),(11,5,0.8),(12,5,0.8),(13,5,0.8),(14,5,0.8),(15,5,0.8),(16,5,0.8),(17,5,0.8),(18,5,0.8),(20,5,0.8),(1,6,2.3334),(2,6,2.3334),(3,6,2.3334),(4,6,2.3334),(5,6,2.3334),(6,6,2.3334),(7,6,2.3334),(8,6,2.3334),(9,6,2.3334),(10,6,2.3334),(11,6,2.3334),(12,6,2.3334),(13,6,2.3334),(14,6,2.3334),(15,6,2.3334),(16,6,2.3334),(17,6,2.3334),(18,6,2.3334),(20,6,2.3334),(1,7,2.5334),(1,8,2.3334),(2,9,0.07),(1,9,0.24),(1,10,0.77),(1,11,0.81669),(1,12,0.21),(2,12,0.21),(1,13,0.88669),(2,13,0.88669),(1,14,0.93331),(2,14,0.93331),(2,15,0.17),(1,15,0.21),(1,16,0.79331),(1,17,1.4),(1,18,1.86662),(1,19,1.02669),(1,20,1.4),(1,21,0.8),(2,21,0.8),(3,21,0.8),(4,21,0.8),(5,21,0.8),(6,21,0.8),(7,21,0.8),(8,21,0.8),(9,21,0.8),(10,21,0.8),(11,21,0.8),(12,21,0.8),(13,21,0.8),(14,21,0.8),(15,21,0.8),(16,21,0.8),(17,21,0.8),(18,21,0.8),(20,21,0.8),(1,22,2.4666),(1,23,2.6666),(20,24,0.34),(1,24,0.54),(1,25,0.91),(1,26,1.02669),(1,27,0.28),(1,28,1.12),(1,29,1.4),(1,30,0.56),(1,31,1.14331),(1,32,1.23669),(1,33,1.02669),(1,34,1.4),(1,35,0.28),(1,36,1.4),(1,37,1.4),(1,38,0.84),(1,39,1.19),(1,40,1.4),(1,41,1.00331),(1,42,1.21331),(1,43,0.28),(1,44,1.4),(1,45,1.4),(1,46,0.56),(1,47,1.4),(1,48,1.4),(1,49,1.4),(1,50,1.4),(1,51,0.28),(1,52,1.4),(1,53,1.4),(1,54,0.28),(1,55,1.4),(1,56,1.4),(1,57,0.28),(1,58,1.4),(1,59,1.4),(1,60,0.56),(1,61,1.4),(1,62,1.4),(1,63,0.84),(1,64,1.4),(1,65,1.4),(1,66,1.4),(1,67,1.4),(1,68,1.4),(1,69,1.19),(1,70,1.4),(1,71,1.4),(1,72,1.4),(1,73,1.4),(1,74,1.4),(1,75,1.07331),(1,76,1.12),(1,77,1.4),(1,78,1.4),(1,79,0.28),(1,80,1.4),(1,81,1.4),(1,82,0.28),(1,83,1.4),(1,84,1.4),(1,85,0.56),(1,86,1.4),(1,87,1.4),(1,88,1.4),(1,89,1.4),(1,90,0.56),(1,91,0.84),(1,92,1.23669),(1,93,1.4),(1,94,1.4),(1,95,0.28),(1,96,1.4),(1,97,1.4),(1,98,0.28),(1,99,0.98),(1,100,1.12),(1,101,0.28),(1,102,0.86331),(1,103,1.12),(1,104,0.54),(1,105,2.3334),(1,106,2.5334),(1,107,0.91),(1,108,1.02669),(1,109,0.21),(1,110,0.86331),(1,111,1.4),(1,118,0.07),(2,118,0.07),(1,119,0.98),(1,120,1.26),(1,355,0.14),(1,356,1.09669),(1,357,1.30669),(1,358,0.56),(1,359,0.95669),(1,360,1.30669),(1,361,0.95669),(1,362,1.00331),(1,363,2.1),(1,364,4.2),(1,365,4.2),(1,366,0.7),(1,367,1.4),(1,368,1.4),(1,369,0.7),(1,370,1.4),(1,371,1.4),(2,1024,0.28),(2,1025,0.95669),(2,1026,0.4),(2,1027,2.3334),(2,1028,2.5334),(2,1029,0.21),(2,1030,0.93331),(2,1031,0.98),(2,1032,2.3334),(2,1033,2.5334),(2,1034,2.5334),(2,1035,0.84),(2,1036,1.00331),(12,1037,0.34),(2,1037,0.4),(2,1038,2.3334),(2,1039,2.4666),(3,1039,2.4666),(4,1039,2.4666),(5,1039,2.4666),(6,1039,2.4666),(7,1039,2.4666),(8,1039,2.4666),(9,1039,2.4666),(10,1039,2.4666),(11,1039,2.4666),(12,1039,2.4666),(13,1039,2.4666),(14,1039,2.4666),(15,1039,2.4666),(16,1039,2.4666),(17,1039,2.4666),(18,1039,2.4666),(20,1039,2.4666),(2,1040,2.6666),(3,1040,2.6666),(4,1040,2.6666),(5,1040,2.6666),(6,1040,2.6666),(7,1040,2.6666),(8,1040,2.6666),(9,1040,2.6666),(10,1040,2.6666),(11,1040,2.6666),(12,1040,2.6666),(13,1040,2.6666),(14,1040,2.6666),(15,1040,2.6666),(16,1040,2.6666),(17,1040,2.6666),(18,1040,2.6666),(20,1040,2.6666),(2,1049,0.77),(2,1050,0.93331),(3,1087,0.4),(4,1087,0.4),(5,1087,0.4),(6,1087,0.4),(7,1087,0.4),(8,1087,0.4),(9,1087,0.4),(10,1087,0.4),(11,1087,0.4),(12,1087,0.4),(13,1087,0.4),(14,1087,0.4),(15,1087,0.4),(16,1087,0.4),(17,1087,0.4),(3,1088,2.3334),(4,1088,2.3334),(3,1089,2.5334),(3,1090,0.4),(18,1090,0.4),(3,1091,2.3334),(4,1091,2.3334),(5,1091,2.3334),(6,1091,2.3334),(7,1091,2.3334),(8,1091,2.3334),(9,1091,2.3334),(10,1091,2.3334),(11,1091,2.3334),(12,1091,2.3334),(13,1091,2.3334),(14,1091,2.3334),(15,1091,2.3334),(16,1091,2.3334),(17,1091,2.3334),(3,1092,2.5334),(4,1092,2.5334),(3,1093,2.5334),(4,1093,2.5334),(5,1093,2.5334),(6,1093,2.5334),(7,1093,2.5334),(8,1093,2.5334),(9,1093,2.5334),(10,1093,2.5334),(11,1093,2.5334),(12,1093,2.5334),(13,1093,2.5334),(14,1093,2.5334),(15,1093,2.5334),(16,1093,2.5334),(17,1093,2.5334),(21,1094,0.34),(3,1094,0.4),(4,1094,0.4),(3,1095,2.3334),(4,1102,2.5334),(4,1103,0.34),(10,1104,0.34),(4,1104,0.4),(4,1105,2.3334),(5,1110,2.3334),(5,1111,2.5334),(5,1112,2.5334),(5,1113,0.34),(6,1125,0.4),(6,1126,2.3334),(7,1126,2.3334),(8,1126,2.3334),(9,1126,2.3334),(6,1127,2.5334),(6,1128,2.5334),(7,1128,2.5334),(8,1128,2.5334),(9,1128,2.5334),(6,1129,0.34),(11,1129,0.4),(7,1132,2.5334),(7,1133,0.34),(9,1134,0.34),(7,1134,0.4),(8,1139,2.5334),(8,1140,0.34),(16,1141,0.34),(8,1141,0.4),(9,1146,2.5334),(10,1153,0.4),(10,1154,2.3334),(11,1154,2.3334),(12,1154,2.3334),(13,1154,2.3334),(10,1155,2.5334),(10,1156,2.5334),(11,1156,2.5334),(12,1156,2.5334),(13,1156,2.5334),(11,1160,2.5334),(11,1161,0.34),(12,1168,2.5334),(13,1175,2.5334),(13,1176,0.34),(14,1182,2.3334),(15,1182,2.3334),(16,1182,2.3334),(17,1182,2.3334),(14,1183,2.5334),(14,1184,0.4),(14,1185,2.5334),(15,1185,2.5334),(16,1185,2.5334),(17,1185,2.5334),(14,1186,0.34),(15,1197,2.5334),(15,1198,0.74),(16,1204,2.5334),(17,1211,2.5334),(17,1212,0.34),(18,1218,2.3334),(18,1219,2.5334),(18,1220,2.3334),(18,1221,2.5334),(18,1222,2.5334),(18,1223,0.34),(20,1223,0.4),(20,1235,2.3334),(20,1236,2.5334),(20,1237,2.3334),(20,1238,2.5334),(20,1239,2.5334),(20,1240,2.3334);

--
-- Table structure for table `fred7_finder_links_termsd`
--

CREATE TABLE `fred7_finder_links_termsd` (
  `link_id` int(10) unsigned NOT NULL,
  `term_id` int(10) unsigned NOT NULL,
  `weight` float unsigned NOT NULL,
  PRIMARY KEY (`link_id`,`term_id`),
  KEY `idx_term_weight` (`term_id`,`weight`),
  KEY `idx_link_term_weight` (`link_id`,`term_id`,`weight`)
) ENGINE=InnoDB DEFAULT CHARSET=utf8;

--
-- Dumping data for table `fred7_finder_links_termsd`
--

INSERT INTO `fred7_finder_links_termsd` VALUES (1,1,0),(2,1,0),(3,1,0),(4,1,0),(5,1,0),(6,1,0),(7,1,0),(8,1,0),(9,1,0),(10,1,0),(11,1,0),(12,1,0),(13,1,0),(14,1,0),(15,1,0),(16,1,0),(17,1,0),(18,1,0),(19,1,0),(20,1,0),(21,1,0),(1,126,0.60669),(1,127,1.4),(1,128,1.4),(1,129,0.7),(1,130,1.4),(1,131,1.4),(1,132,0.7),(1,133,1.4),(1,134,1.4),(1,135,0.7),(1,136,1.4),(1,137,1.4),(1,144,0.23331),(1,145,1.21331),(1,146,1.4),(1,147,0.37331),(1,148,0.93331),(1,149,0.98),(1,150,0.28),(1,151,1.16669),(1,152,1.4),(1,153,1.4),(1,154,1.4),(18,1234,0.34);

--
-- Table structure for table `fred7_finder_links_termse`
--

CREATE TABLE `fred7_finder_links_termse` (
  `link_id` int(10) unsigned NOT NULL,
  `term_id` int(10) unsigned NOT NULL,
  `weight` float unsigned NOT NULL,
  PRIMARY KEY (`link_id`,`term_id`),
  KEY `idx_term_weight` (`term_id`,`weight`),
  KEY `idx_link_term_weight` (`link_id`,`term_id`,`weight`)
) ENGINE=InnoDB DEFAULT CHARSET=utf8;

--
-- Dumping data for table `fred7_finder_links_termse`
--

INSERT INTO `fred7_finder_links_termse` VALUES (1,112,0.07),(19,112,0.17),(1,113,0.79331),(1,114,0.98),(1,225,0.7),(1,226,1.26),(1,227,1.4),(1,228,1.7),(1,229,0.7),(1,230,0.7),(1,231,1.4),(1,232,1.4),(1,233,0.7),(1,234,1.4),(1,235,1.4),(1,236,0.37331),(1,237,1.09669),(1,238,1.14331),(1,239,0.7),(1,240,2.8),(1,241,1.21338),(1,242,1.4),(1,243,1.4),(1,244,1.4),(1,245,1.4),(1,246,0.7),(1,247,1.4),(1,248,1.4),(1,249,1.68),(1,250,1.05),(1,251,1.16669),(1,252,5.13345),(1,253,2.28662),(1,254,2.28662),(1,255,1.14331),(1,256,1.37669),(1,257,1.4),(1,258,1.26),(1,259,1.4),(1,260,1.16669),(1,261,1.4),(1,262,1.4),(1,263,1.4),(1,264,1.4),(1,265,0.98),(1,266,1.02669),(1,267,1.54),(1,268,1.35331),(1,269,1.4),(1,270,1.23669),(1,271,1.4),(1,272,1.02669),(1,273,1.14331),(1,274,5.13345),(1,275,1.14331),(1,276,4.57324),(1,277,1.16669),(1,278,1.4),(1,279,2.33338),(1,280,1.4),(1,281,1.4),(1,282,0.18662),(1,283,1.4),(1,284,1.4),(1,285,0.93331),(1,286,0.98),(1,287,8.40042),(1,288,1.05),(1,289,1.28331),(1,290,1.05),(1,291,1.4),(1,292,1.05),(1,293,1.05),(1,294,1.4),(1,295,1.05),(1,296,1.4),(1,297,1.05),(1,298,1.4),(1,299,1.05),(1,300,1.4),(1,301,3.15),(1,302,1.4),(1,303,1.4),(1,304,1.05),(1,305,1.4),(1,306,1.05),(1,307,1.4),(1,308,1.05),(1,309,1.4),(1,310,1.05),(1,311,1.4),(1,312,1.05),(1,313,1.4),(1,314,1.05),(1,315,1.4),(1,316,1.05),(1,317,1.23669),(1,318,1.05),(1,319,1.12),(1,587,0.32669),(1,588,0.91),(1,589,1.12),(1,590,0.7),(1,591,1.35331),(1,592,1.4),(1,593,0.7),(1,594,1.4),(1,595,1.4),(1,596,0.51331),(1,597,1.00331),(1,598,1.21331),(1,599,0.7),(1,600,2.8),(1,601,0.42),(1,602,1.33),(1,603,1.4),(2,1042,0.35),(2,1043,0.91),(2,1044,1.00331),(2,1045,0.42),(2,1046,0.88669),(2,1047,1.00331),(2,1048,0.42),(2,1073,0.14),(2,1074,0.86331),(2,1075,1.02669),(5,1116,0.4),(9,1147,0.4),(13,1178,0.4),(17,1214,0.4),(18,1224,0.4),(18,1225,2.3334),(18,1226,0.4),(20,1241,0.4);

--
-- Table structure for table `fred7_finder_links_termsf`
--

CREATE TABLE `fred7_finder_links_termsf` (
  `link_id` int(10) unsigned NOT NULL,
  `term_id` int(10) unsigned NOT NULL,
  `weight` float unsigned NOT NULL,
  PRIMARY KEY (`link_id`,`term_id`),
  KEY `idx_term_weight` (`term_id`,`weight`),
  KEY `idx_link_term_weight` (`link_id`,`term_id`,`weight`)
) ENGINE=InnoDB DEFAULT CHARSET=utf8;

--
-- Dumping data for table `fred7_finder_links_termsf`
--

INSERT INTO `fred7_finder_links_termsf` VALUES (1,181,0.56),(1,182,1.28331),(1,183,1.4),(1,184,1.12),(1,185,1.4),(1,186,1.4),(1,187,1.21331),(1,188,1.4),(1,189,0.42),(1,190,1.16669),(1,191,1.4),(1,192,1.4),(1,193,1.4),(1,194,1.4),(1,195,1.4),(1,196,1.4),(1,197,0.7),(1,198,1.4),(1,199,1.4),(1,200,1.30662),(1,201,2.8),(1,202,1.4),(1,203,1.4),(1,352,0.37331),(1,353,1.19),(1,354,1.4),(1,607,0.7),(1,608,1.4),(1,609,1.4),(1,610,1.4),(1,611,2.8),(1,612,2.8),(1,613,0.7),(1,614,1.4),(1,615,1.4),(1,616,0.7),(1,617,1.4),(1,618,1.4),(1,619,0.7),(1,620,1.4),(1,621,1.4),(1,622,0.7),(1,623,1.4),(1,624,1.4),(1,625,0.7),(1,626,1.4),(1,627,1.4),(1,628,0.7),(1,629,1.4),(1,630,1.4),(1,631,0.14),(1,632,1.4),(1,633,1.4),(3,1109,1.24661),(5,1117,1.7),(6,1131,1.24661),(7,1136,1.24661),(9,1149,1.02),(10,1159,1.7),(11,1163,1.24661);

--
-- Table structure for table `fred7_finder_taxonomy`
--

CREATE TABLE `fred7_finder_taxonomy` (
  `id` int(10) unsigned NOT NULL AUTO_INCREMENT,
  `parent_id` int(10) unsigned NOT NULL DEFAULT '0',
  `title` varchar(255) NOT NULL,
  `state` tinyint(1) unsigned NOT NULL DEFAULT '1',
  `access` tinyint(1) unsigned NOT NULL DEFAULT '0',
  `ordering` tinyint(1) unsigned NOT NULL DEFAULT '0',
  PRIMARY KEY (`id`),
  KEY `parent_id` (`parent_id`),
  KEY `state` (`state`),
  KEY `ordering` (`ordering`),
  KEY `access` (`access`),
  KEY `idx_parent_published` (`parent_id`,`state`,`access`)
) ENGINE=InnoDB AUTO_INCREMENT=11 DEFAULT CHARSET=utf8;

--
-- Dumping data for table `fred7_finder_taxonomy`
--

INSERT INTO `fred7_finder_taxonomy` VALUES (1,0,'ROOT',0,0,0),(2,1,'Type',1,1,0),(3,2,'Article',1,1,0),(4,1,'Author',1,1,0),(5,4,'Super User',1,1,0),(6,1,'Category',1,1,0),(7,6,'เกี่ยวกับวิทยาลัย',1,1,0),(8,1,'Language',1,1,0),(9,8,'*',1,1,0),(10,2,'Category',1,1,0);

--
-- Table structure for table `fred7_finder_taxonomy_map`
--

CREATE TABLE `fred7_finder_taxonomy_map` (
  `link_id` int(10) unsigned NOT NULL,
  `node_id` int(10) unsigned NOT NULL,
  PRIMARY KEY (`link_id`,`node_id`),
  KEY `link_id` (`link_id`),
  KEY `node_id` (`node_id`)
) ENGINE=InnoDB DEFAULT CHARSET=utf8;

--
-- Dumping data for table `fred7_finder_taxonomy_map`
--

INSERT INTO `fred7_finder_taxonomy_map` VALUES (1,3),(1,5),(1,7),(1,9),(2,3),(2,5),(2,7),(2,9),(3,9),(3,10),(4,9),(4,10),(5,9),(5,10),(6,9),(6,10),(7,9),(7,10),(8,9),(8,10),(9,9),(9,10),(10,9),(10,10),(11,9),(11,10),(12,9),(12,10),(13,9),(13,10),(14,9),(14,10),(15,9),(15,10),(16,9),(16,10),(17,9),(17,10),(18,9),(18,10),(19,9),(19,10),(20,9),(20,10),(21,9),(21,10);

--
-- Table structure for table `fred7_finder_terms`
--

CREATE TABLE `fred7_finder_terms` (
  `term_id` int(10) unsigned NOT NULL AUTO_INCREMENT,
  `term` varchar(75) NOT NULL,
  `stem` varchar(75) NOT NULL,
  `common` tinyint(1) unsigned NOT NULL DEFAULT '0',
  `phrase` tinyint(1) unsigned NOT NULL DEFAULT '0',
  `weight` float unsigned NOT NULL DEFAULT '0',
  `soundex` varchar(75) NOT NULL,
  `links` int(10) NOT NULL DEFAULT '0',
  PRIMARY KEY (`term_id`),
  UNIQUE KEY `idx_term` (`term`),
  KEY `idx_term_phrase` (`term`,`phrase`),
  KEY `idx_stem_phrase` (`stem`,`phrase`),
  KEY `idx_soundex_phrase` (`soundex`,`phrase`)
) ENGINE=InnoDB AUTO_INCREMENT=1251 DEFAULT CHARSET=utf8;

--
-- Dumping data for table `fred7_finder_terms`
--

INSERT INTO `fred7_finder_terms` VALUES (1,'','',0,0,0,'',30),(2,'07','07',0,0,0.2,'',4),(3,'07 29','07 29',0,1,1.1667,'',1),(4,'07 29 09','07 29 09',0,1,1.2667,'',1),(5,'09','09',0,0,0.2,'',28),(6,'09 09','09 09',0,1,1.1667,'',28),(7,'09 09 25','09 09 25',0,1,1.2667,'',1),(8,'09 25','09 25',0,1,1.1667,'',1),(9,'1','1',0,0,0.1,'',3),(10,'1 พ','1 พ',0,1,1.1,'พ000',1),(11,'1 พ ศ','1 พ ศ',0,1,1.1667,'พ000',1),(12,'197','197',0,0,0.3,'',3),(13,'197 หมู่','197 หมู่',0,1,1.2667,'ห000',3),(14,'197 หมู่ 8','197 หมู่ 8',0,1,1.3333,'ห000',3),(15,'2','2',0,0,0.1,'',3),(16,'2 ปี','2 ปี',0,1,1.1333,'ป000',1),(17,'2 ปี และหลักสูตรประกาศนียบัตรวิชาชีพชั้นสูง','2 ปี และหลักสูตรประกาศนียบัตรวิชาชีพชั้นสูง',0,1,2,'ป000',1),(18,'2 หลักสูตร','2 หลักสูตร',0,1,1.3333,'ห000',1),(19,'2 หลักสูตร คือ','2 หลักสูตร คือ',0,1,1.4667,'ห000',1),(20,'2 หลักสูตร เปิดทั้งช่างอุตสาหกรรมและบริหารธุรกิจ','2 หลักสูตร เปิดทั้งช่างอุตสาหกรรมและบริหารธุรกิจ',0,1,2,'ห000',1),(21,'2013','2013',0,0,0.4,'',28),(22,'2013 07','2013 07',0,1,1.2333,'',1),(23,'2013 07 29','2013 07 29',0,1,1.3333,'',1),(24,'25','25',0,0,0.2,'',4),(25,'25 มกราคม','25 มกราคม',0,1,1.3,'ม000',1),(26,'25 มกราคม 2528','25 มกราคม 2528',0,1,1.4667,'ม000',1),(27,'2524','2524',0,0,0.4,'',1),(28,'2524 กรมอาชีวศึกษา','2524 กรมอาชีวศึกษา',0,1,1.6,'ก000',1),(29,'2524 กรมอาชีวศึกษา มาใช้หลักสูตรประกาศนียบัตรวิชาชีพ','2524 กรมอาชีวศึกษา มาใช้หลักสูตรประกาศนียบัตรวิชาชีพ',0,1,2,'ก000',1),(30,'2528','2528',0,0,0.4,'',1),(31,'2528 ตั้งอยู่เลขที่','2528 ตั้งอยู่เลขที่',0,1,1.6333,'ต000',1),(32,'2528 ตั้งอยู่เลขที่ 197','2528 ตั้งอยู่เลขที่ 197',0,1,1.7667,'ต000',1),(33,'2528 โรงเรียนฯ','2528 โรงเรียนฯ',0,1,1.4667,'โ000',1),(34,'2528 โรงเรียนฯ ขยายหลักสูตรเพิ่ม','2528 โรงเรียนฯ ขยายหลักสูตรเพิ่ม',0,1,2,'โ000',1),(35,'2529','2529',0,0,0.4,'',1),(36,'2529 เปิดหลักสูตรเพิ่มในระดับประกาศนียบัตรวิชาชีพชั้นสูง','2529 เปิดหลักสูตรเพิ่มในระดับประกาศนียบัตรวิชาชีพชั้นสูง',0,1,2,'เ000',1),(37,'2529 เปิดหลักสูตรเพิ่มในระดับประกาศนียบัตรวิชาชีพชั้นสูง ปวส','2529 เปิดหลักสูตรเพิ่มในระดับประกาศนียบัตรวิชาชีพชั้นสูง ปวส',0,1,2,'เ000',1),(38,'2530','2530',0,0,0.4,'',1),(39,'2530 ของกรมอาชีวศึกษา','2530 ของกรมอาชีวศึกษา',0,1,1.7,'ข000',1),(40,'2530 ของกรมอาชีวศึกษา ปีการศึกษา','2530 ของกรมอาชีวศึกษา ปีการศึกษา',0,1,2,'ข000',1),(41,'2530 ปรับปรุง','2530 ปรับปรุง',0,1,1.4333,'ป000',1),(42,'2530 ปรับปรุง ครั้งที่','2530 ปรับปรุง ครั้งที่',0,1,1.7333,'ป000',1),(43,'2531','2531',0,0,0.4,'',1),(44,'2531 เปิดหลักสูตรเพิ่มในระดับประกาศนียบัตรวิชาชีพเทคนิค','2531 เปิดหลักสูตรเพิ่มในระดับประกาศนียบัตรวิชาชีพเทคนิค',0,1,2,'เ000',1),(45,'2531 เปิดหลักสูตรเพิ่มในระดับประกาศนียบัตรวิชาชีพเทคนิค สาขาวิชาบริหารธุรกิ','2531 เปิดหลักสูตรเพิ่มในระดับประกาศนียบัตรวิชาชีพเทคนิค สาขาวิชาบริหารธุรกิ',0,1,2,'เ000',1),(46,'2533','2533',0,0,0.4,'',1),(47,'2533 มาใช้หลักสูตรประกาศนียบัตรวิชาชีพ','2533 มาใช้หลักสูตรประกาศนียบัตรวิชาชีพ',0,1,2,'ม000',1),(48,'2533 มาใช้หลักสูตรประกาศนียบัตรวิชาชีพ ปวช','2533 มาใช้หลักสูตรประกาศนียบัตรวิชาชีพ ปวช',0,1,2,'ม000',1),(49,'2533 เปิดหลักสูตรเพิ่มในระดับประกาศนียบัตรวิชาชีพชั้นสูง','2533 เปิดหลักสูตรเพิ่มในระดับประกาศนียบัตรวิชาชีพชั้นสูง',0,1,2,'เ000',1),(50,'2533 เปิดหลักสูตรเพิ่มในระดับประกาศนียบัตรวิชาชีพชั้นสูง ปวส','2533 เปิดหลักสูตรเพิ่มในระดับประกาศนียบัตรวิชาชีพชั้นสูง ปวส',0,1,2,'เ000',1),(51,'2534','2534',0,0,0.4,'',1),(52,'2534 เปิดหลักสูตรเพิ่มในระดับประกาศนียบัตรวิชาชีพเทคนิค','2534 เปิดหลักสูตรเพิ่มในระดับประกาศนียบัตรวิชาชีพเทคนิค',0,1,2,'เ000',1),(53,'2534 เปิดหลักสูตรเพิ่มในระดับประกาศนียบัตรวิชาชีพเทคนิค สาขาวิชาวิศวกรรมอิเ','2534 เปิดหลักสูตรเพิ่มในระดับประกาศนียบัตรวิชาชีพเทคนิค สาขาวิชาวิศวกรรมอิเ',0,1,2,'เ000',1),(54,'2535','2535',0,0,0.4,'',1),(55,'2535 เปิดหลักสูตรเพิ่มในระดับประกาศนียบัตรวิชาชีพ','2535 เปิดหลักสูตรเพิ่มในระดับประกาศนียบัตรวิชาชีพ',0,1,2,'เ000',1),(56,'2535 เปิดหลักสูตรเพิ่มในระดับประกาศนียบัตรวิชาชีพ ปวช','2535 เปิดหลักสูตรเพิ่มในระดับประกาศนียบัตรวิชาชีพ ปวช',0,1,2,'เ000',1),(57,'2536','2536',0,0,0.4,'',1),(58,'2536 มาใช้หลักสูตรประกาศนียบัตรวิชาชีพชั้นสูง','2536 มาใช้หลักสูตรประกาศนียบัตรวิชาชีพชั้นสูง',0,1,2,'ม000',1),(59,'2536 มาใช้หลักสูตรประกาศนียบัตรวิชาชีพชั้นสูง ปวส','2536 มาใช้หลักสูตรประกาศนียบัตรวิชาชีพชั้นสูง ปวส',0,1,2,'ม000',1),(60,'2538','2538',0,0,0.4,'',1),(61,'2538 และได้เพิ่มสาขาวิชาเทคนิคอุตสาหกรรม','2538 และได้เพิ่มสาขาวิชาเทคนิคอุตสาหกรรม',0,1,2,'แ000',1),(62,'2538 และได้เพิ่มสาขาวิชาเทคนิคอุตสาหกรรม ในระดับประกาศนียบัตรวิชาชีพชั้นสูง','2538 และได้เพิ่มสาขาวิชาเทคนิคอุตสาหกรรม ในระดับประกาศนียบัตรวิชาชีพชั้นสูง',0,1,2,'แ000',1),(63,'2539','2539',0,0,0.4,'',1),(64,'2539 เปิดสอนหลักสูตรประกาศนียบัตรวิชาชีพชั้นสูง','2539 เปิดสอนหลักสูตรประกาศนียบัตรวิชาชีพชั้นสูง',0,1,2,'เ000',1),(65,'2539 เปิดสอนหลักสูตรประกาศนียบัตรวิชาชีพชั้นสูง ปวส','2539 เปิดสอนหลักสูตรประกาศนียบัตรวิชาชีพชั้นสูง ปวส',0,1,2,'เ000',1),(66,'2539 ได้มีการเปลี่ยนแปลงหลักสูตรประกาศนียบัตรวิชาชีพ','2539 ได้มีการเปลี่ยนแปลงหลักสูตรประกาศนียบัตรวิชาชีพ',0,1,2,'ไ000',1),(67,'2539 ได้มีการเปลี่ยนแปลงหลักสูตรประกาศนียบัตรวิชาชีพ ปวช','2539 ได้มีการเปลี่ยนแปลงหลักสูตรประกาศนียบัตรวิชาชีพ ปวช',0,1,2,'ไ000',1),(68,'2540','2540',0,0,0.4,'',1),(69,'2540 ของกรมอาชีวศึกษา','2540 ของกรมอาชีวศึกษา',0,1,1.7,'ข000',1),(70,'2540 ของกรมอาชีวศึกษา ปีการศึกษา','2540 ของกรมอาชีวศึกษา ปีการศึกษา',0,1,2,'ข000',1),(71,'2540 รับผู้จบมัธยมศึกษาตอนปลาย','2540 รับผู้จบมัธยมศึกษาตอนปลาย',0,1,2,'ร000',1),(72,'2540 รับผู้จบมัธยมศึกษาตอนปลาย ม.6','2540 รับผู้จบมัธยมศึกษาตอนปลาย ม.6',0,1,2,'ร000',1),(73,'2540 รับผู้จบระดับประกาศนียบัตรวิชาชีพ','2540 รับผู้จบระดับประกาศนียบัตรวิชาชีพ',0,1,2,'ร000',1),(74,'2540 รับผู้จบระดับประกาศนียบัตรวิชาชีพ ปวช','2540 รับผู้จบระดับประกาศนียบัตรวิชาชีพ ปวช',0,1,2,'ร000',1),(75,'2540 โดยแบ่งเป็น','2540 โดยแบ่งเป็น',0,1,1.5333,'โ000',1),(76,'2540 โดยแบ่งเป็น 2','2540 โดยแบ่งเป็น 2',0,1,1.6,'โ000',1),(77,'2540 ได้มีการเปลี่ยนแปลงหลักสูตรประกาศนียบัตร','2540 ได้มีการเปลี่ยนแปลงหลักสูตรประกาศนียบัตร',0,1,2,'ไ000',1),(78,'2540 ได้มีการเปลี่ยนแปลงหลักสูตรประกาศนียบัตร วิชาชีพชั้นสูง','2540 ได้มีการเปลี่ยนแปลงหลักสูตรประกาศนียบัตร วิชาชีพชั้นสูง',0,1,2,'ไ000',1),(79,'2542','2542',0,0,0.4,'',1),(80,'2542 วิทยาลัยเทคโนโลยีหมู่บ้านครูภาคเหนือ','2542 วิทยาลัยเทคโนโลยีหมู่บ้านครูภาคเหนือ',0,1,2,'ว000',1),(81,'2542 วิทยาลัยเทคโนโลยีหมู่บ้านครูภาคเหนือ ได้รับการรับรองมาตรฐานคุณภาพการศึ','2542 วิทยาลัยเทคโนโลยีหมู่บ้านครูภาคเหนือ ได้รับการรับรองมาตรฐานคุณภาพการศึ',0,1,2,'ว000',1),(82,'2543','2543',0,0,0.4,'',1),(83,'2543 วิทยาลัยเทคโนโลยีหมู่บ้านครูภาคเหนือ','2543 วิทยาลัยเทคโนโลยีหมู่บ้านครูภาคเหนือ',0,1,2,'ว000',1),(84,'2543 วิทยาลัยเทคโนโลยีหมู่บ้านครูภาคเหนือ ได้รับโล่สถานศึกษาดีเด่นในการร่วม','2543 วิทยาลัยเทคโนโลยีหมู่บ้านครูภาคเหนือ ได้รับโล่สถานศึกษาดีเด่นในการร่วม',0,1,2,'ว000',1),(85,'2545','2545',0,0,0.4,'',1),(86,'2545 ปรับเปลี่ยนโครงสร้างรายวิชาในหมวดวิชาเลือก','2545 ปรับเปลี่ยนโครงสร้างรายวิชาในหมวดวิชาเลือก',0,1,2,'ป000',1),(87,'2545 ปรับเปลี่ยนโครงสร้างรายวิชาในหมวดวิชาเลือก เพื่อให้มีความเหมาะสมกับควา','2545 ปรับเปลี่ยนโครงสร้างรายวิชาในหมวดวิชาเลือก เพื่อให้มีความเหมาะสมกับควา',0,1,2,'ป000',1),(88,'2545 วิทยาลัยเทคโนโลยีหมู่บ้านครูภาคเหนือ','2545 วิทยาลัยเทคโนโลยีหมู่บ้านครูภาคเหนือ',0,1,2,'ว000',1),(89,'2545 วิทยาลัยเทคโนโลยีหมู่บ้านครูภาคเหนือ จังหวัดลำพูน','2545 วิทยาลัยเทคโนโลยีหมู่บ้านครูภาคเหนือ จังหวัดลำพูน',0,1,2,'ว000',1),(90,'2546','2546',0,0,0.4,'',1),(91,'2546 ณ','2546 ณ',0,1,1.2,'ณ000',1),(92,'2546 ณ ธรรมสถานลานโพธิ์','2546 ณ ธรรมสถานลานโพธิ์',0,1,1.7667,'ณ000',1),(93,'2546 วิทยาลัยเทคโนโลยีหมู่บ้านครู','2546 วิทยาลัยเทคโนโลยีหมู่บ้านครู',0,1,2,'ว000',1),(94,'2546 วิทยาลัยเทคโนโลยีหมู่บ้านครู ภาคเหนือ','2546 วิทยาลัยเทคโนโลยีหมู่บ้านครู ภาคเหนือ',0,1,2,'ว000',1),(95,'2547','2547',0,0,0.4,'',1),(96,'2547 รับรางวัลพระราชทานเสาเสมาธรรมจักร','2547 รับรางวัลพระราชทานเสาเสมาธรรมจักร',0,1,2,'ร000',1),(97,'2547 รับรางวัลพระราชทานเสาเสมาธรรมจักร จากสมเด็จพระเทพรัตนราชสุดาสยามบรมราช','2547 รับรางวัลพระราชทานเสาเสมาธรรมจักร จากสมเด็จพระเทพรัตนราชสุดาสยามบรมราช',0,1,2,'ร000',1),(98,'2549','2549',0,0,0.4,'',1),(99,'2549 เปิดสอน','2549 เปิดสอน',0,1,1.4,'เ000',1),(100,'2549 เปิดสอน ระดับ','2549 เปิดสอน ระดับ',0,1,1.6,'เ000',1),(101,'2550','2550',0,0,0.4,'',1),(102,'2550 ดร','2550 ดร',0,1,1.2333,'ด000',1),(103,'2550 ดร พันธุ์นิภา','2550 ดร พันธุ์นิภา',0,1,1.6,'ด000',1),(104,'29','29',0,0,0.2,'',1),(105,'29 09','29 09',0,1,1.1667,'',1),(106,'29 09 09','29 09 09',0,1,1.2667,'',1),(107,'29 มกราคม','29 มกราคม',0,1,1.3,'ม000',1),(108,'29 มกราคม 2546','29 มกราคม 2546',0,1,1.4667,'ม000',1),(109,'291','291',0,0,0.3,'',1),(110,'291 ไร่','291 ไร่',0,1,1.2333,'ไ000',1),(111,'291 ไร่ มีความเป็นมาโดยสังเขปดังนี้','291 ไร่ มีความเป็นมาโดยสังเขปดังนี้',0,1,2,'ไ000',1),(112,'3','3',0,0,0.1,'',2),(113,'3 ปี','3 ปี',0,1,1.1333,'ป000',1),(114,'3 ปี โดยทั้ง','3 ปี โดยทั้ง',0,1,1.4,'ป000',1),(115,'4','4',0,0,0.1,'',1),(116,'4 สาขาวิชา','4 สาขาวิชา',0,1,1.3333,'ส000',1),(117,'4 สาขาวิชา คือ','4 สาขาวิชา คือ',0,1,1.4667,'ส000',1),(118,'8','8',0,0,0.1,'',3),(119,'8 ตำบลบ้านธิ','8 ตำบลบ้านธิ',0,1,1.4,'ต000',1),(120,'8 ตำบลบ้านธิ อำเภอบ้านธิ','8 ตำบลบ้านธิ อำเภอบ้านธิ',0,1,1.8,'ต000',1),(121,'article','article',0,0,0.4667,'A6324',3),(122,'index','index',0,0,0.3333,'I532',30),(123,'super','super',0,0,0.3333,'S160',3),(124,'super user','super user',0,1,1.3333,'S1626',3),(125,'user','user',0,0,0.2667,'U260',3),(126,'กรมอาชีวศึกษา','กรมอาชีวศึกษา',0,0,0.8667,'ก000',1),(127,'กรมอาชีวศึกษา มาใช้หลักสูตรประกาศนียบัตรวิชาชีพ','กรมอาชีวศึกษา มาใช้หลักสูตรประกาศนียบัตรวิชาชีพ',0,1,2,'ก000',1),(128,'กรมอาชีวศึกษา มาใช้หลักสูตรประกาศนียบัตรวิชาชีพ ปวช','กรมอาชีวศึกษา มาใช้หลักสูตรประกาศนียบัตรวิชาชีพ ปวช',0,1,2,'ก000',1),(129,'กระทรวงศึกษาธิการ','กระทรวงศึกษาธิการ',0,0,1,'ก000',1),(130,'กระทรวงศึกษาธิการ โดยได้รับใบอนุญาตให้จัดตั้งขึ้นตามพระราชบัญญัติการศึกษา','กระทรวงศึกษาธิการ โดยได้รับใบอนุญาตให้จัดตั้งขึ้นตามพระราชบัญญัติการศึกษา',0,1,2,'ก000',1),(131,'กระทรวงศึกษาธิการ โดยได้รับใบอนุญาตให้จัดตั้งขึ้นตามพระราชบัญญัติการศึกษา ส','กระทรวงศึกษาธิการ โดยได้รับใบอนุญาตให้จัดตั้งขึ้นตามพระราชบัญญัติการศึกษา ส',0,1,2,'ก000',1),(132,'กระทรวงศึกษาธิการและได้รับโล่พร้อมเกียรติบัตรโรงเรียนสีขาว','กระทรวงศึกษาธิการและได้รับโล่พร้อมเกียรติบัตรโรงเรียนสีขาว',0,0,1,'ก000',1),(133,'กระทรวงศึกษาธิการและได้รับโล่พร้อมเกียรติบัตรโรงเรียนสีขาว จากนายสมศักดิ์','กระทรวงศึกษาธิการและได้รับโล่พร้อมเกียรติบัตรโรงเรียนสีขาว จากนายสมศักดิ์',0,1,2,'ก000',1),(134,'กระทรวงศึกษาธิการและได้รับโล่พร้อมเกียรติบัตรโรงเรียนสีขาว จากนายสมศักดิ์ ป','กระทรวงศึกษาธิการและได้รับโล่พร้อมเกียรติบัตรโรงเรียนสีขาว จากนายสมศักดิ์ ป',0,1,2,'ก000',1),(135,'การบัญชีและคอมพิวเตอร์ธุรกิจ','การบัญชีและคอมพิวเตอร์ธุรกิจ',0,0,1,'ก000',1),(136,'การบัญชีและคอมพิวเตอร์ธุรกิจ จากสำนักงานคณะกรรมการการศึกษาเอกชน','การบัญชีและคอมพิวเตอร์ธุรกิจ จากสำนักงานคณะกรรมการการศึกษาเอกชน',0,1,2,'ก000',1),(137,'การบัญชีและคอมพิวเตอร์ธุรกิจ จากสำนักงานคณะกรรมการการศึกษาเอกชน กระทรวงศึกษ','การบัญชีและคอมพิวเตอร์ธุรกิจ จากสำนักงานคณะกรรมการการศึกษาเอกชน กระทรวงศึกษ',0,1,2,'ก000',1),(138,'ขยายหลักสูตรเพิ่ม','ขยายหลักสูตรเพิ่ม',0,0,1,'ข000',1),(139,'ขยายหลักสูตรเพิ่ม โดยเปิดสอนหลักสูตรช่าง','ขยายหลักสูตรเพิ่ม โดยเปิดสอนหลักสูตรช่าง',0,1,2,'ข000',1),(140,'ขยายหลักสูตรเพิ่ม โดยเปิดสอนหลักสูตรช่าง อุตสาหกรรม','ขยายหลักสูตรเพิ่ม โดยเปิดสอนหลักสูตรช่าง อุตสาหกรรม',0,1,2,'ข000',1),(141,'ของกรมอาชีวศึกษา','ของกรมอาชีวศึกษา',0,0,1,'ข000',1),(142,'ของกรมอาชีวศึกษา ปีการศึกษา','ของกรมอาชีวศึกษา ปีการศึกษา',0,1,1.9,'ข000',1),(143,'ของกรมอาชีวศึกษา ปีการศึกษา 2539','ของกรมอาชีวศึกษา ปีการศึกษา 2539',0,1,2,'ข000',1),(144,'คงศรี','คงศรี',0,0,0.3333,'ค000',1),(145,'คงศรี เป็นอาจารย์ปรีดา','คงศรี เป็นอาจารย์ปรีดา',0,1,1.7333,'ค000',1),(146,'คงศรี เป็นอาจารย์ปรีดา ดีรัศมี','คงศรี เป็นอาจารย์ปรีดา ดีรัศมี',0,1,2,'ค000',1),(147,'ครั้งที่','ครั้งที่',0,0,0.5333,'ค000',1),(148,'ครั้งที่ 1','ครั้งที่ 1',0,1,1.3333,'ค000',1),(149,'ครั้งที่ 1 พ','ครั้งที่ 1 พ',0,1,1.4,'ค000',1),(150,'คือ','คือ',0,0,0.2,'ค000',1),(151,'คือ สาขาวิชาช่างยนต์','คือ สาขาวิชาช่างยนต์',0,1,1.6667,'ค000',1),(152,'คือ สาขาวิชาช่างยนต์ สาขาวิชาช่างไฟฟ้ากำลัง','คือ สาขาวิชาช่างยนต์ สาขาวิชาช่างไฟฟ้ากำลัง',0,1,2,'ค000',1),(153,'คือ หลักสูตรประกาศนียบัตรวิชาชีพชั้นสูง','คือ หลักสูตรประกาศนียบัตรวิชาชีพชั้นสูง',0,1,2,'ค000',1),(154,'คือ หลักสูตรประกาศนียบัตรวิชาชีพชั้นสูง ปวส','คือ หลักสูตรประกาศนียบัตรวิชาชีพชั้นสูง ปวส',0,1,2,'ค000',1),(155,'จริยธรรมดีเด่น','จริยธรรมดีเด่น',0,0,0.9333,'จ000',1),(156,'จริยธรรมดีเด่น จากนายสุรัฐ','จริยธรรมดีเด่น จากนายสุรัฐ',0,1,1.8667,'จ000',1),(157,'จริยธรรมดีเด่น จากนายสุรัฐ ศิลปอนันต์','จริยธรรมดีเด่น จากนายสุรัฐ ศิลปอนันต์',0,1,2,'จ000',1),(158,'จังหวัดลำพูน','จังหวัดลำพูน',0,0,0.8,'จ000',3),(159,'จังหวัดลำพูน บนเนื้อที่ประมาณ','จังหวัดลำพูน บนเนื้อที่ประมาณ',0,1,1.9667,'จ000',1),(160,'จังหวัดลำพูน บนเนื้อที่ประมาณ 291','จังหวัดลำพูน บนเนื้อที่ประมาณ 291',0,1,2,'จ000',1),(161,'จังหวัดลำพูน เป็นสถานศึกษาระดับอุดมศึกษาเอกชน','จังหวัดลำพูน เป็นสถานศึกษาระดับอุดมศึกษาเอกชน',0,1,2,'จ000',1),(162,'จังหวัดลำพูน เป็นสถานศึกษาระดับอุดมศึกษาเอกชน สังกัดสำนักงานคณะกรรมการการศึ','จังหวัดลำพูน เป็นสถานศึกษาระดับอุดมศึกษาเอกชน สังกัดสำนักงานคณะกรรมการการศึ',0,1,2,'จ000',1),(163,'จังหวัดลำพูน ได้มีการเปลี่ยนแปลงหลักสูตรประกาศนียบัตรวิชาชีพ','จังหวัดลำพูน ได้มีการเปลี่ยนแปลงหลักสูตรประกาศนียบัตรวิชาชีพ',0,1,2,'จ000',1),(164,'จังหวัดลำพูน ได้มีการเปลี่ยนแปลงหลักสูตรประกาศนียบัตรวิชาชีพ ปวช','จังหวัดลำพูน ได้มีการเปลี่ยนแปลงหลักสูตรประกาศนียบัตรวิชาชีพ ปวช',0,1,2,'จ000',1),(165,'จังหวัดลำพูน ได้สร้างพระธาตุเจดีย์พุทธบารมีศรีวิชัย','จังหวัดลำพูน ได้สร้างพระธาตุเจดีย์พุทธบารมีศรีวิชัย',0,1,2,'จ000',1),(166,'จังหวัดลำพูน ได้สร้างพระธาตุเจดีย์พุทธบารมีศรีวิชัย พร้อมทำบุญยกยอดฉัตรในวั','จังหวัดลำพูน ได้สร้างพระธาตุเจดีย์พุทธบารมีศรีวิชัย พร้อมทำบุญยกยอดฉัตรในวั',0,1,2,'จ000',1),(167,'จากนายสมศักดิ์','จากนายสมศักดิ์',0,0,0.9333,'จ000',1),(168,'จากนายสมศักดิ์ ปริศนานันทกุล','จากนายสมศักดิ์ ปริศนานันทกุล',0,1,1.9333,'จ000',1),(169,'จากนายสมศักดิ์ ปริศนานันทกุล รัฐมนตรีช่วยว่าการกระทรวงศึกษาธิการ','จากนายสมศักดิ์ ปริศนานันทกุล รัฐมนตรีช่วยว่าการกระทรวงศึกษาธิการ',0,1,2,'จ000',1),(170,'จากนายสมศักดิ์ ปริศนานันทกุล รัฐมนตรีว่าการกระทรวงศึกษาธิการ','จากนายสมศักดิ์ ปริศนานันทกุล รัฐมนตรีว่าการกระทรวงศึกษาธิการ',0,1,2,'จ000',1),(171,'จากนายสุรัฐ','จากนายสุรัฐ',0,0,0.7333,'จ000',1),(172,'จากนายสุรัฐ ศิลปอนันต์','จากนายสุรัฐ ศิลปอนันต์',0,1,1.7333,'จ000',1),(173,'จากนายสุรัฐ ศิลปอนันต์ ปลัดกระทรวงศึกษาธิการ','จากนายสุรัฐ ศิลปอนันต์ ปลัดกระทรวงศึกษาธิการ',0,1,2,'จ000',1),(174,'จากสมเด็จพระเทพรัตนราชสุดาสยามบรมราชกุมารี','จากสมเด็จพระเทพรัตนราชสุดาสยามบรมราชกุมารี',0,0,1,'จ000',1),(175,'จากสมเด็จพระเทพรัตนราชสุดาสยามบรมราชกุมารี ประเภทผู้ประกอบอาชีพที่มีคุณธรรม','จากสมเด็จพระเทพรัตนราชสุดาสยามบรมราชกุมารี ประเภทผู้ประกอบอาชีพที่มีคุณธรรม',0,1,2,'จ000',1),(176,'จากสมเด็จพระเทพรัตนราชสุดาสยามบรมราชกุมารี และผ่านการประเมคุณภาพภายนอก','จากสมเด็จพระเทพรัตนราชสุดาสยามบรมราชกุมารี และผ่านการประเมคุณภาพภายนอก',0,1,2,'จ000',1),(177,'จากสมเด็จพระเทพรัตนราชสุดาสยามบรมราชกุมารี และผ่านการประเมคุณภาพภายนอก จากส','จากสมเด็จพระเทพรัตนราชสุดาสยามบรมราชกุมารี และผ่านการประเมคุณภาพภายนอก จากส',0,1,2,'จ000',1),(178,'จากสำนักงานคณะกรรมการการศึกษาเอกชน','จากสำนักงานคณะกรรมการการศึกษาเอกชน',0,0,1,'จ000',1),(179,'จากสำนักงานคณะกรรมการการศึกษาเอกชน กระทรวงศึกษาธิการและได้รับโล่พร้อมเกียรต','จากสำนักงานคณะกรรมการการศึกษาเอกชน กระทรวงศึกษาธิการและได้รับโล่พร้อมเกียรต',0,1,2,'จ000',1),(180,'จากสำนักงานรับรองมาตรฐานและประเมินคุณภาพสถานศึกษา','จากสำนักงานรับรองมาตรฐานและประเมินคุณภาพสถานศึกษา',0,0,1,'จ000',1),(181,'ช่างกลโรงงาน','ช่างกลโรงงาน',0,0,0.8,'ช000',1),(182,'ช่างกลโรงงาน ช่างก่อสร้าง','ช่างกลโรงงาน ช่างก่อสร้าง',0,1,1.8333,'ช000',1),(183,'ช่างกลโรงงาน ช่างก่อสร้าง ช่างสำรวจ','ช่างกลโรงงาน ช่างก่อสร้าง ช่างสำรวจ',0,1,2,'ช000',1),(184,'ช่างก่อสร้าง','ช่างก่อสร้าง',0,0,0.8,'ช000',1),(185,'ช่างก่อสร้าง การบัญชีและคอมพิวเตอร์ธุรกิจ','ช่างก่อสร้าง การบัญชีและคอมพิวเตอร์ธุรกิจ',0,1,2,'ช000',1),(186,'ช่างก่อสร้าง การบัญชีและคอมพิวเตอร์ธุรกิจ จากสำนักงานคณะกรรมการการศึกษาเอกช','ช่างก่อสร้าง การบัญชีและคอมพิวเตอร์ธุรกิจ จากสำนักงานคณะกรรมการการศึกษาเอกช',0,1,2,'ช000',1),(187,'ช่างก่อสร้าง ช่างสำรวจ','ช่างก่อสร้าง ช่างสำรวจ',0,1,1.7333,'ช000',1),(188,'ช่างก่อสร้าง ช่างสำรวจ พาณิชยกรรม','ช่างก่อสร้าง ช่างสำรวจ พาณิชยกรรม',0,1,2,'ช000',1),(189,'ช่างสำรวจ','ช่างสำรวจ',0,0,0.6,'ช000',1),(190,'ช่างสำรวจ พาณิชยกรรม','ช่างสำรวจ พาณิชยกรรม',0,1,1.6667,'ช000',1),(191,'ช่างสำรวจ พาณิชยกรรม หลักสูตรประกาศนียบัตรวิชาชีพชั้นสูง','ช่างสำรวจ พาณิชยกรรม หลักสูตรประกาศนียบัตรวิชาชีพชั้นสูง',0,1,2,'ช000',1),(192,'ช่างอิเล็กทรอนิกส์','ช่างอิเล็กทรอนิกส์',0,0,1,'ช000',1),(193,'ช่างอิเล็กทรอนิกส์ ช่างกลโรงงาน','ช่างอิเล็กทรอนิกส์ ช่างกลโรงงาน',0,1,2,'ช000',1),(194,'ช่างอิเล็กทรอนิกส์ ช่างกลโรงงาน ช่างก่อสร้าง','ช่างอิเล็กทรอนิกส์ ช่างกลโรงงาน ช่างก่อสร้าง',0,1,2,'ช000',1),(195,'ช่างอิเล็กทรอนิกส์ ช่างเทคนิคอุตสาหกรรม','ช่างอิเล็กทรอนิกส์ ช่างเทคนิคอุตสาหกรรม',0,1,2,'ช000',1),(196,'ช่างอิเล็กทรอนิกส์ ช่างเทคนิคอุตสาหกรรม ช่างก่อสร้าง','ช่างอิเล็กทรอนิกส์ ช่างเทคนิคอุตสาหกรรม ช่างก่อสร้าง',0,1,2,'ช000',1),(197,'ช่างเทคนิคอุตสาหกรรม','ช่างเทคนิคอุตสาหกรรม',0,0,1,'ช000',1),(198,'ช่างเทคนิคอุตสาหกรรม ช่างก่อสร้าง','ช่างเทคนิคอุตสาหกรรม ช่างก่อสร้าง',0,1,2,'ช000',1),(199,'ช่างเทคนิคอุตสาหกรรม ช่างก่อสร้าง การบัญชีและคอมพิวเตอร์ธุรกิจ','ช่างเทคนิคอุตสาหกรรม ช่างก่อสร้าง การบัญชีและคอมพิวเตอร์ธุรกิจ',0,1,2,'ช000',1),(200,'ช่างไฟฟ้ากำลัง','ช่างไฟฟ้ากำลัง',0,0,0.9333,'ช000',1),(201,'ช่างไฟฟ้ากำลัง ช่างอิเล็กทรอนิกส์','ช่างไฟฟ้ากำลัง ช่างอิเล็กทรอนิกส์',0,1,2,'ช000',1),(202,'ช่างไฟฟ้ากำลัง ช่างอิเล็กทรอนิกส์ ช่างกลโรงงาน','ช่างไฟฟ้ากำลัง ช่างอิเล็กทรอนิกส์ ช่างกลโรงงาน',0,1,2,'ช000',1),(203,'ช่างไฟฟ้ากำลัง ช่างอิเล็กทรอนิกส์ ช่างเทคนิคอุตสาหกรรม','ช่างไฟฟ้ากำลัง ช่างอิเล็กทรอนิกส์ ช่างเทคนิคอุตสาหกรรม',0,1,2,'ช000',1),(204,'ณ','ณ',0,0,0.0667,'ณ000',1),(205,'ณ ธรรมสถานลานโพธิ์','ณ ธรรมสถานลานโพธิ์',0,1,1.6,'ณ000',1),(206,'ณ ธรรมสถานลานโพธิ์ และวางศิลาฤกษ์อาคารเรียนหลังใหม่','ณ ธรรมสถานลานโพธิ์ และวางศิลาฤกษ์อาคารเรียนหลังใหม่',0,1,2,'ณ000',1),(207,'ดร','ดร',0,0,0.1333,'ด000',1),(208,'ดร พันธุ์นิภา','ดร พันธุ์นิภา',0,1,1.4333,'ด000',1),(209,'ดร พันธุ์นิภา แย้มชุติ','ดร พันธุ์นิภา แย้มชุติ',0,1,1.7333,'ด000',1),(210,'ดีรัศมี','ดีรัศมี',0,0,0.4667,'ด000',1),(211,'ดีรัศมี ปีการศึกษา','ดีรัศมี ปีการศึกษา',0,1,1.6,'ด000',1),(212,'ดีรัศมี ปีการศึกษา 2546','ดีรัศมี ปีการศึกษา 2546',0,1,1.7667,'ด000',1),(213,'ตั้งอยู่เลขที่','ตั้งอยู่เลขที่',0,0,0.9333,'ต000',1),(214,'ตั้งอยู่เลขที่ 197','ตั้งอยู่เลขที่ 197',0,1,1.6,'ต000',1),(215,'ตั้งอยู่เลขที่ 197 หมู่','ตั้งอยู่เลขที่ 197 หมู่',0,1,1.7667,'ต000',1),(216,'ตำบลบ้านธิ','ตำบลบ้านธิ',0,0,0.6667,'ต000',1),(217,'ตำบลบ้านธิ อำเภอบ้านธิ','ตำบลบ้านธิ อำเภอบ้านธิ',0,1,1.7333,'ต000',1),(218,'ตำบลบ้านธิ อำเภอบ้านธิ จังหวัดลำพูน','ตำบลบ้านธิ อำเภอบ้านธิ จังหวัดลำพูน',0,1,2,'ต000',1),(219,'ธรรมสถานลานโพธิ์','ธรรมสถานลานโพธิ์',0,0,1,'ธ000',1),(220,'ธรรมสถานลานโพธิ์ และวางศิลาฤกษ์อาคารเรียนหลังใหม่','ธรรมสถานลานโพธิ์ และวางศิลาฤกษ์อาคารเรียนหลังใหม่',0,1,2,'ธ000',1),(221,'ธรรมสถานลานโพธิ์ และวางศิลาฤกษ์อาคารเรียนหลังใหม่ โดยสมเด็จพระพุฒาจารย์','ธรรมสถานลานโพธิ์ และวางศิลาฤกษ์อาคารเรียนหลังใหม่ โดยสมเด็จพระพุฒาจารย์',0,1,2,'ธ000',1),(222,'บนเนื้อที่ประมาณ','บนเนื้อที่ประมาณ',0,0,1,'บ000',1),(223,'บนเนื้อที่ประมาณ 291','บนเนื้อที่ประมาณ 291',0,1,1.6667,'บ000',1),(224,'บนเนื้อที่ประมาณ 291 ไร่','บนเนื้อที่ประมาณ 291 ไร่',0,1,1.8,'บ000',1),(225,'ประกาศนียบัตรวิชาชีพ','ประกาศนียบัตรวิชาชีพ',0,0,1,'ป000',1),(226,'ประกาศนียบัตรวิชาชีพ ปวช','ประกาศนียบัตรวิชาชีพ ปวช',0,1,1.8,'ป000',1),(227,'ประกาศนียบัตรวิชาชีพ ปวช สาขาวิชาคอมพิวเตอร์ธุรกิจ','ประกาศนียบัตรวิชาชีพ ปวช สาขาวิชาคอมพิวเตอร์ธุรกิจ',0,1,2,'ป000',1),(228,'ประวัติวิทยาลัย','ประวัติวิทยาลัย',0,0,1,'ป000',1),(229,'ประเภทผู้ประกอบอาชีพที่มีคุณธรรมและส่งเสริมพระพุทธศาสนา','ประเภทผู้ประกอบอาชีพที่มีคุณธรรมและส่งเสริมพระพุทธศาสนา',0,0,1,'ป000',1),(230,'ประเภทวิชาช่างอุตสาหกรรม','ประเภทวิชาช่างอุตสาหกรรม',0,0,1,'ป000',1),(231,'ประเภทวิชาช่างอุตสาหกรรม สาขาวิชาเทคนิคอุตสาหกรรม','ประเภทวิชาช่างอุตสาหกรรม สาขาวิชาเทคนิคอุตสาหกรรม',0,1,2,'ป000',1),(232,'ประเภทวิชาช่างอุตสาหกรรม สาขาวิชาเทคนิคอุตสาหกรรม และใช้หลักสูตรประกาศนียบั','ประเภทวิชาช่างอุตสาหกรรม สาขาวิชาเทคนิคอุตสาหกรรม และใช้หลักสูตรประกาศนียบั',0,1,2,'ป000',1),(233,'ประเภทวิชาเกษตรกรรม','ประเภทวิชาเกษตรกรรม',0,0,1,'ป000',1),(234,'ประเภทวิชาเกษตรกรรม สาขาวิชาเกษตรกรรม','ประเภทวิชาเกษตรกรรม สาขาวิชาเกษตรกรรม',0,1,2,'ป000',1),(235,'ประเภทวิชาเกษตรกรรม สาขาวิชาเกษตรกรรม ปีการศึกษา','ประเภทวิชาเกษตรกรรม สาขาวิชาเกษตรกรรม ปีการศึกษา',0,1,2,'ป000',1),(236,'ปรับปรุง','ปรับปรุง',0,0,0.5333,'ป000',1),(237,'ปรับปรุง ครั้งที่','ปรับปรุง ครั้งที่',0,1,1.5667,'ป000',1),(238,'ปรับปรุง ครั้งที่ 1','ปรับปรุง ครั้งที่ 1',0,1,1.6333,'ป000',1),(239,'ปรับเปลี่ยนโครงสร้างรายวิชาในหมวดวิชาเลือก','ปรับเปลี่ยนโครงสร้างรายวิชาในหมวดวิชาเลือก',0,0,1,'ป000',1),(240,'ปรับเปลี่ยนโครงสร้างรายวิชาในหมวดวิชาเลือก เพื่อให้มีความเหมาะสมกับความต้อง','ปรับเปลี่ยนโครงสร้างรายวิชาในหมวดวิชาเลือก เพื่อให้มีความเหมาะสมกับความต้อง',0,1,2,'ป000',1),(241,'ปริศนานันทกุล','ปริศนานันทกุล',0,0,0.8667,'ป000',1),(242,'ปริศนานันทกุล รัฐมนตรีช่วยว่าการกระทรวงศึกษาธิการ','ปริศนานันทกุล รัฐมนตรีช่วยว่าการกระทรวงศึกษาธิการ',0,1,2,'ป000',1),(243,'ปริศนานันทกุล รัฐมนตรีช่วยว่าการกระทรวงศึกษาธิการ ปีการศึกษา','ปริศนานันทกุล รัฐมนตรีช่วยว่าการกระทรวงศึกษาธิการ ปีการศึกษา',0,1,2,'ป000',1),(244,'ปริศนานันทกุล รัฐมนตรีว่าการกระทรวงศึกษาธิการ','ปริศนานันทกุล รัฐมนตรีว่าการกระทรวงศึกษาธิการ',0,1,2,'ป000',1),(245,'ปริศนานันทกุล รัฐมนตรีว่าการกระทรวงศึกษาธิการ ปีการศึกษา','ปริศนานันทกุล รัฐมนตรีว่าการกระทรวงศึกษาธิการ ปีการศึกษา',0,1,2,'ป000',1),(246,'ปลัดกระทรวงศึกษาธิการ','ปลัดกระทรวงศึกษาธิการ',0,0,1,'ป000',1),(247,'ปลัดกระทรวงศึกษาธิการ ปีการศึกษา','ปลัดกระทรวงศึกษาธิการ ปีการศึกษา',0,1,2,'ป000',1),(248,'ปลัดกระทรวงศึกษาธิการ ปีการศึกษา 2540','ปลัดกระทรวงศึกษาธิการ ปีการศึกษา 2540',0,1,2,'ป000',1),(249,'ปวช','ปวช',0,0,0.2,'ป000',1),(250,'ปวช พุทธ-ศักราช','ปวช พุทธ-ศักราช',0,1,1.5,'ป000',1),(251,'ปวช พุทธ-ศักราช 2524','ปวช พุทธ-ศักราช 2524',0,1,1.6667,'ป000',1),(252,'ปวช พุทธศักราช','ปวช พุทธศักราช',0,1,1.4667,'ป000',1),(253,'ปวช พุทธศักราช 2530','ปวช พุทธศักราช 2530',0,1,1.6333,'ป000',1),(254,'ปวช พุทธศักราช 2538','ปวช พุทธศักราช 2538',0,1,1.6333,'ป000',1),(255,'ปวช พุทธศักราช 2545','ปวช พุทธศักราช 2545',0,1,1.6333,'ป000',1),(256,'ปวช สาขาวิชาคอมพิวเตอร์ธุรกิจ','ปวช สาขาวิชาคอมพิวเตอร์ธุรกิจ',0,1,1.9667,'ป000',1),(257,'ปวช สาขาวิชาคอมพิวเตอร์ธุรกิจ ปีการศึกษา','ปวช สาขาวิชาคอมพิวเตอร์ธุรกิจ ปีการศึกษา',0,1,2,'ป000',1),(258,'ปวช สาขาวิชาช่างกลโรงงาน','ปวช สาขาวิชาช่างกลโรงงาน',0,1,1.8,'ป000',1),(259,'ปวช สาขาวิชาช่างกลโรงงาน และเปลี่ยนหลักสูตรจากเดิมใช้หลักสูตรประกาศนียบัตรว','ปวช สาขาวิชาช่างกลโรงงาน และเปลี่ยนหลักสูตรจากเดิมใช้หลักสูตรประกาศนียบัตรว',0,1,2,'ป000',1),(260,'ปวช สาขาวิชาช่างยนต์','ปวช สาขาวิชาช่างยนต์',0,1,1.6667,'ป000',1),(261,'ปวช สาขาวิชาช่างอิเล็กทรอนิกส์','ปวช สาขาวิชาช่างอิเล็กทรอนิกส์',0,1,2,'ป000',1),(262,'ปวช สาขาวิชาช่างอิเล็กทรอนิกส์ สาขาวิชาพณิชยการและประกาศนียบัตรวิชาชีพเทคนิ','ปวช สาขาวิชาช่างอิเล็กทรอนิกส์ สาขาวิชาพณิชยการและประกาศนียบัตรวิชาชีพเทคนิ',0,1,2,'ป000',1),(263,'ปวช สาขาวิชาอุตสาหกรรมการท่องเที่ยว','ปวช สาขาวิชาอุตสาหกรรมการท่องเที่ยว',0,1,2,'ป000',1),(264,'ปวช สาขาวิชาอุตสาหกรรมการท่องเที่ยว ปีการศึกษา','ปวช สาขาวิชาอุตสาหกรรมการท่องเที่ยว ปีการศึกษา',0,1,2,'ป000',1),(265,'ปวช หลักสูตร','ปวช หลักสูตร',0,1,1.4,'ป000',1),(266,'ปวช หลักสูตร 2','ปวช หลักสูตร 2',0,1,1.4667,'ป000',1),(267,'ปวส','ปวส',0,0,0.2,'ป000',1),(268,'ปวส ประเภทวิชาช่างอุตสาหกรรม','ปวส ประเภทวิชาช่างอุตสาหกรรม',0,1,1.9333,'ป000',1),(269,'ปวส ประเภทวิชาช่างอุตสาหกรรม สาขาวิชาเทคนิคอุตสาหกรรม','ปวส ประเภทวิชาช่างอุตสาหกรรม สาขาวิชาเทคนิคอุตสาหกรรม',0,1,2,'ป000',1),(270,'ปวส ประเภทวิชาเกษตรกรรม','ปวส ประเภทวิชาเกษตรกรรม',0,1,1.7667,'ป000',1),(271,'ปวส ประเภทวิชาเกษตรกรรม สาขาวิชาเกษตรกรรม','ปวส ประเภทวิชาเกษตรกรรม สาขาวิชาเกษตรกรรม',0,1,2,'ป000',1),(272,'ปวส ปีการศึกษา','ปวส ปีการศึกษา',0,1,1.4667,'ป000',1),(273,'ปวส ปีการศึกษา 2539','ปวส ปีการศึกษา 2539',0,1,1.6333,'ป000',1),(274,'ปวส พุทธศักราช','ปวส พุทธศักราช',0,1,1.4667,'ป000',1),(275,'ปวส พุทธศักราช 2536','ปวส พุทธศักราช 2536',0,1,1.6333,'ป000',1),(276,'ปวส พุทธศักราช 2540','ปวส พุทธศักราช 2540',0,1,1.6333,'ป000',1),(277,'ปวส สาขาวิชาการบัญชี','ปวส สาขาวิชาการบัญชี',0,1,1.6667,'ป000',1),(278,'ปวส สาขาวิชาการบัญชี สาขาวิชาอิเล็กทรอนิกส์และสาขาวิชาช่างก่อสร้าง','ปวส สาขาวิชาการบัญชี สาขาวิชาอิเล็กทรอนิกส์และสาขาวิชาช่างก่อสร้าง',0,1,2,'ป000',1),(279,'ปวส สาขาวิชาช่างยนต์','ปวส สาขาวิชาช่างยนต์',0,1,1.6667,'ป000',1),(280,'ปวส สาขาวิชาช่างยนต์ ช่างไฟฟ้ากำลัง','ปวส สาขาวิชาช่างยนต์ ช่างไฟฟ้ากำลัง',0,1,2,'ป000',1),(281,'ปวส สาขาวิชาช่างยนต์ สาขาวิชาช่างไฟฟ้ากำลังและสาขาวิชาคอมพิวเตอร์ธุรกิจ','ปวส สาขาวิชาช่างยนต์ สาขาวิชาช่างไฟฟ้ากำลังและสาขาวิชาคอมพิวเตอร์ธุรกิจ',0,1,2,'ป000',1),(282,'ปี','ปี',0,0,0.1333,'ป000',1),(283,'ปี และหลักสูตรประกาศนียบัตรวิชาชีพชั้นสูง','ปี และหลักสูตรประกาศนียบัตรวิชาชีพชั้นสูง',0,1,2,'ป000',1),(284,'ปี และหลักสูตรประกาศนียบัตรวิชาชีพชั้นสูง ปวส','ปี และหลักสูตรประกาศนียบัตรวิชาชีพชั้นสูง ปวส',0,1,2,'ป000',1),(285,'ปี โดยทั้ง','ปี โดยทั้ง',0,1,1.3333,'ป000',1),(286,'ปี โดยทั้ง 2','ปี โดยทั้ง 2',0,1,1.4,'ป000',1),(287,'ปีการศึกษา','ปีการศึกษา',0,0,0.6667,'ป000',1),(288,'ปีการศึกษา 2528','ปีการศึกษา 2528',0,1,1.5,'ป000',1),(289,'ปีการศึกษา 2528 โรงเรียนฯ','ปีการศึกษา 2528 โรงเรียนฯ',0,1,1.8333,'ป000',1),(290,'ปีการศึกษา 2529','ปีการศึกษา 2529',0,1,1.5,'ป000',1),(291,'ปีการศึกษา 2529 เปิดหลักสูตรเพิ่มในระดับประกาศนียบัตรวิชาชีพชั้นสูง','ปีการศึกษา 2529 เปิดหลักสูตรเพิ่มในระดับประกาศนียบัตรวิชาชีพชั้นสูง',0,1,2,'ป000',1),(292,'ปีการศึกษา 2530','ปีการศึกษา 2530',0,1,1.5,'ป000',1),(293,'ปีการศึกษา 2531','ปีการศึกษา 2531',0,1,1.5,'ป000',1),(294,'ปีการศึกษา 2531 เปิดหลักสูตรเพิ่มในระดับประกาศนียบัตรวิชาชีพเทคนิค','ปีการศึกษา 2531 เปิดหลักสูตรเพิ่มในระดับประกาศนียบัตรวิชาชีพเทคนิค',0,1,2,'ป000',1),(295,'ปีการศึกษา 2533','ปีการศึกษา 2533',0,1,1.5,'ป000',1),(296,'ปีการศึกษา 2533 เปิดหลักสูตรเพิ่มในระดับประกาศนียบัตรวิชาชีพชั้นสูง','ปีการศึกษา 2533 เปิดหลักสูตรเพิ่มในระดับประกาศนียบัตรวิชาชีพชั้นสูง',0,1,2,'ป000',1),(297,'ปีการศึกษา 2534','ปีการศึกษา 2534',0,1,1.5,'ป000',1),(298,'ปีการศึกษา 2534 เปิดหลักสูตรเพิ่มในระดับประกาศนียบัตรวิชาชีพเทคนิค','ปีการศึกษา 2534 เปิดหลักสูตรเพิ่มในระดับประกาศนียบัตรวิชาชีพเทคนิค',0,1,2,'ป000',1),(299,'ปีการศึกษา 2535','ปีการศึกษา 2535',0,1,1.5,'ป000',1),(300,'ปีการศึกษา 2535 เปิดหลักสูตรเพิ่มในระดับประกาศนียบัตรวิชาชีพ','ปีการศึกษา 2535 เปิดหลักสูตรเพิ่มในระดับประกาศนียบัตรวิชาชีพ',0,1,2,'ป000',1),(301,'ปีการศึกษา 2539','ปีการศึกษา 2539',0,1,1.5,'ป000',1),(302,'ปีการศึกษา 2539 เปิดสอนหลักสูตรประกาศนียบัตรวิชาชีพชั้นสูง','ปีการศึกษา 2539 เปิดสอนหลักสูตรประกาศนียบัตรวิชาชีพชั้นสูง',0,1,2,'ป000',1),(303,'ปีการศึกษา 2539 ได้มีการเปลี่ยนแปลงหลักสูตรประกาศนียบัตรวิชาชีพ','ปีการศึกษา 2539 ได้มีการเปลี่ยนแปลงหลักสูตรประกาศนียบัตรวิชาชีพ',0,1,2,'ป000',1),(304,'ปีการศึกษา 2540','ปีการศึกษา 2540',0,1,1.5,'ป000',1),(305,'ปีการศึกษา 2540 ได้มีการเปลี่ยนแปลงหลักสูตรประกาศนียบัตร','ปีการศึกษา 2540 ได้มีการเปลี่ยนแปลงหลักสูตรประกาศนียบัตร',0,1,2,'ป000',1),(306,'ปีการศึกษา 2542','ปีการศึกษา 2542',0,1,1.5,'ป000',1),(307,'ปีการศึกษา 2542 วิทยาลัยเทคโนโลยีหมู่บ้านครูภาคเหนือ','ปีการศึกษา 2542 วิทยาลัยเทคโนโลยีหมู่บ้านครูภาคเหนือ',0,1,2,'ป000',1),(308,'ปีการศึกษา 2543','ปีการศึกษา 2543',0,1,1.5,'ป000',1),(309,'ปีการศึกษา 2543 วิทยาลัยเทคโนโลยีหมู่บ้านครูภาคเหนือ','ปีการศึกษา 2543 วิทยาลัยเทคโนโลยีหมู่บ้านครูภาคเหนือ',0,1,2,'ป000',1),(310,'ปีการศึกษา 2545','ปีการศึกษา 2545',0,1,1.5,'ป000',1),(311,'ปีการศึกษา 2545 วิทยาลัยเทคโนโลยีหมู่บ้านครูภาคเหนือ','ปีการศึกษา 2545 วิทยาลัยเทคโนโลยีหมู่บ้านครูภาคเหนือ',0,1,2,'ป000',1),(312,'ปีการศึกษา 2546','ปีการศึกษา 2546',0,1,1.5,'ป000',1),(313,'ปีการศึกษา 2546 วิทยาลัยเทคโนโลยีหมู่บ้านครู','ปีการศึกษา 2546 วิทยาลัยเทคโนโลยีหมู่บ้านครู',0,1,2,'ป000',1),(314,'ปีการศึกษา 2547','ปีการศึกษา 2547',0,1,1.5,'ป000',1),(315,'ปีการศึกษา 2547 รับรางวัลพระราชทานเสาเสมาธรรมจักร','ปีการศึกษา 2547 รับรางวัลพระราชทานเสาเสมาธรรมจักร',0,1,2,'ป000',1),(316,'ปีการศึกษา 2549','ปีการศึกษา 2549',0,1,1.5,'ป000',1),(317,'ปีการศึกษา 2549 เปิดสอน','ปีการศึกษา 2549 เปิดสอน',0,1,1.7667,'ป000',1),(318,'ปีการศึกษา 2550','ปีการศึกษา 2550',0,1,1.5,'ป000',1),(319,'ปีการศึกษา 2550 ดร','ปีการศึกษา 2550 ดร',0,1,1.6,'ป000',1),(320,'ผู้จัดการรับพระราชทานรางวัลเสาเสมาธรรมจักร','ผู้จัดการรับพระราชทานรางวัลเสาเสมาธรรมจักร',0,0,1,'ผ000',1),(321,'ผู้จัดการรับพระราชทานรางวัลเสาเสมาธรรมจักร จากสมเด็จพระเทพรัตนราชสุดาสยามบร','ผู้จัดการรับพระราชทานรางวัลเสาเสมาธรรมจักร จากสมเด็จพระเทพรัตนราชสุดาสยามบร',0,1,2,'ผ000',1),(322,'พ','พ',0,0,0.0667,'พ000',1),(323,'พ ศ','พ ศ',0,1,1.1,'พ000',1),(324,'พ ศ 2533','พ ศ 2533',0,1,1.2667,'พ000',1),(325,'พร้อมทำบุญยกยอดฉัตรในวันที่','พร้อมทำบุญยกยอดฉัตรในวันที่',0,0,1,'พ000',1),(326,'พร้อมทำบุญยกยอดฉัตรในวันที่ 29','พร้อมทำบุญยกยอดฉัตรในวันที่ 29',0,1,2,'พ000',1),(327,'พร้อมทำบุญยกยอดฉัตรในวันที่ 29 มกราคม','พร้อมทำบุญยกยอดฉัตรในวันที่ 29 มกราคม',0,1,2,'พ000',1),(328,'พันธุ์นิภา','พันธุ์นิภา',0,0,0.6667,'พ000',1),(329,'พันธุ์นิภา แย้มชุติ','พันธุ์นิภา แย้มชุติ',0,1,1.6333,'พ000',1),(330,'พันธุ์นิภา แย้มชุติ ผู้จัดการรับพระราชทานรางวัลเสาเสมาธรรมจักร','พันธุ์นิภา แย้มชุติ ผู้จัดการรับพระราชทานรางวัลเสาเสมาธรรมจักร',0,1,2,'พ000',1),(331,'พาณิชยกรรม','พาณิชยกรรม',0,0,0.6667,'พ000',1),(332,'พาณิชยกรรม หลักสูตรประกาศนียบัตรวิชาชีพชั้นสูง','พาณิชยกรรม หลักสูตรประกาศนียบัตรวิชาชีพชั้นสูง',0,1,2,'พ000',1),(333,'พาณิชยกรรม หลักสูตรประกาศนียบัตรวิชาชีพชั้นสูง ปวส','พาณิชยกรรม หลักสูตรประกาศนียบัตรวิชาชีพชั้นสูง ปวส',0,1,2,'พ000',1),(334,'พุทธ-ศักราช','พุทธ-ศักราช',0,0,0.7333,'พ000',1),(335,'พุทธ-ศักราช 2524','พุทธ-ศักราช 2524',0,1,1.5333,'พ000',1),(336,'พุทธ-ศักราช 2524 กรมอาชีวศึกษา','พุทธ-ศักราช 2524 กรมอาชีวศึกษา',0,1,2,'พ000',1),(337,'พุทธศักราช','พุทธศักราช',0,0,0.6667,'พ000',1),(338,'พุทธศักราช 2530','พุทธศักราช 2530',0,1,1.5,'พ000',1),(339,'พุทธศักราช 2530 ของกรมอาชีวศึกษา','พุทธศักราช 2530 ของกรมอาชีวศึกษา',0,1,2,'พ000',1),(340,'พุทธศักราช 2530 ปรับปรุง','พุทธศักราช 2530 ปรับปรุง',0,1,1.8,'พ000',1),(341,'พุทธศักราช 2536','พุทธศักราช 2536',0,1,1.5,'พ000',1),(342,'พุทธศักราช 2536 มาใช้หลักสูตรประกาศนียบัตรวิชาชีพชั้นสูง','พุทธศักราช 2536 มาใช้หลักสูตรประกาศนียบัตรวิชาชีพชั้นสูง',0,1,2,'พ000',1),(343,'พุทธศักราช 2538','พุทธศักราช 2538',0,1,1.5,'พ000',1),(344,'พุทธศักราช 2538 และได้เพิ่มสาขาวิชาเทคนิคอุตสาหกรรม','พุทธศักราช 2538 และได้เพิ่มสาขาวิชาเทคนิคอุตสาหกรรม',0,1,2,'พ000',1),(345,'พุทธศักราช 2540','พุทธศักราช 2540',0,1,1.5,'พ000',1),(346,'พุทธศักราช 2540 ของกรมอาชีวศึกษา','พุทธศักราช 2540 ของกรมอาชีวศึกษา',0,1,2,'พ000',1),(347,'พุทธศักราช 2540 รับผู้จบมัธยมศึกษาตอนปลาย','พุทธศักราช 2540 รับผู้จบมัธยมศึกษาตอนปลาย',0,1,2,'พ000',1),(348,'พุทธศักราช 2540 รับผู้จบระดับประกาศนียบัตรวิชาชีพ','พุทธศักราช 2540 รับผู้จบระดับประกาศนียบัตรวิชาชีพ',0,1,2,'พ000',1),(349,'พุทธศักราช 2540 โดยแบ่งเป็น','พุทธศักราช 2540 โดยแบ่งเป็น',0,1,1.9,'พ000',1),(350,'พุทธศักราช 2545','พุทธศักราช 2545',0,1,1.5,'พ000',1),(351,'พุทธศักราช 2545 ปรับเปลี่ยนโครงสร้างรายวิชาในหมวดวิชาเลือก','พุทธศักราช 2545 ปรับเปลี่ยนโครงสร้างรายวิชาในหมวดวิชาเลือก',0,1,2,'พ000',1),(352,'ภาคเหนือ','ภาคเหนือ',0,0,0.5333,'ภ000',1),(353,'ภาคเหนือ จังหวัดลำพูน','ภาคเหนือ จังหวัดลำพูน',0,1,1.7,'ภ000',1),(354,'ภาคเหนือ จังหวัดลำพูน ได้สร้างพระธาตุเจดีย์พุทธบารมีศรีวิชัย','ภาคเหนือ จังหวัดลำพูน ได้สร้างพระธาตุเจดีย์พุทธบารมีศรีวิชัย',0,1,2,'ภ000',1),(355,'ม.6','ม.6',0,0,0.2,'ม000',1),(356,'ม.6 หรือเทียบเท่า','ม.6 หรือเทียบเท่า',0,1,1.5667,'ม000',1),(357,'ม.6 หรือเทียบเท่า หลักสูตร','ม.6 หรือเทียบเท่า หลักสูตร',0,1,1.8667,'ม000',1),(358,'มกราคม','มกราคม',0,0,0.4,'ม000',1),(359,'มกราคม 2528','มกราคม 2528',0,1,1.3667,'ม000',1),(360,'มกราคม 2528 ตั้งอยู่เลขที่','มกราคม 2528 ตั้งอยู่เลขที่',0,1,1.8667,'ม000',1),(361,'มกราคม 2546','มกราคม 2546',0,1,1.3667,'ม000',1),(362,'มกราคม 2546 ณ','มกราคม 2546 ณ',0,1,1.4333,'ม000',1),(363,'มาใช้หลักสูตรประกาศนียบัตรวิชาชีพ','มาใช้หลักสูตรประกาศนียบัตรวิชาชีพ',0,0,1,'ม000',1),(364,'มาใช้หลักสูตรประกาศนียบัตรวิชาชีพ ปวช','มาใช้หลักสูตรประกาศนียบัตรวิชาชีพ ปวช',0,1,2,'ม000',1),(365,'มาใช้หลักสูตรประกาศนียบัตรวิชาชีพ ปวช พุทธศักราช','มาใช้หลักสูตรประกาศนียบัตรวิชาชีพ ปวช พุทธศักราช',0,1,2,'ม000',1),(366,'มาใช้หลักสูตรประกาศนียบัตรวิชาชีพชั้นสูง','มาใช้หลักสูตรประกาศนียบัตรวิชาชีพชั้นสูง',0,0,1,'ม000',1),(367,'มาใช้หลักสูตรประกาศนียบัตรวิชาชีพชั้นสูง ปวส','มาใช้หลักสูตรประกาศนียบัตรวิชาชีพชั้นสูง ปวส',0,1,2,'ม000',1),(368,'มาใช้หลักสูตรประกาศนียบัตรวิชาชีพชั้นสูง ปวส พุทธศักราช','มาใช้หลักสูตรประกาศนียบัตรวิชาชีพชั้นสูง ปวส พุทธศักราช',0,1,2,'ม000',1),(369,'มีความเป็นมาโดยสังเขปดังนี้','มีความเป็นมาโดยสังเขปดังนี้',0,0,1,'ม000',1),(370,'มีความเป็นมาโดยสังเขปดังนี้ ปีการศึกษา','มีความเป็นมาโดยสังเขปดังนี้ ปีการศึกษา',0,1,2,'ม000',1),(371,'มีความเป็นมาโดยสังเขปดังนี้ ปีการศึกษา 2528','มีความเป็นมาโดยสังเขปดังนี้ ปีการศึกษา 2528',0,1,2,'ม000',1),(372,'ระดับ','ระดับ',0,0,0.3333,'ร000',1),(373,'ระดับ ประกาศนียบัตรวิชาชีพ','ระดับ ประกาศนียบัตรวิชาชีพ',0,1,1.8667,'ร000',1),(374,'ระดับ ประกาศนียบัตรวิชาชีพ ปวช','ระดับ ประกาศนียบัตรวิชาชีพ ปวช',0,1,2,'ร000',1),(375,'ระดับจังหวัด','ระดับจังหวัด',0,0,0.8,'ร000',1),(376,'ระดับจังหวัด จากนายสมศักดิ์','ระดับจังหวัด จากนายสมศักดิ์',0,1,1.9,'ร000',1),(377,'ระดับจังหวัด จากนายสมศักดิ์ ปริศนานันทกุล','ระดับจังหวัด จากนายสมศักดิ์ ปริศนานันทกุล',0,1,2,'ร000',1),(378,'ระดับประกาศนียบัตรวิชาชีพ','ระดับประกาศนียบัตรวิชาชีพ',0,0,1,'ร000',1),(379,'ระดับประกาศนียบัตรวิชาชีพ 4','ระดับประกาศนียบัตรวิชาชีพ 4',0,1,1.9,'ร000',1),(380,'ระดับประกาศนียบัตรวิชาชีพ 4 สาขาวิชา','ระดับประกาศนียบัตรวิชาชีพ 4 สาขาวิชา',0,1,2,'ร000',1),(381,'รัฐมนตรีช่วยว่าการกระทรวงศึกษาธิการ','รัฐมนตรีช่วยว่าการกระทรวงศึกษาธิการ',0,0,1,'ร000',1),(382,'รัฐมนตรีช่วยว่าการกระทรวงศึกษาธิการ ปีการศึกษา','รัฐมนตรีช่วยว่าการกระทรวงศึกษาธิการ ปีการศึกษา',0,1,2,'ร000',1),(383,'รัฐมนตรีช่วยว่าการกระทรวงศึกษาธิการ ปีการศึกษา 2543','รัฐมนตรีช่วยว่าการกระทรวงศึกษาธิการ ปีการศึกษา 2543',0,1,2,'ร000',1),(384,'รัฐมนตรีว่าการกระทรวงศึกษาธิการ','รัฐมนตรีว่าการกระทรวงศึกษาธิการ',0,0,1,'ร000',1),(385,'รัฐมนตรีว่าการกระทรวงศึกษาธิการ ปีการศึกษา','รัฐมนตรีว่าการกระทรวงศึกษาธิการ ปีการศึกษา',0,1,2,'ร000',1),(386,'รัฐมนตรีว่าการกระทรวงศึกษาธิการ ปีการศึกษา 2545','รัฐมนตรีว่าการกระทรวงศึกษาธิการ ปีการศึกษา 2545',0,1,2,'ร000',1),(387,'รับผู้จบมัธยมศึกษาตอนปลาย','รับผู้จบมัธยมศึกษาตอนปลาย',0,0,1,'ร000',1),(388,'รับผู้จบมัธยมศึกษาตอนปลาย ม.6','รับผู้จบมัธยมศึกษาตอนปลาย ม.6',0,1,1.9667,'ร000',1),(389,'รับผู้จบมัธยมศึกษาตอนปลาย ม.6 หรือเทียบเท่า','รับผู้จบมัธยมศึกษาตอนปลาย ม.6 หรือเทียบเท่า',0,1,2,'ร000',1),(390,'รับผู้จบระดับประกาศนียบัตรวิชาชีพ','รับผู้จบระดับประกาศนียบัตรวิชาชีพ',0,0,1,'ร000',1),(391,'รับผู้จบระดับประกาศนียบัตรวิชาชีพ ปวช','รับผู้จบระดับประกาศนียบัตรวิชาชีพ ปวช',0,1,2,'ร000',1),(392,'รับผู้จบระดับประกาศนียบัตรวิชาชีพ ปวช หลักสูตร','รับผู้จบระดับประกาศนียบัตรวิชาชีพ ปวช หลักสูตร',0,1,2,'ร000',1),(393,'รับรางวัลพระราชทานเสาเสมาธรรมจักร','รับรางวัลพระราชทานเสาเสมาธรรมจักร',0,0,1,'ร000',1),(394,'รับรางวัลพระราชทานเสาเสมาธรรมจักร จากสมเด็จพระเทพรัตนราชสุดาสยามบรมราชกุมาร','รับรางวัลพระราชทานเสาเสมาธรรมจักร จากสมเด็จพระเทพรัตนราชสุดาสยามบรมราชกุมาร',0,1,2,'ร000',1),(395,'วิชาชีพชั้นสูง','วิชาชีพชั้นสูง',0,0,0.9333,'ว000',1),(396,'วิชาชีพชั้นสูง ปวส','วิชาชีพชั้นสูง ปวส',0,1,1.6,'ว000',1),(397,'วิชาชีพชั้นสูง ปวส พุทธศักราช','วิชาชีพชั้นสูง ปวส พุทธศักราช',0,1,1.9667,'ว000',1),(398,'วิทยาลัยนเทคโนโลยีหมู่บ้านครูภาคเหนือ','วิทยาลัยนเทคโนโลยีหมู่บ้านครูภาคเหนือ',0,0,1,'ว000',1),(399,'วิทยาลัยนเทคโนโลยีหมู่บ้านครูภาคเหนือ จังหวัดลำพูน','วิทยาลัยนเทคโนโลยีหมู่บ้านครูภาคเหนือ จังหวัดลำพูน',0,1,2,'ว000',1),(400,'วิทยาลัยนเทคโนโลยีหมู่บ้านครูภาคเหนือ จังหวัดลำพูน เป็นสถานศึกษาระดับอุดมศึ','วิทยาลัยนเทคโนโลยีหมู่บ้านครูภาคเหนือ จังหวัดลำพูน เป็นสถานศึกษาระดับอุดมศึ',0,1,2,'ว000',1),(401,'วิทยาลัยเทคโนโลยีหมู่บ้านครู','วิทยาลัยเทคโนโลยีหมู่บ้านครู',0,0,1,'ว000',1),(402,'วิทยาลัยเทคโนโลยีหมู่บ้านครู ภาคเหนือ','วิทยาลัยเทคโนโลยีหมู่บ้านครู ภาคเหนือ',0,1,2,'ว000',1),(403,'วิทยาลัยเทคโนโลยีหมู่บ้านครู ภาคเหนือ จังหวัดลำพูน','วิทยาลัยเทคโนโลยีหมู่บ้านครู ภาคเหนือ จังหวัดลำพูน',0,1,2,'ว000',1),(404,'วิทยาลัยเทคโนโลยีหมู่บ้านครูภาคเหนือ','วิทยาลัยเทคโนโลยีหมู่บ้านครูภาคเหนือ',0,0,1,'ว000',3),(405,'วิทยาลัยเทคโนโลยีหมู่บ้านครูภาคเหนือ จังหวัดลำพูน','วิทยาลัยเทคโนโลยีหมู่บ้านครูภาคเหนือ จังหวัดลำพูน',0,1,2,'ว000',3),(406,'วิทยาลัยเทคโนโลยีหมู่บ้านครูภาคเหนือ จังหวัดลำพูน ได้มีการเปลี่ยนแปลงหลักสู','วิทยาลัยเทคโนโลยีหมู่บ้านครูภาคเหนือ จังหวัดลำพูน ได้มีการเปลี่ยนแปลงหลักสู',0,1,2,'ว000',1),(407,'วิทยาลัยเทคโนโลยีหมู่บ้านครูภาคเหนือ ได้รับการรับรองมาตรฐานคุณภาพการศึกษา','วิทยาลัยเทคโนโลยีหมู่บ้านครูภาคเหนือ ได้รับการรับรองมาตรฐานคุณภาพการศึกษา',0,1,2,'ว000',1),(408,'วิทยาลัยเทคโนโลยีหมู่บ้านครูภาคเหนือ ได้รับการรับรองมาตรฐานคุณภาพการศึกษา ห','วิทยาลัยเทคโนโลยีหมู่บ้านครูภาคเหนือ ได้รับการรับรองมาตรฐานคุณภาพการศึกษา ห',0,1,2,'ว000',1),(409,'วิทยาลัยเทคโนโลยีหมู่บ้านครูภาคเหนือ ได้รับโล่สถานศึกษาดีเด่นในการร่วมใจสู้','วิทยาลัยเทคโนโลยีหมู่บ้านครูภาคเหนือ ได้รับโล่สถานศึกษาดีเด่นในการร่วมใจสู้',0,1,2,'ว000',1),(410,'วิทยาลัยเทคโนโลยีหมู่บ้านครูภาคเหนือ ได้รับโล่โรงเรียน','วิทยาลัยเทคโนโลยีหมู่บ้านครูภาคเหนือ ได้รับโล่โรงเรียน',0,1,2,'ว000',1),(411,'วิทยาลัยเทคโนโลยีหมู่บ้านครูภาคเหนือ ได้รับโล่โรงเรียน จริยธรรมดีเด่น','วิทยาลัยเทคโนโลยีหมู่บ้านครูภาคเหนือ ได้รับโล่โรงเรียน จริยธรรมดีเด่น',0,1,2,'ว000',1),(412,'ศ','ศ',0,0,0.0667,'ศ000',1),(413,'ศ 2533','ศ 2533',0,1,1.2,'ศ000',1),(414,'ศ 2533 มาใช้หลักสูตรประกาศนียบัตรวิชาชีพ','ศ 2533 มาใช้หลักสูตรประกาศนียบัตรวิชาชีพ',0,1,2,'ศ000',1),(415,'ศิลปอนันต์','ศิลปอนันต์',0,0,0.6667,'ศ000',1),(416,'ศิลปอนันต์ ปลัดกระทรวงศึกษาธิการ','ศิลปอนันต์ ปลัดกระทรวงศึกษาธิการ',0,1,2,'ศ000',1),(417,'ศิลปอนันต์ ปลัดกระทรวงศึกษาธิการ ปีการศึกษา','ศิลปอนันต์ ปลัดกระทรวงศึกษาธิการ ปีการศึกษา',0,1,2,'ศ000',1),(418,'สช','สช',0,0,0.1333,'ส000',1),(419,'สช กระทรวงศึกษาธิการ','สช กระทรวงศึกษาธิการ',0,1,1.6667,'ส000',1),(420,'สช กระทรวงศึกษาธิการ โดยได้รับใบอนุญาตให้จัดตั้งขึ้นตามพระราชบัญญัติการศึกษ','สช กระทรวงศึกษาธิการ โดยได้รับใบอนุญาตให้จัดตั้งขึ้นตามพระราชบัญญัติการศึกษ',0,1,2,'ส000',1),(421,'สถาบันอุดมศึกษาเอกชน','สถาบันอุดมศึกษาเอกชน',0,0,1,'ส000',1),(422,'สถาบันอุดมศึกษาเอกชน เมื่อวันที่','สถาบันอุดมศึกษาเอกชน เมื่อวันที่',0,1,2,'ส000',1),(423,'สถาบันอุดมศึกษาเอกชน เมื่อวันที่ 25','สถาบันอุดมศึกษาเอกชน เมื่อวันที่ 25',0,1,2,'ส000',1),(424,'สมศ','สมศ',0,0,0.2,'ส000',1),(425,'สมศ ปีการศึกษา','สมศ ปีการศึกษา',0,1,1.4667,'ส000',1),(426,'สมศ ปีการศึกษา 2549','สมศ ปีการศึกษา 2549',0,1,1.6333,'ส000',1),(427,'สังกัดสำนักงานคณะกรรมการการศึกษาเอกชน','สังกัดสำนักงานคณะกรรมการการศึกษาเอกชน',0,0,1,'ส000',1),(428,'สังกัดสำนักงานคณะกรรมการการศึกษาเอกชน สช','สังกัดสำนักงานคณะกรรมการการศึกษาเอกชน สช',0,1,2,'ส000',1),(429,'สังกัดสำนักงานคณะกรรมการการศึกษาเอกชน สช กระทรวงศึกษาธิการ','สังกัดสำนักงานคณะกรรมการการศึกษาเอกชน สช กระทรวงศึกษาธิการ',0,1,2,'ส000',1),(430,'สาขาวิชา','สาขาวิชา',0,0,0.5333,'ส000',1),(431,'สาขาวิชา คือ','สาขาวิชา คือ',0,1,1.4,'ส000',1),(432,'สาขาวิชา คือ สาขาวิชาช่างยนต์','สาขาวิชา คือ สาขาวิชาช่างยนต์',0,1,1.9667,'ส000',1),(433,'สาขาวิชาการบัญชี','สาขาวิชาการบัญชี',0,0,1,'ส000',1),(434,'สาขาวิชาการบัญชี สาขาวิชาอิเล็กทรอนิกส์และสาขาวิชาช่างก่อสร้าง','สาขาวิชาการบัญชี สาขาวิชาอิเล็กทรอนิกส์และสาขาวิชาช่างก่อสร้าง',0,1,2,'ส000',1),(435,'สาขาวิชาคอมพิวเตอร์ธุรกิจ','สาขาวิชาคอมพิวเตอร์ธุรกิจ',0,0,1,'ส000',1),(436,'สาขาวิชาคอมพิวเตอร์ธุรกิจ ปีการศึกษา','สาขาวิชาคอมพิวเตอร์ธุรกิจ ปีการศึกษา',0,1,2,'ส000',1),(437,'สาขาวิชาคอมพิวเตอร์ธุรกิจ ปีการศึกษา 2550','สาขาวิชาคอมพิวเตอร์ธุรกิจ ปีการศึกษา 2550',0,1,2,'ส000',1),(438,'สาขาวิชาช่างกลโรงงาน','สาขาวิชาช่างกลโรงงาน',0,0,1,'ส000',1),(439,'สาขาวิชาช่างกลโรงงาน และเปลี่ยนหลักสูตรจากเดิมใช้หลักสูตรประกาศนียบัตรวิชาช','สาขาวิชาช่างกลโรงงาน และเปลี่ยนหลักสูตรจากเดิมใช้หลักสูตรประกาศนียบัตรวิชาช',0,1,2,'ส000',1),(440,'สาขาวิชาช่างยนต์','สาขาวิชาช่างยนต์',0,0,1,'ส000',1),(441,'สาขาวิชาช่างยนต์ ช่างไฟฟ้ากำลัง','สาขาวิชาช่างยนต์ ช่างไฟฟ้ากำลัง',0,1,2,'ส000',1),(442,'สาขาวิชาช่างยนต์ ช่างไฟฟ้ากำลัง ช่างอิเล็กทรอนิกส์','สาขาวิชาช่างยนต์ ช่างไฟฟ้ากำลัง ช่างอิเล็กทรอนิกส์',0,1,2,'ส000',1),(443,'สาขาวิชาช่างยนต์ สาขาวิชาช่างไฟฟ้ากำลัง','สาขาวิชาช่างยนต์ สาขาวิชาช่างไฟฟ้ากำลัง',0,1,2,'ส000',1),(444,'สาขาวิชาช่างยนต์ สาขาวิชาช่างไฟฟ้ากำลัง สาขาวิชาช่างเชื่อมโลหะแผ่นและสาขาวิ','สาขาวิชาช่างยนต์ สาขาวิชาช่างไฟฟ้ากำลัง สาขาวิชาช่างเชื่อมโลหะแผ่นและสาขาวิ',0,1,2,'ส000',1),(445,'สาขาวิชาช่างยนต์ สาขาวิชาช่างไฟฟ้ากำลังและสาขาวิชาคอมพิวเตอร์ธุรกิจ','สาขาวิชาช่างยนต์ สาขาวิชาช่างไฟฟ้ากำลังและสาขาวิชาคอมพิวเตอร์ธุรกิจ',0,1,2,'ส000',1),(446,'สาขาวิชาช่างยนต์ สาขาวิชาช่างไฟฟ้ากำลังและสาขาวิชาคอมพิวเตอร์ธุรกิจ ปีการศึ','สาขาวิชาช่างยนต์ สาขาวิชาช่างไฟฟ้ากำลังและสาขาวิชาคอมพิวเตอร์ธุรกิจ ปีการศึ',0,1,2,'ส000',1),(447,'สาขาวิชาช่างอิเล็กทรอนิกส์','สาขาวิชาช่างอิเล็กทรอนิกส์',0,0,1,'ส000',1),(448,'สาขาวิชาช่างอิเล็กทรอนิกส์ สาขาวิชาพณิชยการและประกาศนียบัตรวิชาชีพเทคนิค','สาขาวิชาช่างอิเล็กทรอนิกส์ สาขาวิชาพณิชยการและประกาศนียบัตรวิชาชีพเทคนิค',0,1,2,'ส000',1),(449,'สาขาวิชาช่างอิเล็กทรอนิกส์ สาขาวิชาพณิชยการและประกาศนียบัตรวิชาชีพเทคนิค สา','สาขาวิชาช่างอิเล็กทรอนิกส์ สาขาวิชาพณิชยการและประกาศนียบัตรวิชาชีพเทคนิค สา',0,1,2,'ส000',1),(450,'สาขาวิชาช่างเชื่อมโลหะแผ่นและสาขาวิชาช่างก่อสร้าง','สาขาวิชาช่างเชื่อมโลหะแผ่นและสาขาวิชาช่างก่อสร้าง',0,0,1,'ส000',1),(451,'สาขาวิชาช่างเชื่อมโลหะแผ่นและสาขาวิชาช่างก่อสร้าง ปีการศึกษา','สาขาวิชาช่างเชื่อมโลหะแผ่นและสาขาวิชาช่างก่อสร้าง ปีการศึกษา',0,1,2,'ส000',1),(452,'สาขาวิชาช่างเชื่อมโลหะแผ่นและสาขาวิชาช่างก่อสร้าง ปีการศึกษา 2529','สาขาวิชาช่างเชื่อมโลหะแผ่นและสาขาวิชาช่างก่อสร้าง ปีการศึกษา 2529',0,1,2,'ส000',1),(453,'สาขาวิชาช่างไฟฟ้ากำลัง','สาขาวิชาช่างไฟฟ้ากำลัง',0,0,1,'ส000',1),(454,'สาขาวิชาช่างไฟฟ้ากำลัง สาขาวิชาช่างเชื่อมโลหะแผ่นและสาขาวิชาช่างก่อสร้าง','สาขาวิชาช่างไฟฟ้ากำลัง สาขาวิชาช่างเชื่อมโลหะแผ่นและสาขาวิชาช่างก่อสร้าง',0,1,2,'ส000',1),(455,'สาขาวิชาช่างไฟฟ้ากำลัง สาขาวิชาช่างเชื่อมโลหะแผ่นและสาขาวิชาช่างก่อสร้าง ปี','สาขาวิชาช่างไฟฟ้ากำลัง สาขาวิชาช่างเชื่อมโลหะแผ่นและสาขาวิชาช่างก่อสร้าง ปี',0,1,2,'ส000',1),(456,'สาขาวิชาช่างไฟฟ้ากำลังและสาขาวิชาคอมพิวเตอร์ธุรกิจ','สาขาวิชาช่างไฟฟ้ากำลังและสาขาวิชาคอมพิวเตอร์ธุรกิจ',0,0,1,'ส000',1),(457,'สาขาวิชาช่างไฟฟ้ากำลังและสาขาวิชาคอมพิวเตอร์ธุรกิจ ปีการศึกษา','สาขาวิชาช่างไฟฟ้ากำลังและสาขาวิชาคอมพิวเตอร์ธุรกิจ ปีการศึกษา',0,1,2,'ส000',1),(458,'สาขาวิชาช่างไฟฟ้ากำลังและสาขาวิชาคอมพิวเตอร์ธุรกิจ ปีการศึกษา 2534','สาขาวิชาช่างไฟฟ้ากำลังและสาขาวิชาคอมพิวเตอร์ธุรกิจ ปีการศึกษา 2534',0,1,2,'ส000',1),(459,'สาขาวิชาบริหารธุรกิจ','สาขาวิชาบริหารธุรกิจ',0,0,1,'ส000',1),(460,'สาขาวิชาบริหารธุรกิจ สาขาวิชาเทคนิควิศวกรรมโยธา','สาขาวิชาบริหารธุรกิจ สาขาวิชาเทคนิควิศวกรรมโยธา',0,1,2,'ส000',1),(461,'สาขาวิชาบริหารธุรกิจ สาขาวิชาเทคนิควิศวกรรมโยธา สาขาวิชาเทคนิควิศวกรรมไฟฟ้า','สาขาวิชาบริหารธุรกิจ สาขาวิชาเทคนิควิศวกรรมโยธา สาขาวิชาเทคนิควิศวกรรมไฟฟ้า',0,1,2,'ส000',1),(462,'สาขาวิชาพณิชยการและประกาศนียบัตรวิชาชีพเทคนิค','สาขาวิชาพณิชยการและประกาศนียบัตรวิชาชีพเทคนิค',0,0,1,'ส000',1),(463,'สาขาวิชาพณิชยการและประกาศนียบัตรวิชาชีพเทคนิค สาขาวิชาเลขานุการ','สาขาวิชาพณิชยการและประกาศนียบัตรวิชาชีพเทคนิค สาขาวิชาเลขานุการ',0,1,2,'ส000',1),(464,'สาขาวิชาพณิชยการและประกาศนียบัตรวิชาชีพเทคนิค สาขาวิชาเลขานุการ ปีการศึกษา','สาขาวิชาพณิชยการและประกาศนียบัตรวิชาชีพเทคนิค สาขาวิชาเลขานุการ ปีการศึกษา',0,1,2,'ส000',1),(465,'สาขาวิชาวิศวกรรมอิเล็กทรอนิกส์','สาขาวิชาวิศวกรรมอิเล็กทรอนิกส์',0,0,1,'ส000',1),(466,'สาขาวิชาวิศวกรรมอิเล็กทรอนิกส์ และหลักสูตรประกาศนียบัตรวิชาชีพชั้นสูง','สาขาวิชาวิศวกรรมอิเล็กทรอนิกส์ และหลักสูตรประกาศนียบัตรวิชาชีพชั้นสูง',0,1,2,'ส000',1),(467,'สาขาวิชาวิศวกรรมอิเล็กทรอนิกส์ และหลักสูตรประกาศนียบัตรวิชาชีพชั้นสูง ปวส','สาขาวิชาวิศวกรรมอิเล็กทรอนิกส์ และหลักสูตรประกาศนียบัตรวิชาชีพชั้นสูง ปวส',0,1,2,'ส000',1),(468,'สาขาวิชาอิเล็กทรอนิกส์และสาขาวิชาช่างก่อสร้าง','สาขาวิชาอิเล็กทรอนิกส์และสาขาวิชาช่างก่อสร้าง',0,0,1,'ส000',1),(469,'สาขาวิชาอุตสาหกรรมการท่องเที่ยว','สาขาวิชาอุตสาหกรรมการท่องเที่ยว',0,0,1,'ส000',1),(470,'สาขาวิชาอุตสาหกรรมการท่องเที่ยว ปีการศึกษา','สาขาวิชาอุตสาหกรรมการท่องเที่ยว ปีการศึกษา',0,1,2,'ส000',1),(471,'สาขาวิชาอุตสาหกรรมการท่องเที่ยว ปีการศึกษา 2533','สาขาวิชาอุตสาหกรรมการท่องเที่ยว ปีการศึกษา 2533',0,1,2,'ส000',1),(472,'สาขาวิชาเกษตรกรรม','สาขาวิชาเกษตรกรรม',0,0,1,'ส000',1),(473,'สาขาวิชาเกษตรกรรม ปีการศึกษา','สาขาวิชาเกษตรกรรม ปีการศึกษา',0,1,1.9333,'ส000',1),(474,'สาขาวิชาเกษตรกรรม ปีการศึกษา 2530','สาขาวิชาเกษตรกรรม ปีการศึกษา 2530',0,1,2,'ส000',1),(475,'สาขาวิชาเทคนิควิศวกรรมโยธา','สาขาวิชาเทคนิควิศวกรรมโยธา',0,0,1,'ส000',1),(476,'สาขาวิชาเทคนิควิศวกรรมโยธา สาขาวิชาเทคนิควิศวกรรมไฟฟ้า','สาขาวิชาเทคนิควิศวกรรมโยธา สาขาวิชาเทคนิควิศวกรรมไฟฟ้า',0,1,2,'ส000',1),(477,'สาขาวิชาเทคนิควิศวกรรมโยธา สาขาวิชาเทคนิควิศวกรรมไฟฟ้า และหลักสูตรประกาศนีย','สาขาวิชาเทคนิควิศวกรรมโยธา สาขาวิชาเทคนิควิศวกรรมไฟฟ้า และหลักสูตรประกาศนีย',0,1,2,'ส000',1),(478,'สาขาวิชาเทคนิควิศวกรรมไฟฟ้า','สาขาวิชาเทคนิควิศวกรรมไฟฟ้า',0,0,1,'ส000',1),(479,'สาขาวิชาเทคนิควิศวกรรมไฟฟ้า และหลักสูตรประกาศนียบัตรวิชาชีพ','สาขาวิชาเทคนิควิศวกรรมไฟฟ้า และหลักสูตรประกาศนียบัตรวิชาชีพ',0,1,2,'ส000',1),(480,'สาขาวิชาเทคนิควิศวกรรมไฟฟ้า และหลักสูตรประกาศนียบัตรวิชาชีพ ปวช','สาขาวิชาเทคนิควิศวกรรมไฟฟ้า และหลักสูตรประกาศนียบัตรวิชาชีพ ปวช',0,1,2,'ส000',1),(481,'สาขาวิชาเทคนิคอุตสาหกรรม','สาขาวิชาเทคนิคอุตสาหกรรม',0,0,1,'ส000',1),(482,'สาขาวิชาเทคนิคอุตสาหกรรม และใช้หลักสูตรประกาศนียบัตรวิชาชีพชั้นสูง','สาขาวิชาเทคนิคอุตสาหกรรม และใช้หลักสูตรประกาศนียบัตรวิชาชีพชั้นสูง',0,1,2,'ส000',1),(483,'สาขาวิชาเทคนิคอุตสาหกรรม และใช้หลักสูตรประกาศนียบัตรวิชาชีพชั้นสูง ปวส','สาขาวิชาเทคนิคอุตสาหกรรม และใช้หลักสูตรประกาศนียบัตรวิชาชีพชั้นสูง ปวส',0,1,2,'ส000',1),(484,'สาขาวิชาเลขานุการ','สาขาวิชาเลขานุการ',0,0,1,'ส000',1),(485,'สาขาวิชาเลขานุการ ปีการศึกษา','สาขาวิชาเลขานุการ ปีการศึกษา',0,1,1.9333,'ส000',1),(486,'สาขาวิชาเลขานุการ ปีการศึกษา 2531','สาขาวิชาเลขานุการ ปีการศึกษา 2531',0,1,2,'ส000',1),(487,'หมู่','หมู่',0,0,0.2667,'ห000',3),(488,'หมู่ 8','หมู่ 8',0,1,1.2,'ห000',3),(489,'หมู่ 8 ตำบลบ้านธิ','หมู่ 8 ตำบลบ้านธิ',0,1,1.5667,'ห000',1),(490,'หรือเทียบเท่า','หรือเทียบเท่า',0,0,0.8667,'ห000',1),(491,'หรือเทียบเท่า หลักสูตร','หรือเทียบเท่า หลักสูตร',0,1,1.7333,'ห000',1),(492,'หรือเทียบเท่า หลักสูตร 3','หรือเทียบเท่า หลักสูตร 3',0,1,1.8,'ห000',1),(493,'หลักสูตร','หลักสูตร',0,0,0.5333,'ห000',1),(494,'หลักสูตร 2','หลักสูตร 2',0,1,1.3333,'ห000',1),(495,'หลักสูตร 2 ปี','หลักสูตร 2 ปี',0,1,1.4333,'ห000',1),(496,'หลักสูตร 3','หลักสูตร 3',0,1,1.3333,'ห000',1),(497,'หลักสูตร 3 ปี','หลักสูตร 3 ปี',0,1,1.4333,'ห000',1),(498,'หลักสูตร คือ','หลักสูตร คือ',0,1,1.4,'ห000',1),(499,'หลักสูตร คือ หลักสูตรประกาศนียบัตรวิชาชีพชั้นสูง','หลักสูตร คือ หลักสูตรประกาศนียบัตรวิชาชีพชั้นสูง',0,1,2,'ห000',1),(500,'หลักสูตร เปิดทั้งช่างอุตสาหกรรมและบริหารธุรกิจ','หลักสูตร เปิดทั้งช่างอุตสาหกรรมและบริหารธุรกิจ',0,1,2,'ห000',1),(501,'หลักสูตร เปิดทั้งช่างอุตสาหกรรมและบริหารธุรกิจ ปีการศึกษา','หลักสูตร เปิดทั้งช่างอุตสาหกรรมและบริหารธุรกิจ ปีการศึกษา',0,1,2,'ห000',1),(502,'หลักสูตรประกาศนียบัตรวิชาชีพ','หลักสูตรประกาศนียบัตรวิชาชีพ',0,0,1,'ห000',1),(503,'หลักสูตรประกาศนียบัตรวิชาชีพ ปวช','หลักสูตรประกาศนียบัตรวิชาชีพ ปวช',0,1,2,'ห000',1),(504,'หลักสูตรประกาศนียบัตรวิชาชีพ ปวช สาขาวิชาช่างยนต์','หลักสูตรประกาศนียบัตรวิชาชีพ ปวช สาขาวิชาช่างยนต์',0,1,2,'ห000',1),(505,'หลักสูตรประกาศนียบัตรวิชาชีพชั้นสูง','หลักสูตรประกาศนียบัตรวิชาชีพชั้นสูง',0,0,1,'ห000',1),(506,'หลักสูตรประกาศนียบัตรวิชาชีพชั้นสูง ปวส','หลักสูตรประกาศนียบัตรวิชาชีพชั้นสูง ปวส',0,1,2,'ห000',1),(507,'หลักสูตรประกาศนียบัตรวิชาชีพชั้นสูง ปวส พุทธศักราช','หลักสูตรประกาศนียบัตรวิชาชีพชั้นสูง ปวส พุทธศักราช',0,1,2,'ห000',1),(508,'หลักสูตรประกาศนียบัตรวิชาชีพชั้นสูง ปวส สาขาวิชาช่างยนต์','หลักสูตรประกาศนียบัตรวิชาชีพชั้นสูง ปวส สาขาวิชาช่างยนต์',0,1,2,'ห000',1),(509,'องค์การมหาชน','องค์การมหาชน',0,0,0.8,'อ000',1),(510,'องค์การมหาชน สมศ','องค์การมหาชน สมศ',0,1,1.5333,'อ000',1),(511,'องค์การมหาชน สมศ ปีการศึกษา','องค์การมหาชน สมศ ปีการศึกษา',0,1,1.9,'อ000',1),(512,'อาจารย์ปรีชา','อาจารย์ปรีชา',0,0,0.8,'อ000',1),(513,'อาจารย์ปรีชา คงศรี','อาจารย์ปรีชา คงศรี',0,1,1.6,'อ000',1),(514,'อาจารย์ปรีชา คงศรี เป็นอาจารย์ปรีดา','อาจารย์ปรีชา คงศรี เป็นอาจารย์ปรีดา',0,1,2,'อ000',1),(515,'อำเภอบ้านธิ','อำเภอบ้านธิ',0,0,0.7333,'อ000',1),(516,'อำเภอบ้านธิ จังหวัดลำพูน','อำเภอบ้านธิ จังหวัดลำพูน',0,1,1.8,'อ000',1),(517,'อำเภอบ้านธิ จังหวัดลำพูน บนเนื้อที่ประมาณ','อำเภอบ้านธิ จังหวัดลำพูน บนเนื้อที่ประมาณ',0,1,2,'อ000',1),(518,'อุตสาหกรรม','อุตสาหกรรม',0,0,0.6667,'อ000',1),(519,'อุตสาหกรรม ระดับประกาศนียบัตรวิชาชีพ','อุตสาหกรรม ระดับประกาศนียบัตรวิชาชีพ',0,1,2,'อ000',1),(520,'อุตสาหกรรม ระดับประกาศนียบัตรวิชาชีพ 4','อุตสาหกรรม ระดับประกาศนียบัตรวิชาชีพ 4',0,1,2,'อ000',1),(521,'อุปเสโณ','อุปเสโณ',0,0,0.4667,'อ000',1),(522,'อุปเสโณ เจ้าคณะใหญ่หนตะวันออก','อุปเสโณ เจ้าคณะใหญ่หนตะวันออก',0,1,1.9667,'อ000',1),(523,'อุปเสโณ เจ้าคณะใหญ่หนตะวันออก ได้เสด็จมาเป็นประธานพิธ','อุปเสโณ เจ้าคณะใหญ่หนตะวันออก ได้เสด็จมาเป็นประธานพิธ',0,1,2,'อ000',1),(524,'เกี่ยว','เกี่ยว',0,0,0.4,'เ000',1),(525,'เกี่ยว อุปเสโณ','เกี่ยว อุปเสโณ',0,1,1.4667,'เ000',1),(526,'เกี่ยว อุปเสโณ เจ้าคณะใหญ่หนตะวันออก','เกี่ยว อุปเสโณ เจ้าคณะใหญ่หนตะวันออก',0,1,2,'เ000',1),(527,'เกี่ยวกับวิทยาลัย','เกี่ยวกับวิทยาลัย',0,0,1,'เ000',3),(528,'เจ้าคณะใหญ่หนตะวันออก','เจ้าคณะใหญ่หนตะวันออก',0,0,1,'เ000',1),(529,'เจ้าคณะใหญ่หนตะวันออก ได้เสด็จมาเป็นประธานพิธ','เจ้าคณะใหญ่หนตะวันออก ได้เสด็จมาเป็นประธานพิธ',0,1,2,'เ000',1),(530,'เจ้าคณะใหญ่หนตะวันออก ได้เสด็จมาเป็นประธานพิธ ปีการศึกษา','เจ้าคณะใหญ่หนตะวันออก ได้เสด็จมาเป็นประธานพิธ ปีการศึกษา',0,1,2,'เ000',1),(531,'เปิดทั้งช่างอุตสาหกรรมและบริหารธุรกิจ','เปิดทั้งช่างอุตสาหกรรมและบริหารธุรกิจ',0,0,1,'เ000',1),(532,'เปิดทั้งช่างอุตสาหกรรมและบริหารธุรกิจ ปีการศึกษา','เปิดทั้งช่างอุตสาหกรรมและบริหารธุรกิจ ปีการศึกษา',0,1,2,'เ000',1),(533,'เปิดทั้งช่างอุตสาหกรรมและบริหารธุรกิจ ปีการศึกษา 2542','เปิดทั้งช่างอุตสาหกรรมและบริหารธุรกิจ ปีการศึกษา 2542',0,1,2,'เ000',1),(534,'เปิดสอน','เปิดสอน',0,0,0.4667,'เ000',1),(535,'เปิดสอน ระดับ','เปิดสอน ระดับ',0,1,1.4333,'เ000',1),(536,'เปิดสอน ระดับ ประกาศนียบัตรวิชาชีพ','เปิดสอน ระดับ ประกาศนียบัตรวิชาชีพ',0,1,2,'เ000',1),(537,'เปิดสอนหลักสูตรประกาศนียบัตรวิชาชีพชั้นสูง','เปิดสอนหลักสูตรประกาศนียบัตรวิชาชีพชั้นสูง',0,0,1,'เ000',1),(538,'เปิดสอนหลักสูตรประกาศนียบัตรวิชาชีพชั้นสูง ปวส','เปิดสอนหลักสูตรประกาศนียบัตรวิชาชีพชั้นสูง ปวส',0,1,2,'เ000',1),(539,'เปิดสอนหลักสูตรประกาศนียบัตรวิชาชีพชั้นสูง ปวส ประเภทวิชาช่างอุตสาหกรรม','เปิดสอนหลักสูตรประกาศนียบัตรวิชาชีพชั้นสูง ปวส ประเภทวิชาช่างอุตสาหกรรม',0,1,2,'เ000',1),(540,'เปิดหลักสูตรเพิ่มในระดับประกาศนียบัตรวิชาชีพ','เปิดหลักสูตรเพิ่มในระดับประกาศนียบัตรวิชาชีพ',0,0,1,'เ000',1),(541,'เปิดหลักสูตรเพิ่มในระดับประกาศนียบัตรวิชาชีพ ปวช','เปิดหลักสูตรเพิ่มในระดับประกาศนียบัตรวิชาชีพ ปวช',0,1,2,'เ000',1),(542,'เปิดหลักสูตรเพิ่มในระดับประกาศนียบัตรวิชาชีพ ปวช สาขาวิชาช่างกลโรงงาน','เปิดหลักสูตรเพิ่มในระดับประกาศนียบัตรวิชาชีพ ปวช สาขาวิชาช่างกลโรงงาน',0,1,2,'เ000',1),(543,'เปิดหลักสูตรเพิ่มในระดับประกาศนียบัตรวิชาชีพ ปวช สาขาวิชาช่างอิเล็กทรอนิกส์','เปิดหลักสูตรเพิ่มในระดับประกาศนียบัตรวิชาชีพ ปวช สาขาวิชาช่างอิเล็กทรอนิกส์',0,1,2,'เ000',1),(544,'เปิดหลักสูตรเพิ่มในระดับประกาศนียบัตรวิชาชีพชั้นสูง','เปิดหลักสูตรเพิ่มในระดับประกาศนียบัตรวิชาชีพชั้นสูง',0,0,1,'เ000',1),(545,'เปิดหลักสูตรเพิ่มในระดับประกาศนียบัตรวิชาชีพชั้นสูง ปวส','เปิดหลักสูตรเพิ่มในระดับประกาศนียบัตรวิชาชีพชั้นสูง ปวส',0,1,2,'เ000',1),(546,'เปิดหลักสูตรเพิ่มในระดับประกาศนียบัตรวิชาชีพชั้นสูง ปวส ประเภทวิชาเกษตรกรรม','เปิดหลักสูตรเพิ่มในระดับประกาศนียบัตรวิชาชีพชั้นสูง ปวส ประเภทวิชาเกษตรกรรม',0,1,2,'เ000',1),(547,'เปิดหลักสูตรเพิ่มในระดับประกาศนียบัตรวิชาชีพชั้นสูง ปวส สาขาวิชาช่างยนต์','เปิดหลักสูตรเพิ่มในระดับประกาศนียบัตรวิชาชีพชั้นสูง ปวส สาขาวิชาช่างยนต์',0,1,2,'เ000',1),(548,'เปิดหลักสูตรเพิ่มในระดับประกาศนียบัตรวิชาชีพเทคนิค','เปิดหลักสูตรเพิ่มในระดับประกาศนียบัตรวิชาชีพเทคนิค',0,0,1,'เ000',1),(549,'เปิดหลักสูตรเพิ่มในระดับประกาศนียบัตรวิชาชีพเทคนิค สาขาวิชาบริหารธุรกิจ','เปิดหลักสูตรเพิ่มในระดับประกาศนียบัตรวิชาชีพเทคนิค สาขาวิชาบริหารธุรกิจ',0,1,2,'เ000',1),(550,'เปิดหลักสูตรเพิ่มในระดับประกาศนียบัตรวิชาชีพเทคนิค สาขาวิชาบริหารธุรกิจ สาข','เปิดหลักสูตรเพิ่มในระดับประกาศนียบัตรวิชาชีพเทคนิค สาขาวิชาบริหารธุรกิจ สาข',0,1,2,'เ000',1),(551,'เปิดหลักสูตรเพิ่มในระดับประกาศนียบัตรวิชาชีพเทคนิค สาขาวิชาวิศวกรรมอิเล็กทร','เปิดหลักสูตรเพิ่มในระดับประกาศนียบัตรวิชาชีพเทคนิค สาขาวิชาวิศวกรรมอิเล็กทร',0,1,2,'เ000',1),(552,'เป็นสถานศึกษาระดับอุดมศึกษาเอกชน','เป็นสถานศึกษาระดับอุดมศึกษาเอกชน',0,0,1,'เ000',1),(553,'เป็นสถานศึกษาระดับอุดมศึกษาเอกชน สังกัดสำนักงานคณะกรรมการการศึกษาเอกชน','เป็นสถานศึกษาระดับอุดมศึกษาเอกชน สังกัดสำนักงานคณะกรรมการการศึกษาเอกชน',0,1,2,'เ000',1),(554,'เป็นสถานศึกษาระดับอุดมศึกษาเอกชน สังกัดสำนักงานคณะกรรมการการศึกษาเอกชน สช','เป็นสถานศึกษาระดับอุดมศึกษาเอกชน สังกัดสำนักงานคณะกรรมการการศึกษาเอกชน สช',0,1,2,'เ000',1),(555,'เป็นอาจารย์ปรีดา','เป็นอาจารย์ปรีดา',0,0,1,'เ000',1),(556,'เป็นอาจารย์ปรีดา ดีรัศมี','เป็นอาจารย์ปรีดา ดีรัศมี',0,1,1.8,'เ000',1),(557,'เป็นอาจารย์ปรีดา ดีรัศมี ปีการศึกษา','เป็นอาจารย์ปรีดา ดีรัศมี ปีการศึกษา',0,1,2,'เ000',1),(558,'เพื่อให้มีความเหมาะสมกับความต้องการของตลาดแรงงานและโรงเรียนฯ','เพื่อให้มีความเหมาะสมกับความต้องการของตลาดแรงงานและโรงเรียนฯ',0,0,1,'เ000',1),(559,'เพื่อให้มีความเหมาะสมกับความต้องการของตลาดแรงงานและโรงเรียนฯ ได้เปลี่ยนผู้บ','เพื่อให้มีความเหมาะสมกับความต้องการของตลาดแรงงานและโรงเรียนฯ ได้เปลี่ยนผู้บ',0,1,2,'เ000',1),(560,'เมื่อวันที่','เมื่อวันที่',0,0,0.7333,'เ000',1),(561,'เมื่อวันที่ 25','เมื่อวันที่ 25',0,1,1.4667,'เ000',1),(562,'เมื่อวันที่ 25 มกราคม','เมื่อวันที่ 25 มกราคม',0,1,1.7,'เ000',1),(563,'แย้มชุติ','แย้มชุติ',0,0,0.5333,'แ000',1),(564,'แย้มชุติ ผู้จัดการรับพระราชทานรางวัลเสาเสมาธรรมจักร','แย้มชุติ ผู้จัดการรับพระราชทานรางวัลเสาเสมาธรรมจักร',0,1,2,'แ000',1),(565,'แย้มชุติ ผู้จัดการรับพระราชทานรางวัลเสาเสมาธรรมจักร จากสมเด็จพระเทพรัตนราชส','แย้มชุติ ผู้จัดการรับพระราชทานรางวัลเสาเสมาธรรมจักร จากสมเด็จพระเทพรัตนราชส',0,1,2,'แ000',1),(566,'และผ่านการประเมคุณภาพภายนอก','และผ่านการประเมคุณภาพภายนอก',0,0,1,'แ000',1),(567,'และผ่านการประเมคุณภาพภายนอก จากสำนักงานรับรองมาตรฐานและประเมินคุณภาพสถานศึก','และผ่านการประเมคุณภาพภายนอก จากสำนักงานรับรองมาตรฐานและประเมินคุณภาพสถานศึก',0,1,2,'แ000',1),(568,'และวางศิลาฤกษ์อาคารเรียนหลังใหม่','และวางศิลาฤกษ์อาคารเรียนหลังใหม่',0,0,1,'แ000',1),(569,'และวางศิลาฤกษ์อาคารเรียนหลังใหม่ โดยสมเด็จพระพุฒาจารย์','และวางศิลาฤกษ์อาคารเรียนหลังใหม่ โดยสมเด็จพระพุฒาจารย์',0,1,2,'แ000',1),(570,'และวางศิลาฤกษ์อาคารเรียนหลังใหม่ โดยสมเด็จพระพุฒาจารย์ เกี่ยว','และวางศิลาฤกษ์อาคารเรียนหลังใหม่ โดยสมเด็จพระพุฒาจารย์ เกี่ยว',0,1,2,'แ000',1),(571,'และหลักสูตรประกาศนียบัตรวิชาชีพ','และหลักสูตรประกาศนียบัตรวิชาชีพ',0,0,1,'แ000',1),(572,'และหลักสูตรประกาศนียบัตรวิชาชีพ ปวช','และหลักสูตรประกาศนียบัตรวิชาชีพ ปวช',0,1,2,'แ000',1),(573,'และหลักสูตรประกาศนียบัตรวิชาชีพ ปวช สาขาวิชาอุตสาหกรรมการท่องเที่ยว','และหลักสูตรประกาศนียบัตรวิชาชีพ ปวช สาขาวิชาอุตสาหกรรมการท่องเที่ยว',0,1,2,'แ000',1),(574,'และหลักสูตรประกาศนียบัตรวิชาชีพชั้นสูง','และหลักสูตรประกาศนียบัตรวิชาชีพชั้นสูง',0,0,1,'แ000',1),(575,'และหลักสูตรประกาศนียบัตรวิชาชีพชั้นสูง ปวส','และหลักสูตรประกาศนียบัตรวิชาชีพชั้นสูง ปวส',0,1,2,'แ000',1),(576,'และหลักสูตรประกาศนียบัตรวิชาชีพชั้นสูง ปวส พุทธศักราช','และหลักสูตรประกาศนียบัตรวิชาชีพชั้นสูง ปวส พุทธศักราช',0,1,2,'แ000',1),(577,'และหลักสูตรประกาศนียบัตรวิชาชีพชั้นสูง ปวส สาขาวิชาการบัญชี','และหลักสูตรประกาศนียบัตรวิชาชีพชั้นสูง ปวส สาขาวิชาการบัญชี',0,1,2,'แ000',1),(578,'และเปลี่ยนหลักสูตรจากเดิมใช้หลักสูตรประกาศนียบัตรวิชาชีพ','และเปลี่ยนหลักสูตรจากเดิมใช้หลักสูตรประกาศนียบัตรวิชาชีพ',0,0,1,'แ000',1),(579,'และเปลี่ยนหลักสูตรจากเดิมใช้หลักสูตรประกาศนียบัตรวิชาชีพ ปวช','และเปลี่ยนหลักสูตรจากเดิมใช้หลักสูตรประกาศนียบัตรวิชาชีพ ปวช',0,1,2,'แ000',1),(580,'และเปลี่ยนหลักสูตรจากเดิมใช้หลักสูตรประกาศนียบัตรวิชาชีพ ปวช พุทธ-ศักราช','และเปลี่ยนหลักสูตรจากเดิมใช้หลักสูตรประกาศนียบัตรวิชาชีพ ปวช พุทธ-ศักราช',0,1,2,'แ000',1),(581,'และใช้หลักสูตรประกาศนียบัตรวิชาชีพชั้นสูง','และใช้หลักสูตรประกาศนียบัตรวิชาชีพชั้นสูง',0,0,1,'แ000',1),(582,'และใช้หลักสูตรประกาศนียบัตรวิชาชีพชั้นสูง ปวส','และใช้หลักสูตรประกาศนียบัตรวิชาชีพชั้นสูง ปวส',0,1,2,'แ000',1),(583,'และใช้หลักสูตรประกาศนียบัตรวิชาชีพชั้นสูง ปวส พุทธศักราช','และใช้หลักสูตรประกาศนียบัตรวิชาชีพชั้นสูง ปวส พุทธศักราช',0,1,2,'แ000',1),(584,'และได้เพิ่มสาขาวิชาเทคนิคอุตสาหกรรม','และได้เพิ่มสาขาวิชาเทคนิคอุตสาหกรรม',0,0,1,'แ000',1),(585,'และได้เพิ่มสาขาวิชาเทคนิคอุตสาหกรรม ในระดับประกาศนียบัตรวิชาชีพชั้นสูง','และได้เพิ่มสาขาวิชาเทคนิคอุตสาหกรรม ในระดับประกาศนียบัตรวิชาชีพชั้นสูง',0,1,2,'แ000',1),(586,'และได้เพิ่มสาขาวิชาเทคนิคอุตสาหกรรม ในระดับประกาศนียบัตรวิชาชีพชั้นสูง ปวส','และได้เพิ่มสาขาวิชาเทคนิคอุตสาหกรรม ในระดับประกาศนียบัตรวิชาชีพชั้นสูง ปวส',0,1,2,'แ000',1),(587,'โดยทั้ง','โดยทั้ง',0,0,0.4667,'โ000',1),(588,'โดยทั้ง 2','โดยทั้ง 2',0,1,1.3,'โ000',1),(589,'โดยทั้ง 2 หลักสูตร','โดยทั้ง 2 หลักสูตร',0,1,1.6,'โ000',1),(590,'โดยสมเด็จพระพุฒาจารย์','โดยสมเด็จพระพุฒาจารย์',0,0,1,'โ000',1),(591,'โดยสมเด็จพระพุฒาจารย์ เกี่ยว','โดยสมเด็จพระพุฒาจารย์ เกี่ยว',0,1,1.9333,'โ000',1),(592,'โดยสมเด็จพระพุฒาจารย์ เกี่ยว อุปเสโณ','โดยสมเด็จพระพุฒาจารย์ เกี่ยว อุปเสโณ',0,1,2,'โ000',1),(593,'โดยเปิดสอนหลักสูตรช่าง','โดยเปิดสอนหลักสูตรช่าง',0,0,1,'โ000',1),(594,'โดยเปิดสอนหลักสูตรช่าง อุตสาหกรรม','โดยเปิดสอนหลักสูตรช่าง อุตสาหกรรม',0,1,2,'โ000',1),(595,'โดยเปิดสอนหลักสูตรช่าง อุตสาหกรรม ระดับประกาศนียบัตรวิชาชีพ','โดยเปิดสอนหลักสูตรช่าง อุตสาหกรรม ระดับประกาศนียบัตรวิชาชีพ',0,1,2,'โ000',1),(596,'โดยแบ่งเป็น','โดยแบ่งเป็น',0,0,0.7333,'โ000',1),(597,'โดยแบ่งเป็น 2','โดยแบ่งเป็น 2',0,1,1.4333,'โ000',1),(598,'โดยแบ่งเป็น 2 หลักสูตร','โดยแบ่งเป็น 2 หลักสูตร',0,1,1.7333,'โ000',1),(599,'โดยได้รับใบอนุญาตให้จัดตั้งขึ้นตามพระราชบัญญัติการศึกษา','โดยได้รับใบอนุญาตให้จัดตั้งขึ้นตามพระราชบัญญัติการศึกษา',0,0,1,'โ000',1),(600,'โดยได้รับใบอนุญาตให้จัดตั้งขึ้นตามพระราชบัญญัติการศึกษา สถาบันอุดมศึกษาเอกช','โดยได้รับใบอนุญาตให้จัดตั้งขึ้นตามพระราชบัญญัติการศึกษา สถาบันอุดมศึกษาเอกช',0,1,2,'โ000',1),(601,'โรงเรียนฯ','โรงเรียนฯ',0,0,0.6,'โ000',1),(602,'โรงเรียนฯ ขยายหลักสูตรเพิ่ม','โรงเรียนฯ ขยายหลักสูตรเพิ่ม',0,1,1.9,'โ000',1),(603,'โรงเรียนฯ ขยายหลักสูตรเพิ่ม โดยเปิดสอนหลักสูตรช่าง','โรงเรียนฯ ขยายหลักสูตรเพิ่ม โดยเปิดสอนหลักสูตรช่าง',0,1,2,'โ000',1),(604,'ในระดับประกาศนียบัตรวิชาชีพชั้นสูง','ในระดับประกาศนียบัตรวิชาชีพชั้นสูง',0,0,1,'ใ000',1),(605,'ในระดับประกาศนียบัตรวิชาชีพชั้นสูง ปวส','ในระดับประกาศนียบัตรวิชาชีพชั้นสูง ปวส',0,1,2,'ใ000',1),(606,'ในระดับประกาศนียบัตรวิชาชีพชั้นสูง ปวส ปีการศึกษา','ในระดับประกาศนียบัตรวิชาชีพชั้นสูง ปวส ปีการศึกษา',0,1,2,'ใ000',1),(607,'ได้มีการเปลี่ยนแปลงหลักสูตรประกาศนียบัตร','ได้มีการเปลี่ยนแปลงหลักสูตรประกาศนียบัตร',0,0,1,'ไ000',1),(608,'ได้มีการเปลี่ยนแปลงหลักสูตรประกาศนียบัตร วิชาชีพชั้นสูง','ได้มีการเปลี่ยนแปลงหลักสูตรประกาศนียบัตร วิชาชีพชั้นสูง',0,1,2,'ไ000',1),(609,'ได้มีการเปลี่ยนแปลงหลักสูตรประกาศนียบัตร วิชาชีพชั้นสูง ปวส','ได้มีการเปลี่ยนแปลงหลักสูตรประกาศนียบัตร วิชาชีพชั้นสูง ปวส',0,1,2,'ไ000',1),(610,'ได้มีการเปลี่ยนแปลงหลักสูตรประกาศนียบัตรวิชาชีพ','ได้มีการเปลี่ยนแปลงหลักสูตรประกาศนียบัตรวิชาชีพ',0,0,1,'ไ000',1),(611,'ได้มีการเปลี่ยนแปลงหลักสูตรประกาศนียบัตรวิชาชีพ ปวช','ได้มีการเปลี่ยนแปลงหลักสูตรประกาศนียบัตรวิชาชีพ ปวช',0,1,2,'ไ000',1),(612,'ได้มีการเปลี่ยนแปลงหลักสูตรประกาศนียบัตรวิชาชีพ ปวช พุทธศักราช','ได้มีการเปลี่ยนแปลงหลักสูตรประกาศนียบัตรวิชาชีพ ปวช พุทธศักราช',0,1,2,'ไ000',1),(613,'ได้รับการรับรองมาตรฐานคุณภาพการศึกษา','ได้รับการรับรองมาตรฐานคุณภาพการศึกษา',0,0,1,'ไ000',1),(614,'ได้รับการรับรองมาตรฐานคุณภาพการศึกษา หลักสูตรประกาศนียบัตรวิชาชีพ','ได้รับการรับรองมาตรฐานคุณภาพการศึกษา หลักสูตรประกาศนียบัตรวิชาชีพ',0,1,2,'ไ000',1),(615,'ได้รับการรับรองมาตรฐานคุณภาพการศึกษา หลักสูตรประกาศนียบัตรวิชาชีพ ปวช','ได้รับการรับรองมาตรฐานคุณภาพการศึกษา หลักสูตรประกาศนียบัตรวิชาชีพ ปวช',0,1,2,'ไ000',1),(616,'ได้รับโล่สถานศึกษาดีเด่นในการร่วมใจสู้ภัยเศรษฐกิจ','ได้รับโล่สถานศึกษาดีเด่นในการร่วมใจสู้ภัยเศรษฐกิจ',0,0,1,'ไ000',1),(617,'ได้รับโล่สถานศึกษาดีเด่นในการร่วมใจสู้ภัยเศรษฐกิจ ระดับจังหวัด','ได้รับโล่สถานศึกษาดีเด่นในการร่วมใจสู้ภัยเศรษฐกิจ ระดับจังหวัด',0,1,2,'ไ000',1),(618,'ได้รับโล่สถานศึกษาดีเด่นในการร่วมใจสู้ภัยเศรษฐกิจ ระดับจังหวัด จากนายสมศักด','ได้รับโล่สถานศึกษาดีเด่นในการร่วมใจสู้ภัยเศรษฐกิจ ระดับจังหวัด จากนายสมศักด',0,1,2,'ไ000',1),(619,'ได้รับโล่โรงเรียน','ได้รับโล่โรงเรียน',0,0,1,'ไ000',1),(620,'ได้รับโล่โรงเรียน จริยธรรมดีเด่น','ได้รับโล่โรงเรียน จริยธรรมดีเด่น',0,1,2,'ไ000',1),(621,'ได้รับโล่โรงเรียน จริยธรรมดีเด่น จากนายสุรัฐ','ได้รับโล่โรงเรียน จริยธรรมดีเด่น จากนายสุรัฐ',0,1,2,'ไ000',1),(622,'ได้สร้างพระธาตุเจดีย์พุทธบารมีศรีวิชัย','ได้สร้างพระธาตุเจดีย์พุทธบารมีศรีวิชัย',0,0,1,'ไ000',1),(623,'ได้สร้างพระธาตุเจดีย์พุทธบารมีศรีวิชัย พร้อมทำบุญยกยอดฉัตรในวันที่','ได้สร้างพระธาตุเจดีย์พุทธบารมีศรีวิชัย พร้อมทำบุญยกยอดฉัตรในวันที่',0,1,2,'ไ000',1),(624,'ได้สร้างพระธาตุเจดีย์พุทธบารมีศรีวิชัย พร้อมทำบุญยกยอดฉัตรในวันที่ 29','ได้สร้างพระธาตุเจดีย์พุทธบารมีศรีวิชัย พร้อมทำบุญยกยอดฉัตรในวันที่ 29',0,1,2,'ไ000',1),(625,'ได้เปลี่ยนผู้บริหารระดับผู้อำนวยการจากเดิม','ได้เปลี่ยนผู้บริหารระดับผู้อำนวยการจากเดิม',0,0,1,'ไ000',1),(626,'ได้เปลี่ยนผู้บริหารระดับผู้อำนวยการจากเดิม อาจารย์ปรีชา','ได้เปลี่ยนผู้บริหารระดับผู้อำนวยการจากเดิม อาจารย์ปรีชา',0,1,2,'ไ000',1),(627,'ได้เปลี่ยนผู้บริหารระดับผู้อำนวยการจากเดิม อาจารย์ปรีชา คงศรี','ได้เปลี่ยนผู้บริหารระดับผู้อำนวยการจากเดิม อาจารย์ปรีชา คงศรี',0,1,2,'ไ000',1),(628,'ได้เสด็จมาเป็นประธานพิธ','ได้เสด็จมาเป็นประธานพิธ',0,0,1,'ไ000',1),(629,'ได้เสด็จมาเป็นประธานพิธ ปีการศึกษา','ได้เสด็จมาเป็นประธานพิธ ปีการศึกษา',0,1,2,'ไ000',1),(630,'ได้เสด็จมาเป็นประธานพิธ ปีการศึกษา 2547','ได้เสด็จมาเป็นประธานพิธ ปีการศึกษา 2547',0,1,2,'ไ000',1),(631,'ไร่','ไร่',0,0,0.2,'ไ000',1),(632,'ไร่ มีความเป็นมาโดยสังเขปดังนี้','ไร่ มีความเป็นมาโดยสังเขปดังนี้',0,1,2,'ไ000',1),(633,'ไร่ มีความเป็นมาโดยสังเขปดังนี้ ปีการศึกษา','ไร่ มีความเป็นมาโดยสังเขปดังนี้ ปีการศึกษา',0,1,2,'ไ000',1),(1024,',053',',053',0,0,0.4,'',2),(1025,',053 559297',',053 559297',0,1,1.3667,'',2),(1026,'02','02',0,0,0.2,'',2),(1027,'02 18','02 18',0,1,1.1667,'',2),(1028,'02 18 46','02 18 46',0,1,1.2667,'',2),(1029,'053','053',0,0,0.3,'',2),(1030,'053 558750','053 558750',0,1,1.3333,'',2),(1031,'053 558750 1','053 558750 1',0,1,1.4,'',2),(1032,'09 02','09 02',0,1,1.1667,'',2),(1033,'09 02 18','09 02 18',0,1,1.2667,'',2),(1034,'09 09 02','09 09 02',0,1,1.2667,'',2),(1035,'1 ,053','1 ,053',0,1,1.2,'',2),(1036,'1 ,053 559297','1 ,053 559297',0,1,1.4333,'',2),(1037,'18','18',0,0,0.2,'',3),(1038,'18 46','18 46',0,1,1.1667,'',2),(1039,'2013 09','2013 09',0,1,1.2333,'',27),(1040,'2013 09 09','2013 09 09',0,1,1.3333,'',27),(1041,'46','46',0,0,0.2,'',6),(1042,'50180','50180',0,0,0.5,'',2),(1043,'50180 โทร','50180 โทร',0,1,1.3,'โ000',2),(1044,'50180 โทร 053','50180 โทร 053',0,1,1.4333,'โ000',2),(1045,'558750','558750',0,0,0.6,'',2),(1046,'558750 1','558750 1',0,1,1.2667,'',2),(1047,'558750 1 ,053','558750 1 ,053',0,1,1.4333,'',2),(1048,'559297','559297',0,0,0.6,'',2),(1049,'8 ต','8 ต',0,1,1.1,'ต000',2),(1050,'8 ต บ้านธิ','8 ต บ้านธิ',0,1,1.3333,'ต000',2),(1051,'จ','จ',0,0,0.0667,'จ000',2),(1052,'จ ลำพูน','จ ลำพูน',0,1,1.2333,'จ000',2),(1053,'จ ลำพูน 50180','จ ลำพูน 50180',0,1,1.4333,'จ000',2),(1054,'จังหวัดลำพูน 197','จังหวัดลำพูน 197',0,1,1.5333,'จ000',2),(1055,'จังหวัดลำพูน 197 หมู่','จังหวัดลำพูน 197 หมู่',0,1,1.7,'จ000',2),(1056,'ต','ต',0,0,0.0667,'ต000',2),(1057,'ต บ้านธิ','ต บ้านธิ',0,1,1.2667,'ต000',2),(1058,'ต บ้านธิ อ','ต บ้านธิ อ',0,1,1.3333,'ต000',2),(1059,'ติดต่อเรา','ติดต่อเรา',0,0,0.6,'ต000',2),(1060,'บ้านธิ','บ้านธิ',0,0,0.4,'บ000',2),(1061,'บ้านธิ จ','บ้านธิ จ',0,1,1.2667,'บ000',2),(1062,'บ้านธิ จ ลำพูน','บ้านธิ จ ลำพูน',0,1,1.4667,'บ000',2),(1063,'บ้านธิ อ','บ้านธิ อ',0,1,1.2667,'บ000',2),(1064,'บ้านธิ อ บ้านธิ','บ้านธิ อ บ้านธิ',0,1,1.5,'บ000',2),(1065,'ลำพูน','ลำพูน',0,0,0.3333,'ล000',2),(1066,'ลำพูน 50180','ลำพูน 50180',0,1,1.3667,'ล000',2),(1067,'ลำพูน 50180 โทร','ลำพูน 50180 โทร',0,1,1.5,'ล000',2),(1068,'วิทยาลัยเทคโนโลยีหมู่บ้านครูภาคเหนือ จังหวัดลำพูน 197','วิทยาลัยเทคโนโลยีหมู่บ้านครูภาคเหนือ จังหวัดลำพูน 197',0,1,2,'ว000',2),(1069,'หมู่ 8 ต','หมู่ 8 ต',0,1,1.2667,'ห000',2),(1070,'อ','อ',0,0,0.0667,'อ000',2),(1071,'อ บ้านธิ','อ บ้านธิ',0,1,1.2667,'อ000',2),(1072,'อ บ้านธิ จ','อ บ้านธิ จ',0,1,1.3333,'อ000',2),(1073,'โทร','โทร',0,0,0.2,'โ000',2),(1074,'โทร 053','โทร 053',0,1,1.2333,'โ000',2),(1075,'โทร 053 558750','โทร 053 558750',0,1,1.4667,'โ000',2),(1087,'03','03',0,0,0.2,'',18),(1088,'03 26','03 26',0,1,1.1667,'',5),(1089,'03 26 04','03 26 04',0,1,1.2667,'',3),(1090,'04','04',0,0,0.2,'',7),(1091,'09 03','09 03',0,1,1.1667,'',18),(1092,'09 03 26','09 03 26',0,1,1.2667,'',5),(1093,'09 09 03','09 09 03',0,1,1.2667,'',18),(1094,'26','26',0,0,0.2,'',6),(1095,'26 04','26 04',0,1,1.1667,'',3),(1096,'9','9',0,0,0.1,'',3),(1097,'category','category',0,0,0.5333,'C326',27),(1098,'ฝ่าย','ฝ่าย',0,0,0.2667,'ฝ000',2),(1102,'03 26 16','03 26 16',0,1,1.2667,'',2),(1103,'10','10',0,0,0.2,'',2),(1104,'16','16',0,0,0.2,'',3),(1105,'26 16','26 16',0,1,1.1667,'',2),(1106,'แผนก','แผนก',0,0,0.2667,'แ000',1),(1109,'ฝ่ายวิชาการ','ฝ่ายวิชาการ',0,0,0.7333,'ฝ000',1),(1110,'03 45','03 45',0,1,1.1667,'',1),(1111,'03 45 51','03 45 51',0,1,1.2667,'',1),(1112,'09 03 45','09 03 45',0,1,1.2667,'',1),(1113,'11','11',0,0,0.2,'',1),(1114,'45','45',0,0,0.2,'',1),(1115,'45 51','45 51',0,1,1.1667,'',1),(1116,'51','51',0,0,0.2,'',1),(1117,'ฝ่ายพัฒนาคุณภาพนักศึกษา','ฝ่ายพัฒนาคุณภาพนักศึกษา',0,0,1,'ฝ000',1),(1125,'00','00',0,0,0.2,'',1),(1126,'03 46','03 46',0,1,1.1667,'',4),(1127,'03 46 00','03 46 00',0,1,1.2667,'',1),(1128,'09 03 46','09 03 46',0,1,1.2667,'',4),(1129,'12','12',0,0,0.2,'',2),(1130,'46 00','46 00',0,1,1.1667,'',1),(1131,'ฝ่ายการเงิน','ฝ่ายการเงิน',0,0,0.7333,'ฝ000',1),(1132,'03 46 15','03 46 15',0,1,1.2667,'',1),(1133,'13','13',0,0,0.2,'',1),(1134,'15','15',0,0,0.2,'',2),(1135,'46 15','46 15',0,1,1.1667,'',1),(1136,'ฝ่ายกิจกรรม','ฝ่ายกิจกรรม',0,0,0.7333,'ฝ000',1),(1139,'03 46 22','03 46 22',0,1,1.2667,'',1),(1140,'14','14',0,0,0.2,'',1),(1141,'22','22',0,0,0.2,'',2),(1142,'46 22','46 22',0,1,1.1667,'',1),(1143,'ห้องสมุด','ห้องสมุด',0,0,0.5333,'ห000',1),(1146,'03 46 31','03 46 31',0,1,1.2667,'',1),(1147,'31','31',0,0,0.2,'',1),(1148,'46 31','46 31',0,1,1.1667,'',1),(1149,'ฝ่ายวัดผล','ฝ่ายวัดผล',0,0,0.6,'ฝ000',1),(1153,'01','01',0,0,0.2,'',1),(1154,'03 47','03 47',0,1,1.1667,'',4),(1155,'03 47 01','03 47 01',0,1,1.2667,'',1),(1156,'09 03 47','09 03 47',0,1,1.2667,'',4),(1157,'47','47',0,0,0.2,'',4),(1158,'47 01','47 01',0,1,1.1667,'',1),(1159,'ฝ่ายวางแผนพัฒนา','ฝ่ายวางแผนพัฒนา',0,0,1,'ฝ000',1),(1160,'03 47 12','03 47 12',0,1,1.2667,'',1),(1161,'17','17',0,0,0.2,'',1),(1162,'47 12','47 12',0,1,1.1667,'',1),(1163,'ฝ่ายทะเบียน','ฝ่ายทะเบียน',0,0,0.7333,'ฝ000',1),(1167,'แผนกช่างยนต์','แผนกช่างยนต์',0,0,0.8,'แ000',1),(1168,'03 47 42','03 47 42',0,1,1.2667,'',1),(1169,'42','42',0,0,0.2,'',1),(1170,'47 42','47 42',0,1,1.1667,'',1),(1171,'แผนกช่างไฟฟ้า','แผนกช่างไฟฟ้า',0,0,0.8667,'แ000',1),(1175,'03 47 55','03 47 55',0,1,1.2667,'',1),(1176,'19','19',0,0,0.2,'',1),(1177,'47 55','47 55',0,1,1.1667,'',1),(1178,'55','55',0,0,0.2,'',1),(1179,'แผนกช่างอิเล็กทรอนิกส์','แผนกช่างอิเล็กทรอนิกส์',0,0,1,'แ000',1),(1182,'03 48','03 48',0,1,1.1667,'',4),(1183,'03 48 08','03 48 08',0,1,1.2667,'',1),(1184,'08','08',0,0,0.2,'',1),(1185,'09 03 48','09 03 48',0,1,1.2667,'',4),(1186,'20','20',0,0,0.2,'',1),(1187,'48','48',0,0,0.2,'',4),(1188,'48 08','48 08',0,1,1.1667,'',1),(1189,'แผนกช่างกลโรงงาน','แผนกช่างกลโรงงาน',0,0,1,'แ000',1),(1197,'03 48 21','03 48 21',0,1,1.2667,'',1),(1198,'21','21',0,0,0.2,'',1),(1199,'48 21','48 21',0,1,1.1667,'',1),(1200,'สำรวจ','สำรวจ',0,0,0.3333,'ส000',1),(1201,'แผนกก่อสร้าง','แผนกก่อสร้าง',0,0,0.8,'แ000',1),(1202,'แผนกก่อสร้าง สำรวจ','แผนกก่อสร้าง สำรวจ',0,1,1.6,'แ000',1),(1204,'03 48 43','03 48 43',0,1,1.2667,'',1),(1205,'43','43',0,0,0.2,'',1),(1206,'48 43','48 43',0,1,1.1667,'',1),(1207,'แผนกคอมพิวเตอร์ธุรกิจ','แผนกคอมพิวเตอร์ธุรกิจ',0,0,1,'แ000',1),(1211,'03 48 53','03 48 53',0,1,1.2667,'',1),(1212,'23','23',0,0,0.2,'',1),(1213,'48 53','48 53',0,1,1.1667,'',1),(1214,'53','53',0,0,0.2,'',1),(1215,'แผนกบัญชี','แผนกบัญชี',0,0,0.6,'แ000',1),(1218,'04 34','04 34',0,1,1.1667,'',4),(1219,'04 34 59','04 34 59',0,1,1.2667,'',4),(1220,'09 04','09 04',0,1,1.1667,'',4),(1221,'09 04 34','09 04 34',0,1,1.2667,'',4),(1222,'09 09 04','09 09 04',0,1,1.2667,'',4),(1223,'24','24',0,0,0.2,'',7),(1224,'34','34',0,0,0.2,'',4),(1225,'34 59','34 59',0,1,1.1667,'',4),(1226,'59','59',0,0,0.2,'',4),(1227,'หน่วยงานภายนอก','หน่วยงานภายนอก',0,0,0.9333,'ห000',2),(1233,'uncategorised','uncategorised',0,0,0.8667,'U5232623',1),(1234,'กยส','กยส',0,0,0.2,'ก000',2),(1235,'07 24','07 24',0,1,1.1667,'',3),(1236,'07 24 38','07 24 38',0,1,1.2667,'',3),(1237,'09 07','09 07',0,1,1.1667,'',3),(1238,'09 07 24','09 07 24',0,1,1.2667,'',3),(1239,'09 09 07','09 09 07',0,1,1.2667,'',3),(1240,'24 38','24 38',0,1,1.1667,'',3),(1241,'38','38',0,0,0.2,'',3),(1242,'เงินกู้','เงินกู้',0,0,0.4667,'เ000',3),(1250,'loan','loan',0,0,0.2667,'L500',1);

--
-- Table structure for table `fred7_finder_terms_common`
--

CREATE TABLE `fred7_finder_terms_common` (
  `term` varchar(75) NOT NULL,
  `language` varchar(3) NOT NULL,
  KEY `idx_word_lang` (`term`,`language`),
  KEY `idx_lang` (`language`)
) ENGINE=InnoDB DEFAULT CHARSET=utf8;

--
-- Dumping data for table `fred7_finder_terms_common`
--

INSERT INTO `fred7_finder_terms_common` VALUES ('a','en'),('about','en'),('after','en'),('ago','en'),('all','en'),('am','en'),('an','en'),('and','en'),('ani','en'),('any','en'),('are','en'),('aren\'t','en'),('as','en'),('at','en'),('be','en'),('but','en'),('by','en'),('for','en'),('from','en'),('get','en'),('go','en'),('how','en'),('if','en'),('in','en'),('into','en'),('is','en'),('isn\'t','en'),('it','en'),('its','en'),('me','en'),('more','en'),('most','en'),('must','en'),('my','en'),('new','en'),('no','en'),('none','en'),('not','en'),('noth','en'),('nothing','en'),('of','en'),('off','en'),('often','en'),('old','en'),('on','en'),('onc','en'),('once','en'),('onli','en'),('only','en'),('or','en'),('other','en'),('our','en'),('ours','en'),('out','en'),('over','en'),('page','en'),('she','en'),('should','en'),('small','en'),('so','en'),('some','en'),('than','en'),('thank','en'),('that','en'),('the','en'),('their','en'),('theirs','en'),('them','en'),('then','en'),('there','en'),('these','en'),('they','en'),('this','en'),('those','en'),('thus','en'),('time','en'),('times','en'),('to','en'),('too','en'),('true','en'),('under','en'),('until','en'),('up','en'),('upon','en'),('use','en'),('user','en'),('users','en'),('veri','en'),('version','en'),('very','en'),('via','en'),('want','en'),('was','en'),('way','en'),('were','en'),('what','en'),('when','en'),('where','en'),('whi','en'),('which','en'),('who','en'),('whom','en'),('whose','en'),('why','en'),('wide','en'),('will','en'),('with','en'),('within','en'),('without','en'),('would','en'),('yes','en'),('yet','en'),('you','en'),('your','en'),('yours','en');

--
-- Table structure for table `fred7_finder_tokens`
--

CREATE TABLE `fred7_finder_tokens` (
  `term` varchar(75) NOT NULL,
  `stem` varchar(75) NOT NULL,
  `common` tinyint(1) unsigned NOT NULL DEFAULT '0',
  `phrase` tinyint(1) unsigned NOT NULL DEFAULT '0',
  `weight` float unsigned NOT NULL DEFAULT '1',
  `context` tinyint(1) unsigned NOT NULL DEFAULT '2',
  KEY `idx_word` (`term`),
  KEY `idx_context` (`context`)
) ENGINE=MEMORY DEFAULT CHARSET=utf8;

--
-- Dumping data for table `fred7_finder_tokens`
--


--
-- Table structure for table `fred7_finder_tokens_aggregate`
--

CREATE TABLE `fred7_finder_tokens_aggregate` (
  `term_id` int(10) unsigned NOT NULL,
  `map_suffix` char(1) NOT NULL,
  `term` varchar(75) NOT NULL,
  `stem` varchar(75) NOT NULL,
  `common` tinyint(1) unsigned NOT NULL DEFAULT '0',
  `phrase` tinyint(1) unsigned NOT NULL DEFAULT '0',
  `term_weight` float unsigned NOT NULL,
  `context` tinyint(1) unsigned NOT NULL DEFAULT '2',
  `context_weight` float unsigned NOT NULL,
  `total_weight` float unsigned NOT NULL,
  KEY `token` (`term`),
  KEY `keyword_id` (`term_id`)
) ENGINE=MEMORY DEFAULT CHARSET=utf8;

--
-- Dumping data for table `fred7_finder_tokens_aggregate`
--


--
-- Table structure for table `fred7_finder_types`
--

CREATE TABLE `fred7_finder_types` (
  `id` int(10) unsigned NOT NULL AUTO_INCREMENT,
  `title` varchar(100) NOT NULL,
  `mime` varchar(100) NOT NULL,
  PRIMARY KEY (`id`),
  UNIQUE KEY `title` (`title`)
) ENGINE=InnoDB AUTO_INCREMENT=6 DEFAULT CHARSET=utf8;

--
-- Dumping data for table `fred7_finder_types`
--

INSERT INTO `fred7_finder_types` VALUES (1,'Category',''),(2,'Contact',''),(3,'Article',''),(4,'News Feed',''),(5,'Web Link','');

--
-- Table structure for table `fred7_languages`
--

CREATE TABLE `fred7_languages` (
  `lang_id` int(11) unsigned NOT NULL AUTO_INCREMENT,
  `lang_code` char(7) NOT NULL,
  `title` varchar(50) NOT NULL,
  `title_native` varchar(50) NOT NULL,
  `sef` varchar(50) NOT NULL,
  `image` varchar(50) NOT NULL,
  `description` varchar(512) NOT NULL,
  `metakey` text NOT NULL,
  `metadesc` text NOT NULL,
  `sitename` varchar(1024) NOT NULL DEFAULT '',
  `published` int(11) NOT NULL DEFAULT '0',
  `access` int(10) unsigned NOT NULL DEFAULT '0',
  `ordering` int(11) NOT NULL DEFAULT '0',
  PRIMARY KEY (`lang_id`),
  UNIQUE KEY `idx_sef` (`sef`),
  UNIQUE KEY `idx_image` (`image`),
  UNIQUE KEY `idx_langcode` (`lang_code`),
  KEY `idx_access` (`access`),
  KEY `idx_ordering` (`ordering`)
) ENGINE=InnoDB AUTO_INCREMENT=2 DEFAULT CHARSET=utf8;

--
-- Dumping data for table `fred7_languages`
--

INSERT INTO `fred7_languages` VALUES (1,'en-GB','English (UK)','English (UK)','en','en','','','','',1,0,1);

--
-- Table structure for table `fred7_menu`
--

CREATE TABLE `fred7_menu` (
  `id` int(11) NOT NULL AUTO_INCREMENT,
  `menutype` varchar(24) NOT NULL COMMENT 'The type of menu this item belongs to. FK to #__menu_types.menutype',
  `title` varchar(255) NOT NULL COMMENT 'The display title of the menu item.',
  `alias` varchar(255) CHARACTER SET utf8 COLLATE utf8_bin NOT NULL COMMENT 'The SEF alias of the menu item.',
  `note` varchar(255) NOT NULL DEFAULT '',
  `path` varchar(1024) NOT NULL COMMENT 'The computed path of the menu item based on the alias field.',
  `link` varchar(1024) NOT NULL COMMENT 'The actually link the menu item refers to.',
  `type` varchar(16) NOT NULL COMMENT 'The type of link: Component, URL, Alias, Separator',
  `published` tinyint(4) NOT NULL DEFAULT '0' COMMENT 'The published state of the menu link.',
  `parent_id` int(10) unsigned NOT NULL DEFAULT '1' COMMENT 'The parent menu item in the menu tree.',
  `level` int(10) unsigned NOT NULL DEFAULT '0' COMMENT 'The relative level in the tree.',
  `component_id` int(10) unsigned NOT NULL DEFAULT '0' COMMENT 'FK to #__extensions.id',
  `ordering` int(11) NOT NULL DEFAULT '0' COMMENT 'The relative ordering of the menu item in the tree.',
  `checked_out` int(10) unsigned NOT NULL DEFAULT '0' COMMENT 'FK to #__users.id',
  `checked_out_time` timestamp NOT NULL DEFAULT '0000-00-00 00:00:00' COMMENT 'The time the menu item was checked out.',
  `browserNav` tinyint(4) NOT NULL DEFAULT '0' COMMENT 'The click behaviour of the link.',
  `access` int(10) unsigned NOT NULL DEFAULT '0' COMMENT 'The access level required to view the menu item.',
  `img` varchar(255) NOT NULL COMMENT 'The image of the menu item.',
  `template_style_id` int(10) unsigned NOT NULL DEFAULT '0',
  `params` text NOT NULL COMMENT 'JSON encoded data for the menu item.',
  `lft` int(11) NOT NULL DEFAULT '0' COMMENT 'Nested set lft.',
  `rgt` int(11) NOT NULL DEFAULT '0' COMMENT 'Nested set rgt.',
  `home` tinyint(3) unsigned NOT NULL DEFAULT '0' COMMENT 'Indicates if this menu item is the home or default page.',
  `language` char(7) NOT NULL DEFAULT '',
  `client_id` tinyint(4) NOT NULL DEFAULT '0',
  PRIMARY KEY (`id`),
  UNIQUE KEY `idx_client_id_parent_id_alias_language` (`client_id`,`parent_id`,`alias`,`language`),
  KEY `idx_componentid` (`component_id`,`menutype`,`published`,`access`),
  KEY `idx_menutype` (`menutype`),
  KEY `idx_left_right` (`lft`,`rgt`),
  KEY `idx_alias` (`alias`),
  KEY `idx_path` (`path`(255)),
  KEY `idx_language` (`language`)
) ENGINE=InnoDB AUTO_INCREMENT=130 DEFAULT CHARSET=utf8;

--
-- Dumping data for table `fred7_menu`
--

INSERT INTO `fred7_menu` VALUES (1,'','Menu_Item_Root','root','','','','',1,0,0,0,0,0,'0000-00-00 00:00:00',0,0,'',0,'',0,91,0,'*',0),(2,'menu','com_banners','Banners','','Banners','index.php?option=com_banners','component',0,1,1,4,0,0,'0000-00-00 00:00:00',0,0,'class:banners',0,'',1,10,0,'*',1),(3,'menu','com_banners','Banners','','Banners/Banners','index.php?option=com_banners','component',0,2,2,4,0,0,'0000-00-00 00:00:00',0,0,'class:banners',0,'',2,3,0,'*',1),(4,'menu','com_banners_categories','Categories','','Banners/Categories','index.php?option=com_categories&extension=com_banners','component',0,2,2,6,0,0,'0000-00-00 00:00:00',0,0,'class:banners-cat',0,'',4,5,0,'*',1),(5,'menu','com_banners_clients','Clients','','Banners/Clients','index.php?option=com_banners&view=clients','component',0,2,2,4,0,0,'0000-00-00 00:00:00',0,0,'class:banners-clients',0,'',6,7,0,'*',1),(6,'menu','com_banners_tracks','Tracks','','Banners/Tracks','index.php?option=com_banners&view=tracks','component',0,2,2,4,0,0,'0000-00-00 00:00:00',0,0,'class:banners-tracks',0,'',8,9,0,'*',1),(7,'menu','com_contact','Contacts','','Contacts','index.php?option=com_contact','component',0,1,1,8,0,0,'0000-00-00 00:00:00',0,0,'class:contact',0,'',25,30,0,'*',1),(8,'menu','com_contact','Contacts','','Contacts/Contacts','index.php?option=com_contact','component',0,7,2,8,0,0,'0000-00-00 00:00:00',0,0,'class:contact',0,'',26,27,0,'*',1),(9,'menu','com_contact_categories','Categories','','Contacts/Categories','index.php?option=com_categories&extension=com_contact','component',0,7,2,6,0,0,'0000-00-00 00:00:00',0,0,'class:contact-cat',0,'',28,29,0,'*',1),(10,'menu','com_messages','Messaging','','Messaging','index.php?option=com_messages','component',0,1,1,15,0,0,'0000-00-00 00:00:00',0,0,'class:messages',0,'',31,36,0,'*',1),(11,'menu','com_messages_add','New Private Message','','Messaging/New Private Message','index.php?option=com_messages&task=message.add','component',0,10,2,15,0,0,'0000-00-00 00:00:00',0,0,'class:messages-add',0,'',32,33,0,'*',1),(12,'menu','com_messages_read','Read Private Message','','Messaging/Read Private Message','index.php?option=com_messages','component',0,10,2,15,0,0,'0000-00-00 00:00:00',0,0,'class:messages-read',0,'',34,35,0,'*',1),(13,'menu','com_newsfeeds','News Feeds','','News Feeds','index.php?option=com_newsfeeds','component',0,1,1,17,0,0,'0000-00-00 00:00:00',0,0,'class:newsfeeds',0,'',37,42,0,'*',1),(14,'menu','com_newsfeeds_feeds','Feeds','','News Feeds/Feeds','index.php?option=com_newsfeeds','component',0,13,2,17,0,0,'0000-00-00 00:00:00',0,0,'class:newsfeeds',0,'',38,39,0,'*',1),(15,'menu','com_newsfeeds_categories','Categories','','News Feeds/Categories','index.php?option=com_categories&extension=com_newsfeeds','component',0,13,2,6,0,0,'0000-00-00 00:00:00',0,0,'class:newsfeeds-cat',0,'',40,41,0,'*',1),(16,'menu','com_redirect','Redirect','','Redirect','index.php?option=com_redirect','component',0,1,1,24,0,0,'0000-00-00 00:00:00',0,0,'class:redirect',0,'',61,62,0,'*',1),(17,'menu','com_search','Basic Search','','Basic Search','index.php?option=com_search','component',0,1,1,19,0,0,'0000-00-00 00:00:00',0,0,'class:search',0,'',53,54,0,'*',1),(18,'menu','com_weblinks','Weblinks','','Weblinks','index.php?option=com_weblinks','component',0,1,1,21,0,0,'0000-00-00 00:00:00',0,0,'class:weblinks',0,'',55,60,0,'*',1),(19,'menu','com_weblinks_links','Links','','Weblinks/Links','index.php?option=com_weblinks','component',0,18,2,21,0,0,'0000-00-00 00:00:00',0,0,'class:weblinks',0,'',56,57,0,'*',1),(20,'menu','com_weblinks_categories','Categories','','Weblinks/Categories','index.php?option=com_categories&extension=com_weblinks','component',0,18,2,6,0,0,'0000-00-00 00:00:00',0,0,'class:weblinks-cat',0,'',58,59,0,'*',1),(21,'menu','com_finder','Smart Search','','Smart Search','index.php?option=com_finder','component',0,1,1,27,0,0,'0000-00-00 00:00:00',0,0,'class:finder',0,'',51,52,0,'*',1),(22,'menu','com_joomlaupdate','Joomla! Update','','Joomla! Update','index.php?option=com_joomlaupdate','component',0,1,1,28,0,0,'0000-00-00 00:00:00',0,0,'class:joomlaupdate',0,'',63,64,0,'*',1),(101,'mainmenu','Home','2013-07-29-09-34-24','','2013-07-29-09-34-24','index.php?option=com_content&view=featured','component',1,1,1,22,0,0,'0000-00-00 00:00:00',0,1,'',0,'{\"featured_categories\":[\"8\"],\"layout_type\":\"blog\",\"num_leading_articles\":\"1\",\"num_intro_articles\":\"3\",\"num_columns\":\"3\",\"num_links\":\"0\",\"multi_column_order\":\"1\",\"orderby_pri\":\"\",\"orderby_sec\":\"front\",\"order_date\":\"\",\"show_pagination\":\"2\",\"show_pagination_results\":\"1\",\"show_title\":\"\",\"link_titles\":\"\",\"show_intro\":\"\",\"show_category\":\"\",\"link_category\":\"\",\"show_parent_category\":\"\",\"link_parent_category\":\"\",\"show_author\":\"\",\"link_author\":\"\",\"show_create_date\":\"\",\"show_modify_date\":\"\",\"show_publish_date\":\"\",\"show_item_navigation\":\"\",\"show_vote\":\"\",\"show_readmore\":\"\",\"show_readmore_title\":\"\",\"show_icons\":\"\",\"show_print_icon\":\"\",\"show_email_icon\":\"\",\"show_hits\":\"\",\"show_noauth\":\"\",\"show_feed_link\":\"1\",\"feed_summary\":\"\",\"menu-anchor_title\":\"\",\"menu-anchor_css\":\"\",\"menu_image\":\"\",\"menu_text\":1,\"page_title\":\"\",\"show_page_heading\":1,\"page_heading\":\"\",\"pageclass_sfx\":\"\",\"menu-meta_description\":\"\",\"menu-meta_keywords\":\"\",\"robots\":\"\",\"secure\":0}',43,44,1,'*',0),(102,'mainmenu','เกี่ยวกับวิทยาลัย','2013-07-29-09-12-27','','2013-07-29-09-12-27','index.php?option=com_content&view=category&id=8','component',1,1,1,22,0,0,'0000-00-00 00:00:00',0,1,'',0,'{\"show_category_heading_title_text\":\"\",\"show_category_title\":\"\",\"show_description\":\"\",\"show_description_image\":\"\",\"maxLevel\":\"\",\"show_empty_categories\":\"\",\"show_no_articles\":\"\",\"show_subcat_desc\":\"\",\"show_cat_num_articles\":\"\",\"page_subheading\":\"\",\"show_pagination_limit\":\"\",\"filter_field\":\"\",\"show_headings\":\"\",\"list_show_date\":\"\",\"date_format\":\"\",\"list_show_hits\":\"\",\"list_show_author\":\"\",\"orderby_pri\":\"\",\"orderby_sec\":\"\",\"order_date\":\"\",\"show_pagination\":\"\",\"show_pagination_results\":\"\",\"display_num\":\"10\",\"show_title\":\"\",\"link_titles\":\"\",\"show_intro\":\"\",\"show_category\":\"\",\"link_category\":\"\",\"show_parent_category\":\"\",\"link_parent_category\":\"\",\"show_author\":\"\",\"link_author\":\"\",\"show_create_date\":\"\",\"show_modify_date\":\"\",\"show_publish_date\":\"\",\"show_item_navigation\":\"\",\"show_vote\":\"\",\"show_readmore\":\"\",\"show_readmore_title\":\"\",\"show_icons\":\"\",\"show_print_icon\":\"\",\"show_email_icon\":\"\",\"show_hits\":\"\",\"show_noauth\":\"\",\"show_feed_link\":\"\",\"feed_summary\":\"\",\"menu-anchor_title\":\"\",\"menu-anchor_css\":\"\",\"menu_image\":\"\",\"menu_text\":1,\"page_title\":\"\",\"show_page_heading\":0,\"page_heading\":\"\",\"pageclass_sfx\":\"\",\"menu-meta_description\":\"\",\"menu-meta_keywords\":\"\",\"robots\":\"\",\"secure\":0}',45,48,0,'*',0),(103,'mainmenu','ประวิติวิทยาลัย','2013-07-29-10-50-42','','2013-07-29-09-12-27/2013-07-29-10-50-42','index.php?option=com_content&view=article&id=1','component',1,102,2,22,0,0,'0000-00-00 00:00:00',0,1,'',0,'{\"show_title\":\"\",\"link_titles\":\"\",\"show_intro\":\"\",\"show_category\":\"\",\"link_category\":\"\",\"show_parent_category\":\"\",\"link_parent_category\":\"\",\"show_author\":\"\",\"link_author\":\"\",\"show_create_date\":\"\",\"show_modify_date\":\"\",\"show_publish_date\":\"\",\"show_item_navigation\":\"\",\"show_vote\":\"\",\"show_icons\":\"\",\"show_print_icon\":\"\",\"show_email_icon\":\"\",\"show_hits\":\"\",\"show_noauth\":\"\",\"urls_position\":\"\",\"menu-anchor_title\":\"\",\"menu-anchor_css\":\"\",\"menu_image\":\"\",\"menu_text\":1,\"page_title\":\"\",\"show_page_heading\":0,\"page_heading\":\"\",\"pageclass_sfx\":\"\",\"menu-meta_description\":\"\",\"menu-meta_keywords\":\"\",\"robots\":\"\",\"secure\":0}',46,47,0,'*',0),(104,'mainmenu','ระบบ SISA','2013-07-29-10-52-31','','2013-07-29-10-52-31','http://sisa.northmbk.ac.th/frdsisa/','url',1,1,1,0,0,0,'0000-00-00 00:00:00',1,1,'',0,'{\"menu-anchor_title\":\"\",\"menu-anchor_css\":\"\",\"menu_image\":\"\",\"menu_text\":1}',49,50,0,'*',0),(110,'main','JCE','jce','','jce','index.php?option=com_jce','component',0,1,1,10004,0,0,'0000-00-00 00:00:00',0,1,'components/com_jce/media/img/menu/logo.png',0,'',65,74,0,'',1),(111,'main','WF_MENU_CPANEL','wf-menu-cpanel','','jce/wf-menu-cpanel','index.php?option=com_jce','component',0,110,2,10004,0,0,'0000-00-00 00:00:00',0,1,'components/com_jce/media/img/menu/jce-cpanel.png',0,'',66,67,0,'',1),(112,'main','WF_MENU_CONFIG','wf-menu-config','','jce/wf-menu-config','index.php?option=com_jce&view=config','component',0,110,2,10004,0,0,'0000-00-00 00:00:00',0,1,'components/com_jce/media/img/menu/jce-config.png',0,'',68,69,0,'',1),(113,'main','WF_MENU_PROFILES','wf-menu-profiles','','jce/wf-menu-profiles','index.php?option=com_jce&view=profiles','component',0,110,2,10004,0,0,'0000-00-00 00:00:00',0,1,'components/com_jce/media/img/menu/jce-profiles.png',0,'',70,71,0,'',1),(114,'main','WF_MENU_INSTALL','wf-menu-install','','jce/wf-menu-install','index.php?option=com_jce&view=installer','component',0,110,2,10004,0,0,'0000-00-00 00:00:00',0,1,'components/com_jce/media/img/menu/jce-install.png',0,'',72,73,0,'',1),(115,'mainmenu','ติดต่อเรา','2013-09-09-02-14-20','','2013-09-09-02-14-20','index.php?option=com_content&view=article&id=2','component',1,1,1,22,0,0,'0000-00-00 00:00:00',0,1,'',0,'{\"show_title\":\"\",\"link_titles\":\"\",\"show_intro\":\"\",\"show_category\":\"\",\"link_category\":\"\",\"show_parent_category\":\"\",\"link_parent_category\":\"\",\"show_author\":\"\",\"link_author\":\"\",\"show_create_date\":\"\",\"show_modify_date\":\"\",\"show_publish_date\":\"\",\"show_item_navigation\":\"\",\"show_vote\":\"\",\"show_icons\":\"\",\"show_print_icon\":\"\",\"show_email_icon\":\"\",\"show_hits\":\"\",\"show_noauth\":\"\",\"urls_position\":\"\",\"menu-anchor_title\":\"\",\"menu-anchor_css\":\"\",\"menu_image\":\"\",\"menu_text\":1,\"page_title\":\"\",\"show_page_heading\":0,\"page_heading\":\"\",\"pageclass_sfx\":\"\",\"menu-meta_description\":\"\",\"menu-meta_keywords\":\"\",\"robots\":\"\",\"secure\":0}',75,76,0,'*',0),(116,'departments','ฝ่ายทะเบียน','2013-09-09-03-31-59','','2013-09-09-03-31-59','index.php?option=com_content&view=category&layout=blog&id=9','component',1,1,1,22,0,0,'0000-00-00 00:00:00',0,1,'',0,'{\"layout_type\":\"blog\",\"show_category_heading_title_text\":\"\",\"show_category_title\":\"\",\"show_description\":\"\",\"show_description_image\":\"\",\"maxLevel\":\"\",\"show_empty_categories\":\"\",\"show_no_articles\":\"\",\"show_subcat_desc\":\"\",\"show_cat_num_articles\":\"\",\"page_subheading\":\"\",\"num_leading_articles\":\"\",\"num_intro_articles\":\"\",\"num_columns\":\"\",\"num_links\":\"\",\"multi_column_order\":\"\",\"show_subcategory_content\":\"\",\"orderby_pri\":\"\",\"orderby_sec\":\"alpha\",\"order_date\":\"created\",\"show_pagination\":\"\",\"show_pagination_results\":\"\",\"show_title\":\"\",\"link_titles\":\"\",\"show_intro\":\"\",\"show_category\":\"\",\"link_category\":\"\",\"show_parent_category\":\"\",\"link_parent_category\":\"\",\"show_author\":\"\",\"link_author\":\"\",\"show_create_date\":\"\",\"show_modify_date\":\"\",\"show_publish_date\":\"\",\"show_item_navigation\":\"\",\"show_vote\":\"\",\"show_readmore\":\"\",\"show_readmore_title\":\"\",\"show_icons\":\"\",\"show_print_icon\":\"\",\"show_email_icon\":\"\",\"show_hits\":\"\",\"show_noauth\":\"\",\"show_feed_link\":\"\",\"feed_summary\":\"\",\"menu-anchor_title\":\"\",\"menu-anchor_css\":\"\",\"menu_image\":\"\",\"menu_text\":1,\"page_title\":\"\",\"show_page_heading\":0,\"page_heading\":\"\",\"pageclass_sfx\":\"\",\"menu-meta_description\":\"\",\"menu-meta_keywords\":\"\",\"robots\":\"\",\"secure\":0}',13,14,0,'*',0),(117,'departments','ฝ่ายวิชาการ','2013-09-09-03-35-20','','2013-09-09-03-35-20','','component',1,1,1,0,0,0,'0000-00-00 00:00:00',0,1,'',0,'{\"menu-anchor_title\":\"\",\"menu-anchor_css\":\"\",\"menu_image\":\"\",\"menu_text\":1,\"page_title\":\"\",\"show_page_heading\":0,\"page_heading\":\"\",\"pageclass_sfx\":\"\",\"menu-meta_description\":\"\",\"menu-meta_keywords\":\"\",\"robots\":\"\",\"secure\":0}',11,12,0,'*',0),(118,'departments','ฝ่ายวางแผนพัฒนา','2013-09-09-03-35-36','','2013-09-09-03-35-36','','component',1,1,1,0,0,0,'0000-00-00 00:00:00',0,1,'',0,'{\"menu-anchor_title\":\"\",\"menu-anchor_css\":\"\",\"menu_image\":\"\",\"menu_text\":1,\"page_title\":\"\",\"show_page_heading\":0,\"page_heading\":\"\",\"pageclass_sfx\":\"\",\"menu-meta_description\":\"\",\"menu-meta_keywords\":\"\",\"robots\":\"\",\"secure\":0}',19,20,0,'*',0),(119,'departments','ฝ่ายพัฒนาคุณภาพนักศึกษา','2013-09-09-03-35-54','','2013-09-09-03-35-54','','component',1,1,1,0,0,0,'0000-00-00 00:00:00',0,1,'',0,'{\"menu-anchor_title\":\"\",\"menu-anchor_css\":\"\",\"menu_image\":\"\",\"menu_text\":1,\"page_title\":\"\",\"show_page_heading\":0,\"page_heading\":\"\",\"pageclass_sfx\":\"\",\"menu-meta_description\":\"\",\"menu-meta_keywords\":\"\",\"robots\":\"\",\"secure\":0}',17,18,0,'*',0),(120,'departments','ฝ่ายกิจกรรม','2013-09-09-03-36-01','','2013-09-09-03-36-01','','component',1,1,1,0,0,0,'0000-00-00 00:00:00',0,1,'',0,'{\"menu-anchor_title\":\"\",\"menu-anchor_css\":\"\",\"menu_image\":\"\",\"menu_text\":1,\"page_title\":\"\",\"show_page_heading\":0,\"page_heading\":\"\",\"pageclass_sfx\":\"\",\"menu-meta_description\":\"\",\"menu-meta_keywords\":\"\",\"robots\":\"\",\"secure\":0}',21,22,0,'*',0),(121,'departments','ฝ่ายการเงิน','2013-09-09-03-44-26','','2013-09-09-03-44-26','','component',1,1,1,0,0,0,'0000-00-00 00:00:00',0,1,'',0,'{\"menu-anchor_title\":\"\",\"menu-anchor_css\":\"\",\"menu_image\":\"\",\"menu_text\":1,\"page_title\":\"\",\"show_page_heading\":0,\"page_heading\":\"\",\"pageclass_sfx\":\"\",\"menu-meta_description\":\"\",\"menu-meta_keywords\":\"\",\"robots\":\"\",\"secure\":0}',15,16,0,'*',0),(122,'departments','ห้องสมุด','2013-09-09-03-44-38','','2013-09-09-03-44-38','','component',1,1,1,0,0,0,'0000-00-00 00:00:00',0,1,'',0,'{\"menu-anchor_title\":\"\",\"menu-anchor_css\":\"\",\"menu_image\":\"\",\"menu_text\":1,\"page_title\":\"\",\"show_page_heading\":0,\"page_heading\":\"\",\"pageclass_sfx\":\"\",\"menu-meta_description\":\"\",\"menu-meta_keywords\":\"\",\"robots\":\"\",\"secure\":0}',23,24,0,'*',0),(123,'section','ช่างยนต์','2013-09-09-03-52-34','','2013-09-09-03-52-34','index.php?option=com_content&view=category&layout=blog&id=10','component',1,1,1,22,0,0,'0000-00-00 00:00:00',0,1,'',0,'{\"layout_type\":\"blog\",\"show_category_heading_title_text\":\"\",\"show_category_title\":\"\",\"show_description\":\"\",\"show_description_image\":\"\",\"maxLevel\":\"\",\"show_empty_categories\":\"\",\"show_no_articles\":\"\",\"show_subcat_desc\":\"\",\"show_cat_num_articles\":\"\",\"page_subheading\":\"\",\"num_leading_articles\":\"\",\"num_intro_articles\":\"\",\"num_columns\":\"\",\"num_links\":\"\",\"multi_column_order\":\"\",\"show_subcategory_content\":\"\",\"orderby_pri\":\"\",\"orderby_sec\":\"alpha\",\"order_date\":\"created\",\"show_pagination\":\"\",\"show_pagination_results\":\"\",\"show_title\":\"\",\"link_titles\":\"\",\"show_intro\":\"\",\"show_category\":\"\",\"link_category\":\"\",\"show_parent_category\":\"\",\"link_parent_category\":\"\",\"show_author\":\"\",\"link_author\":\"\",\"show_create_date\":\"\",\"show_modify_date\":\"\",\"show_publish_date\":\"\",\"show_item_navigation\":\"\",\"show_vote\":\"\",\"show_readmore\":\"\",\"show_readmore_title\":\"\",\"show_icons\":\"\",\"show_print_icon\":\"\",\"show_email_icon\":\"\",\"show_hits\":\"\",\"show_noauth\":\"\",\"show_feed_link\":\"\",\"feed_summary\":\"\",\"menu-anchor_title\":\"\",\"menu-anchor_css\":\"\",\"menu_image\":\"\",\"menu_text\":1,\"page_title\":\"\",\"show_page_heading\":0,\"page_heading\":\"\",\"pageclass_sfx\":\"\",\"menu-meta_description\":\"\",\"menu-meta_keywords\":\"\",\"robots\":\"\",\"secure\":0}',77,78,0,'*',0),(124,'section','ช่างไฟฟ้า','2013-09-09-03-52-59','','2013-09-09-03-52-59','index.php?option=com_content&view=category&layout=blog&id=18','component',1,1,1,22,0,0,'0000-00-00 00:00:00',0,1,'',0,'{\"layout_type\":\"blog\",\"show_category_heading_title_text\":\"\",\"show_category_title\":\"\",\"show_description\":\"\",\"show_description_image\":\"\",\"maxLevel\":\"\",\"show_empty_categories\":\"\",\"show_no_articles\":\"\",\"show_subcat_desc\":\"\",\"show_cat_num_articles\":\"\",\"page_subheading\":\"\",\"num_leading_articles\":\"\",\"num_intro_articles\":\"\",\"num_columns\":\"\",\"num_links\":\"\",\"multi_column_order\":\"\",\"show_subcategory_content\":\"\",\"orderby_pri\":\"\",\"orderby_sec\":\"\",\"order_date\":\"\",\"show_pagination\":\"\",\"show_pagination_results\":\"\",\"show_title\":\"\",\"link_titles\":\"\",\"show_intro\":\"\",\"show_category\":\"\",\"link_category\":\"\",\"show_parent_category\":\"\",\"link_parent_category\":\"\",\"show_author\":\"\",\"link_author\":\"\",\"show_create_date\":\"\",\"show_modify_date\":\"\",\"show_publish_date\":\"\",\"show_item_navigation\":\"\",\"show_vote\":\"\",\"show_readmore\":\"\",\"show_readmore_title\":\"\",\"show_icons\":\"\",\"show_print_icon\":\"\",\"show_email_icon\":\"\",\"show_hits\":\"\",\"show_noauth\":\"\",\"show_feed_link\":\"\",\"feed_summary\":\"\",\"menu-anchor_title\":\"\",\"menu-anchor_css\":\"\",\"menu_image\":\"\",\"menu_text\":1,\"page_title\":\"\",\"show_page_heading\":0,\"page_heading\":\"\",\"pageclass_sfx\":\"\",\"menu-meta_description\":\"\",\"menu-meta_keywords\":\"\",\"robots\":\"\",\"secure\":0}',79,80,0,'*',0),(125,'section','ช่างอิเล็กทรอนิกส์','2013-09-09-03-53-44','','2013-09-09-03-53-44','http://elec.northmbk.ac.th/','url',1,1,1,0,0,0,'0000-00-00 00:00:00',0,1,'',0,'{\"menu-anchor_title\":\"\",\"menu-anchor_css\":\"\",\"menu_image\":\"\",\"menu_text\":1}',81,82,0,'*',0),(126,'section','ช่างกลโรงงาน','2013-09-09-03-54-28','','2013-09-09-03-54-28','index.php?option=com_content&view=category&layout=blog&id=20','component',1,1,1,22,0,0,'0000-00-00 00:00:00',0,1,'',0,'{\"layout_type\":\"blog\",\"show_category_heading_title_text\":\"\",\"show_category_title\":\"\",\"show_description\":\"\",\"show_description_image\":\"\",\"maxLevel\":\"\",\"show_empty_categories\":\"\",\"show_no_articles\":\"\",\"show_subcat_desc\":\"\",\"show_cat_num_articles\":\"\",\"page_subheading\":\"\",\"num_leading_articles\":\"\",\"num_intro_articles\":\"\",\"num_columns\":\"\",\"num_links\":\"\",\"multi_column_order\":\"\",\"show_subcategory_content\":\"\",\"orderby_pri\":\"\",\"orderby_sec\":\"\",\"order_date\":\"\",\"show_pagination\":\"\",\"show_pagination_results\":\"\",\"show_title\":\"\",\"link_titles\":\"\",\"show_intro\":\"\",\"show_category\":\"\",\"link_category\":\"\",\"show_parent_category\":\"\",\"link_parent_category\":\"\",\"show_author\":\"\",\"link_author\":\"\",\"show_create_date\":\"\",\"show_modify_date\":\"\",\"show_publish_date\":\"\",\"show_item_navigation\":\"\",\"show_vote\":\"\",\"show_readmore\":\"\",\"show_readmore_title\":\"\",\"show_icons\":\"\",\"show_print_icon\":\"\",\"show_email_icon\":\"\",\"show_hits\":\"\",\"show_noauth\":\"\",\"show_feed_link\":\"\",\"feed_summary\":\"\",\"menu-anchor_title\":\"\",\"menu-anchor_css\":\"\",\"menu_image\":\"\",\"menu_text\":1,\"page_title\":\"\",\"show_page_heading\":0,\"page_heading\":\"\",\"pageclass_sfx\":\"\",\"menu-meta_description\":\"\",\"menu-meta_keywords\":\"\",\"robots\":\"\",\"secure\":0}',83,84,0,'*',0),(127,'section','ช่างก่องสร้างสำรวจ','2013-09-09-03-55-36','','2013-09-09-03-55-36','https://www.facebook.com/cs.mbk?fref=ts','url',1,1,1,0,0,0,'0000-00-00 00:00:00',0,1,'',0,'{\"menu-anchor_title\":\"\",\"menu-anchor_css\":\"\",\"menu_image\":\"\",\"menu_text\":1}',85,86,0,'*',0),(128,'section','บัญชี','2013-09-09-03-56-47','','2013-09-09-03-56-47','index.php?option=com_content&view=categories&id=23','component',1,1,1,22,0,0,'0000-00-00 00:00:00',0,1,'',0,'{\"show_base_description\":\"\",\"categories_description\":\"\",\"maxLevelcat\":\"\",\"show_empty_categories_cat\":\"\",\"show_subcat_desc_cat\":\"\",\"show_cat_num_articles_cat\":\"\",\"show_category_title\":\"\",\"show_description\":\"\",\"show_description_image\":\"\",\"maxLevel\":\"\",\"show_empty_categories\":\"\",\"show_no_articles\":\"\",\"show_subcat_desc\":\"\",\"show_cat_num_articles\":\"\",\"num_leading_articles\":\"1\",\"num_intro_articles\":\"4\",\"num_columns\":\"2\",\"num_links\":\"4\",\"multi_column_order\":\"\",\"show_subcategory_content\":\"\",\"orderby_pri\":\"\",\"orderby_sec\":\"\",\"order_date\":\"\",\"show_pagination\":\"\",\"show_pagination_results\":\"\",\"show_pagination_limit\":\"\",\"filter_field\":\"\",\"show_headings\":\"\",\"list_show_date\":\"\",\"date_format\":\"\",\"list_show_hits\":\"\",\"list_show_author\":\"\",\"display_num\":\"10\",\"show_title\":\"\",\"link_titles\":\"\",\"show_intro\":\"\",\"show_category\":\"\",\"link_category\":\"\",\"show_parent_category\":\"\",\"link_parent_category\":\"\",\"show_author\":\"\",\"link_author\":\"\",\"show_create_date\":\"\",\"show_modify_date\":\"\",\"show_publish_date\":\"\",\"show_item_navigation\":\"\",\"show_vote\":\"\",\"show_readmore\":\"\",\"show_readmore_title\":\"\",\"show_icons\":\"\",\"show_print_icon\":\"\",\"show_email_icon\":\"\",\"show_hits\":\"\",\"show_noauth\":\"\",\"show_feed_link\":\"\",\"feed_summary\":\"\",\"menu-anchor_title\":\"\",\"menu-anchor_css\":\"\",\"menu_image\":\"\",\"menu_text\":1,\"page_title\":\"\",\"show_page_heading\":0,\"page_heading\":\"\",\"pageclass_sfx\":\"\",\"menu-meta_description\":\"\",\"menu-meta_keywords\":\"\",\"robots\":\"\",\"secure\":0}',87,88,0,'*',0),(129,'section','คอมพิวเตอร์ธุรกิจ','2013-09-09-03-57-53','','2013-09-09-03-57-53','index.php?option=com_content&view=categories&id=22','component',1,1,1,22,0,0,'0000-00-00 00:00:00',0,1,'',0,'{\"show_base_description\":\"\",\"categories_description\":\"\",\"maxLevelcat\":\"\",\"show_empty_categories_cat\":\"\",\"show_subcat_desc_cat\":\"\",\"show_cat_num_articles_cat\":\"\",\"show_category_title\":\"\",\"show_description\":\"\",\"show_description_image\":\"\",\"maxLevel\":\"\",\"show_empty_categories\":\"\",\"show_no_articles\":\"\",\"show_subcat_desc\":\"\",\"show_cat_num_articles\":\"\",\"num_leading_articles\":\"1\",\"num_intro_articles\":\"4\",\"num_columns\":\"2\",\"num_links\":\"4\",\"multi_column_order\":\"\",\"show_subcategory_content\":\"\",\"orderby_pri\":\"\",\"orderby_sec\":\"\",\"order_date\":\"\",\"show_pagination\":\"\",\"show_pagination_results\":\"\",\"show_pagination_limit\":\"\",\"filter_field\":\"\",\"show_headings\":\"\",\"list_show_date\":\"\",\"date_format\":\"\",\"list_show_hits\":\"\",\"list_show_author\":\"\",\"display_num\":\"10\",\"show_title\":\"\",\"link_titles\":\"\",\"show_intro\":\"\",\"show_category\":\"\",\"link_category\":\"\",\"show_parent_category\":\"\",\"link_parent_category\":\"\",\"show_author\":\"\",\"link_author\":\"\",\"show_create_date\":\"\",\"show_modify_date\":\"\",\"show_publish_date\":\"\",\"show_item_navigation\":\"\",\"show_vote\":\"\",\"show_readmore\":\"\",\"show_readmore_title\":\"\",\"show_icons\":\"\",\"show_print_icon\":\"\",\"show_email_icon\":\"\",\"show_hits\":\"\",\"show_noauth\":\"\",\"show_feed_link\":\"\",\"feed_summary\":\"\",\"menu-anchor_title\":\"\",\"menu-anchor_css\":\"\",\"menu_image\":\"\",\"menu_text\":1,\"page_title\":\"\",\"show_page_heading\":0,\"page_heading\":\"\",\"pageclass_sfx\":\"\",\"menu-meta_description\":\"\",\"menu-meta_keywords\":\"\",\"robots\":\"\",\"secure\":0}',89,90,0,'*',0);

--
-- Table structure for table `fred7_menu_types`
--

CREATE TABLE `fred7_menu_types` (
  `id` int(10) unsigned NOT NULL AUTO_INCREMENT,
  `menutype` varchar(24) NOT NULL,
  `title` varchar(48) NOT NULL,
  `description` varchar(255) NOT NULL DEFAULT '',
  PRIMARY KEY (`id`),
  UNIQUE KEY `idx_menutype` (`menutype`)
) ENGINE=InnoDB AUTO_INCREMENT=4 DEFAULT CHARSET=utf8;

--
-- Dumping data for table `fred7_menu_types`
--

INSERT INTO `fred7_menu_types` VALUES (1,'mainmenu','Main Menu','The main menu for the site'),(2,'departments','หน่วยงานภายในวิทยาลัย','หน่วยงานภายในวิทยาลัย'),(3,'section','สาขาวิชา','แผนกต่างๆ');

--
-- Table structure for table `fred7_messages`
--

CREATE TABLE `fred7_messages` (
  `message_id` int(10) unsigned NOT NULL AUTO_INCREMENT,
  `user_id_from` int(10) unsigned NOT NULL DEFAULT '0',
  `user_id_to` int(10) unsigned NOT NULL DEFAULT '0',
  `folder_id` tinyint(3) unsigned NOT NULL DEFAULT '0',
  `date_time` datetime NOT NULL DEFAULT '0000-00-00 00:00:00',
  `state` tinyint(1) NOT NULL DEFAULT '0',
  `priority` tinyint(1) unsigned NOT NULL DEFAULT '0',
  `subject` varchar(255) NOT NULL DEFAULT '',
  `message` text NOT NULL,
  PRIMARY KEY (`message_id`),
  KEY `useridto_state` (`user_id_to`,`state`)
) ENGINE=InnoDB DEFAULT CHARSET=utf8;

--
-- Dumping data for table `fred7_messages`
--


--
-- Table structure for table `fred7_messages_cfg`
--

CREATE TABLE `fred7_messages_cfg` (
  `user_id` int(10) unsigned NOT NULL DEFAULT '0',
  `cfg_name` varchar(100) NOT NULL DEFAULT '',
  `cfg_value` varchar(255) NOT NULL DEFAULT '',
  UNIQUE KEY `idx_user_var_name` (`user_id`,`cfg_name`)
) ENGINE=InnoDB DEFAULT CHARSET=utf8;

--
-- Dumping data for table `fred7_messages_cfg`
--


--
-- Table structure for table `fred7_modules`
--

CREATE TABLE `fred7_modules` (
  `id` int(11) NOT NULL AUTO_INCREMENT,
  `title` varchar(100) NOT NULL DEFAULT '',
  `note` varchar(255) NOT NULL DEFAULT '',
  `content` text NOT NULL,
  `ordering` int(11) NOT NULL DEFAULT '0',
  `position` varchar(50) NOT NULL DEFAULT '',
  `checked_out` int(10) unsigned NOT NULL DEFAULT '0',
  `checked_out_time` datetime NOT NULL DEFAULT '0000-00-00 00:00:00',
  `publish_up` datetime NOT NULL DEFAULT '0000-00-00 00:00:00',
  `publish_down` datetime NOT NULL DEFAULT '0000-00-00 00:00:00',
  `published` tinyint(1) NOT NULL DEFAULT '0',
  `module` varchar(50) DEFAULT NULL,
  `access` int(10) unsigned NOT NULL DEFAULT '0',
  `showtitle` tinyint(3) unsigned NOT NULL DEFAULT '1',
  `params` text NOT NULL,
  `client_id` tinyint(4) NOT NULL DEFAULT '0',
  `language` char(7) NOT NULL,
  PRIMARY KEY (`id`),
  KEY `published` (`published`,`access`),
  KEY `newsfeeds` (`module`,`published`),
  KEY `idx_language` (`language`)
) ENGINE=InnoDB AUTO_INCREMENT=103 DEFAULT CHARSET=utf8;

--
-- Dumping data for table `fred7_modules`
--

INSERT INTO `fred7_modules` VALUES (1,'Main Menu','','',1,'position-1',0,'0000-00-00 00:00:00','0000-00-00 00:00:00','0000-00-00 00:00:00',1,'mod_menu',1,1,'{\"menutype\":\"mainmenu\",\"startLevel\":\"1\",\"endLevel\":\"0\",\"showAllChildren\":\"0\",\"tag_id\":\"\",\"class_sfx\":\"\",\"window_open\":\"\",\"layout\":\"_:default\",\"moduleclass_sfx\":\"_menu\",\"cache\":\"1\",\"cache_time\":\"900\",\"cachemode\":\"itemid\"}',0,'*'),(2,'Login','','',1,'login',0,'0000-00-00 00:00:00','0000-00-00 00:00:00','0000-00-00 00:00:00',1,'mod_login',1,1,'',1,'*'),(3,'Popular Articles','','',3,'cpanel',0,'0000-00-00 00:00:00','0000-00-00 00:00:00','0000-00-00 00:00:00',1,'mod_popular',3,1,'{\"count\":\"5\",\"catid\":\"\",\"user_id\":\"0\",\"layout\":\"_:default\",\"moduleclass_sfx\":\"\",\"cache\":\"0\",\"automatic_title\":\"1\"}',1,'*'),(4,'Recently Added Articles','','',4,'cpanel',0,'0000-00-00 00:00:00','0000-00-00 00:00:00','0000-00-00 00:00:00',1,'mod_latest',3,1,'{\"count\":\"5\",\"ordering\":\"c_dsc\",\"catid\":\"\",\"user_id\":\"0\",\"layout\":\"_:default\",\"moduleclass_sfx\":\"\",\"cache\":\"0\",\"automatic_title\":\"1\"}',1,'*'),(8,'Toolbar','','',1,'toolbar',0,'0000-00-00 00:00:00','0000-00-00 00:00:00','0000-00-00 00:00:00',1,'mod_toolbar',3,1,'',1,'*'),(9,'Quick Icons','','',1,'icon',0,'0000-00-00 00:00:00','0000-00-00 00:00:00','0000-00-00 00:00:00',1,'mod_quickicon',3,1,'',1,'*'),(10,'Logged-in Users','','',2,'cpanel',0,'0000-00-00 00:00:00','0000-00-00 00:00:00','0000-00-00 00:00:00',1,'mod_logged',3,1,'{\"count\":\"5\",\"name\":\"1\",\"layout\":\"_:default\",\"moduleclass_sfx\":\"\",\"cache\":\"0\",\"automatic_title\":\"1\"}',1,'*'),(12,'Admin Menu','','',1,'menu',0,'0000-00-00 00:00:00','0000-00-00 00:00:00','0000-00-00 00:00:00',1,'mod_menu',3,1,'{\"layout\":\"\",\"moduleclass_sfx\":\"\",\"shownew\":\"1\",\"showhelp\":\"1\",\"cache\":\"0\"}',1,'*'),(13,'Admin Submenu','','',1,'submenu',0,'0000-00-00 00:00:00','0000-00-00 00:00:00','0000-00-00 00:00:00',1,'mod_submenu',3,1,'',1,'*'),(14,'User Status','','',2,'status',0,'0000-00-00 00:00:00','0000-00-00 00:00:00','0000-00-00 00:00:00',1,'mod_status',3,1,'',1,'*'),(15,'Title','','',1,'title',0,'0000-00-00 00:00:00','0000-00-00 00:00:00','0000-00-00 00:00:00',1,'mod_title',3,1,'',1,'*'),(16,'Login Form','','',3,'position-7',0,'0000-00-00 00:00:00','0000-00-00 00:00:00','0000-00-00 00:00:00',0,'mod_login',1,0,'{\"pretext\":\"\",\"posttext\":\"\",\"login\":\"\",\"logout\":\"\",\"greeting\":\"1\",\"name\":\"0\",\"usesecure\":\"0\",\"layout\":\"_:default\",\"moduleclass_sfx\":\"\",\"cache\":\"0\"}',0,'*'),(17,'Breadcrumbs','','',1,'top',0,'0000-00-00 00:00:00','0000-00-00 00:00:00','0000-00-00 00:00:00',1,'mod_breadcrumbs',1,1,'{\"showHere\":\"1\",\"showHome\":\"1\",\"homeText\":\"Home\",\"showLast\":\"1\",\"separator\":\"\",\"layout\":\"_:default\",\"moduleclass_sfx\":\"\",\"cache\":\"1\",\"cache_time\":\"900\",\"cachemode\":\"itemid\"}',0,'*'),(79,'Multilanguage status','','',1,'status',0,'0000-00-00 00:00:00','0000-00-00 00:00:00','0000-00-00 00:00:00',0,'mod_multilangstatus',3,1,'{\"layout\":\"_:default\",\"moduleclass_sfx\":\"\",\"cache\":\"0\"}',1,'*'),(86,'Joomla Version','','',1,'footer',0,'0000-00-00 00:00:00','0000-00-00 00:00:00','0000-00-00 00:00:00',1,'mod_version',3,1,'{\"format\":\"short\",\"product\":\"1\",\"layout\":\"_:default\",\"moduleclass_sfx\":\"\",\"cache\":\"0\"}',1,'*'),(87,'Facebook Like Box','https://www.facebook.com/northmbk','',1,'position-0',0,'0000-00-00 00:00:00','0000-00-00 00:00:00','0000-00-00 00:00:00',1,'mod_facebook_like_box',1,0,'',0,'en-GB'),(88,'iNivoSlider','','',1,'position-8',0,'0000-00-00 00:00:00','0000-00-00 00:00:00','0000-00-00 00:00:00',-2,'mod_inivoslider',1,0,'{\"jQuery\":\"1\",\"imageFolder\":\"slide\",\"imageWidth\":\"900\",\"imageHeight\":\"250\",\"imageSlices\":\"10\",\"animationSpeed\":\"300\",\"pauseTime\":\"3000\",\"directionNav\":\"true\",\"controlNav\":\"true\",\"keyboardNav\":\"true\",\"slideEffect\":\"random\",\"boxCols\":\"8\",\"boxRows\":\"4\"}',0,'*'),(89,'Facebook Like Box (คัดลอก)','https://www.facebook.com/northmbk','',1,'position-0',0,'0000-00-00 00:00:00','0000-00-00 00:00:00','0000-00-00 00:00:00',-2,'mod_facebook_like_box',1,0,'',0,'en-GB'),(90,'Facebook Like Button','','',1,'position-0',0,'0000-00-00 00:00:00','0000-00-00 00:00:00','0000-00-00 00:00:00',1,'mod_facebooklike',1,0,'{\"autoDetectUrl\":\"2\",\"url\":\"https:\\/\\/www.facebook.com\\/northmbk\",\"action\":\"like\",\"loadAsWhat\":\"2\",\"showPictures\":\"true\",\"send\":\"1\",\"zindex\":\"0\",\"width\":\"100%\",\"height\":\"\",\"layout\":\"standard\",\"colorScheme\":\"light\",\"font\":\"arial\",\"moduleclass_sfx\":\"\",\"loadApi\":\"1\",\"httpsOrNot\":\"0\",\"language\":\"\",\"title\":\"\",\"type\":\"website\",\"image\":\"\",\"ogURL\":\"\",\"sitename\":\"\",\"OGdescription\":\"\",\"appID\":\"\"}',0,'*'),(91,'mod_dmt_social','','',1,'debug',0,'0000-00-00 00:00:00','0000-00-00 00:00:00','0000-00-00 00:00:00',-2,'mod_dmt_social',1,0,'{\"iconSize\":\"32\",\"websites\":[{\"alt\":\"Like us in facebook \",\"url\":\"www.facebook.com\",\"icon\":\"facebook\"},{\"alt\":\"\",\"url\":\"\",\"icon\":\"twitter\"},{\"alt\":\"\",\"url\":\"\",\"icon\":\"flickr\"},{\"alt\":\"\",\"url\":\"\",\"icon\":\"youtube\"}],\"RSS\":\"0\",\"format\":\"rss\",\"targetBlank\":\"1\",\"moduleclass_sfx\":\"\",\"addCSS\":\"1\",\"addRelMe\":\"1\",\"addRelNofollow\":\"1\",\"layout\":\"_:default\",\"cache\":\"1\",\"cache_time\":\"900\",\"cachemode\":\"itemid\"}',0,'*'),(92,'Social Fancy Sliders','','',1,'debug',0,'0000-00-00 00:00:00','0000-00-00 00:00:00','0000-00-00 00:00:00',1,'mod_socialfancysliders',1,0,'{\"theme_style\":\"7\",\"top_margin\":\"10\",\"facebook_s_enable\":\"1\",\"facebook_direction\":\"2\",\"facebook_top_margin\":\"10\",\"facebook_page_url\":\"http:\\/\\/www.facebook.com\\/northmbk\",\"facebook_slide_width\":\"300\",\"facebook_slide_height\":\"440\",\"facebook_faces\":\"1\",\"facebook_header\":\"1\",\"facebook_stream\":\"0\",\"facebook_border_size\":\"5\",\"facebook_border_color\":\"#3b5998\",\"twitter_s_enable\":\"1\",\"twitter_direction\":\"2\",\"twitter_top_margin\":\"85\",\"twitter_username\":\"PulseExtensions\",\"twitter_slide_width\":\"300\",\"twitter_slide_height\":\"440\",\"twitter_twitts_number\":\"6\",\"twitter_border_size\":\"5\",\"twitter_border_color\":\"#33ccff\",\"gplus_s_enable\":\"1\",\"gplus_direction\":\"2\",\"gplus_top_margin\":\"160\",\"gplus_id\":\"104629412415657030658\",\"gplus_slide_width\":\"300\",\"gplus_slide_height\":\"440\",\"gplus_border_size\":\"5\",\"gplus_border_color\":\"#000000\",\"ytube_s_enable\":\"1\",\"ytube_direction\":\"2\",\"ytube_top_margin\":\"235\",\"ytube_id\":\"LadyGagaVEVO\",\"ytube_slide_width\":\"300\",\"ytube_slide_height\":\"440\",\"ytube_border_size\":\"5\",\"ytube_border_color\":\"#9b9b9b\",\"linkedin_s_enable\":\"1\",\"linkedin_direction\":\"2\",\"linkedin_top_margin\":\"310\",\"linkedin_public_profile\":\"http:\\/\\/in.linkedin.com\\/in\\/pulseinfotech\",\"linkedin_public_profile_enable\":\"1\",\"linkedin_company_profile\":\"http:\\/\\/www.linkedin.com\\/company\\/1441\",\"linkedin_company_profile_enable\":\"1\",\"linkedin_slide_width\":\"300\",\"linkedin_slide_height\":\"440\",\"linkedin_border_size\":\"5\",\"linkedin_border_color\":\"#007fb1\"}',0,'*'),(93,'ติดต่อเรา','','<p><br /><small><a style=\"color: #0000ff; text-align: left;\" href=\"https://maps.google.co.th/maps?hl=th&amp;ie=UTF8&amp;ll=18.63551,99.066381&amp;spn=0.021105,0.042272&amp;t=h&amp;z=15&amp;source=embed\">ดูแผนที่ขนาดใหญ่ขึ้น</a></small></p>',1,'debug',0,'0000-00-00 00:00:00','0000-00-00 00:00:00','0000-00-00 00:00:00',-2,'mod_custom',1,1,'{\"prepare_content\":\"0\",\"backgroundimage\":\"\",\"layout\":\"_:default\",\"moduleclass_sfx\":\"\",\"cache\":\"1\",\"cache_time\":\"900\",\"cachemode\":\"static\"}',0,'*'),(94,'ติดต่อเรา','','<p><iframe src=\"https://maps.google.co.th/maps?hl=th&amp;ie=UTF8&amp;ll=18.63551,99.066381&amp;spn=0.021105,0.042272&amp;t=h&amp;z=15&amp;iwloc=lyrftr:h,7588797258688599515,18.633721,99.059086&amp;output=embed\" frameborder=\"0\" marginwidth=\"0\" marginheight=\"0\" scrolling=\"no\" width=\"700\" height=\"600\"></iframe><br /><small><a href=\"https://maps.google.co.th/maps?hl=th&amp;ie=UTF8&amp;ll=18.63551,99.066381&amp;spn=0.021105,0.042272&amp;t=h&amp;z=15&amp;iwloc=lyrftr:h,7588797258688599515,18.633721,99.059086&amp;source=embed\" style=\"color: #0000ff; text-align: left;\">ดูแผนที่ขนาดใหญ่ขึ้น</a></small></p>',1,'position-8',0,'0000-00-00 00:00:00','0000-00-00 00:00:00','0000-00-00 00:00:00',1,'mod_custom',1,1,'{\"prepare_content\":\"0\",\"backgroundimage\":\"\",\"layout\":\"_:default\",\"moduleclass_sfx\":\"\",\"cache\":\"1\",\"cache_time\":\"900\",\"cachemode\":\"static\"}',0,'*'),(95,'ITPFacebookLikeBox','','',1,'position-8',0,'0000-00-00 00:00:00','0000-00-00 00:00:00','0000-00-00 00:00:00',1,'mod_itpfblikebox',1,0,'{\"fbPageLink\":\"https:\\/\\/www.facebook.com\\/northmbk\",\"fbRendering\":\"2\",\"fbWidth\":\"660\",\"fbHeight\":\"800\",\"fbColour\":\"light\",\"fbBorder\":\"1\",\"fbFaces\":\"1\",\"fbStream\":\"1\",\"fbHeader\":\"1\",\"fbDynamicLocale\":\"1\",\"fbLocale\":\"en_US\",\"facebookLikeAppId\":\"\",\"fbLoadJsLib\":\"1\",\"facebookRootDiv\":\"1\",\"facebookForceWall\":\"0\",\"facebookResponsive\":\"0\",\"moduleclass_sfx\":\"\",\"cache\":\"1\",\"cache_time\":\"900\",\"cachemode\":\"static\"}',0,'*'),(96,'หน่วยงานภายในวิทยาลัย','','',1,'position-7',434,'2013-09-11 00:04:28','0000-00-00 00:00:00','0000-00-00 00:00:00',1,'mod_menu',1,1,'{\"menutype\":\"departments\",\"startLevel\":\"1\",\"endLevel\":\"1\",\"showAllChildren\":\"1\",\"tag_id\":\"1\",\"class_sfx\":\"\",\"window_open\":\"\",\"layout\":\"_:default\",\"moduleclass_sfx\":\"\",\"cache\":\"1\",\"cache_time\":\"900\",\"cachemode\":\"itemid\"}',0,'*'),(97,'สาขาวิชา','','',2,'position-7',0,'0000-00-00 00:00:00','0000-00-00 00:00:00','0000-00-00 00:00:00',1,'mod_menu',1,1,'{\"menutype\":\"section\",\"startLevel\":\"1\",\"endLevel\":\"0\",\"showAllChildren\":\"1\",\"tag_id\":\"\",\"class_sfx\":\"\",\"window_open\":\"\",\"layout\":\"_:default\",\"moduleclass_sfx\":\"\",\"cache\":\"1\",\"cache_time\":\"900\",\"cachemode\":\"itemid\"}',0,'*'),(98,'กระทรวงศึกษา','','',1,'position-7',0,'0000-00-00 00:00:00','0000-00-00 00:00:00','0000-00-00 00:00:00',-2,'mod_banners',1,0,'{\"target\":\"1\",\"count\":\"1\",\"cid\":\"1\",\"catid\":[\"24\"],\"tag_search\":\"1\",\"ordering\":\"0\",\"header_text\":\"\",\"footer_text\":\"\",\"layout\":\"_:default\",\"moduleclass_sfx\":\"\",\"cache\":\"1\",\"cache_time\":\"900\"}',0,'*'),(99,'กยส.','','',5,'position-7',0,'0000-00-00 00:00:00','0000-00-00 00:00:00','0000-00-00 00:00:00',-2,'mod_banners',1,0,'{\"target\":\"1\",\"count\":\"5\",\"cid\":\"1\",\"catid\":[\"24\"],\"tag_search\":\"0\",\"ordering\":\"0\",\"header_text\":\"\",\"footer_text\":\"\",\"layout\":\"_:default\",\"moduleclass_sfx\":\"\",\"cache\":\"1\",\"cache_time\":\"900\"}',0,'*'),(100,'ARI Image Slider','','',1,'position-5',0,'0000-00-00 00:00:00','0000-00-00 00:00:00','0000-00-00 00:00:00',0,'mod_ariimageslider',1,0,'{\"includeJQuery\":\"1\",\"loadJQueryMethod\":\"google_cdn\",\"jQueryVer\":\"1.8.2\",\"noConflict\":\"1\",\"loadMethod\":\"load\",\"moduleclass_sfx\":\"\",\"width\":\"900\",\"height\":\"251\",\"responsive\":\"1\",\"linkTarget\":\"_self\",\"customLinkTarget\":\"\",\"theme\":\"default\",\"customstyle\":\"\",\"lightboxEngine\":\"\",\"lightbox_width\":\"450\",\"lightbox_height\":\"300\",\"lightbox_grouping\":\"1\",\"lightbox_bgColor\":\"\",\"opt_disableClick\":\"0\",\"opt_effect\":\"random\",\"opt_slices\":\"15\",\"opt_boxCols\":\"8\",\"opt_boxRows\":\"4\",\"opt_animSpeed\":\"500\",\"opt_pauseTime\":\"3000\",\"opt_startSlide\":\"0\",\"opt_randomStart\":\"0\",\"showNav\":\"1\",\"opt_controlNav\":\"1\",\"opt_keyboardNav\":\"1\",\"opt_pauseOnHover\":\"1\",\"opt_manualAdvance\":\"0\",\"opt_stopOnEnd\":\"0\",\"i18n\":\"0\",\"descrFile\":\"ariimageslider.ini\",\"defaultDescription\":\"\",\"defaultLink\":\"\",\"imgNumber\":\"0\",\"sortBy\":\"\",\"sortDir\":\"asc\",\"subdirLevel\":\"0\",\"subdir\":\"0\",\"path\":\"images\\/slide\",\"imglist_useThumbs\":\"0\",\"imglist_thumbWidth\":\"150\",\"imglist_thumbHeight\":\"\",\"imglist_thumbPath\":\"\",\"opt_controlNavThumbs\":\"0\",\"imglist_navThumbWidth\":\"75\",\"imglist_navThumbHeight\":\"\",\"imglist_navThumbPath\":\"\"}',0,'*'),(101,'กยส.','','',5,'position-7',0,'0000-00-00 00:00:00','0000-00-00 00:00:00','0000-00-00 00:00:00',-2,'mod_banners',1,0,'{\"target\":\"1\",\"count\":\"5\",\"cid\":\"1\",\"catid\":[\"25\"],\"tag_search\":\"0\",\"ordering\":\"0\",\"header_text\":\"\",\"footer_text\":\"\",\"layout\":\"_:default\",\"moduleclass_sfx\":\"\",\"cache\":\"1\",\"cache_time\":\"900\"}',0,'*'),(102,'loan std','','',3,'position-7',0,'0000-00-00 00:00:00','0000-00-00 00:00:00','0000-00-00 00:00:00',1,'mod_banners',1,0,'{\"target\":\"1\",\"count\":\"5\",\"cid\":\"2\",\"catid\":[\"26\"],\"tag_search\":\"0\",\"ordering\":\"0\",\"header_text\":\"\",\"footer_text\":\"\",\"layout\":\"_:default\",\"moduleclass_sfx\":\"\",\"cache\":\"1\",\"cache_time\":\"900\"}',0,'*');

--
-- Table structure for table `fred7_modules_menu`
--

CREATE TABLE `fred7_modules_menu` (
  `moduleid` int(11) NOT NULL DEFAULT '0',
  `menuid` int(11) NOT NULL DEFAULT '0',
  PRIMARY KEY (`moduleid`,`menuid`)
) ENGINE=InnoDB DEFAULT CHARSET=utf8;

--
-- Dumping data for table `fred7_modules_menu`
--

INSERT INTO `fred7_modules_menu` VALUES (1,0),(2,0),(3,0),(4,0),(6,0),(7,0),(8,0),(9,0),(10,0),(12,0),(13,0),(14,0),(15,0),(16,0),(17,0),(79,0),(86,0),(87,0),(88,101),(89,0),(90,0),(91,0),(92,0),(93,101),(94,115),(95,101),(96,0),(97,0),(98,0),(99,0),(100,101),(101,0),(102,0);

--
-- Table structure for table `fred7_newsfeeds`
--

CREATE TABLE `fred7_newsfeeds` (
  `catid` int(11) NOT NULL DEFAULT '0',
  `id` int(10) unsigned NOT NULL AUTO_INCREMENT,
  `name` varchar(100) NOT NULL DEFAULT '',
  `alias` varchar(255) CHARACTER SET utf8 COLLATE utf8_bin NOT NULL DEFAULT '',
  `link` varchar(200) NOT NULL DEFAULT '',
  `filename` varchar(200) DEFAULT NULL,
  `published` tinyint(1) NOT NULL DEFAULT '0',
  `numarticles` int(10) unsigned NOT NULL DEFAULT '1',
  `cache_time` int(10) unsigned NOT NULL DEFAULT '3600',
  `checked_out` int(10) unsigned NOT NULL DEFAULT '0',
  `checked_out_time` datetime NOT NULL DEFAULT '0000-00-00 00:00:00',
  `ordering` int(11) NOT NULL DEFAULT '0',
  `rtl` tinyint(4) NOT NULL DEFAULT '0',
  `access` int(10) unsigned NOT NULL DEFAULT '0',
  `language` char(7) NOT NULL DEFAULT '',
  `params` text NOT NULL,
  `created` datetime NOT NULL DEFAULT '0000-00-00 00:00:00',
  `created_by` int(10) unsigned NOT NULL DEFAULT '0',
  `created_by_alias` varchar(255) NOT NULL DEFAULT '',
  `modified` datetime NOT NULL DEFAULT '0000-00-00 00:00:00',
  `modified_by` int(10) unsigned NOT NULL DEFAULT '0',
  `metakey` text NOT NULL,
  `metadesc` text NOT NULL,
  `metadata` text NOT NULL,
  `xreference` varchar(50) NOT NULL COMMENT 'A reference to enable linkages to external data sets.',
  `publish_up` datetime NOT NULL DEFAULT '0000-00-00 00:00:00',
  `publish_down` datetime NOT NULL DEFAULT '0000-00-00 00:00:00',
  PRIMARY KEY (`id`),
  KEY `idx_access` (`access`),
  KEY `idx_checkout` (`checked_out`),
  KEY `idx_state` (`published`),
  KEY `idx_catid` (`catid`),
  KEY `idx_createdby` (`created_by`),
  KEY `idx_language` (`language`),
  KEY `idx_xreference` (`xreference`)
) ENGINE=InnoDB DEFAULT CHARSET=utf8;

--
-- Dumping data for table `fred7_newsfeeds`
--


--
-- Table structure for table `fred7_overrider`
--

CREATE TABLE `fred7_overrider` (
  `id` int(10) NOT NULL AUTO_INCREMENT COMMENT 'Primary Key',
  `constant` varchar(255) NOT NULL,
  `string` text NOT NULL,
  `file` varchar(255) NOT NULL,
  PRIMARY KEY (`id`)
) ENGINE=InnoDB DEFAULT CHARSET=utf8;

--
-- Dumping data for table `fred7_overrider`
--


--
-- Table structure for table `fred7_redirect_links`
--

CREATE TABLE `fred7_redirect_links` (
  `id` int(10) unsigned NOT NULL AUTO_INCREMENT,
  `old_url` varchar(255) NOT NULL,
  `new_url` varchar(255) NOT NULL,
  `referer` varchar(150) NOT NULL,
  `comment` varchar(255) NOT NULL,
  `hits` int(10) unsigned NOT NULL DEFAULT '0',
  `published` tinyint(4) NOT NULL,
  `created_date` datetime NOT NULL DEFAULT '0000-00-00 00:00:00',
  `modified_date` datetime NOT NULL DEFAULT '0000-00-00 00:00:00',
  PRIMARY KEY (`id`),
  UNIQUE KEY `idx_link_old` (`old_url`),
  KEY `idx_link_modifed` (`modified_date`)
) ENGINE=InnoDB AUTO_INCREMENT=7 DEFAULT CHARSET=utf8;

--
-- Dumping data for table `fred7_redirect_links`
--

INSERT INTO `fred7_redirect_links` VALUES (1,'http://elec.northmbk.ac.th/mbk/index.php?Itemid=117','','http://elec.northmbk.ac.th/mbk/','',1,0,'2013-09-09 04:28:04','0000-00-00 00:00:00'),(2,'http://elec.northmbk.ac.th/mbk/index.php?Itemid=122','','http://elec.northmbk.ac.th/mbk/','',1,0,'2013-09-09 06:47:24','0000-00-00 00:00:00'),(3,'http://elec.northmbk.ac.th/mbk/index.php?Itemid=120','','http://elec.northmbk.ac.th/mbk/','',1,0,'2013-09-09 06:47:27','0000-00-00 00:00:00'),(4,'http://www.northmbk.ac.th/index.php?Itemid=119','','http://www.northmbk.ac.th/index.php','',1,0,'2013-09-10 05:46:32','0000-00-00 00:00:00'),(5,'http://www.northmbk.ac.th/index.php?Itemid=117','','http://www.northmbk.ac.th/index.php','',6,0,'2013-09-10 06:26:58','0000-00-00 00:00:00'),(6,'http://www.northmbk.ac.th/index.php?Itemid=122','','http://www.northmbk.ac.th/index.php','',1,0,'2013-09-10 06:27:14','0000-00-00 00:00:00');

--
-- Table structure for table `fred7_schemas`
--

CREATE TABLE `fred7_schemas` (
  `extension_id` int(11) NOT NULL,
  `version_id` varchar(20) NOT NULL,
  PRIMARY KEY (`extension_id`,`version_id`)
) ENGINE=InnoDB DEFAULT CHARSET=utf8;

--
-- Dumping data for table `fred7_schemas`
--

INSERT INTO `fred7_schemas` VALUES (700,'2.5.13');

--
-- Table structure for table `fred7_session`
--

CREATE TABLE `fred7_session` (
  `session_id` varchar(200) NOT NULL DEFAULT '',
  `client_id` tinyint(3) unsigned NOT NULL DEFAULT '0',
  `guest` tinyint(4) unsigned DEFAULT '1',
  `time` varchar(14) DEFAULT '',
  `data` mediumtext,
  `userid` int(11) DEFAULT '0',
  `username` varchar(150) DEFAULT '',
  `usertype` varchar(50) DEFAULT '',
  PRIMARY KEY (`session_id`),
  KEY `whosonline` (`guest`,`usertype`),
  KEY `userid` (`userid`),
  KEY `time` (`time`)
) ENGINE=InnoDB DEFAULT CHARSET=utf8;

--
-- Dumping data for table `fred7_session`
--

INSERT INTO `fred7_session` VALUES ('4k3u5bdsg2akpiudkl8hvt1t36',0,1,'1378862206','7xkr-KZKLxgKicHmIJCQOG9t1BBLVbkGAdqtHH3OwIlJw3O7R1b0XaGE9xtlFgO9pjpqNXf3tuEkN6H0tmyfN_Cj9aysknrilU29fwZ0E7rymhlDPT-4L85RvbXH2qwmgFJ_MS_KUIRf5JZ-up2m0rRQFy6FC4udFysYJH0obACmp6uQt7BcanyYoF6UYIO8TTE2rCc7_nmSpx8bbHnvmvuDz2E7CIIacKhrgzKO8A3Pj9qtl03Qn8GXDYHA8OxJsCHhyk0exbBWIF7cngeI0fGNGYt3J8zzfIxqRwkmUAaP4_IK17itnTbKyGBk8B4QedHfHJ4CBYKR0FnTfvwN117XXj9gUqg5BpzyTXt8p87O19V-QWL1J-QZqSqjdtAfrHKJyHZkuOkC_MQT5K51j9hhgqgnHG4xBtyMOZIWvMgWevD3ZgtGnivqy8MjBq9M2QFHE0YI6R1Ty2ovv0PdSKJFXLvh3Fgz5VlZKThw2U7Fo6OTJTQ06bZwaAWEGvzA3EMiJ8IlAHSSIpuB35M6r4ggTIgO3O1ioULxzfv3XchWtEUni5W_t6nntDSTgeyL2c2-GCoSZ2r2OERmHND9i6xNOYQJkcwEp4y2KtcZpN5B3zxmD5A1JhaS4iUZErt9EfE3v5vnHW0vXeEX1k51uXRIRLYYNOJ24rm6wVT7o5nSc5iUG8flQDZZNlr5Q17oYCPhX_5O62qHpau03JQSih6C_jdXz911rl7j0fVGyXQVQWHbtYWRo7wgKL8t6QDihzm7J9G93hXEzdHbltCgxgURIbvT3jheNLE3uDZfPGAezds4iYqMBTHtvnOzIn_qaCObNVAGul-pIG5cM34ChEgE_rSR0ChSppsP72NEeDasy4AeZzk2PB_1fu0Hvks2OH2rg6jApgBE0ZOCvAuSwr61V7hHq4O-y8TJ_sktzuIh2xP5UTiYEtusGeFkILwnFPUde5oW6hs_YdZmCxmIGTWH2piV72l3XaNOb1iJT_UewvdbIjIlcVijCqHli0nKeFFS8RZkHc-EgmBN6SUDdEV05mkXgU1MB7IkB_LJ9cNWSB21Cg_PjPjOyNIaaLxWFd7Ay1M6PCsBr9yu-bz-ECIRIgjZujeHW7wWrx_mN32JVikHoWuIERYU7rx-6dFg2HKac_h3zTn8Jp0SWzvTUM7DHvKDTyLYMAnSbGn4BOiBu8PPLcwjO6mPBFuqse5KS12GkTNntCIMDcSefGJik1QXoCk9sxbdJzpXQIiTQnip19lJCZkT2d6wwUSI9MxXz6mIRIR_WCBXdC93yn40Oe3JLtQkzBWu18cv9P-YTCgluARRNglZwmrvQr5HLj4BPA2Raqg4YoQyRPiHxtcQ40H3gEdZ5LShDFFKGITxOPF3-6LEjdmIT1QZ8w_Sw_dlFkg6G289ID83plAYqsA4ow..',0,'',''),('b552s3sqp04tp15chvta7ap3d0',0,1,'1378863162','bQSVzGT0AYTkOhaRD8q3TT7T0QaAI54sXosfLjeBi5IGyVhHbXksx9SEBRzz54C_zYaWpEd0vQI24b_x0PbU6MgWXrfhpBWSGctG4yt_8F5nLW6xMSN0Q6NNHcweevmYeuDOM9K3-kWHxPhtdE2hpAcjZswmZS4_wdO9ziysgyIruxmbHNkqIQwVxkqo95C_Zwn6LcGOGRIcKVzbXFAdNkHFoIE4-YVN2mtW0PlPz0STelNCD1dj_5TGfKzHbmAyE5WtOQcR8z2VkfcLSdZNcXYbRk2eV8a2uTTUJTuIlKdAafH3dAN4mvbrnHm1uO4Xea53qPjA4H4-5arAmTy76_uarLUN2rtCTeP6XCWCbK0xLg8SCZdu1nEDzs2XxECJZbzUZEh4U4W31g_jDz7F9_TdAILr3_Mk4Liz4aYR7HxD-qPIWIne6IbZHTWHqmIX2ScRQt9Nhu5QNjGOOyvjTFldrGbM3H-PyUcutdI7Nj8Nm9HRWghYg-lo6D3QqTAoIWTfwgfWHpx6bGSP7fV3OEjATUapadaTVpKCJNGVc36Ujp_-NBqhOHdUb0byLZpHxCm0JrrSn-un1jx3FB3f_bfB1jZlSzZYTGsVoV_yv7QGvCqmnTOt-qQDabPQl4cblX31ZdKgynXSwaQtFmY_sZnhABSD3aHgfqkUYIn2FD_UE5AGt2g60JPUQFOxuzla9O9TTj-F4NMJr3qK-b_i4ad13ZUt8uUkGvTFziJZwxYyenWIsupgeHjP6J62XvAX-YYpGPn1xKVb1EidGxOa4X9QcFCRKzqSgiIwewsyZJmyPLkvmef1pmL986WTI6xdby2d-j3feJqiau7cOTdBk0G0Gn2PD3MsHdfs9IhNVScw0NwXwrf5DOJFlNg-khf8KvhUox1i9BBNFMUbuudJFXgn7ZqpkpB7tA4-cmrLnTCg5txZOckUyaI0P_6Z4yLRIUTqYRXS4tl4_9nVH3g03939MnPuMJoUn1R4FUZJIt7RkuOxdRWRIocLTVput2qaNGrJr_N5Mw7-HUeAagZRzP2QwdQOXpV8ntU36Vk6zSlbgU2l_x75ykbrfpHDr_K2vr21mHrkffQsf1gKuv5M0mLQT9oW1Ce6tz9y4siun-EGmVQpJuxoGA5-hVjr3A5hByDyFuKt0IXSPptZXuScDiYSThC2pMncZQ-KM1ilyflX-CEA-M4XbKSUZ_toQsojdHbvjQS0O_6_3JxkMsV0Y1Y3G4Qd4E7IVrnxug3xBA1DFZQPSQ78_gnC2Qopflvkz0LmM4kkB1rEYivZkR4iMTFn_abyCy3go8QDw6PP8zuCWXsqJDY3fmPL9xVzayc8wb51_pDincjpVKp818ir2H-GqG8Y1QuhBLA7ThBfqv75HwCmMsNa7aS9jneH979SAXUhtoCpcadfeCRIFJcfCbO9tmflet8k7SAV1C0sdnZEQf25YDUL2_CdAaii86q7rXT-vYIeZRSdoGEb3KD6ZytkPj_VoBM7S6--P5auF6Q.',0,'',''),('imlnflaceom64t5f3rq7q7jer7',0,1,'1378862759','3N5hFFZdJa-n5QRmmE-wkHB4si7upaIBpL7cxrsGan-MlR4crl-kPn_ls3EEn0lRC9d1qVu8zkT90RgrX0zU8jCCuKtH2dEaIP5Fz2VFFY2YvU_1WQBgaWn_EKxkQa6Bpyl63Abc3_mT2U2JkFeI54kEW4CNh-q2lz21IdATbpeAxyN2WbRXhxEjoUpMSQNCh8hAwJ8rFGOemCU5PmGOuSFwrlmFtklfHMX-FnKRyo-35TYgczOsqKCxmyE1v3qbKQ3YjmO1a8XJHRnfwPFyaBXMQbT6kFHqJ0nAMrEBGk1G36pzaDpgg8rR3lOeJJynC5Lh5nE7nlse6vTnBUt8_nac5otga0Bn2ImEjAtrOAqocjTocR1BD28LcG2QE75yL9f63UF_FQTurdecmWKRV5yGFxZe0VD4BI7ixxuhdEVJqjyaCN1bjGkILIamkcCNiM5kOrD2Z-GaJSZM9dNLI1s3ciUAPPU_ZoxV3XQeiWgR7glPr8L5Qx8-zM4NouYCZtlrT_mqImOwIKhY43ncZaZIfRS3aSEtoOoR4YKez0UMxPTA2Kjy2cNu7gXwgKlseevM_UMVzhg0Xmb55WfGKDj86t9n3PF0E1cMekK1CbEUiNN0Jq054mutRaAnmL5e12Fa_Sc9SLzD4JuIdrntZxVL_mXYRbcWodk9ure8Okix2I1A0AXq3QjbWZ0PZIeYcrGLosSQr7bpshZn1Nw9c9U4iRRREeBSpGVQ-QX_5Waa6bG9fWfz6Niur-BBO8DXmguYdpNVSMd5U22UMFjdCSm8Z1FzmywKFxorrBPxEjD66VdQZzDeH14TH3jrs4a6exPs9Y3e0grAKqcNssMGYb3Ib3067gWPDlqFaEdvgYlavTQESz6WtC32uZX4LAnjDLgbBp0V7lAUrLCU70aiMOingMXVQGQiY4oOs0vNqyt6VvoqOL6DRQp_YmGmHCfFkjx0iFJJZ6WAcRoORHx17dNSGnliVnLZ1CvQAQPfE__knh1REH76icLXRFDz4W6LcTmo-1pSCY9xRhTuylRfuYnBWTM-JJBUSFX4cQnBOolZmxfuwpRPuYjIElgeq36udob6BR2HkTolSDPZGvDG3t190wE4Pbxbd6VqrbOx92XIGHeT2dl0Cvn3FXOZv-a3MOGW4sq7md8gz6u7e5JjDCtjOGNIywpDP1LsmcvCtSwjcfin-8iE49DlV3VhXiKkYX3PJY-7gPKZGWiehuUIvTQoK7lZlnK7_bYqI2CNtnl5smCEjflZ8Oid75bOLaDDasVzRnYYgQinq5srR3K7tzTtUFeEN4OQh7QJXGAeaehHX-x19UmMTQwOSSrJwiSj',0,'','');

--
-- Table structure for table `fred7_template_styles`
--

CREATE TABLE `fred7_template_styles` (
  `id` int(10) unsigned NOT NULL AUTO_INCREMENT,
  `template` varchar(50) NOT NULL DEFAULT '',
  `client_id` tinyint(1) unsigned NOT NULL DEFAULT '0',
  `home` char(7) NOT NULL DEFAULT '0',
  `title` varchar(255) NOT NULL DEFAULT '',
  `params` text NOT NULL,
  PRIMARY KEY (`id`),
  KEY `idx_template` (`template`),
  KEY `idx_home` (`home`)
) ENGINE=InnoDB AUTO_INCREMENT=9 DEFAULT CHARSET=utf8;

--
-- Dumping data for table `fred7_template_styles`
--

INSERT INTO `fred7_template_styles` VALUES (2,'bluestork',1,'1','Bluestork - Default','{\"useRoundedCorners\":\"1\",\"showSiteName\":\"0\"}'),(3,'atomic',0,'0','Atomic - Default','{}'),(4,'beez_20',0,'0','Beez2 - Default','{\"wrapperSmall\":\"53\",\"wrapperLarge\":\"72\",\"logo\":\"images\\/joomla_black.gif\",\"sitetitle\":\"Joomla!\",\"sitedescription\":\"Open Source Content Management\",\"navposition\":\"left\",\"templatecolor\":\"personal\",\"html5\":\"0\"}'),(5,'hathor',1,'0','Hathor - Default','{\"showSiteName\":\"0\",\"colourChoice\":\"\",\"boldText\":\"0\"}'),(6,'beez5',0,'0','Beez5 - Default','{\"wrapperSmall\":53,\"wrapperLarge\":72,\"logo\":\"images\\/sampledata\\/fruitshop\\/fruits.gif\",\"sitetitle\":\"Joomla!\",\"sitedescription\":\"Open Source Content Management\",\"navposition\":\"left\",\"html5\":0}'),(7,'siteground-j16-38',0,'0','siteground-j16-38 - Default','{}'),(8,'skylab',0,'1','Skylab - Default','{\"templateWidth\":\"960\",\"leftWidth\":\"270\",\"rightWidth\":\"270\",\"sitetitle\":\"Skylab Free Joomla 2.5 Template by LineLab.org\",\"display_slideshow\":\"0\",\"frontpage\":\"1\",\"slideshow\":\"templates\\/skylab\\/images\\/example.jpg\"}');

--
-- Table structure for table `fred7_update_categories`
--

CREATE TABLE `fred7_update_categories` (
  `categoryid` int(11) NOT NULL AUTO_INCREMENT,
  `name` varchar(20) DEFAULT '',
  `description` text NOT NULL,
  `parent` int(11) DEFAULT '0',
  `updatesite` int(11) DEFAULT '0',
  PRIMARY KEY (`categoryid`)
) ENGINE=InnoDB DEFAULT CHARSET=utf8 COMMENT='Update Categories';

--
-- Dumping data for table `fred7_update_categories`
--


--
-- Table structure for table `fred7_update_sites`
--

CREATE TABLE `fred7_update_sites` (
  `update_site_id` int(11) NOT NULL AUTO_INCREMENT,
  `name` varchar(100) DEFAULT '',
  `type` varchar(20) DEFAULT '',
  `location` text NOT NULL,
  `enabled` int(11) DEFAULT '0',
  `last_check_timestamp` bigint(20) DEFAULT '0',
  PRIMARY KEY (`update_site_id`)
) ENGINE=InnoDB AUTO_INCREMENT=8 DEFAULT CHARSET=utf8 COMMENT='Update Sites';

--
-- Dumping data for table `fred7_update_sites`
--

INSERT INTO `fred7_update_sites` VALUES (1,'Joomla Core','collection','http://update.joomla.org/core/list.xml',1,1378857687),(2,'Joomla Extension Directory','collection','http://update.joomla.org/jed/list.xml',1,1378857687),(3,'Accredited Joomla! Translations','collection','http://update.joomla.org/language/translationlist.xml',1,1378857687),(4,'Thai Language Updates','collection','http://update.joomlacorner.com/translationlist.xml',1,1378857687),(5,'JCE Editor Updates','extension','https://www.joomlacontenteditor.net/index.php?option=com_updates&view=update&format=xml&id=1',1,1378857687),(6,'Facebook Like Updates','extension','http://update.kmweb.dk/xml/facebooklike.xml',1,1378857687),(7,'Plugin Googlemap Update Site','extension','http://tech.reumer.net/update/plugin_googlemap3/extension.xml',1,1378857687);

--
-- Table structure for table `fred7_update_sites_extensions`
--

CREATE TABLE `fred7_update_sites_extensions` (
  `update_site_id` int(11) NOT NULL DEFAULT '0',
  `extension_id` int(11) NOT NULL DEFAULT '0',
  PRIMARY KEY (`update_site_id`,`extension_id`)
) ENGINE=InnoDB DEFAULT CHARSET=utf8 COMMENT='Links extensions to update sites';

--
-- Dumping data for table `fred7_update_sites_extensions`
--

INSERT INTO `fred7_update_sites_extensions` VALUES (1,700),(2,700),(3,600),(3,10003),(4,10003),(5,10004),(6,10013),(7,10016);

--
-- Table structure for table `fred7_updates`
--

CREATE TABLE `fred7_updates` (
  `update_id` int(11) NOT NULL AUTO_INCREMENT,
  `update_site_id` int(11) DEFAULT '0',
  `extension_id` int(11) DEFAULT '0',
  `categoryid` int(11) DEFAULT '0',
  `name` varchar(100) DEFAULT '',
  `description` text NOT NULL,
  `element` varchar(100) DEFAULT '',
  `type` varchar(20) DEFAULT '',
  `folder` varchar(20) DEFAULT '',
  `client_id` tinyint(3) DEFAULT '0',
  `version` varchar(10) DEFAULT '',
  `data` text NOT NULL,
  `detailsurl` text NOT NULL,
  `infourl` text NOT NULL,
  PRIMARY KEY (`update_id`)
) ENGINE=InnoDB AUTO_INCREMENT=311 DEFAULT CHARSET=utf8 COMMENT='Available Updates';

--
-- Dumping data for table `fred7_updates`
--

INSERT INTO `fred7_updates` VALUES (1,3,0,0,'Armenian','','pkg_hy-AM','package','',0,'2.5.8.1','','http://update.joomla.org/language/details/hy-AM_details.xml',''),(2,3,0,0,'Bahasa Indonesia','','pkg_id-ID','package','',0,'2.5.13.1','','http://update.joomla.org/language/details/id-ID_details.xml',''),(3,3,0,0,'Danish','','pkg_da-DK','package','',0,'2.5.13.1','','http://update.joomla.org/language/details/da-DK_details.xml',''),(4,3,0,0,'Khmer','','pkg_km-KH','package','',0,'2.5.7.1','','http://update.joomla.org/language/details/km-KH_details.xml',''),(5,3,0,0,'Swedish','','pkg_sv-SE','package','',0,'2.5.10.1','','http://update.joomla.org/language/details/sv-SE_details.xml',''),(6,3,0,0,'Hungarian','','pkg_hu-HU','package','',0,'2.5.8.1','','http://update.joomla.org/language/details/hu-HU_details.xml',''),(7,3,0,0,'Bulgarian','','pkg_bg-BG','package','',0,'2.5.7.1','','http://update.joomla.org/language/details/bg-BG_details.xml',''),(8,3,0,0,'French','','pkg_fr-FR','package','',0,'2.5.13.1','','http://update.joomla.org/language/details/fr-FR_details.xml',''),(9,3,0,0,'Italian','','pkg_it-IT','package','',0,'2.5.13.1','','http://update.joomla.org/language/details/it-IT_details.xml',''),(10,3,0,0,'Spanish','','pkg_es-ES','package','',0,'2.5.13.1','','http://update.joomla.org/language/details/es-ES_details.xml',''),(11,3,0,0,'Dutch','','pkg_nl-NL','package','',0,'2.5.13.1','','http://update.joomla.org/language/details/nl-NL_details.xml',''),(12,3,0,0,'Turkish','','pkg_tr-TR','package','',0,'2.5.13.1','','http://update.joomla.org/language/details/tr-TR_details.xml',''),(13,3,0,0,'Ukrainian','','pkg_uk-UA','package','',0,'2.5.11.10','','http://update.joomla.org/language/details/uk-UA_details.xml',''),(14,3,0,0,'Slovak','','pkg_sk-SK','package','',0,'2.5.13.1','','http://update.joomla.org/language/details/sk-SK_details.xml',''),(15,3,0,0,'Belarusian','','pkg_be-BY','package','',0,'2.5.8.1','','http://update.joomla.org/language/details/be-BY_details.xml',''),(16,3,0,0,'Latvian','','pkg_lv-LV','package','',0,'2.5.13.1','','http://update.joomla.org/language/details/lv-LV_details.xml',''),(17,3,0,0,'Estonian','','pkg_et-EE','package','',0,'2.5.7.1','','http://update.joomla.org/language/details/et-EE_details.xml',''),(18,3,0,0,'Romanian','','pkg_ro-RO','package','',0,'2.5.11.1','','http://update.joomla.org/language/details/ro-RO_details.xml',''),(19,3,0,0,'Flemish','','pkg_nl-BE','package','',0,'2.5.11.1','','http://update.joomla.org/language/details/nl-BE_details.xml',''),(20,3,0,0,'Macedonian','','pkg_mk-MK','package','',0,'2.5.13.1','','http://update.joomla.org/language/details/mk-MK_details.xml',''),(21,3,0,0,'Japanese','','pkg_ja-JP','package','',0,'2.5.13.1','','http://update.joomla.org/language/details/ja-JP_details.xml',''),(22,3,0,0,'Serbian Latin','','pkg_sr-YU','package','',0,'2.5.13.1','','http://update.joomla.org/language/details/sr-YU_details.xml',''),(23,3,0,0,'Arabic Unitag','','pkg_ar-AA','package','',0,'2.5.13.1','','http://update.joomla.org/language/details/ar-AA_details.xml',''),(24,3,0,0,'German','','pkg_de-DE','package','',0,'2.5.13.1','','http://update.joomla.org/language/details/de-DE_details.xml',''),(25,3,0,0,'Norwegian Bokmal','','pkg_nb-NO','package','',0,'2.5.11.1','','http://update.joomla.org/language/details/nb-NO_details.xml',''),(26,3,0,0,'English AU','','pkg_en-AU','package','',0,'2.5.10.1','','http://update.joomla.org/language/details/en-AU_details.xml',''),(27,3,0,0,'English US','','pkg_en-US','package','',0,'2.5.10.1','','http://update.joomla.org/language/details/en-US_details.xml',''),(28,3,0,0,'Serbian Cyrillic','','pkg_sr-RS','package','',0,'2.5.13.1','','http://update.joomla.org/language/details/sr-RS_details.xml',''),(29,3,0,0,'Lithuanian','','pkg_lt-LT','package','',0,'2.5.7.1','','http://update.joomla.org/language/details/lt-LT_details.xml',''),(30,3,0,0,'Albanian','','pkg_sq-AL','package','',0,'2.5.1.5','','http://update.joomla.org/language/details/sq-AL_details.xml',''),(31,3,0,0,'Czech','','pkg_cs-CZ','package','',0,'2.5.13.1','','http://update.joomla.org/language/details/cs-CZ_details.xml',''),(32,3,0,0,'Persian','','pkg_fa-IR','package','',0,'2.5.13.1','','http://update.joomla.org/language/details/fa-IR_details.xml',''),(33,3,0,0,'Galician','','pkg_gl-ES','package','',0,'2.5.7.4','','http://update.joomla.org/language/details/gl-ES_details.xml',''),(34,3,0,0,'Polish','','pkg_pl-PL','package','',0,'2.5.13.2','','http://update.joomla.org/language/details/pl-PL_details.xml',''),(35,3,0,0,'Syriac','','pkg_sy-IQ','package','',0,'2.5.10.1','','http://update.joomla.org/language/details/sy-IQ_details.xml',''),(36,3,0,0,'Portuguese','','pkg_pt-PT','package','',0,'2.5.8.1','','http://update.joomla.org/language/details/pt-PT_details.xml',''),(37,3,0,0,'Russian','','pkg_ru-RU','package','',0,'2.5.11.1','','http://update.joomla.org/language/details/ru-RU_details.xml',''),(38,3,0,0,'Hebrew','','pkg_he-IL','package','',0,'2.5.7.1','','http://update.joomla.org/language/details/he-IL_details.xml',''),(39,3,0,0,'Catalan','','pkg_ca-ES','package','',0,'2.5.13.1','','http://update.joomla.org/language/details/ca-ES_details.xml',''),(40,3,0,0,'Laotian','','pkg_lo-LA','package','',0,'2.5.6.1','','http://update.joomla.org/language/details/lo-LA_details.xml',''),(41,3,0,0,'Afrikaans','','pkg_af-ZA','package','',0,'2.5.11.2','','http://update.joomla.org/language/details/af-ZA_details.xml',''),(42,3,0,0,'Chinese Simplified','','pkg_zh-CN','package','',0,'2.5.11.1','','http://update.joomla.org/language/details/zh-CN_details.xml',''),(43,3,0,0,'Greek','','pkg_el-GR','package','',0,'2.5.6.1','','http://update.joomla.org/language/details/el-GR_details.xml',''),(44,3,0,0,'Esperanto','','pkg_eo-XX','package','',0,'2.5.6.1','','http://update.joomla.org/language/details/eo-XX_details.xml',''),(45,3,0,0,'Finnish','','pkg_fi-FI','package','',0,'2.5.13.1','','http://update.joomla.org/language/details/fi-FI_details.xml',''),(46,3,0,0,'Portuguese Brazil','','pkg_pt-BR','package','',0,'2.5.9.1','','http://update.joomla.org/language/details/pt-BR_details.xml',''),(47,3,0,0,'Chinese Traditional','','pkg_zh-TW','package','',0,'2.5.10.2','','http://update.joomla.org/language/details/zh-TW_details.xml',''),(48,3,0,0,'Vietnamese','','pkg_vi-VN','package','',0,'2.5.8.1','','http://update.joomla.org/language/details/vi-VN_details.xml',''),(49,3,0,0,'Kurdish Sorani','','pkg_ckb-IQ','package','',0,'2.5.9.1','','http://update.joomla.org/language/details/ckb-IQ_details.xml',''),(50,3,0,0,'Bosnian','','pkg_bs-BA','package','',0,'2.5.11.1','','http://update.joomla.org/language/details/bs-BA_details.xml',''),(51,3,0,0,'Croatian','','pkg_hr-HR','package','',0,'2.5.9.1','','http://update.joomla.org/language/details/hr-HR_details.xml',''),(52,3,0,0,'Azeri','','pkg_az-AZ','package','',0,'2.5.7.1','','http://update.joomla.org/language/details/az-AZ_details.xml',''),(53,3,0,0,'Norwegian Nynorsk','','pkg_nn-NO','package','',0,'2.5.8.1','','http://update.joomla.org/language/details/nn-NO_details.xml',''),(54,3,0,0,'Tamil India','','pkg_ta-IN','package','',0,'2.5.13.1','','http://update.joomla.org/language/details/ta-IN_details.xml',''),(55,3,0,0,'Scottish Gaelic','','pkg_gd-GB','package','',0,'2.5.7.1','','http://update.joomla.org/language/details/gd-GB_details.xml',''),(57,3,0,0,'Basque','','pkg_eu-ES','package','',0,'1.7.0.1','','http://update.joomla.org/language/details/eu-ES_details.xml',''),(58,3,0,0,'Uyghur','','pkg_ug-CN','package','',0,'2.5.7.2','','http://update.joomla.org/language/details/ug-CN_details.xml',''),(59,3,0,0,'Korean','','pkg_ko-KR','package','',0,'2.5.11.1','','http://update.joomla.org/language/details/ko-KR_details.xml',''),(60,3,0,0,'Hindi','','pkg_hi-IN','package','',0,'2.5.6.1','','http://update.joomla.org/language/details/hi-IN_details.xml',''),(61,3,0,0,'Welsh','','pkg_cy-GB','package','',0,'2.5.6.1','','http://update.joomla.org/language/details/cy-GB_details.xml',''),(62,3,0,0,'Swahili','','pkg_sw-KE','package','',0,'2.5.13.1','','http://update.joomla.org/language/details/sw-KE_details.xml',''),(63,3,0,0,'Polish','','pkg_pl-PL','package','',0,'2.5.13.3','','http://update.joomla.org/language/details/pl-PL_details.xml',''),(64,3,0,0,'Russian','','pkg_ru-RU','package','',0,'2.5.13.1','','http://update.joomla.org/language/details/ru-RU_details.xml',''),(65,3,0,0,'Chinese Traditional','','pkg_zh-TW','package','',0,'2.5.13.1','','http://update.joomla.org/language/details/zh-TW_details.xml',''),(66,3,0,0,'Polish','','pkg_pl-PL','package','',0,'2.5.13.3','','http://update.joomla.org/language/details/pl-PL_details.xml',''),(67,3,0,0,'Russian','','pkg_ru-RU','package','',0,'2.5.13.1','','http://update.joomla.org/language/details/ru-RU_details.xml',''),(68,3,0,0,'Chinese Traditional','','pkg_zh-TW','package','',0,'2.5.13.1','','http://update.joomla.org/language/details/zh-TW_details.xml',''),(69,1,700,0,'Joomla','','joomla','file','',0,'2.5.14','','http://update.joomla.org/core/extension.xml',''),(70,3,0,0,'Danish','','pkg_da-DK','package','',0,'2.5.14.1','','http://update.joomla.org/language/details/da-DK_details.xml',''),(71,3,0,0,'Italian','','pkg_it-IT','package','',0,'2.5.14.1','','http://update.joomla.org/language/details/it-IT_details.xml',''),(72,3,0,0,'Spanish','','pkg_es-ES','package','',0,'2.5.14.1','','http://update.joomla.org/language/details/es-ES_details.xml',''),(73,3,0,0,'Dutch','','pkg_nl-NL','package','',0,'2.5.14.1','','http://update.joomla.org/language/details/nl-NL_details.xml',''),(74,3,0,0,'Ukrainian','','pkg_uk-UA','package','',0,'2.5.13.11','','http://update.joomla.org/language/details/uk-UA_details.xml',''),(75,3,0,0,'Slovak','','pkg_sk-SK','package','',0,'2.5.14.2','','http://update.joomla.org/language/details/sk-SK_details.xml',''),(76,3,0,0,'Flemish','','pkg_nl-BE','package','',0,'2.5.14.1','','http://update.joomla.org/language/details/nl-BE_details.xml',''),(77,3,0,0,'Japanese','','pkg_ja-JP','package','',0,'2.5.14.1','','http://update.joomla.org/language/details/ja-JP_details.xml',''),(78,3,0,0,'German','','pkg_de-DE','package','',0,'2.5.14.1','','http://update.joomla.org/language/details/de-DE_details.xml',''),(79,3,0,0,'Polish','','pkg_pl-PL','package','',0,'2.5.14.1','','http://update.joomla.org/language/details/pl-PL_details.xml',''),(80,3,0,0,'Russian','','pkg_ru-RU','package','',0,'2.5.13.1','','http://update.joomla.org/language/details/ru-RU_details.xml',''),(81,3,0,0,'Afrikaans','','pkg_af-ZA','package','',0,'2.5.14.1','','http://update.joomla.org/language/details/af-ZA_details.xml',''),(82,3,0,0,'Chinese Simplified','','pkg_zh-CN','package','',0,'2.5.14.1','','http://update.joomla.org/language/details/zh-CN_details.xml',''),(83,3,0,0,'Chinese Traditional','','pkg_zh-TW','package','',0,'2.5.13.1','','http://update.joomla.org/language/details/zh-TW_details.xml',''),(84,3,0,0,'Croatian','','pkg_hr-HR','package','',0,'2.5.13.1','','http://update.joomla.org/language/details/hr-HR_details.xml',''),(85,3,0,0,'Tamil India','','pkg_ta-IN','package','',0,'2.5.14.2','','http://update.joomla.org/language/details/ta-IN_details.xml',''),(86,3,10003,0,'Thai','','pkg_th-TH','package','',0,'2.5.13.1','','http://update.joomla.org/language/details/th-TH_details.xml',''),(87,3,0,0,'Swahili','','pkg_sw-KE','package','',0,'2.5.14.1','','http://update.joomla.org/language/details/sw-KE_details.xml',''),(88,3,0,0,'Danish','','pkg_da-DK','package','',0,'2.5.14.1','','http://update.joomla.org/language/details/da-DK_details.xml',''),(89,3,0,0,'Danish','','pkg_da-DK','package','',0,'2.5.14.1','','http://update.joomla.org/language/details/da-DK_details.xml',''),(90,3,0,0,'Italian','','pkg_it-IT','package','',0,'2.5.14.1','','http://update.joomla.org/language/details/it-IT_details.xml',''),(91,3,0,0,'Italian','','pkg_it-IT','package','',0,'2.5.14.1','','http://update.joomla.org/language/details/it-IT_details.xml',''),(92,3,0,0,'Spanish','','pkg_es-ES','package','',0,'2.5.14.1','','http://update.joomla.org/language/details/es-ES_details.xml',''),(93,3,0,0,'Spanish','','pkg_es-ES','package','',0,'2.5.14.1','','http://update.joomla.org/language/details/es-ES_details.xml',''),(94,3,0,0,'Dutch','','pkg_nl-NL','package','',0,'2.5.14.1','','http://update.joomla.org/language/details/nl-NL_details.xml',''),(95,3,0,0,'Dutch','','pkg_nl-NL','package','',0,'2.5.14.1','','http://update.joomla.org/language/details/nl-NL_details.xml',''),(96,3,0,0,'Ukrainian','','pkg_uk-UA','package','',0,'2.5.13.11','','http://update.joomla.org/language/details/uk-UA_details.xml',''),(97,3,0,0,'Ukrainian','','pkg_uk-UA','package','',0,'2.5.13.11','','http://update.joomla.org/language/details/uk-UA_details.xml',''),(98,3,0,0,'Slovak','','pkg_sk-SK','package','',0,'2.5.14.2','','http://update.joomla.org/language/details/sk-SK_details.xml',''),(99,3,0,0,'Slovak','','pkg_sk-SK','package','',0,'2.5.14.2','','http://update.joomla.org/language/details/sk-SK_details.xml',''),(100,3,0,0,'Flemish','','pkg_nl-BE','package','',0,'2.5.14.1','','http://update.joomla.org/language/details/nl-BE_details.xml',''),(101,3,0,0,'Flemish','','pkg_nl-BE','package','',0,'2.5.14.1','','http://update.joomla.org/language/details/nl-BE_details.xml',''),(102,3,0,0,'Japanese','','pkg_ja-JP','package','',0,'2.5.14.1','','http://update.joomla.org/language/details/ja-JP_details.xml',''),(103,3,0,0,'Japanese','','pkg_ja-JP','package','',0,'2.5.14.1','','http://update.joomla.org/language/details/ja-JP_details.xml',''),(104,3,0,0,'German','','pkg_de-DE','package','',0,'2.5.14.1','','http://update.joomla.org/language/details/de-DE_details.xml',''),(105,3,0,0,'German','','pkg_de-DE','package','',0,'2.5.14.1','','http://update.joomla.org/language/details/de-DE_details.xml',''),(106,3,0,0,'Polish','','pkg_pl-PL','package','',0,'2.5.14.1','','http://update.joomla.org/language/details/pl-PL_details.xml',''),(107,3,0,0,'Polish','','pkg_pl-PL','package','',0,'2.5.14.1','','http://update.joomla.org/language/details/pl-PL_details.xml',''),(108,3,0,0,'Russian','','pkg_ru-RU','package','',0,'2.5.13.1','','http://update.joomla.org/language/details/ru-RU_details.xml',''),(109,3,0,0,'Russian','','pkg_ru-RU','package','',0,'2.5.13.1','','http://update.joomla.org/language/details/ru-RU_details.xml',''),(110,3,0,0,'Afrikaans','','pkg_af-ZA','package','',0,'2.5.14.1','','http://update.joomla.org/language/details/af-ZA_details.xml',''),(111,3,0,0,'Afrikaans','','pkg_af-ZA','package','',0,'2.5.14.1','','http://update.joomla.org/language/details/af-ZA_details.xml',''),(112,3,0,0,'Chinese Simplified','','pkg_zh-CN','package','',0,'2.5.14.1','','http://update.joomla.org/language/details/zh-CN_details.xml',''),(113,3,0,0,'Chinese Simplified','','pkg_zh-CN','package','',0,'2.5.14.1','','http://update.joomla.org/language/details/zh-CN_details.xml',''),(114,3,0,0,'Chinese Traditional','','pkg_zh-TW','package','',0,'2.5.13.1','','http://update.joomla.org/language/details/zh-TW_details.xml',''),(115,3,0,0,'Chinese Traditional','','pkg_zh-TW','package','',0,'2.5.13.1','','http://update.joomla.org/language/details/zh-TW_details.xml',''),(116,3,0,0,'Croatian','','pkg_hr-HR','package','',0,'2.5.13.1','','http://update.joomla.org/language/details/hr-HR_details.xml',''),(117,3,0,0,'Croatian','','pkg_hr-HR','package','',0,'2.5.13.1','','http://update.joomla.org/language/details/hr-HR_details.xml',''),(118,3,0,0,'Tamil India','','pkg_ta-IN','package','',0,'2.5.14.2','','http://update.joomla.org/language/details/ta-IN_details.xml',''),(119,3,0,0,'Tamil India','','pkg_ta-IN','package','',0,'2.5.14.2','','http://update.joomla.org/language/details/ta-IN_details.xml',''),(120,3,0,0,'Swahili','','pkg_sw-KE','package','',0,'2.5.14.1','','http://update.joomla.org/language/details/sw-KE_details.xml',''),(121,3,0,0,'Swahili','','pkg_sw-KE','package','',0,'2.5.14.1','','http://update.joomla.org/language/details/sw-KE_details.xml',''),(122,3,0,0,'Danish','','pkg_da-DK','package','',0,'2.5.14.1','','http://update.joomla.org/language/details/da-DK_details.xml',''),(123,3,0,0,'Italian','','pkg_it-IT','package','',0,'2.5.14.1','','http://update.joomla.org/language/details/it-IT_details.xml',''),(124,3,0,0,'Spanish','','pkg_es-ES','package','',0,'2.5.14.1','','http://update.joomla.org/language/details/es-ES_details.xml',''),(125,3,0,0,'Dutch','','pkg_nl-NL','package','',0,'2.5.14.1','','http://update.joomla.org/language/details/nl-NL_details.xml',''),(126,3,0,0,'Ukrainian','','pkg_uk-UA','package','',0,'2.5.13.11','','http://update.joomla.org/language/details/uk-UA_details.xml',''),(127,3,0,0,'Slovak','','pkg_sk-SK','package','',0,'2.5.14.2','','http://update.joomla.org/language/details/sk-SK_details.xml',''),(128,3,0,0,'Flemish','','pkg_nl-BE','package','',0,'2.5.14.1','','http://update.joomla.org/language/details/nl-BE_details.xml',''),(129,3,0,0,'Japanese','','pkg_ja-JP','package','',0,'2.5.14.1','','http://update.joomla.org/language/details/ja-JP_details.xml',''),(130,3,0,0,'German','','pkg_de-DE','package','',0,'2.5.14.1','','http://update.joomla.org/language/details/de-DE_details.xml',''),(131,3,0,0,'Polish','','pkg_pl-PL','package','',0,'2.5.14.1','','http://update.joomla.org/language/details/pl-PL_details.xml',''),(132,3,0,0,'Russian','','pkg_ru-RU','package','',0,'2.5.13.1','','http://update.joomla.org/language/details/ru-RU_details.xml',''),(133,3,0,0,'Afrikaans','','pkg_af-ZA','package','',0,'2.5.14.1','','http://update.joomla.org/language/details/af-ZA_details.xml',''),(134,3,0,0,'Chinese Simplified','','pkg_zh-CN','package','',0,'2.5.14.1','','http://update.joomla.org/language/details/zh-CN_details.xml',''),(135,3,0,0,'Chinese Traditional','','pkg_zh-TW','package','',0,'2.5.13.1','','http://update.joomla.org/language/details/zh-TW_details.xml',''),(136,3,0,0,'Croatian','','pkg_hr-HR','package','',0,'2.5.13.1','','http://update.joomla.org/language/details/hr-HR_details.xml',''),(137,3,0,0,'Tamil India','','pkg_ta-IN','package','',0,'2.5.14.2','','http://update.joomla.org/language/details/ta-IN_details.xml',''),(138,3,0,0,'Swahili','','pkg_sw-KE','package','',0,'2.5.14.1','','http://update.joomla.org/language/details/sw-KE_details.xml',''),(139,3,0,0,'Danish','','pkg_da-DK','package','',0,'2.5.14.1','','http://update.joomla.org/language/details/da-DK_details.xml',''),(140,3,0,0,'Danish','','pkg_da-DK','package','',0,'2.5.14.1','','http://update.joomla.org/language/details/da-DK_details.xml',''),(141,3,0,0,'Italian','','pkg_it-IT','package','',0,'2.5.14.1','','http://update.joomla.org/language/details/it-IT_details.xml',''),(142,3,0,0,'Spanish','','pkg_es-ES','package','',0,'2.5.14.1','','http://update.joomla.org/language/details/es-ES_details.xml',''),(143,3,0,0,'Italian','','pkg_it-IT','package','',0,'2.5.14.1','','http://update.joomla.org/language/details/it-IT_details.xml',''),(144,3,0,0,'Spanish','','pkg_es-ES','package','',0,'2.5.14.1','','http://update.joomla.org/language/details/es-ES_details.xml',''),(145,3,0,0,'Dutch','','pkg_nl-NL','package','',0,'2.5.14.1','','http://update.joomla.org/language/details/nl-NL_details.xml',''),(146,3,0,0,'Dutch','','pkg_nl-NL','package','',0,'2.5.14.1','','http://update.joomla.org/language/details/nl-NL_details.xml',''),(147,3,0,0,'Ukrainian','','pkg_uk-UA','package','',0,'2.5.13.11','','http://update.joomla.org/language/details/uk-UA_details.xml',''),(148,3,0,0,'Ukrainian','','pkg_uk-UA','package','',0,'2.5.13.11','','http://update.joomla.org/language/details/uk-UA_details.xml',''),(149,3,0,0,'Slovak','','pkg_sk-SK','package','',0,'2.5.14.2','','http://update.joomla.org/language/details/sk-SK_details.xml',''),(150,3,0,0,'Slovak','','pkg_sk-SK','package','',0,'2.5.14.2','','http://update.joomla.org/language/details/sk-SK_details.xml',''),(151,3,0,0,'Flemish','','pkg_nl-BE','package','',0,'2.5.14.1','','http://update.joomla.org/language/details/nl-BE_details.xml',''),(152,3,0,0,'Flemish','','pkg_nl-BE','package','',0,'2.5.14.1','','http://update.joomla.org/language/details/nl-BE_details.xml',''),(153,3,0,0,'Japanese','','pkg_ja-JP','package','',0,'2.5.14.1','','http://update.joomla.org/language/details/ja-JP_details.xml',''),(154,3,0,0,'Japanese','','pkg_ja-JP','package','',0,'2.5.14.1','','http://update.joomla.org/language/details/ja-JP_details.xml',''),(155,3,0,0,'German','','pkg_de-DE','package','',0,'2.5.14.1','','http://update.joomla.org/language/details/de-DE_details.xml',''),(156,3,0,0,'German','','pkg_de-DE','package','',0,'2.5.14.1','','http://update.joomla.org/language/details/de-DE_details.xml',''),(157,3,0,0,'Polish','','pkg_pl-PL','package','',0,'2.5.14.1','','http://update.joomla.org/language/details/pl-PL_details.xml',''),(158,3,0,0,'Polish','','pkg_pl-PL','package','',0,'2.5.14.1','','http://update.joomla.org/language/details/pl-PL_details.xml',''),(159,3,0,0,'Russian','','pkg_ru-RU','package','',0,'2.5.13.1','','http://update.joomla.org/language/details/ru-RU_details.xml',''),(160,3,0,0,'Russian','','pkg_ru-RU','package','',0,'2.5.13.1','','http://update.joomla.org/language/details/ru-RU_details.xml',''),(161,3,0,0,'Afrikaans','','pkg_af-ZA','package','',0,'2.5.14.1','','http://update.joomla.org/language/details/af-ZA_details.xml',''),(162,3,0,0,'Afrikaans','','pkg_af-ZA','package','',0,'2.5.14.1','','http://update.joomla.org/language/details/af-ZA_details.xml',''),(163,3,0,0,'Chinese Simplified','','pkg_zh-CN','package','',0,'2.5.14.1','','http://update.joomla.org/language/details/zh-CN_details.xml',''),(164,3,0,0,'Chinese Simplified','','pkg_zh-CN','package','',0,'2.5.14.1','','http://update.joomla.org/language/details/zh-CN_details.xml',''),(165,3,0,0,'Chinese Traditional','','pkg_zh-TW','package','',0,'2.5.13.1','','http://update.joomla.org/language/details/zh-TW_details.xml',''),(166,3,0,0,'Chinese Traditional','','pkg_zh-TW','package','',0,'2.5.13.1','','http://update.joomla.org/language/details/zh-TW_details.xml',''),(167,3,0,0,'Croatian','','pkg_hr-HR','package','',0,'2.5.13.1','','http://update.joomla.org/language/details/hr-HR_details.xml',''),(168,3,0,0,'Croatian','','pkg_hr-HR','package','',0,'2.5.13.1','','http://update.joomla.org/language/details/hr-HR_details.xml',''),(169,3,0,0,'Tamil India','','pkg_ta-IN','package','',0,'2.5.14.2','','http://update.joomla.org/language/details/ta-IN_details.xml',''),(170,3,0,0,'Tamil India','','pkg_ta-IN','package','',0,'2.5.14.2','','http://update.joomla.org/language/details/ta-IN_details.xml',''),(171,3,0,0,'Swahili','','pkg_sw-KE','package','',0,'2.5.14.1','','http://update.joomla.org/language/details/sw-KE_details.xml',''),(172,3,0,0,'Swahili','','pkg_sw-KE','package','',0,'2.5.14.1','','http://update.joomla.org/language/details/sw-KE_details.xml',''),(173,6,0,0,'Facebook Like','','mod_facebooklike','module','',1,'1.4.9.1','','http://update.kmweb.dk/xml/facebooklike.xml','http://martinkolle.github.com/Facebook-Like-Button'),(174,6,0,0,'Facebook Like','','mod_facebooklike','module','',1,'1.4.9.1','','http://update.kmweb.dk/xml/facebooklike.xml','http://martinkolle.github.com/Facebook-Like-Button'),(175,3,0,0,'Danish','','pkg_da-DK','package','',0,'2.5.14.1','','http://update.joomla.org/language/details/da-DK_details.xml',''),(176,3,0,0,'Italian','','pkg_it-IT','package','',0,'2.5.14.1','','http://update.joomla.org/language/details/it-IT_details.xml',''),(177,3,0,0,'Spanish','','pkg_es-ES','package','',0,'2.5.14.1','','http://update.joomla.org/language/details/es-ES_details.xml',''),(178,3,0,0,'Dutch','','pkg_nl-NL','package','',0,'2.5.14.1','','http://update.joomla.org/language/details/nl-NL_details.xml',''),(179,3,0,0,'Ukrainian','','pkg_uk-UA','package','',0,'2.5.13.11','','http://update.joomla.org/language/details/uk-UA_details.xml',''),(180,3,0,0,'Slovak','','pkg_sk-SK','package','',0,'2.5.14.2','','http://update.joomla.org/language/details/sk-SK_details.xml',''),(181,3,0,0,'Flemish','','pkg_nl-BE','package','',0,'2.5.14.1','','http://update.joomla.org/language/details/nl-BE_details.xml',''),(182,3,0,0,'Japanese','','pkg_ja-JP','package','',0,'2.5.14.1','','http://update.joomla.org/language/details/ja-JP_details.xml',''),(183,3,0,0,'German','','pkg_de-DE','package','',0,'2.5.14.1','','http://update.joomla.org/language/details/de-DE_details.xml',''),(184,3,0,0,'Polish','','pkg_pl-PL','package','',0,'2.5.14.1','','http://update.joomla.org/language/details/pl-PL_details.xml',''),(185,3,0,0,'Russian','','pkg_ru-RU','package','',0,'2.5.13.1','','http://update.joomla.org/language/details/ru-RU_details.xml',''),(186,3,0,0,'Afrikaans','','pkg_af-ZA','package','',0,'2.5.14.1','','http://update.joomla.org/language/details/af-ZA_details.xml',''),(187,3,0,0,'Chinese Simplified','','pkg_zh-CN','package','',0,'2.5.14.1','','http://update.joomla.org/language/details/zh-CN_details.xml',''),(188,3,0,0,'Chinese Traditional','','pkg_zh-TW','package','',0,'2.5.13.1','','http://update.joomla.org/language/details/zh-TW_details.xml',''),(189,3,0,0,'Croatian','','pkg_hr-HR','package','',0,'2.5.13.1','','http://update.joomla.org/language/details/hr-HR_details.xml',''),(190,3,0,0,'Tamil India','','pkg_ta-IN','package','',0,'2.5.14.2','','http://update.joomla.org/language/details/ta-IN_details.xml',''),(191,3,0,0,'Swahili','','pkg_sw-KE','package','',0,'2.5.14.1','','http://update.joomla.org/language/details/sw-KE_details.xml',''),(192,3,0,0,'Danish','','pkg_da-DK','package','',0,'2.5.14.1','','http://update.joomla.org/language/details/da-DK_details.xml',''),(193,3,0,0,'Italian','','pkg_it-IT','package','',0,'2.5.14.1','','http://update.joomla.org/language/details/it-IT_details.xml',''),(194,3,0,0,'Spanish','','pkg_es-ES','package','',0,'2.5.14.1','','http://update.joomla.org/language/details/es-ES_details.xml',''),(195,3,0,0,'Dutch','','pkg_nl-NL','package','',0,'2.5.14.1','','http://update.joomla.org/language/details/nl-NL_details.xml',''),(196,3,0,0,'Ukrainian','','pkg_uk-UA','package','',0,'2.5.13.11','','http://update.joomla.org/language/details/uk-UA_details.xml',''),(197,3,0,0,'Slovak','','pkg_sk-SK','package','',0,'2.5.14.2','','http://update.joomla.org/language/details/sk-SK_details.xml',''),(198,3,0,0,'Flemish','','pkg_nl-BE','package','',0,'2.5.14.1','','http://update.joomla.org/language/details/nl-BE_details.xml',''),(199,3,0,0,'Japanese','','pkg_ja-JP','package','',0,'2.5.14.1','','http://update.joomla.org/language/details/ja-JP_details.xml',''),(200,3,0,0,'German','','pkg_de-DE','package','',0,'2.5.14.1','','http://update.joomla.org/language/details/de-DE_details.xml',''),(201,3,0,0,'Polish','','pkg_pl-PL','package','',0,'2.5.14.1','','http://update.joomla.org/language/details/pl-PL_details.xml',''),(202,3,0,0,'Russian','','pkg_ru-RU','package','',0,'2.5.13.1','','http://update.joomla.org/language/details/ru-RU_details.xml',''),(203,3,0,0,'Afrikaans','','pkg_af-ZA','package','',0,'2.5.14.1','','http://update.joomla.org/language/details/af-ZA_details.xml',''),(204,3,0,0,'Chinese Simplified','','pkg_zh-CN','package','',0,'2.5.14.1','','http://update.joomla.org/language/details/zh-CN_details.xml',''),(205,3,0,0,'Chinese Traditional','','pkg_zh-TW','package','',0,'2.5.13.1','','http://update.joomla.org/language/details/zh-TW_details.xml',''),(206,3,0,0,'Croatian','','pkg_hr-HR','package','',0,'2.5.13.1','','http://update.joomla.org/language/details/hr-HR_details.xml',''),(207,3,0,0,'Tamil India','','pkg_ta-IN','package','',0,'2.5.14.2','','http://update.joomla.org/language/details/ta-IN_details.xml',''),(208,3,0,0,'Swahili','','pkg_sw-KE','package','',0,'2.5.14.1','','http://update.joomla.org/language/details/sw-KE_details.xml',''),(209,3,0,0,'Danish','','pkg_da-DK','package','',0,'2.5.14.1','','http://update.joomla.org/language/details/da-DK_details.xml',''),(210,3,0,0,'Italian','','pkg_it-IT','package','',0,'2.5.14.1','','http://update.joomla.org/language/details/it-IT_details.xml',''),(211,3,0,0,'Spanish','','pkg_es-ES','package','',0,'2.5.14.1','','http://update.joomla.org/language/details/es-ES_details.xml',''),(212,3,0,0,'Dutch','','pkg_nl-NL','package','',0,'2.5.14.1','','http://update.joomla.org/language/details/nl-NL_details.xml',''),(213,3,0,0,'Ukrainian','','pkg_uk-UA','package','',0,'2.5.13.11','','http://update.joomla.org/language/details/uk-UA_details.xml',''),(214,3,0,0,'Slovak','','pkg_sk-SK','package','',0,'2.5.14.2','','http://update.joomla.org/language/details/sk-SK_details.xml',''),(215,3,0,0,'Flemish','','pkg_nl-BE','package','',0,'2.5.14.1','','http://update.joomla.org/language/details/nl-BE_details.xml',''),(216,3,0,0,'Japanese','','pkg_ja-JP','package','',0,'2.5.14.1','','http://update.joomla.org/language/details/ja-JP_details.xml',''),(217,3,0,0,'German','','pkg_de-DE','package','',0,'2.5.14.1','','http://update.joomla.org/language/details/de-DE_details.xml',''),(218,3,0,0,'Polish','','pkg_pl-PL','package','',0,'2.5.14.1','','http://update.joomla.org/language/details/pl-PL_details.xml',''),(219,3,0,0,'Russian','','pkg_ru-RU','package','',0,'2.5.13.1','','http://update.joomla.org/language/details/ru-RU_details.xml',''),(220,3,0,0,'Afrikaans','','pkg_af-ZA','package','',0,'2.5.14.1','','http://update.joomla.org/language/details/af-ZA_details.xml',''),(221,3,0,0,'Chinese Simplified','','pkg_zh-CN','package','',0,'2.5.14.1','','http://update.joomla.org/language/details/zh-CN_details.xml',''),(222,3,0,0,'Chinese Traditional','','pkg_zh-TW','package','',0,'2.5.13.1','','http://update.joomla.org/language/details/zh-TW_details.xml',''),(223,3,0,0,'Croatian','','pkg_hr-HR','package','',0,'2.5.13.1','','http://update.joomla.org/language/details/hr-HR_details.xml',''),(224,3,0,0,'Tamil India','','pkg_ta-IN','package','',0,'2.5.14.2','','http://update.joomla.org/language/details/ta-IN_details.xml',''),(225,3,0,0,'Swahili','','pkg_sw-KE','package','',0,'2.5.14.1','','http://update.joomla.org/language/details/sw-KE_details.xml',''),(226,3,0,0,'Danish','','pkg_da-DK','package','',0,'2.5.14.1','','http://update.joomla.org/language/details/da-DK_details.xml',''),(227,3,0,0,'Italian','','pkg_it-IT','package','',0,'2.5.14.1','','http://update.joomla.org/language/details/it-IT_details.xml',''),(228,3,0,0,'Spanish','','pkg_es-ES','package','',0,'2.5.14.1','','http://update.joomla.org/language/details/es-ES_details.xml',''),(229,3,0,0,'Dutch','','pkg_nl-NL','package','',0,'2.5.14.1','','http://update.joomla.org/language/details/nl-NL_details.xml',''),(230,3,0,0,'Ukrainian','','pkg_uk-UA','package','',0,'2.5.13.11','','http://update.joomla.org/language/details/uk-UA_details.xml',''),(231,3,0,0,'Slovak','','pkg_sk-SK','package','',0,'2.5.14.2','','http://update.joomla.org/language/details/sk-SK_details.xml',''),(232,3,0,0,'Flemish','','pkg_nl-BE','package','',0,'2.5.14.1','','http://update.joomla.org/language/details/nl-BE_details.xml',''),(233,3,0,0,'Japanese','','pkg_ja-JP','package','',0,'2.5.14.1','','http://update.joomla.org/language/details/ja-JP_details.xml',''),(234,3,0,0,'German','','pkg_de-DE','package','',0,'2.5.14.1','','http://update.joomla.org/language/details/de-DE_details.xml',''),(235,3,0,0,'Polish','','pkg_pl-PL','package','',0,'2.5.14.1','','http://update.joomla.org/language/details/pl-PL_details.xml',''),(236,3,0,0,'Russian','','pkg_ru-RU','package','',0,'2.5.13.1','','http://update.joomla.org/language/details/ru-RU_details.xml',''),(237,3,0,0,'Afrikaans','','pkg_af-ZA','package','',0,'2.5.14.1','','http://update.joomla.org/language/details/af-ZA_details.xml',''),(238,3,0,0,'Chinese Simplified','','pkg_zh-CN','package','',0,'2.5.14.1','','http://update.joomla.org/language/details/zh-CN_details.xml',''),(239,3,0,0,'Chinese Traditional','','pkg_zh-TW','package','',0,'2.5.13.1','','http://update.joomla.org/language/details/zh-TW_details.xml',''),(240,3,0,0,'Croatian','','pkg_hr-HR','package','',0,'2.5.13.1','','http://update.joomla.org/language/details/hr-HR_details.xml',''),(241,3,0,0,'Tamil India','','pkg_ta-IN','package','',0,'2.5.14.2','','http://update.joomla.org/language/details/ta-IN_details.xml',''),(242,3,0,0,'Swahili','','pkg_sw-KE','package','',0,'2.5.14.1','','http://update.joomla.org/language/details/sw-KE_details.xml',''),(243,3,0,0,'Danish','','pkg_da-DK','package','',0,'2.5.14.1','','http://update.joomla.org/language/details/da-DK_details.xml',''),(244,3,0,0,'Italian','','pkg_it-IT','package','',0,'2.5.14.1','','http://update.joomla.org/language/details/it-IT_details.xml',''),(245,3,0,0,'Spanish','','pkg_es-ES','package','',0,'2.5.14.1','','http://update.joomla.org/language/details/es-ES_details.xml',''),(246,3,0,0,'Dutch','','pkg_nl-NL','package','',0,'2.5.14.1','','http://update.joomla.org/language/details/nl-NL_details.xml',''),(247,3,0,0,'Ukrainian','','pkg_uk-UA','package','',0,'2.5.13.11','','http://update.joomla.org/language/details/uk-UA_details.xml',''),(248,3,0,0,'Slovak','','pkg_sk-SK','package','',0,'2.5.14.2','','http://update.joomla.org/language/details/sk-SK_details.xml',''),(249,3,0,0,'Flemish','','pkg_nl-BE','package','',0,'2.5.14.1','','http://update.joomla.org/language/details/nl-BE_details.xml',''),(250,3,0,0,'Danish','','pkg_da-DK','package','',0,'2.5.14.1','','http://update.joomla.org/language/details/da-DK_details.xml',''),(251,3,0,0,'Japanese','','pkg_ja-JP','package','',0,'2.5.14.1','','http://update.joomla.org/language/details/ja-JP_details.xml',''),(252,3,0,0,'German','','pkg_de-DE','package','',0,'2.5.14.1','','http://update.joomla.org/language/details/de-DE_details.xml',''),(253,3,0,0,'Italian','','pkg_it-IT','package','',0,'2.5.14.1','','http://update.joomla.org/language/details/it-IT_details.xml',''),(254,3,0,0,'Spanish','','pkg_es-ES','package','',0,'2.5.14.1','','http://update.joomla.org/language/details/es-ES_details.xml',''),(255,3,0,0,'Dutch','','pkg_nl-NL','package','',0,'2.5.14.1','','http://update.joomla.org/language/details/nl-NL_details.xml',''),(256,3,0,0,'Ukrainian','','pkg_uk-UA','package','',0,'2.5.13.11','','http://update.joomla.org/language/details/uk-UA_details.xml',''),(257,3,0,0,'Slovak','','pkg_sk-SK','package','',0,'2.5.14.2','','http://update.joomla.org/language/details/sk-SK_details.xml',''),(258,3,0,0,'Polish','','pkg_pl-PL','package','',0,'2.5.14.1','','http://update.joomla.org/language/details/pl-PL_details.xml',''),(259,3,0,0,'Russian','','pkg_ru-RU','package','',0,'2.5.13.1','','http://update.joomla.org/language/details/ru-RU_details.xml',''),(260,3,0,0,'Flemish','','pkg_nl-BE','package','',0,'2.5.14.1','','http://update.joomla.org/language/details/nl-BE_details.xml',''),(261,3,0,0,'Japanese','','pkg_ja-JP','package','',0,'2.5.14.1','','http://update.joomla.org/language/details/ja-JP_details.xml',''),(262,3,0,0,'Afrikaans','','pkg_af-ZA','package','',0,'2.5.14.1','','http://update.joomla.org/language/details/af-ZA_details.xml',''),(263,3,0,0,'German','','pkg_de-DE','package','',0,'2.5.14.1','','http://update.joomla.org/language/details/de-DE_details.xml',''),(264,3,0,0,'Chinese Simplified','','pkg_zh-CN','package','',0,'2.5.14.1','','http://update.joomla.org/language/details/zh-CN_details.xml',''),(265,3,0,0,'Chinese Traditional','','pkg_zh-TW','package','',0,'2.5.13.1','','http://update.joomla.org/language/details/zh-TW_details.xml',''),(266,3,0,0,'Polish','','pkg_pl-PL','package','',0,'2.5.14.1','','http://update.joomla.org/language/details/pl-PL_details.xml',''),(267,3,0,0,'Croatian','','pkg_hr-HR','package','',0,'2.5.13.1','','http://update.joomla.org/language/details/hr-HR_details.xml',''),(268,3,0,0,'Russian','','pkg_ru-RU','package','',0,'2.5.13.1','','http://update.joomla.org/language/details/ru-RU_details.xml',''),(269,3,0,0,'Tamil India','','pkg_ta-IN','package','',0,'2.5.14.2','','http://update.joomla.org/language/details/ta-IN_details.xml',''),(270,3,0,0,'Afrikaans','','pkg_af-ZA','package','',0,'2.5.14.1','','http://update.joomla.org/language/details/af-ZA_details.xml',''),(271,3,0,0,'Chinese Simplified','','pkg_zh-CN','package','',0,'2.5.14.1','','http://update.joomla.org/language/details/zh-CN_details.xml',''),(272,3,0,0,'Swahili','','pkg_sw-KE','package','',0,'2.5.14.1','','http://update.joomla.org/language/details/sw-KE_details.xml',''),(273,3,0,0,'Chinese Traditional','','pkg_zh-TW','package','',0,'2.5.13.1','','http://update.joomla.org/language/details/zh-TW_details.xml',''),(274,3,0,0,'Croatian','','pkg_hr-HR','package','',0,'2.5.13.1','','http://update.joomla.org/language/details/hr-HR_details.xml',''),(275,3,0,0,'Tamil India','','pkg_ta-IN','package','',0,'2.5.14.2','','http://update.joomla.org/language/details/ta-IN_details.xml',''),(276,3,0,0,'Swahili','','pkg_sw-KE','package','',0,'2.5.14.1','','http://update.joomla.org/language/details/sw-KE_details.xml',''),(277,3,0,0,'Danish','','pkg_da-DK','package','',0,'2.5.14.1','','http://update.joomla.org/language/details/da-DK_details.xml',''),(278,3,0,0,'Italian','','pkg_it-IT','package','',0,'2.5.14.1','','http://update.joomla.org/language/details/it-IT_details.xml',''),(279,3,0,0,'Spanish','','pkg_es-ES','package','',0,'2.5.14.1','','http://update.joomla.org/language/details/es-ES_details.xml',''),(280,3,0,0,'Dutch','','pkg_nl-NL','package','',0,'2.5.14.1','','http://update.joomla.org/language/details/nl-NL_details.xml',''),(281,3,0,0,'Ukrainian','','pkg_uk-UA','package','',0,'2.5.13.11','','http://update.joomla.org/language/details/uk-UA_details.xml',''),(282,3,0,0,'Slovak','','pkg_sk-SK','package','',0,'2.5.14.2','','http://update.joomla.org/language/details/sk-SK_details.xml',''),(283,3,0,0,'Flemish','','pkg_nl-BE','package','',0,'2.5.14.1','','http://update.joomla.org/language/details/nl-BE_details.xml',''),(284,3,0,0,'Japanese','','pkg_ja-JP','package','',0,'2.5.14.1','','http://update.joomla.org/language/details/ja-JP_details.xml',''),(285,3,0,0,'German','','pkg_de-DE','package','',0,'2.5.14.1','','http://update.joomla.org/language/details/de-DE_details.xml',''),(286,3,0,0,'Polish','','pkg_pl-PL','package','',0,'2.5.14.1','','http://update.joomla.org/language/details/pl-PL_details.xml',''),(287,3,0,0,'Russian','','pkg_ru-RU','package','',0,'2.5.13.1','','http://update.joomla.org/language/details/ru-RU_details.xml',''),(288,3,0,0,'Afrikaans','','pkg_af-ZA','package','',0,'2.5.14.1','','http://update.joomla.org/language/details/af-ZA_details.xml',''),(289,3,0,0,'Chinese Simplified','','pkg_zh-CN','package','',0,'2.5.14.1','','http://update.joomla.org/language/details/zh-CN_details.xml',''),(290,3,0,0,'Chinese Traditional','','pkg_zh-TW','package','',0,'2.5.13.1','','http://update.joomla.org/language/details/zh-TW_details.xml',''),(291,3,0,0,'Croatian','','pkg_hr-HR','package','',0,'2.5.13.1','','http://update.joomla.org/language/details/hr-HR_details.xml',''),(292,3,0,0,'Tamil India','','pkg_ta-IN','package','',0,'2.5.14.2','','http://update.joomla.org/language/details/ta-IN_details.xml',''),(293,3,0,0,'Swahili','','pkg_sw-KE','package','',0,'2.5.14.1','','http://update.joomla.org/language/details/sw-KE_details.xml',''),(294,3,0,0,'Danish','','pkg_da-DK','package','',0,'2.5.14.1','','http://update.joomla.org/language/details/da-DK_details.xml',''),(295,3,0,0,'Italian','','pkg_it-IT','package','',0,'2.5.14.1','','http://update.joomla.org/language/details/it-IT_details.xml',''),(296,3,0,0,'Spanish','','pkg_es-ES','package','',0,'2.5.14.1','','http://update.joomla.org/language/details/es-ES_details.xml',''),(297,3,0,0,'Dutch','','pkg_nl-NL','package','',0,'2.5.14.1','','http://update.joomla.org/language/details/nl-NL_details.xml',''),(298,3,0,0,'Ukrainian','','pkg_uk-UA','package','',0,'2.5.13.11','','http://update.joomla.org/language/details/uk-UA_details.xml',''),(299,3,0,0,'Slovak','','pkg_sk-SK','package','',0,'2.5.14.2','','http://update.joomla.org/language/details/sk-SK_details.xml',''),(300,3,0,0,'Flemish','','pkg_nl-BE','package','',0,'2.5.14.1','','http://update.joomla.org/language/details/nl-BE_details.xml',''),(301,3,0,0,'Japanese','','pkg_ja-JP','package','',0,'2.5.14.1','','http://update.joomla.org/language/details/ja-JP_details.xml',''),(302,3,0,0,'German','','pkg_de-DE','package','',0,'2.5.14.1','','http://update.joomla.org/language/details/de-DE_details.xml',''),(303,3,0,0,'Polish','','pkg_pl-PL','package','',0,'2.5.14.1','','http://update.joomla.org/language/details/pl-PL_details.xml',''),(304,3,0,0,'Russian','','pkg_ru-RU','package','',0,'2.5.13.1','','http://update.joomla.org/language/details/ru-RU_details.xml',''),(305,3,0,0,'Afrikaans','','pkg_af-ZA','package','',0,'2.5.14.1','','http://update.joomla.org/language/details/af-ZA_details.xml',''),(306,3,0,0,'Chinese Simplified','','pkg_zh-CN','package','',0,'2.5.14.1','','http://update.joomla.org/language/details/zh-CN_details.xml',''),(307,3,0,0,'Chinese Traditional','','pkg_zh-TW','package','',0,'2.5.13.1','','http://update.joomla.org/language/details/zh-TW_details.xml',''),(308,3,0,0,'Croatian','','pkg_hr-HR','package','',0,'2.5.13.1','','http://update.joomla.org/language/details/hr-HR_details.xml',''),(309,3,0,0,'Tamil India','','pkg_ta-IN','package','',0,'2.5.14.2','','http://update.joomla.org/language/details/ta-IN_details.xml',''),(310,3,0,0,'Swahili','','pkg_sw-KE','package','',0,'2.5.14.1','','http://update.joomla.org/language/details/sw-KE_details.xml','');

--
-- Table structure for table `fred7_user_notes`
--

CREATE TABLE `fred7_user_notes` (
  `id` int(10) unsigned NOT NULL AUTO_INCREMENT,
  `user_id` int(10) unsigned NOT NULL DEFAULT '0',
  `catid` int(10) unsigned NOT NULL DEFAULT '0',
  `subject` varchar(100) NOT NULL DEFAULT '',
  `body` text NOT NULL,
  `state` tinyint(3) NOT NULL DEFAULT '0',
  `checked_out` int(10) unsigned NOT NULL DEFAULT '0',
  `checked_out_time` datetime NOT NULL DEFAULT '0000-00-00 00:00:00',
  `created_user_id` int(10) unsigned NOT NULL DEFAULT '0',
  `created_time` datetime NOT NULL DEFAULT '0000-00-00 00:00:00',
  `modified_user_id` int(10) unsigned NOT NULL,
  `modified_time` datetime NOT NULL DEFAULT '0000-00-00 00:00:00',
  `review_time` datetime NOT NULL DEFAULT '0000-00-00 00:00:00',
  `publish_up` datetime NOT NULL DEFAULT '0000-00-00 00:00:00',
  `publish_down` datetime NOT NULL DEFAULT '0000-00-00 00:00:00',
  PRIMARY KEY (`id`),
  KEY `idx_user_id` (`user_id`),
  KEY `idx_category_id` (`catid`)
) ENGINE=InnoDB DEFAULT CHARSET=utf8;

--
-- Dumping data for table `fred7_user_notes`
--


--
-- Table structure for table `fred7_user_profiles`
--

CREATE TABLE `fred7_user_profiles` (
  `user_id` int(11) NOT NULL,
  `profile_key` varchar(100) NOT NULL,
  `profile_value` varchar(255) NOT NULL,
  `ordering` int(11) NOT NULL DEFAULT '0',
  UNIQUE KEY `idx_user_id_profile_key` (`user_id`,`profile_key`)
) ENGINE=InnoDB DEFAULT CHARSET=utf8 COMMENT='Simple user profile storage table';

--
-- Dumping data for table `fred7_user_profiles`
--


--
-- Table structure for table `fred7_user_usergroup_map`
--

CREATE TABLE `fred7_user_usergroup_map` (
  `user_id` int(10) unsigned NOT NULL DEFAULT '0' COMMENT 'Foreign Key to #__users.id',
  `group_id` int(10) unsigned NOT NULL DEFAULT '0' COMMENT 'Foreign Key to #__usergroups.id',
  PRIMARY KEY (`user_id`,`group_id`)
) ENGINE=InnoDB DEFAULT CHARSET=utf8;

--
-- Dumping data for table `fred7_user_usergroup_map`
--

INSERT INTO `fred7_user_usergroup_map` VALUES (434,8);

--
-- Table structure for table `fred7_usergroups`
--

CREATE TABLE `fred7_usergroups` (
  `id` int(10) unsigned NOT NULL AUTO_INCREMENT COMMENT 'Primary Key',
  `parent_id` int(10) unsigned NOT NULL DEFAULT '0' COMMENT 'Adjacency List Reference Id',
  `lft` int(11) NOT NULL DEFAULT '0' COMMENT 'Nested set lft.',
  `rgt` int(11) NOT NULL DEFAULT '0' COMMENT 'Nested set rgt.',
  `title` varchar(100) NOT NULL DEFAULT '',
  PRIMARY KEY (`id`),
  UNIQUE KEY `idx_usergroup_parent_title_lookup` (`parent_id`,`title`),
  KEY `idx_usergroup_title_lookup` (`title`),
  KEY `idx_usergroup_adjacency_lookup` (`parent_id`),
  KEY `idx_usergroup_nested_set_lookup` (`lft`,`rgt`) USING BTREE
) ENGINE=InnoDB AUTO_INCREMENT=9 DEFAULT CHARSET=utf8;

--
-- Dumping data for table `fred7_usergroups`
--

INSERT INTO `fred7_usergroups` VALUES (1,0,1,20,'Public'),(2,1,6,17,'Registered'),(3,2,7,14,'Author'),(4,3,8,11,'Editor'),(5,4,9,10,'Publisher'),(6,1,2,5,'Manager'),(7,6,3,4,'Administrator'),(8,1,18,19,'Super Users');

--
-- Table structure for table `fred7_users`
--

CREATE TABLE `fred7_users` (
  `id` int(11) NOT NULL AUTO_INCREMENT,
  `name` varchar(255) NOT NULL DEFAULT '',
  `username` varchar(150) NOT NULL DEFAULT '',
  `email` varchar(100) NOT NULL DEFAULT '',
  `password` varchar(100) NOT NULL DEFAULT '',
  `usertype` varchar(25) NOT NULL DEFAULT '',
  `block` tinyint(4) NOT NULL DEFAULT '0',
  `sendEmail` tinyint(4) DEFAULT '0',
  `registerDate` datetime NOT NULL DEFAULT '0000-00-00 00:00:00',
  `lastvisitDate` datetime NOT NULL DEFAULT '0000-00-00 00:00:00',
  `activation` varchar(100) NOT NULL DEFAULT '',
  `params` text NOT NULL,
  `lastResetTime` datetime NOT NULL DEFAULT '0000-00-00 00:00:00' COMMENT 'Date of last password reset',
  `resetCount` int(11) NOT NULL DEFAULT '0' COMMENT 'Count of password resets since lastResetTime',
  PRIMARY KEY (`id`),
  KEY `usertype` (`usertype`),
  KEY `idx_name` (`name`),
  KEY `idx_block` (`block`),
  KEY `username` (`username`),
  KEY `email` (`email`)
) ENGINE=InnoDB AUTO_INCREMENT=435 DEFAULT CHARSET=utf8;

--
-- Dumping data for table `fred7_users`
--

INSERT INTO `fred7_users` VALUES (434,'Super User','admin','arm_pree@hotmail.com','a551086d7650caa2a9d7c40d80cd4dfb:aNIzzh4UFv0rLGsSw4E6ZU7Kgg18AGlr','deprecated',0,1,'2013-07-29 08:44:32','2013-09-11 00:01:24','0','{\"admin_style\":\"\",\"admin_language\":\"\",\"language\":\"\",\"editor\":\"\",\"helpsite\":\"\",\"timezone\":\"\"}','0000-00-00 00:00:00',0);

--
-- Table structure for table `fred7_viewlevels`
--

CREATE TABLE `fred7_viewlevels` (
  `id` int(10) unsigned NOT NULL AUTO_INCREMENT COMMENT 'Primary Key',
  `title` varchar(100) NOT NULL DEFAULT '',
  `ordering` int(11) NOT NULL DEFAULT '0',
  `rules` varchar(5120) NOT NULL COMMENT 'JSON encoded access control.',
  PRIMARY KEY (`id`),
  UNIQUE KEY `idx_assetgroup_title_lookup` (`title`)
) ENGINE=InnoDB AUTO_INCREMENT=4 DEFAULT CHARSET=utf8;

--
-- Dumping data for table `fred7_viewlevels`
--

INSERT INTO `fred7_viewlevels` VALUES (1,'Public',0,'[1]'),(2,'Registered',1,'[6,2,8]'),(3,'Special',2,'[6,3,8]');

--
-- Table structure for table `fred7_weblinks`
--

CREATE TABLE `fred7_weblinks` (
  `id` int(10) unsigned NOT NULL AUTO_INCREMENT,
  `catid` int(11) NOT NULL DEFAULT '0',
  `sid` int(11) NOT NULL DEFAULT '0',
  `title` varchar(250) NOT NULL DEFAULT '',
  `alias` varchar(255) CHARACTER SET utf8 COLLATE utf8_bin NOT NULL DEFAULT '',
  `url` varchar(250) NOT NULL DEFAULT '',
  `description` text NOT NULL,
  `date` datetime NOT NULL DEFAULT '0000-00-00 00:00:00',
  `hits` int(11) NOT NULL DEFAULT '0',
  `state` tinyint(1) NOT NULL DEFAULT '0',
  `checked_out` int(11) NOT NULL DEFAULT '0',
  `checked_out_time` datetime NOT NULL DEFAULT '0000-00-00 00:00:00',
  `ordering` int(11) NOT NULL DEFAULT '0',
  `archived` tinyint(1) NOT NULL DEFAULT '0',
  `approved` tinyint(1) NOT NULL DEFAULT '1',
  `access` int(11) NOT NULL DEFAULT '1',
  `params` text NOT NULL,
  `language` char(7) NOT NULL DEFAULT '',
  `created` datetime NOT NULL DEFAULT '0000-00-00 00:00:00',
  `created_by` int(10) unsigned NOT NULL DEFAULT '0',
  `created_by_alias` varchar(255) NOT NULL DEFAULT '',
  `modified` datetime NOT NULL DEFAULT '0000-00-00 00:00:00',
  `modified_by` int(10) unsigned NOT NULL DEFAULT '0',
  `metakey` text NOT NULL,
  `metadesc` text NOT NULL,
  `metadata` text NOT NULL,
  `featured` tinyint(3) unsigned NOT NULL DEFAULT '0' COMMENT 'Set if link is featured.',
  `xreference` varchar(50) NOT NULL COMMENT 'A reference to enable linkages to external data sets.',
  `publish_up` datetime NOT NULL DEFAULT '0000-00-00 00:00:00',
  `publish_down` datetime NOT NULL DEFAULT '0000-00-00 00:00:00',
  PRIMARY KEY (`id`),
  KEY `idx_access` (`access`),
  KEY `idx_checkout` (`checked_out`),
  KEY `idx_state` (`state`),
  KEY `idx_catid` (`catid`),
  KEY `idx_createdby` (`created_by`),
  KEY `idx_featured_catid` (`featured`,`catid`),
  KEY `idx_language` (`language`),
  KEY `idx_xreference` (`xreference`)
) ENGINE=InnoDB DEFAULT CHARSET=utf8;

--
-- Dumping data for table `fred7_weblinks`
--


--
-- Table structure for table `fred7_wf_profiles`
--

CREATE TABLE `fred7_wf_profiles` (
  `id` int(11) NOT NULL AUTO_INCREMENT,
  `name` varchar(255) NOT NULL,
  `description` text NOT NULL,
  `users` text NOT NULL,
  `types` text NOT NULL,
  `components` text NOT NULL,
  `area` tinyint(3) NOT NULL,
  `device` varchar(255) NOT NULL,
  `rows` text NOT NULL,
  `plugins` text NOT NULL,
  `published` tinyint(3) NOT NULL,
  `ordering` int(11) NOT NULL,
  `checked_out` tinyint(3) NOT NULL,
  `checked_out_time` datetime NOT NULL,
  `params` text NOT NULL,
  PRIMARY KEY (`id`)
) ENGINE=InnoDB AUTO_INCREMENT=5 DEFAULT CHARSET=utf8;

--
-- Dumping data for table `fred7_wf_profiles`
--

INSERT INTO `fred7_wf_profiles` VALUES (1,'Default','Default Profile for all users','','3,4,5,6,8,7','',0,'desktop,tablet,phone','help,newdocument,undo,redo,spacer,bold,italic,underline,strikethrough,justifyfull,justifycenter,justifyleft,justifyright,spacer,blockquote,formatselect,styleselect,removeformat,cleanup;fontselect,fontsizeselect,forecolor,backcolor,spacer,clipboard,indent,outdent,lists,sub,sup,textcase,charmap,hr;directionality,fullscreen,preview,source,print,searchreplace,spacer,table;visualaid,visualchars,visualblocks,nonbreaking,style,xhtmlxtras,anchor,unlink,link,imgmanager,spellchecker,article','charmap,contextmenu,browser,inlinepopups,media,help,clipboard,searchreplace,directionality,fullscreen,preview,source,table,textcase,print,style,nonbreaking,visualchars,visualblocks,xhtmlxtras,imgmanager,anchor,link,spellchecker,article,lists',1,1,0,'0000-00-00 00:00:00',''),(2,'Front End','Sample Front-end Profile','','3,4,5','',1,'desktop,tablet,phone','help,newdocument,undo,redo,spacer,bold,italic,underline,strikethrough,justifyfull,justifycenter,justifyleft,justifyright,spacer,formatselect,styleselect;clipboard,searchreplace,indent,outdent,lists,cleanup,charmap,removeformat,hr,sub,sup,textcase,nonbreaking,visualchars,visualblocks;fullscreen,preview,print,visualaid,style,xhtmlxtras,anchor,unlink,link,imgmanager,spellchecker,article','charmap,contextmenu,inlinepopups,help,clipboard,searchreplace,fullscreen,preview,print,style,textcase,nonbreaking,visualchars,visualblocks,xhtmlxtras,imgmanager,anchor,link,spellchecker,article,lists',0,2,0,'0000-00-00 00:00:00',''),(3,'Blogger','Simple Blogging Profile','','3,4,5,6,8,7','',0,'desktop,tablet,phone','bold,italic,strikethrough,lists,blockquote,spacer,justifyleft,justifycenter,justifyright,spacer,link,unlink,imgmanager,article,spellchecker,fullscreen,kitchensink;formatselect,underline,justifyfull,forecolor,clipboard,removeformat,charmap,indent,outdent,undo,redo,help','link,imgmanager,article,spellchecker,fullscreen,kitchensink,clipboard,contextmenu,inlinepopups,lists',0,3,0,'0000-00-00 00:00:00','{\"editor\":{\"toggle\":\"0\"}}'),(4,'Mobile','Sample Mobile Profile','','3,4,5,6,8,7','',0,'tablet,phone','undo,redo,spacer,bold,italic,underline,formatselect,spacer,justifyleft,justifycenter,justifyfull,justifyright,spacer,fullscreen,kitchensink;styleselect,lists,spellchecker,article,link,unlink','fullscreen,kitchensink,spellchecker,article,link,inlinepopups,lists',0,4,0,'0000-00-00 00:00:00','{\"editor\":{\"toolbar_theme\":\"mobile\",\"resizing\":\"0\",\"resize_horizontal\":\"0\",\"resizing_use_cookie\":\"0\",\"toggle\":\"0\",\"links\":{\"popups\":{\"default\":\"\",\"jcemediabox\":{\"enable\":\"0\"},\"window\":{\"enable\":\"0\"}}}}}');


