-- Table structure for table `o4vxs_phocagallery_categories`
--

CREATE TABLE `o4vxs_phocagallery_categories` (
  `id` int(11) NOT NULL AUTO_INCREMENT,
  `parent_id` int(11) NOT NULL DEFAULT '0',
  `owner_id` int(11) NOT NULL DEFAULT '0',
  `title` varchar(255) NOT NULL DEFAULT '',
  `name` varchar(255) NOT NULL DEFAULT '',
  `alias` varchar(255) NOT NULL DEFAULT '',
  `image` varchar(255) NOT NULL DEFAULT '',
  `section` varchar(50) NOT NULL DEFAULT '',
  `image_position` varchar(30) NOT NULL DEFAULT '',
  `description` text,
  `date` datetime NOT NULL DEFAULT '0000-00-00 00:00:00',
  `published` tinyint(1) NOT NULL DEFAULT '0',
  `approved` tinyint(1) NOT NULL DEFAULT '0',
  `checked_out` int(11) unsigned NOT NULL DEFAULT '0',
  `checked_out_time` datetime NOT NULL DEFAULT '0000-00-00 00:00:00',
  `editor` varchar(50) DEFAULT NULL,
  `ordering` int(11) NOT NULL DEFAULT '0',
  `access` tinyint(3) unsigned NOT NULL DEFAULT '0',
  `count` int(11) NOT NULL DEFAULT '0',
  `hits` int(11) NOT NULL DEFAULT '0',
  `accessuserid` text,
  `uploaduserid` text,
  `deleteuserid` text,
  `userfolder` text,
  `latitude` varchar(20) NOT NULL DEFAULT '',
  `longitude` varchar(20) NOT NULL DEFAULT '',
  `zoom` int(3) NOT NULL DEFAULT '0',
  `geotitle` varchar(255) NOT NULL DEFAULT '',
  `extid` varchar(255) NOT NULL DEFAULT '',
  `exta` varchar(255) NOT NULL DEFAULT '',
  `extu` varchar(255) NOT NULL DEFAULT '',
  `extauth` varchar(255) NOT NULL DEFAULT '',
  `extfbuid` int(11) NOT NULL DEFAULT '0',
  `extfbcatid` varchar(255) NOT NULL DEFAULT '',
  `params` text,
  `metakey` text,
  `metadesc` text,
  `metadata` text,
  `language` char(7) NOT NULL DEFAULT '',
  PRIMARY KEY (`id`),
  KEY `cat_idx` (`section`,`published`,`access`),
  KEY `idx_access` (`access`),
  KEY `idx_checkout` (`checked_out`)
) ENGINE=InnoDB AUTO_INCREMENT=10 DEFAULT CHARSET=utf8;

--
-- Dumping data for table `o4vxs_phocagallery_categories`
--

INSERT INTO `o4vxs_phocagallery_categories` VALUES (1,0,0,'บรรยากาศภายในวิทยาลัย','','gallery-picture','','','','','2013-10-10 00:00:00',1,1,0,'0000-00-00 00:00:00',NULL,1,1,0,321,'0','0','0','','','',0,'','','','','',0,'',NULL,'','',NULL,'*'),(2,0,0,'NMBK singing contest','','nmbk-singing-contest','','','','','2013-10-10 03:34:29',1,1,0,'0000-00-00 00:00:00',NULL,2,1,0,652,'0','0','0','','','',0,'','','','','',0,'',NULL,'','',NULL,'*'),(3,0,0,'12 สิงหา ','','12','','','','','2013-10-10 00:00:00',1,1,0,'0000-00-00 00:00:00',NULL,3,1,0,247,'0','0','0','','','',0,'','','','','',0,'',NULL,'','',NULL,'*'),(4,0,0,'วันรับใบประกาศปีการศึกษา 2555','','2555','','','','','2013-10-10 04:10:47',1,1,0,'0000-00-00 00:00:00',NULL,4,1,0,1443,'0','0','0','','','',0,'','','','','',0,'',NULL,'','',NULL,'*'),(5,0,0,'ขวบลอยกระทง 55','','55','','','','','2013-10-10 13:17:50',1,1,0,'0000-00-00 00:00:00',NULL,5,1,0,371,'0','0','0','','','',0,'','','','','',0,'',NULL,'','',NULL,'*'),(6,0,0,'sport day 55','','sport-day-55','','','','','2013-10-11 03:45:05',1,1,0,'0000-00-00 00:00:00',NULL,6,1,0,830,'0','0','0','','','',0,'','','','','',0,'',NULL,'','',NULL,'*'),(7,0,0,'พิธีหล่อเทียนพรรษา','','2013-10-11-04-01-50','','','','','2013-10-11 04:01:50',1,1,0,'0000-00-00 00:00:00',NULL,7,1,0,131,'0','0','0','','','',0,'','','','','',0,'',NULL,'','',NULL,'*'),(8,0,0,'ร่วมขบวนเฉลิมพระเกียรติ 86 พรรษา 5 ธันวาคม 2556','','86-5-2556','','','','','2014-01-20 00:00:00',1,1,0,'0000-00-00 00:00:00',NULL,8,1,0,399,'0','0','0','','','',0,'','','','','',0,'',NULL,'','',NULL,'*'),(9,0,0,'ขบวนกระทง56','','56','','','','','2014-01-20 15:45:10',1,1,0,'0000-00-00 00:00:00',NULL,9,1,0,1158,'0','0','0','','','',0,'','','','','',0,'',NULL,'','',NULL,'*');

--
-- Table structure for table `o4vxs_phocagallery_comments`
--

CREATE TABLE `o4vxs_phocagallery_comments` (
  `id` int(11) NOT NULL AUTO_INCREMENT,
  `catid` int(11) NOT NULL DEFAULT '0',
  `userid` int(11) NOT NULL DEFAULT '0',
  `date` datetime NOT NULL DEFAULT '0000-00-00 00:00:00',
  `title` varchar(255) NOT NULL DEFAULT '',
  `alias` varchar(255) NOT NULL DEFAULT '',
  `comment` text,
  `published` tinyint(1) NOT NULL DEFAULT '0',
  `checked_out` int(11) unsigned NOT NULL DEFAULT '0',
  `checked_out_time` datetime NOT NULL DEFAULT '0000-00-00 00:00:00',
  `ordering` int(11) NOT NULL DEFAULT '0',
  `params` text,
  `language` char(7) NOT NULL DEFAULT '',
  PRIMARY KEY (`id`)
) ENGINE=InnoDB DEFAULT CHARSET=utf8;

--
-- Dumping data for table `o4vxs_phocagallery_comments`
--


--
-- Table structure for table `o4vxs_phocagallery_fb_users`
--

CREATE TABLE `o4vxs_phocagallery_fb_users` (
  `id` int(11) NOT NULL AUTO_INCREMENT,
  `appid` varchar(255) NOT NULL DEFAULT '',
  `appsid` varchar(255) NOT NULL DEFAULT '',
  `uid` varchar(255) NOT NULL DEFAULT '',
  `name` varchar(255) NOT NULL DEFAULT '',
  `link` varchar(255) NOT NULL DEFAULT '',
  `secret` varchar(255) NOT NULL DEFAULT '',
  `base_domain` varchar(255) NOT NULL DEFAULT '',
  `expires` varchar(100) NOT NULL DEFAULT '',
  `session_key` text,
  `access_token` text,
  `sig` text,
  `fanpageid` varchar(255) NOT NULL DEFAULT '',
  `published` tinyint(1) NOT NULL DEFAULT '0',
  `checked_out` int(11) unsigned NOT NULL DEFAULT '0',
  `checked_out_time` datetime NOT NULL DEFAULT '0000-00-00 00:00:00',
  `ordering` int(11) NOT NULL DEFAULT '0',
  `comments` text,
  `params` text,
  `language` char(7) NOT NULL DEFAULT '',
  PRIMARY KEY (`id`)
) ENGINE=InnoDB DEFAULT CHARSET=utf8;

--
-- Dumping data for table `o4vxs_phocagallery_fb_users`
--


--
-- Table structure for table `o4vxs_phocagallery_img_comments`
--

CREATE TABLE `o4vxs_phocagallery_img_comments` (
  `id` int(11) NOT NULL AUTO_INCREMENT,
  `imgid` int(11) NOT NULL DEFAULT '0',
  `userid` int(11) NOT NULL DEFAULT '0',
  `date` datetime NOT NULL DEFAULT '0000-00-00 00:00:00',
  `title` varchar(255) NOT NULL DEFAULT '',
  `alias` varchar(255) NOT NULL DEFAULT '',
  `comment` text,
  `published` tinyint(1) NOT NULL DEFAULT '0',
  `checked_out` int(11) unsigned NOT NULL DEFAULT '0',
  `checked_out_time` datetime NOT NULL DEFAULT '0000-00-00 00:00:00',
  `ordering` int(11) NOT NULL DEFAULT '0',
  `params` text,
  `language` char(7) NOT NULL DEFAULT '',
  PRIMARY KEY (`id`)
) ENGINE=InnoDB DEFAULT CHARSET=utf8;

--
-- Dumping data for table `o4vxs_phocagallery_img_comments`
--


--
-- Table structure for table `o4vxs_phocagallery_img_votes`
--

CREATE TABLE `o4vxs_phocagallery_img_votes` (
  `id` int(11) NOT NULL AUTO_INCREMENT,
  `imgid` int(11) NOT NULL DEFAULT '0',
  `userid` int(11) NOT NULL DEFAULT '0',
  `date` datetime NOT NULL DEFAULT '0000-00-00 00:00:00',
  `rating` tinyint(1) NOT NULL DEFAULT '0',
  `published` tinyint(1) NOT NULL DEFAULT '0',
  `checked_out` int(11) unsigned NOT NULL DEFAULT '0',
  `checked_out_time` datetime NOT NULL DEFAULT '0000-00-00 00:00:00',
  `ordering` int(11) NOT NULL DEFAULT '0',
  `params` text,
  `language` char(7) NOT NULL DEFAULT '',
  PRIMARY KEY (`id`)
) ENGINE=InnoDB DEFAULT CHARSET=utf8;

--
-- Dumping data for table `o4vxs_phocagallery_img_votes`
--


--
-- Table structure for table `o4vxs_phocagallery_img_votes_statistics`
--

CREATE TABLE `o4vxs_phocagallery_img_votes_statistics` (
  `id` int(11) NOT NULL AUTO_INCREMENT,
  `imgid` int(11) NOT NULL DEFAULT '0',
  `count` int(11) NOT NULL DEFAULT '0',
  `average` float(8,6) NOT NULL DEFAULT '0.000000',
  `language` char(7) NOT NULL DEFAULT '',
  PRIMARY KEY (`id`)
) ENGINE=InnoDB DEFAULT CHARSET=utf8;

--
-- Dumping data for table `o4vxs_phocagallery_img_votes_statistics`
--


--
-- Table structure for table `o4vxs_phocagallery_tags`
--

CREATE TABLE `o4vxs_phocagallery_tags` (
  `id` int(11) NOT NULL AUTO_INCREMENT,
  `title` varchar(255) NOT NULL DEFAULT '',
  `alias` varchar(255) NOT NULL DEFAULT '',
  `link_cat` int(11) NOT NULL DEFAULT '0',
  `link_ext` varchar(255) NOT NULL DEFAULT '',
  `description` text,
  `published` tinyint(1) NOT NULL DEFAULT '0',
  `checked_out` int(11) unsigned NOT NULL DEFAULT '0',
  `checked_out_time` datetime NOT NULL DEFAULT '0000-00-00 00:00:00',
  `ordering` int(11) NOT NULL DEFAULT '0',
  `params` text,
  `language` char(7) NOT NULL DEFAULT '',
  PRIMARY KEY (`id`)
) ENGINE=InnoDB DEFAULT CHARSET=utf8;

--
-- Dumping data for table `o4vxs_phocagallery_tags`
--


--
-- Table structure for table `o4vxs_phocagallery_tags_ref`
--

CREATE TABLE `o4vxs_phocagallery_tags_ref` (
  `id` bigint(20) unsigned NOT NULL AUTO_INCREMENT,
  `imgid` int(11) NOT NULL DEFAULT '0',
  `tagid` int(11) NOT NULL DEFAULT '0',
  PRIMARY KEY (`id`),
  UNIQUE KEY `id` (`id`),
  UNIQUE KEY `i_imgid` (`imgid`,`tagid`)
) ENGINE=InnoDB DEFAULT CHARSET=utf8;

--
-- Dumping data for table `o4vxs_phocagallery_tags_ref`
--


--
-- Table structure for table `o4vxs_phocagallery_user`
--

CREATE TABLE `o4vxs_phocagallery_user` (
  `id` int(11) NOT NULL AUTO_INCREMENT,
  `userid` int(11) NOT NULL DEFAULT '0',
  `avatar` varchar(40) NOT NULL DEFAULT '',
  `published` tinyint(1) NOT NULL DEFAULT '0',
  `approved` tinyint(1) NOT NULL DEFAULT '0',
  `checked_out` int(11) NOT NULL DEFAULT '0',
  `checked_out_time` datetime NOT NULL DEFAULT '0000-00-00 00:00:00',
  `ordering` int(11) NOT NULL DEFAULT '0',
  `params` text,
  `language` char(7) NOT NULL DEFAULT '',
  PRIMARY KEY (`id`),
  KEY `userid` (`userid`)
) ENGINE=InnoDB DEFAULT CHARSET=utf8;

--
-- Dumping data for table `o4vxs_phocagallery_user`
--


--
-- Table structure for table `o4vxs_phocagallery_votes`
--

CREATE TABLE `o4vxs_phocagallery_votes` (
  `id` int(11) NOT NULL AUTO_INCREMENT,
  `catid` int(11) NOT NULL DEFAULT '0',
  `userid` int(11) NOT NULL DEFAULT '0',
  `date` datetime NOT NULL DEFAULT '0000-00-00 00:00:00',
  `rating` tinyint(1) NOT NULL DEFAULT '0',
  `published` tinyint(1) NOT NULL DEFAULT '0',
  `checked_out` int(11) unsigned NOT NULL DEFAULT '0',
  `checked_out_time` datetime NOT NULL DEFAULT '0000-00-00 00:00:00',
  `ordering` int(11) NOT NULL DEFAULT '0',
  `params` text,
  `language` char(7) NOT NULL DEFAULT '',
  PRIMARY KEY (`id`)
) ENGINE=InnoDB DEFAULT CHARSET=utf8;

--
-- Dumping data for table `o4vxs_phocagallery_votes`
--


--
-- Table structure for table `o4vxs_phocagallery_votes_statistics`
--

CREATE TABLE `o4vxs_phocagallery_votes_statistics` (
  `id` int(11) NOT NULL AUTO_INCREMENT,
  `catid` int(11) NOT NULL DEFAULT '0',
  `count` int(11) NOT NULL DEFAULT '0',
  `average` float(8,6) NOT NULL DEFAULT '0.000000',
  `language` char(7) NOT NULL DEFAULT '',
  PRIMARY KEY (`id`)
) ENGINE=InnoDB DEFAULT CHARSET=utf8;

--
-- Dumping data for table `o4vxs_phocagallery_votes_statistics`
--


--
-- Table structure for table `o4vxs_redirect_links`
--

CREATE TABLE `o4vxs_redirect_links` (
  `id` int(10) unsigned NOT NULL AUTO_INCREMENT,
  `old_url` varchar(255) NOT NULL,
  `new_url` varchar(255) NOT NULL,
  `referer` varchar(150) NOT NULL,
  `comment` varchar(255) NOT NULL,
  `hits` int(10) unsigned NOT NULL DEFAULT '0',
  `published` tinyint(4) NOT NULL,
  `created_date` datetime NOT NULL DEFAULT '0000-00-00 00:00:00',
  `modified_date` datetime NOT NULL DEFAULT '0000-00-00 00:00:00',
  PRIMARY KEY (`id`),
  UNIQUE KEY `idx_link_old` (`old_url`),
  KEY `idx_link_modifed` (`modified_date`)
) ENGINE=MyISAM AUTO_INCREMENT=214 DEFAULT CHARSET=utf8;

--
-- Dumping data for table `o4vxs_redirect_links`
--

INSERT INTO `o4vxs_redirect_links` VALUES (1,'http://www.northmbk.ac.th//index.php/includes/xml/bitfield_vbseo.xml','','','',1,0,'2013-09-13 10:25:50','0000-00-00 00:00:00'),(2,'http://www.northmbk.ac.th/index.php?Itemid=117','','','',1,0,'2013-09-14 18:19:50','0000-00-00 00:00:00'),(3,'http://www.northmbk.ac.th/index.php?Itemid=119','','','',1,0,'2013-09-14 18:49:50','0000-00-00 00:00:00'),(4,'http://www.northmbk.ac.th/index.php?Itemid=118','','','',3,0,'2013-09-14 19:04:50','0000-00-00 00:00:00'),(5,'http://www.northmbk.ac.th/index.php?Itemid=122','','','',1,0,'2013-09-14 19:34:50','0000-00-00 00:00:00'),(6,'http://www.northmbk.ac.th/index.php/2013-07-29-09-12-27','','','',1,0,'2013-09-14 19:49:50','0000-00-00 00:00:00'),(7,'http://www.northmbk.ac.th/index.php/2013-09-09-03-57-53','','','',1,0,'2013-09-14 20:04:50','0000-00-00 00:00:00'),(8,'http://www.northmbk.ac.th/index.php/2013-09-09-03-31-59','','','',1,0,'2013-09-14 20:19:50','0000-00-00 00:00:00'),(9,'http://www.northmbk.ac.th/index.php/2013-09-09-03-52-34','','','',1,0,'2013-09-14 20:34:50','0000-00-00 00:00:00'),(10,'http://www.northmbk.ac.th/index.php/cache/d6617be5e8144bd499a3259f438dd817','','http://www.northmbk.ac.th/index.php/2013-09-12-05-23-26','',3,0,'2013-09-15 11:59:26','0000-00-00 00:00:00'),(11,'http://www.northmbk.ac.th/index.php?Itemid=121','','','',2,0,'2013-09-15 16:04:34','0000-00-00 00:00:00'),(12,'http://www.northmbk.ac.th/index.php?Itemid=120','','','',2,0,'2013-09-15 16:49:31','0000-00-00 00:00:00'),(13,'http://www.northmbk.ac.th/index.php/2013-09-09-03-52-59','','','',1,0,'2013-09-15 18:49:31','0000-00-00 00:00:00'),(14,'http://www.northmbk.ac.th/index.php/from','','','',1,0,'2013-09-16 00:57:46','0000-00-00 00:00:00'),(15,'http://www.northmbk.ac.th/index.php/2013-09-09-02-14-20','','','',1,0,'2013-09-16 21:18:18','0000-00-00 00:00:00'),(16,'http://www.northmbk.ac.th/index.php?option=com_phocadownload&view=category&download=20&id=3:-----&Itemid=30','','','',1,0,'2013-09-18 22:55:30','0000-00-00 00:00:00'),(17,'http://www.northmbk.ac.th/index.php?option=com_phocadownload&view=sections&Itemid=43','','','',8,0,'2013-09-20 00:28:02','0000-00-00 00:00:00'),(18,'http://www.northmbk.ac.th/index.php/2013-09-09-03-54-28','','','',1,0,'2013-09-20 16:59:22','0000-00-00 00:00:00'),(19,'http://www.northmbk.ac.th/index.php/2013-09-09-03-56-47','','','',1,0,'2013-09-20 17:14:22','0000-00-00 00:00:00'),(20,'http://www.northmbk.ac.th/index.php/undefined','','http://www.northmbk.ac.th/index.php/2013-09-11-09-22-27','',3,0,'2013-09-25 14:48:05','0000-00-00 00:00:00'),(21,'http://www.northmbk.ac.th/index.php/98-2013-09-15-09-35-37/78-1-2556?tmpl=component&print=1&page=','','','',5,0,'2013-09-29 18:43:36','0000-00-00 00:00:00'),(22,'http://www.northmbk.ac.th/index.php/2013-09-11-14-16-19','','','',25,0,'2013-09-30 18:05:10','0000-00-00 00:00:00'),(23,'http://www.northmbk.ac.th/index.php/2013-09-11-14-17-37','','','',32,0,'2013-10-01 04:41:45','0000-00-00 00:00:00'),(24,'http://www.northmbk.ac.th/index.php/98-2013-09-15-09-35-37/78-1-2556','','','',14,0,'2013-10-01 06:46:39','0000-00-00 00:00:00'),(25,'http://www.northmbk.ac.th/index.php/2013-09-11-14-18-52','','','',22,0,'2013-10-01 07:06:57','0000-00-00 00:00:00'),(26,'http://www.northmbk.ac.th/index.php/2013-09-11-14-20-34','','','',29,0,'2013-10-01 14:18:35','0000-00-00 00:00:00'),(27,'http://www.northmbk.ac.th/index.php/2013-09-11-14-30-22','','','',24,0,'2013-10-01 15:41:04','0000-00-00 00:00:00'),(28,'http://www.northmbk.ac.th/index.php/2013-09-11-14-31-40','','','',22,0,'2013-10-01 15:52:00','0000-00-00 00:00:00'),(29,'http://www.northmbk.ac.th/index.php/2013-09-11-14-32-06','','','',23,0,'2013-10-01 16:07:39','0000-00-00 00:00:00'),(30,'http://www.northmbk.ac.th/index.php/2013-09-13-09-17-13','','','',23,0,'2013-10-01 17:56:32','0000-00-00 00:00:00'),(31,'http://www.northmbk.ac.th/index.php/2013-09-11-14-20-01','','','',29,0,'2013-10-01 21:37:22','0000-00-00 00:00:00'),(32,'http://www.northmbk.ac.th/index.php/2013-09-11-14-18-15','','','',23,0,'2013-10-01 22:40:32','0000-00-00 00:00:00'),(33,'http://www.northmbk.ac.th/index.php?option=com_content&view=article&id=&Itemid=435','','http://www.northmbk.ac.th/administrator/index.php?option=com_content&view=article&layout=edit','',2,0,'2013-10-03 07:14:35','0000-00-00 00:00:00'),(34,'http://www.northmbk.ac.th/index.php/2013-09-11-14-26-49','','','',24,0,'2013-10-03 11:49:49','0000-00-00 00:00:00'),(35,'http://www.northmbk.ac.th/index.php?option=com_lightgallery&view=category&Itemid=34','','','',12,0,'2013-10-06 00:48:52','0000-00-00 00:00:00'),(36,'http://www.northmbk.ac.th/index.php?option=com_jevents&task=year.listevents&Itemid=0&year=2011&month=09&day=30','','','',7,0,'2013-10-07 00:26:59','0000-00-00 00:00:00'),(37,'http://www.northmbk.ac.th/index.php?option=com_jevents&task=search.form&year=2010&month=09&day=24&Itemid=41','','','',9,0,'2013-10-07 01:06:18','0000-00-00 00:00:00'),(38,'http://www.northmbk.ac.th/index.php?option=com_jevents&task=year.listevents&Itemid=41','','','',9,0,'2013-10-07 01:15:58','0000-00-00 00:00:00'),(39,'http://www.northmbk.ac.th/index.php?option=com_jevents&task=day.listevents&Itemid=0&year=2015&month=06&day=23','','','',7,0,'2013-10-07 10:09:39','0000-00-00 00:00:00'),(40,'http://www.northmbk.ac.th/index.php/2013-09-11-09-22-27/undefined','','http://www.northmbk.ac.th/index.php/2013-09-11-09-22-27/2013-09-11-09-23-01','',1,0,'2013-10-09 01:41:01','0000-00-00 00:00:00'),(41,'http://www.northmbk.ac.th/index.php/gallery-picture','','http://www.northmbk.ac.th/index.php/gallery-picture','',2,0,'2013-10-10 02:46:17','0000-00-00 00:00:00'),(42,'http://www.northmbk.ac.th/index.php?option=com_jevents&task=month.calendar&month=10&year=2011&Itemid=41','','','',1,0,'2013-10-17 23:13:47','0000-00-00 00:00:00'),(43,'http://www.northmbk.ac.th/index.php/homepage/2013-09-11-14-26-49','','http://www.northmbk.ac.th/index.php/forum/index','',19,0,'2013-10-20 14:05:04','0000-00-00 00:00:00'),(44,'http://www.northmbk.ac.th/index.php/homepage/2013-09-11-14-29-01','','http://www.northmbk.ac.th/index.php/forum/index','',3,0,'2013-10-20 14:05:17','0000-00-00 00:00:00'),(45,'http://www.northmbk.ac.th/index.php/2013-09-11-09-22-27/2013-09-30-12-40-58/2013-09-11-14-18-52','','','',19,0,'2013-10-20 18:46:43','0000-00-00 00:00:00'),(46,'http://www.northmbk.ac.th/index.php/2013-09-11-09-22-27/2013-09-30-12-40-58/2013-09-11-14-20-01','','','',20,0,'2013-10-21 05:32:58','0000-00-00 00:00:00'),(47,'http://www.northmbk.ac.th/index.php/2013-09-11-09-22-27/2013-09-30-12-40-58/2013-09-11-14-20-34','','','',19,0,'2013-10-21 18:26:27','0000-00-00 00:00:00'),(48,'http://www.northmbk.ac.th/index.php/homepage/2013-09-11-14-30-22','','','',12,0,'2013-10-22 00:06:22','0000-00-00 00:00:00'),(49,'http://www.northmbk.ac.th/index.php/homepage/2013-09-11-14-31-40','','','',22,0,'2013-10-22 01:26:46','0000-00-00 00:00:00'),(50,'http://www.northmbk.ac.th/index.php/homepage/2013-09-11-14-32-06','','','',16,0,'2013-10-22 09:02:23','0000-00-00 00:00:00'),(51,'http://www.northmbk.ac.th/index.php/2013-09-11-09-22-27/2013-09-30-12-40-58/2013-09-13-09-17-13','','','',14,0,'2013-10-22 12:32:21','0000-00-00 00:00:00'),(52,'http://www.northmbk.ac.th/index.php/2013-09-11-09-22-27/2013-09-30-12-40-58/2013-09-11-14-16-19','','','',14,0,'2013-10-23 10:43:24','0000-00-00 00:00:00'),(53,'http://www.northmbk.ac.th/index.php/2013-09-11-09-22-27/2013-09-30-12-40-58/2013-09-11-14-18-15','','','',13,0,'2013-10-24 03:16:11','0000-00-00 00:00:00'),(54,'http://www.northmbk.ac.th/index.php/2013-09-11-09-22-27/2013-09-30-12-40-58/2013-09-11-14-17-37','','','',15,0,'2013-10-24 19:13:42','0000-00-00 00:00:00'),(55,'http://www.northmbk.ac.th/index.php','','http://www.northmbk.ac.th/','',107,0,'2013-10-25 02:29:51','0000-00-00 00:00:00'),(56,'http://www.northmbk.ac.th:80/index.php?option=com_maianmedia','','','',1,0,'2013-10-26 08:23:04','0000-00-00 00:00:00'),(57,'http://www.northmbk.ac.th/index.php/scan','','','',7,0,'2013-10-28 23:40:15','0000-00-00 00:00:00'),(58,'http://www.northmbk.ac.th/index.php/67-whats-new-in-15','','','',6,0,'2013-11-01 00:42:23','0000-00-00 00:00:00'),(59,'http://www.northmbk.ac.th/index.php?option=com_user&view=remind','','','',4,0,'2013-11-01 02:25:41','0000-00-00 00:00:00'),(60,'http://www.northmbk.ac.th/index.php/component/content/article/98-2013-09-15-09-35-37/78-1-2556','','','',9,0,'2013-11-02 07:39:30','0000-00-00 00:00:00'),(61,'http://www.northmbk.ac.th/index.php?option=com_phocadownload&view=category&id=4:---&Itemid=30','','','',4,0,'2013-11-06 02:11:18','0000-00-00 00:00:00'),(62,'http://www.northmbk.ac.th/index.php?option=com_user&view=reset','','','',4,0,'2013-11-08 14:49:14','0000-00-00 00:00:00'),(63,'http://www.northmbk.ac.th/index.php?option=com_jevents&task=month.calendar&year=2010&month=09&day=30&Itemid=41','','','',5,0,'2013-11-09 01:17:24','0000-00-00 00:00:00'),(64,'http://www.northmbk.ac.th/index.php/98-2013-09-15-09-35-37/80-2013-09-19-07-43-22?tmpl=component&print=1&page=','','','',8,0,'2013-11-09 23:55:01','0000-00-00 00:00:00'),(65,'http://www.northmbk.ac.th/index.php/98-2013-09-15-09-35-37/80-2013-09-19-07-43-22','','','',18,0,'2013-11-10 23:51:45','0000-00-00 00:00:00'),(66,'http://www.northmbk.ac.th/index.php?option=com_content&view=category&id=4&Itemid=44','','','',6,0,'2013-11-12 13:43:54','0000-00-00 00:00:00'),(67,'http://www.northmbk.ac.th/index.php?option=com_phocadownload&view=section&id=1&Itemid=30','','','',6,0,'2013-11-17 23:45:39','0000-00-00 00:00:00'),(68,'http://www.northmbk.ac.th/index.php?option=com_user&view=register','','','',11,0,'2013-11-18 23:08:56','0000-00-00 00:00:00'),(69,'http://www.northmbk.ac.th/index.php?option=com_jevents&task=month.calendar&month=09&year=2010&Itemid=41','','','',7,0,'2013-12-20 21:32:29','0000-00-00 00:00:00'),(70,'http://www.northmbk.ac.th/index.php?option=com_jevents&task=month.calendar&Itemid=41&year=2010&month=11&day=30','','','',7,0,'2013-12-22 04:33:32','0000-00-00 00:00:00'),(71,'http://www.northmbk.ac.th/index.php?option=com_jevents&task=month.calendar&month=03&year=2001&Itemid=41','','','',1,0,'2013-12-28 06:44:58','0000-00-00 00:00:00'),(72,'http://www.northmbk.ac.th/index.php?option=com_content&view=article&id=16:2010-07-24-04-59-24&catid=13:2010-07-18-05-57-48&Itemid=1','','','',1,0,'2013-12-31 21:29:17','0000-00-00 00:00:00'),(73,'http://www.northmbk.ac.th/index.php/98-2013-09-15-09-35-37/104-2-2556','','','',18,0,'2014-01-22 13:47:37','0000-00-00 00:00:00'),(74,'http://www.northmbk.ac.th/index.php/98-2013-09-15-09-35-37/104-2-2556?tmpl=component&print=1&page=','','','',7,0,'2014-01-25 11:52:28','0000-00-00 00:00:00'),(75,'http://www.northmbk.ac.th/index.php/2013-10-20-14-15-22/\' + e.media$group.media$thumbnail[1].url + \'','','http://www.northmbk.ac.th/index.php/2013-10-20-14-15-22/2013-09-11-14-26-49','',1,0,'2014-02-10 04:09:41','0000-00-00 00:00:00'),(76,'http://www.northmbk.ac.th/index.php/2013-10-20-14-15-22/undefined','','http://www.northmbk.ac.th/index.php/2013-10-20-14-15-22/2013-09-11-14-32-06','',2,0,'2014-02-15 11:02:36','0000-00-00 00:00:00'),(77,'http://www.northmbk.ac.th/index.php?option=com_content&view=category&layout=blog&id=13&Itemid=1','','','',4,0,'2014-02-23 07:25:16','0000-00-00 00:00:00'),(78,'http://www.northmbk.ac.th/index.php?option=com_lightgallery&view=list&cid=5&Itemid=34','','','',7,0,'2014-02-23 20:42:17','0000-00-00 00:00:00'),(79,'http://www.northmbk.ac.th/index.php/2013-10-20-14-15-22/expressInstall.swf','','http://www.northmbk.ac.th/index.php/2013-10-20-14-15-22/2013-09-11-14-29-01','',1,0,'2014-02-27 09:15:15','0000-00-00 00:00:00'),(80,'http://www.northmbk.ac.th/index.php/2013-09-11-09-22-27/2013-09-30-12-40-58/2013-10-25-05-25-35','','','',13,0,'2014-03-03 22:26:48','0000-00-00 00:00:00'),(81,'http://www.northmbk.ac.th/index.php//images/stories/gohack.gif','','','',2,0,'2014-03-05 17:16:12','0000-00-00 00:00:00'),(82,'http://www.northmbk.ac.th/index.php/2013-09-12-05-26-16++++++++++++++++++++++++++Result:+','','http://www.northmbk.ac.th/index.php/2013-09-12-05-26-16++++++++++++++++++++++++++Result:+%F4%EE%F0%F3%EC+%ED%E5+%ED%E0%E9%E4%E5%ED+/+%ED%E5+%F3%E4%E0%','',1,0,'2014-03-10 16:20:21','0000-00-00 00:00:00'),(83,'http://www.northmbk.ac.th/index.php/images/stories/food.php?rf','','','',4,0,'2014-03-23 21:10:28','0000-00-00 00:00:00'),(84,'http://www.northmbk.ac.th/index.php?option=com_content&view=category&layout=blog&id=15&Itemid=22','','','',6,0,'2014-04-05 22:57:27','0000-00-00 00:00:00'),(85,'http://www.northmbk.ac.th/index.php?option=com_jevents&task=month.calendar&Itemid=0&year=2011&month=05&day=25','','','',1,0,'2014-04-13 00:23:45','0000-00-00 00:00:00'),(86,'http://www.northmbk.ac.th/index.php//images/stories/explore.gif','','','',2,0,'2014-04-13 02:33:14','0000-00-00 00:00:00'),(87,'http://www.northmbk.ac.th/index.php?option=com_jevents&task=month.calendar&year=2003&month=08&day=31&Itemid=41&pop=1&tmpl=component','','','',1,0,'2014-04-14 00:03:41','0000-00-00 00:00:00'),(88,'http://www.northmbk.ac.th/index.php/images/stories/wawalo.php?rf','','','',1,0,'2014-05-03 16:59:25','0000-00-00 00:00:00'),(89,'http://www.northmbk.ac.th/index.php/forum/images/stories/grab.php?rf','','','',1,0,'2014-05-24 18:04:54','0000-00-00 00:00:00'),(90,'http://www.northmbk.ac.th/index.php/images/stories/grab.php?rf','','','',2,0,'2014-05-24 18:04:57','0000-00-00 00:00:00'),(91,'http://www.northmbk.ac.th/index.php?option=com_jevents&task=year.listevents&Itemid=0&year=2007&month=10&day=02','','','',1,0,'2014-05-29 10:52:12','0000-00-00 00:00:00'),(92,'http://www.northmbk.ac.thhttp//www.northmbk.ac.th/index.php/forum/credits','','http://www.northmbk.ac.th/','',1,0,'2014-06-09 20:00:54','0000-00-00 00:00:00'),(93,'http://www.northmbk.ac.thhttp//www.northmbk.ac.th/index.php','','http://www.northmbk.ac.th/index.php/forum/credits','',1,0,'2014-06-09 20:00:55','0000-00-00 00:00:00'),(94,'http://www.northmbk.ac.th/index.php?option=com_content&view=category&layout=blog&id=4&Itemid=10','','','',1,0,'2014-07-27 19:50:12','0000-00-00 00:00:00'),(95,'http://www.northmbk.ac.th/index.php?option=com_jevents&task=month.calendar&Itemid=41&year=2014&month=01&day=28','','','',1,0,'2014-09-05 03:03:16','0000-00-00 00:00:00'),(96,'http://www.northmbk.ac.th/index.php?option=com_jevents&task=month.calendar&year=2009&month=02&Itemid=41&pop=1&tmpl=component','','','',1,0,'2014-09-05 03:34:56','0000-00-00 00:00:00'),(97,'http://www.northmbk.ac.th/index.php//images/stories/log-out.gif','','','',1,0,'2014-09-10 01:24:07','0000-00-00 00:00:00'),(98,'http://www.northmbk.ac.th/index.php?option=com_jdownloads&Itemid=0&view=upload','','','',17,0,'2014-09-10 14:38:07','0000-00-00 00:00:00'),(99,'http://www.northmbk.ac.th//index.php?option=com_jdownloads&Itemid=0&view=upload','','','',5,0,'2014-09-22 13:54:07','0000-00-00 00:00:00'),(100,'http://www.northmbk.ac.th/index.php?option=com_jevents&task=month.calendar&Itemid=41&year=2001&month=06&day=30','','','',1,0,'2014-09-27 05:33:34','0000-00-00 00:00:00'),(101,'http://www.northmbk.ac.th/index.php?option=com_jevents&task=month.calendar&month=08&year=2006&Itemid=0','','','',1,0,'2014-10-07 04:25:19','0000-00-00 00:00:00'),(102,'http://www.northmbk.ac.th/index.php?option=com_content&view=category&layout=blog&id=3&Itemid=11','','','',1,0,'2014-10-09 02:26:08','0000-00-00 00:00:00'),(103,'http://www.northmbk.ac.th//index.php?option=com_fabrik&c=import&view=import&filetype=csv&table=1','','','',26,0,'2014-10-14 10:21:51','0000-00-00 00:00:00'),(104,'http://www.northmbk.ac.th/index.php?option=com_fabrik&c=import&view=import&filetype=csv&table=1','','','',1,0,'2014-10-25 23:05:15','0000-00-00 00:00:00'),(105,'http://www.northmbk.ac.th//index.php','','','',49,0,'2014-11-01 06:29:25','0000-00-00 00:00:00'),(106,'http://www.northmbk.ac.th/index.php?option=com_content&view=category&layout=blog&id=9&Itemid=20','','','',1,0,'2014-11-07 10:03:43','0000-00-00 00:00:00'),(107,'http://www.northmbk.ac.th/index.php?option=com_jevents&task=year.listevents&Itemid=41&year=2008&month=09&day=28','','','',1,0,'2014-11-07 10:14:44','0000-00-00 00:00:00'),(108,'http://www.northmbk.ac.th/index.php/2014-04-24-01-56-21/\' + e.link[0].href +\'','','','',1,0,'2014-11-07 12:47:39','0000-00-00 00:00:00'),(109,'http://www.northmbk.ac.th/index.php/2013-09-11-09-22-27/\' + e.link[0].href +\'','','','',1,0,'2014-11-07 12:48:35','0000-00-00 00:00:00'),(110,'http://www.northmbk.ac.th/index.php/2013-10-20-14-15-22/2013-09-11-14-30-22/\' + e.link[0].href +\'','','','',1,0,'2014-11-07 12:49:12','0000-00-00 00:00:00'),(111,'http://www.northmbk.ac.th/index.php/2013-10-20-14-15-22/2013-09-11-14-29-01/\' + e.link[0].href +\'','','','',1,0,'2014-11-07 12:49:55','0000-00-00 00:00:00'),(112,'http://www.northmbk.ac.th/index.php/2013-10-20-14-15-22/2013-09-11-14-26-49/\' + e.link[0].href +\'','','','',1,0,'2014-11-07 12:50:38','0000-00-00 00:00:00'),(113,'http://www.northmbk.ac.th/index.php/\"nmbksong/05track5.mp3\">มาร์ชเทคโนหมู่บ้านครู','','','',1,0,'2014-11-07 16:04:50','0000-00-00 00:00:00'),(114,'http://www.northmbk.ac.th/index.php/2013-10-20-14-15-22/2013-09-11-14-31-40/\' + e.link[0].href +\'','','','',1,0,'2014-11-07 16:05:54','0000-00-00 00:00:00'),(115,'http://www.northmbk.ac.th/index.php/2013-10-20-14-15-22/2013-09-11-14-32-06/\' + e.link[0].href +\'','','','',1,0,'2014-11-07 16:06:59','0000-00-00 00:00:00'),(116,'http://www.northmbk.ac.th/index.php/2013-10-20-14-15-22/\' + e.link[0].href +\'','','','',1,0,'2014-11-07 16:07:22','0000-00-00 00:00:00'),(117,'http://www.northmbk.ac.th/index.php/\"http://www.thonburi-u.ac.th\"','','','',1,0,'2014-11-07 16:08:02','0000-00-00 00:00:00'),(118,'http://www.northmbk.ac.th/index.php/2013-09-11-09-22-27/2013-10-20-10-22-55/\' + e.link[0].href +\'','','','',1,0,'2014-11-07 17:36:13','0000-00-00 00:00:00'),(119,'http://www.northmbk.ac.th/index.php/\' + e.link[0].href +\'','','','',1,0,'2014-11-07 17:39:02','0000-00-00 00:00:00'),(120,'http://www.northmbk.ac.th/index.php/\"nmbksong/08track8.mp3\">ชาวหมู่บ้านครู','','','',1,0,'2014-11-07 17:40:59','0000-00-00 00:00:00'),(121,'http://www.northmbk.ac.th/index.php/\"nmbksong/01track1.mp3\">มาร์ชเทคโนหมู่บ้านครู</a></p>','','','',1,0,'2014-11-07 17:41:28','0000-00-00 00:00:00'),(122,'http://www.northmbk.ac.th/index.php/\"https://www/facebook.com/northmbk\">https://www.facebook.com/northmbk</a>','','','',1,0,'2014-11-07 20:47:38','0000-00-00 00:00:00'),(123,'http://www.northmbk.ac.th/index.php/\"nmbksong/02track2.mp3\">ลูกพระวิศณุกรรม</a></p>','','','',1,0,'2014-11-07 20:49:59','0000-00-00 00:00:00'),(124,'http://www.northmbk.ac.th/index.php/\"nmbksong/04track4.mp3\">ชาวหมู่บ้านครู</a></p>','','','',1,0,'2014-11-07 20:57:03','0000-00-00 00:00:00'),(125,'http://www.northmbk.ac.th/index.php/forum/\' + e.link[0].href +\'','','','',1,0,'2014-11-07 20:57:21','0000-00-00 00:00:00'),(126,'http://www.northmbk.ac.th/index.php/download/\' + e.link[0].href +\'','','','',1,0,'2014-11-07 20:57:28','0000-00-00 00:00:00'),(127,'http://www.northmbk.ac.th/index.php?option=com_content&view=category&layout=blog&id=14&Itemid=14','','','',2,0,'2014-11-25 18:53:55','0000-00-00 00:00:00'),(128,'http://www.northmbk.ac.th/index.php/forum/credits++++++++++++++++++++++++++++++++Result:+','','http://www.northmbk.ac.th/index.php/forum/credits++++++++++++++++++++++++++++++++Result:+%F4%EE%F0%F3%EC+%ED%E5+%ED%E0%E9%E4%E5%ED+/+%ED%E5+%F3%E4%E0%','',1,0,'2014-11-27 08:33:37','0000-00-00 00:00:00'),(129,'http://www.northmbk.ac.th/index.php?option=com_jevents&task=month.calendar&Itemid=0&year=2004&month=08&day=31','','','',1,0,'2014-12-11 08:48:11','0000-00-00 00:00:00'),(130,'http://www.northmbk.ac.th/index.php?option=com_jevents&task=month.calendar&year=1998&month=08&Itemid=0&pop=1&tmpl=component','','','',1,0,'2015-01-09 22:39:58','0000-00-00 00:00:00'),(131,'http://www.northmbk.ac.th/index.php?option=com_jevents&task=month.calendar&Itemid=0&year=2009&month=12&day=22','','','',1,0,'2015-01-09 23:59:39','0000-00-00 00:00:00'),(132,'http://www.northmbk.ac.th/index.php?option=com_content&view=article&id=21:-9-&catid=13:2010-07-18-05-57-48&Itemid=1','','','',1,0,'2015-01-10 00:16:01','0000-00-00 00:00:00'),(133,'http://www.northmbk.ac.th/index.php?option=com_jevents&task=month.calendar&year=2012&month=01&Itemid=0&pop=1&tmpl=component','','','',1,0,'2015-01-24 09:58:24','0000-00-00 00:00:00'),(134,'http://www.northmbk.ac.th/index.php?option=com_jevents&task=month.calendar&Itemid=0&year=2003&month=04&day=30','','','',1,0,'2015-01-24 15:00:31','0000-00-00 00:00:00'),(135,'http://www.northmbk.ac.th/index.php?option=com_jevents&task=month.calendar&year=2004&month=04&day=30&Itemid=0&pop=1&tmpl=component','','','',1,0,'2015-01-24 16:46:09','0000-00-00 00:00:00'),(136,'http://www.northmbk.ac.th/index.php?option=com_jevents&task=month.calendar&year=2002&month=07&day=31&Itemid=41&pop=1&tmpl=component','','','',1,0,'2015-01-24 19:29:59','0000-00-00 00:00:00'),(137,'http://www.northmbk.ac.th/index.php/2013-10-20-14-','','','',2,0,'2015-01-24 19:53:18','0000-00-00 00:00:00'),(138,'http://www.northmbk.ac.th/index.php?option=com_jevents&task=month.calendar&year=2015&month=12&Itemid=0&pop=1&tmpl=component','','','',1,0,'2015-02-02 14:34:53','0000-00-00 00:00:00'),(139,'http://www.northmbk.ac.th/index.php?option=com_jevents&task=year.listevents&Itemid=0&year=2010&month=11&day=30','','','',1,0,'2015-02-02 15:01:32','0000-00-00 00:00:00'),(140,'http://www.northmbk.ac.th/index.php?option=com_jevents&task=month.calendar&year=2013&month=11&Itemid=0&pop=1&tmpl=component','','','',1,0,'2015-02-02 20:48:13','0000-00-00 00:00:00'),(141,'http://www.northmbk.ac.th/index.php?option=com_jevents&task=month.calendar&year=2010&month=09&Itemid=0&pop=1&tmpl=component','','','',1,0,'2015-02-02 21:54:53','0000-00-00 00:00:00'),(142,'http://www.northmbk.ac.th/index.php/forum/admin.php','','','',4,0,'2015-02-05 18:15:34','0000-00-00 00:00:00'),(143,'http://www.northmbk.ac.th/index.php/forum/administrator/index.php','','','',4,0,'2015-02-05 18:15:35','0000-00-00 00:00:00'),(144,'http://www.northmbk.ac.th/index.php/forum/wp-login.php','','','',4,0,'2015-02-05 18:15:36','0000-00-00 00:00:00'),(145,'http://www.northmbk.ac.th/index.php/component/user/register','','','',5,0,'2015-02-10 12:51:04','0000-00-00 00:00:00'),(146,'http://www.northmbk.ac.th/index.php?option=com_jevents&task=month.calendar&Itemid=0&year=2002&month=01&day=30','','','',1,0,'2015-02-18 02:31:26','0000-00-00 00:00:00'),(147,'http://www.northmbk.ac.th/index.php?option=com_jevents&task=month.calendar&year=1998&month=02&Itemid=0&pop=1&tmpl=component','','','',1,0,'2015-02-18 03:11:27','0000-00-00 00:00:00'),(148,'http://www.northmbk.ac.th/index.php/98-2013-09-15-09-35-37/116-2014-12-15-02-08-25','','','',10,0,'2015-02-23 14:11:44','0000-00-00 00:00:00'),(149,'http://www.northmbk.ac.th/index.php?option=com_jevents&task=month.calendar&year=1997&month=04&Itemid=0&pop=1&tmpl=component','','','',1,0,'2015-02-25 10:27:44','0000-00-00 00:00:00'),(150,'http://www.northmbk.ac.th/index.php?option=com_jevents&task=year.listevents&Itemid=0&year=2015&month=11&day=30','','','',1,0,'2015-02-25 15:28:30','0000-00-00 00:00:00'),(151,'http://www.northmbk.ac.th/index.php?option=com_jevents&task=month.calendar&year=2014&month=08&day=31&Itemid=0&pop=1&tmpl=component','','','',1,0,'2015-02-25 15:37:58','0000-00-00 00:00:00'),(152,'http://www.northmbk.ac.th/index.php?option=com_jevents&task=month.calendar&Itemid=0&year=2000&month=03&day=28','','','',1,0,'2015-02-25 17:08:10','0000-00-00 00:00:00'),(153,'http://www.northmbk.ac.th/index.php/component/content/article/98-2013-09-15-09-35-37/116-2014-12-15-02-08-25','','','',6,0,'2015-02-26 18:34:14','0000-00-00 00:00:00'),(154,'http://www.northmbk.ac.th/index.php/component/users/index.php/forum/6/5','','http://www.northmbk.ac.th/index.php/forum/6/5','',1,0,'2015-02-28 10:19:15','0000-00-00 00:00:00'),(155,'http://www.northmbk.ac.th/index.php/98-2013-09-15-09-35-37/125-2015-03-09-01-20-28','','http://www.northmbk.ac.th/index.php/98-2013-09-15-09-35-37/121-2557','',6,0,'2015-03-09 01:29:36','0000-00-00 00:00:00'),(156,'http://www.northmbk.ac.th/index.php/administrator','','','',1,0,'2015-03-09 01:49:39','0000-00-00 00:00:00'),(157,'http://www.northmbk.ac.th/index.php/98-2013-09-15-09-35-37/6_S3_','','http://www.northmbk.ac.th/index.php/98-2013-09-15-09-35-37/125-2015-03-09-01-20-28','',12,0,'2015-03-11 02:13:14','0000-00-00 00:00:00'),(158,'http://www.northmbk.ac.th/index.php/6_S3_','','http://www.northmbk.ac.th/index.php/98-2013-09-15-09-35-37','',9,0,'2015-03-11 02:18:41','0000-00-00 00:00:00'),(159,'http://www.northmbk.ac.th/index.php/98-2013-09-15-09-35-37/81-12556','','','',15,0,'2015-03-11 07:35:25','0000-00-00 00:00:00'),(160,'http://www.northmbk.ac.th/index.php/98-2013-09-15-09-35-37/107-2556','','','',13,0,'2015-03-11 09:49:32','0000-00-00 00:00:00'),(161,'http://www.northmbk.ac.th/index.php/wp-admin/admin-ajax.php','','','',2,0,'2015-03-15 11:40:04','0000-00-00 00:00:00'),(162,'http://www.northmbk.ac.th/index.php/wp-content/plugins/revslider/temp/update_extract/revslider/vito.php','','','',1,0,'2015-03-15 11:40:05','0000-00-00 00:00:00'),(163,'http://www.northmbk.ac.th/index.php?option=com_jevents&task=year.listevents&Itemid=0&year=2011&month=10&day=09','','','',2,0,'2015-03-17 05:12:08','0000-00-00 00:00:00'),(164,'http://www.northmbk.ac.th/index.php?option=com_jevents&task=month.calendar&Itemid=0&year=2003&month=03&day=31','','','',2,0,'2015-03-17 06:43:29','0000-00-00 00:00:00'),(165,'http://www.northmbk.ac.th/index.php?option=com_jevents&task=month.calendar&year=1999&month=11&Itemid=0&pop=1&tmpl=component','','','',2,0,'2015-03-17 18:17:23','0000-00-00 00:00:00'),(166,'http://www.northmbk.ac.th/index.php?option=com_jevents&task=month.calendar&year=2003&month=09&day=30&Itemid=0&pop=1&tmpl=component','','','',2,0,'2015-03-17 19:22:10','0000-00-00 00:00:00'),(167,'http://www.northmbk.ac.th/index.php?option=com_jevents&task=month.calendar&Itemid=41&year=2004&month=04&day=30','','','',1,0,'2015-03-18 06:02:12','0000-00-00 00:00:00'),(168,'http://www.northmbk.ac.th/index.php?option=com_jevents&task=month.calendar&year=1998&month=03&Itemid=0&pop=1&tmpl=component','','','',1,0,'2015-03-20 02:12:19','0000-00-00 00:00:00'),(169,'http://www.northmbk.ac.th/index.php?option=com_jevents&task=month.calendar&month=05&year=2008&Itemid=0','','','',1,0,'2015-03-20 13:52:14','0000-00-00 00:00:00'),(170,'http://www.northmbk.ac.th/index.php?option=com_jevents&task=month.calendar&Itemid=0&year=2001&month=05&day=30','','','',1,0,'2015-03-20 16:42:14','0000-00-00 00:00:00'),(171,'http://www.northmbk.ac.th/index.php/98-2013-09-15-09-35-37/116-2014-12-15-02-08-25?tmpl=component&print=1&page=','','','',4,0,'2015-03-21 10:18:29','0000-00-00 00:00:00'),(172,'http://www.northmbk.ac.th/index.php/98-2013-09-15-09-35-37/101-2013-11-05-01-42-46','','','',10,0,'2015-03-21 20:42:57','0000-00-00 00:00:00'),(173,'http://www.northmbk.ac.th/index.php?option=com_jevents&task=month.calendar&Itemid=0&year=2009&month=07&day=28','','','',1,0,'2015-04-02 22:35:15','0000-00-00 00:00:00'),(174,'http://www.northmbk.ac.th/index.php?option=com_jevents&task=month.calendar&year=2006&month=10&day=02&Itemid=0&pop=1&tmpl=component','','','',1,0,'2015-04-03 02:30:36','0000-00-00 00:00:00'),(175,'http://www.northmbk.ac.th/index.php?option=com_jevents&task=month.calendar&Itemid=0&year=2003&month=01&day=30','','','',1,0,'2015-04-03 02:46:15','0000-00-00 00:00:00'),(176,'http://www.northmbk.ac.th/index.php?option=com_jevents&task=month.calendar&Itemid=0&year=2008&month=12&day=28','','','',1,0,'2015-04-03 05:14:39','0000-00-00 00:00:00'),(177,'http://www.northmbk.ac.th/index.php?option=com_jevents&task=month.calendar&year=2012&month=09&day=24&Itemid=0&pop=1&tmpl=component','','','',1,0,'2015-04-03 05:30:18','0000-00-00 00:00:00'),(178,'http://www.northmbk.ac.th/index.php?option=com_jevents&task=month.calendar&month=06&year=2010&Itemid=0','','','',1,0,'2015-04-07 23:06:04','0000-00-00 00:00:00'),(179,'http://www.northmbk.ac.th/index.php/98-2013-09-15-09-35-37/101-2013-11-05-01-42-46?tmpl=component&print=1&page=','','','',4,0,'2015-04-14 06:36:05','0000-00-00 00:00:00'),(180,'http://www.northmbk.ac.th/index.php?option=com_jevents&task=month.calendar&Itemid=0&year=2000&month=02&day=29','','','',1,0,'2015-04-21 07:06:23','0000-00-00 00:00:00'),(181,'http://www.northmbk.ac.th/index.php?option=com_content&view=article&id=12:-2553&catid=9:2010-07-16-11-01-43&Itemid=20','','','',1,0,'2015-04-21 08:20:50','0000-00-00 00:00:00'),(182,'http://www.northmbk.ac.th/index.php?option=com_jevents&task=month.calendar&year=1999&month=12&Itemid=0&pop=1&tmpl=component','','','',1,0,'2015-04-27 06:01:21','0000-00-00 00:00:00'),(183,'http://www.northmbk.ac.th/index.php?option=com_jevents&task=month.calendar&year=1999&month=08&Itemid=0&pop=1&tmpl=component','','','',1,0,'2015-04-27 13:45:17','0000-00-00 00:00:00'),(184,'http://www.northmbk.ac.th/index.php/98-2013-09-15-09-35-37/81-12556?tmpl=component&print=1&page=','','','',2,0,'2015-04-28 21:35:30','0000-00-00 00:00:00'),(185,'http://www.northmbk.ac.th/index.php/component/banners/click//index.php?option=com_jdownloads&Itemid=0&view=upload','','','',1,0,'2015-05-01 07:28:33','0000-00-00 00:00:00'),(186,'http://www.northmbk.ac.th/index.php/attachments/article/0/Block-3-2557เข้าปี57.xls','','','',1,0,'2015-05-01 17:39:53','0000-00-00 00:00:00'),(187,'http://www.northmbk.ac.th/index.php?option=com_jevents&task=month.calendar&Itemid=0&year=2006&month=08&day=30','','','',1,0,'2015-05-04 08:02:24','0000-00-00 00:00:00'),(188,'http://www.northmbk.ac.th/index.php?option=com_jevents&task=month.calendar&Itemid=41&year=2014&month=10&day=24','','','',1,0,'2015-05-04 11:52:42','0000-00-00 00:00:00'),(189,'http://www.northmbk.ac.th/index.php/2013-10-20-14-15-22/+','','http://www.northmbk.ac.th/index.php/2013-10-20-14-15-22/2013-09-11-14-31-40','',1,0,'2015-05-05 12:10:47','0000-00-00 00:00:00'),(190,'http://www.northmbk.ac.th/index.php/+','','http://www.northmbk.ac.th/index.php/2013-09-30-10-14-53','',1,0,'2015-05-05 12:10:48','0000-00-00 00:00:00'),(191,'http://www.northmbk.ac.th/index.php?option=com_jevents&task=month.calendar&Itemid=0&year=2006&month=05&day=30','','','',1,0,'2015-05-08 07:47:11','0000-00-00 00:00:00'),(192,'http://www.northmbk.ac.th/index.php?option=com_jevents&task=month.calendar&month=10&year=2014&Itemid=41','','','',1,0,'2015-05-09 12:34:52','0000-00-00 00:00:00'),(193,'http://www.northmbk.ac.th/index.php/98-2013-09-15-09-35-37/107-2556?tmpl=component&print=1&page=','','','',2,0,'2015-05-11 03:39:04','0000-00-00 00:00:00'),(194,'http://www.northmbk.ac.th/index.php//components/com_hdflvplayer/hdflvplayer/download.php?f=../../../configuration.php','','','',1,0,'2015-05-13 15:26:41','0000-00-00 00:00:00'),(195,'http://www.northmbk.ac.th/index.php/forum//index.php?option=com_jdownloads&Itemid=0&view=upload','','','',1,0,'2015-05-25 11:57:20','0000-00-00 00:00:00'),(196,'http://www.northmbk.ac.th/index.php//app/etc/local.xml','','','',1,0,'2015-05-25 16:10:54','0000-00-00 00:00:00'),(197,'http://www.northmbk.ac.th/index.php?option=com_jevents&task=month.calendar&Itemid=41&year=2010&month=09&day=02','','','',3,0,'2015-05-27 23:19:59','0000-00-00 00:00:00'),(198,'http://www.northmbk.ac.th/index.php?option=com_jevents&task=month.calendar&month=12&year=2012&Itemid=41','','','',1,0,'2015-05-28 03:56:28','0000-00-00 00:00:00'),(199,'http://www.northmbk.ac.th/index.php?option=com_jevents&task=month.calendar&year=1998&month=11&Itemid=0&pop=1&tmpl=component','','','',1,0,'2015-05-28 04:15:33','0000-00-00 00:00:00'),(200,'http://www.northmbk.ac.th/index.php?option=com_jevents&task=month.calendar&Itemid=41&year=2013&month=03&day=29','','','',1,0,'2015-05-28 04:35:38','0000-00-00 00:00:00'),(201,'http://www.northmbk.ac.th/index.php?option=com_jevents&task=month.calendar&Itemid=0&year=2002&month=07&day=31','','','',1,0,'2015-05-28 06:27:12','0000-00-00 00:00:00'),(202,'http://www.northmbk.ac.th/index.php?option=com_jevents&task=month.calendar&Itemid=41&year=2013&month=07&day=30','','','',1,0,'2015-06-02 05:05:50','0000-00-00 00:00:00'),(203,'http://www.northmbk.ac.th/index.php/98-2013-09-15-09-35-37/117-2-2557','','','',7,0,'2015-06-02 14:46:55','0000-00-00 00:00:00'),(204,'http://www.northmbk.ac.th/index.php/98-2013-09-15-09-35-37/119-2015-03-06-10-02-34','','','',5,0,'2015-06-02 17:07:35','0000-00-00 00:00:00'),(205,'http://www.northmbk.ac.th/index.php/98-2013-09-15-09-35-37/124-6-2557-56','','','',7,0,'2015-06-03 09:22:52','0000-00-00 00:00:00'),(206,'http://www.northmbk.ac.th/index.php/98-2013-09-15-09-35-37/123-3-2557-57','','','',3,0,'2015-06-03 23:16:16','0000-00-00 00:00:00'),(207,'http://www.northmbk.ac.th/index.php?option=com_jevents&task=month.calendar&year=1997&month=11&Itemid=0&pop=1&tmpl=component','','','',1,0,'2015-06-10 12:56:07','0000-00-00 00:00:00'),(208,'http://www.northmbk.ac.th/index.php?option=com_easyblog&view=dashboard&layout=write','','http://www.northmbk.ac.th/','',2,0,'2015-06-11 18:45:04','0000-00-00 00:00:00'),(209,'http://www.northmbk.ac.th/index.php/forum//app/etc/local.xml','','','',2,0,'2015-06-12 21:59:11','0000-00-00 00:00:00'),(210,'http://www.northmbk.ac.th/index.php/98-2013-09-15-09-35-37/125-2015-03-09-01-20-28?tmpl=component&print=1&page=','','','',2,0,'2015-06-13 02:56:11','0000-00-00 00:00:00'),(211,'http://www.northmbk.ac.th/index.php/98-2013-09-15-09-35-37/119-2015-03-06-10-02-34?tmpl=component&print=1&page=','','','',2,0,'2015-06-13 02:56:11','0000-00-00 00:00:00'),(212,'http://www.northmbk.ac.th/index.php/98-2013-09-15-09-35-37/117-2-2557?tmpl=component&print=1&page=','','','',2,0,'2015-06-13 02:56:11','0000-00-00 00:00:00'),(213,'http://www.northmbk.ac.th/index.php/gallery-picture/category/6-sport-day-55?start=40','','','',1,0,'2015-06-14 14:17:31','0000-00-00 00:00:00');

--
-- Table structure for table `o4vxs_rereplacer`
--

CREATE TABLE `o4vxs_rereplacer` (
  `id` int(11) unsigned NOT NULL AUTO_INCREMENT,
  `name` text NOT NULL,
  `description` text NOT NULL,
  `search` text NOT NULL,
  `replace` text NOT NULL,
  `area` text NOT NULL,
  `params` text NOT NULL,
  `published` tinyint(1) NOT NULL DEFAULT '0',
  `ordering` int(11) NOT NULL DEFAULT '0',
  `checked_out` int(11) unsigned NOT NULL DEFAULT '0',
  `checked_out_time` datetime NOT NULL DEFAULT '0000-00-00 00:00:00',
  PRIMARY KEY (`id`),
  KEY `id` (`id`,`published`)
) ENGINE=InnoDB DEFAULT CHARSET=utf8;

--
-- Dumping data for table `o4vxs_rereplacer`
--


--
-- Table structure for table `o4vxs_scheduler_options`
--

CREATE TABLE `o4vxs_scheduler_options` (
  `id` int(11) NOT NULL AUTO_INCREMENT,
  `name` varchar(255) NOT NULL,
  `value` text NOT NULL,
  PRIMARY KEY (`id`)
) ENGINE=MyISAM AUTO_INCREMENT=7 DEFAULT CHARSET=utf8;

--
-- Dumping data for table `o4vxs_scheduler_options`
--

INSERT INTO `o4vxs_scheduler_options` VALUES (1,'scheduler_xml','&ltesc;config&gtesc;&ltesc;active_tab&gtesc;a4&ltesc;/active_tab&gtesc;&ltesc;settings&gtesc;&ltesc;settings_width&gtesc;730px&ltesc;/settings_width&gtesc;&ltesc;settings_height&gtesc;730px&ltesc;/settings_height&gtesc;&ltesc;settings_eventnumber&gtesc;5&ltesc;/settings_eventnumber&gtesc;&ltesc;settings_link&gtesc;&ltesc;/settings_link&gtesc;&ltesc;settings_posts&gtesc;false&ltesc;/settings_posts&gtesc;&ltesc;settings_repeat&gtesc;true&ltesc;/settings_repeat&gtesc;&ltesc;settings_firstday&gtesc;false&ltesc;/settings_firstday&gtesc;&ltesc;settings_multiday&gtesc;true&ltesc;/settings_multiday&gtesc;&ltesc;settings_fullday&gtesc;false&ltesc;/settings_fullday&gtesc;&ltesc;settings_marknow&gtesc;false&ltesc;/settings_marknow&gtesc;&ltesc;settings_singleclick&gtesc;false&ltesc;/settings_singleclick&gtesc;&ltesc;settings_day&gtesc;true&ltesc;/settings_day&gtesc;&ltesc;settings_week&gtesc;true&ltesc;/settings_week&gtesc;&ltesc;settings_month&gtesc;true&ltesc;/settings_month&gtesc;&ltesc;settings_agenda&gtesc;true&ltesc;/settings_agenda&gtesc;&ltesc;settings_week_agenda&gtesc;false&ltesc;/settings_week_agenda&gtesc;&ltesc;settings_year&gtesc;false&ltesc;/settings_year&gtesc;&ltesc;settings_map&gtesc;false&ltesc;/settings_map&gtesc;&ltesc;settings_defaultmode&gtesc;month&ltesc;/settings_defaultmode&gtesc;&ltesc;settings_debug&gtesc;false&ltesc;/settings_debug&gtesc;&ltesc;settings_collision&gtesc;false&ltesc;/settings_collision&gtesc;&ltesc;settings_expand&gtesc;true&ltesc;/settings_expand&gtesc;&ltesc;settings_pdf&gtesc;true&ltesc;/settings_pdf&gtesc;&ltesc;settings_ical&gtesc;true&ltesc;/settings_ical&gtesc;&ltesc;settings_minical&gtesc;false&ltesc;/settings_minical&gtesc;&ltesc;/settings&gtesc;&ltesc;access&gtesc;&ltesc;group id=\"-1\"&gtesc;&ltesc;view&gtesc;true&ltesc;/view&gtesc;&ltesc;add&gtesc;false&ltesc;/add&gtesc;&ltesc;edit&gtesc;false&ltesc;/edit&gtesc;&ltesc;/group&gtesc;&ltesc;group id=\"1\"&gtesc;&ltesc;view&gtesc;true&ltesc;/view&gtesc;&ltesc;add&gtesc;false&ltesc;/add&gtesc;&ltesc;edit&gtesc;false&ltesc;/edit&gtesc;&ltesc;/group&gtesc;&ltesc;group id=\"6\"&gtesc;&ltesc;view&gtesc;true&ltesc;/view&gtesc;&ltesc;add&gtesc;false&ltesc;/add&gtesc;&ltesc;edit&gtesc;false&ltesc;/edit&gtesc;&ltesc;/group&gtesc;&ltesc;group id=\"7\"&gtesc;&ltesc;view&gtesc;true&ltesc;/view&gtesc;&ltesc;add&gtesc;false&ltesc;/add&gtesc;&ltesc;edit&gtesc;false&ltesc;/edit&gtesc;&ltesc;/group&gtesc;&ltesc;group id=\"2\"&gtesc;&ltesc;view&gtesc;true&ltesc;/view&gtesc;&ltesc;add&gtesc;false&ltesc;/add&gtesc;&ltesc;edit&gtesc;false&ltesc;/edit&gtesc;&ltesc;/group&gtesc;&ltesc;group id=\"3\"&gtesc;&ltesc;view&gtesc;true&ltesc;/view&gtesc;&ltesc;add&gtesc;false&ltesc;/add&gtesc;&ltesc;edit&gtesc;false&ltesc;/edit&gtesc;&ltesc;/group&gtesc;&ltesc;group id=\"4\"&gtesc;&ltesc;view&gtesc;true&ltesc;/view&gtesc;&ltesc;add&gtesc;false&ltesc;/add&gtesc;&ltesc;edit&gtesc;false&ltesc;/edit&gtesc;&ltesc;/group&gtesc;&ltesc;group id=\"5\"&gtesc;&ltesc;view&gtesc;true&ltesc;/view&gtesc;&ltesc;add&gtesc;false&ltesc;/add&gtesc;&ltesc;edit&gtesc;false&ltesc;/edit&gtesc;&ltesc;/group&gtesc;&ltesc;group id=\"10\"&gtesc;&ltesc;view&gtesc;true&ltesc;/view&gtesc;&ltesc;add&gtesc;false&ltesc;/add&gtesc;&ltesc;edit&gtesc;false&ltesc;/edit&gtesc;&ltesc;/group&gtesc;&ltesc;group id=\"12\"&gtesc;&ltesc;view&gtesc;true&ltesc;/view&gtesc;&ltesc;add&gtesc;false&ltesc;/add&gtesc;&ltesc;edit&gtesc;false&ltesc;/edit&gtesc;&ltesc;/group&gtesc;&ltesc;group id=\"8\"&gtesc;&ltesc;view&gtesc;true&ltesc;/view&gtesc;&ltesc;add&gtesc;true&ltesc;/add&gtesc;&ltesc;edit&gtesc;true&ltesc;/edit&gtesc;&ltesc;/group&gtesc;&ltesc;privatemode&gtesc;off&ltesc;/privatemode&gtesc;&ltesc;/access&gtesc;&ltesc;templates&gtesc;&ltesc;templates_defaultdate&gtesc;&ltesc;![CDATA[%d %M %Y]]&gtesc;&ltesc;/templates_defaultdate&gtesc;&ltesc;templates_monthdate&gtesc;&ltesc;![CDATA[%F %Y]]&gtesc;&ltesc;/templates_monthdate&gtesc;&ltesc;templates_weekdate&gtesc;&ltesc;![CDATA[%l]]&gtesc;&ltesc;/templates_weekdate&gtesc;&ltesc;templates_daydate&gtesc;&ltesc;![CDATA[%d/%m/%Y]]&gtesc;&ltesc;/templates_daydate&gtesc;&ltesc;templates_hourdate&gtesc;&ltesc;![CDATA[%H:%i]]&gtesc;&ltesc;/templates_hourdate&gtesc;&ltesc;templates_monthday&gtesc;&ltesc;![CDATA[%d]]&gtesc;&ltesc;/templates_monthday&gtesc;&ltesc;templates_minmin&gtesc;&ltesc;![CDATA[5]]&gtesc;&ltesc;/templates_minmin&gtesc;&ltesc;templates_hourheight&gtesc;&ltesc;![CDATA[42]]&gtesc;&ltesc;/templates_hourheight&gtesc;&ltesc;templates_starthour&gtesc;&ltesc;![CDATA[0]]&gtesc;&ltesc;/templates_starthour&gtesc;&ltesc;templates_endhour&gtesc;&ltesc;![CDATA[24]]&gtesc;&ltesc;/templates_endhour&gtesc;&ltesc;templates_agendatime&gtesc;&ltesc;![CDATA[30]]&gtesc;&ltesc;/templates_agendatime&gtesc;&ltesc;templates_eventtext&gtesc;&ltesc;![CDATA[return event.text;]]&gtesc;&ltesc;/templates_eventtext&gtesc;&ltesc;templates_eventheader&gtesc;&ltesc;![CDATA[return scheduler.templates.hour_scale(start) + \" - \" + scheduler.templates.hour_scale(end);]]&gtesc;&ltesc;/templates_eventheader&gtesc;&ltesc;templates_eventbartext&gtesc;&ltesc;![CDATA[return \"&ltesc;span title=+event.text+&gtesc;\" + event.text + \"&ltesc;/span&gtesc;\";]]&gtesc;&ltesc;/templates_eventbartext&gtesc;&ltesc;templates_username&gtesc;false&ltesc;/templates_username&gtesc;&ltesc;/templates&gtesc;&ltesc;customfields&gtesc;&ltesc;customfield name=\"Text\" dsc=\"Description\" type=\"textarea\" old_name=\"Text\" use_colors=\"false\" units=\"false\" timeline=\"null\" height=\"150\" /&gtesc;&ltesc;/customfields&gtesc;&ltesc;google&gtesc;&ltesc;google_email&gtesc;&ltesc;/google_email&gtesc;&ltesc;google_cal&gtesc;&ltesc;/google_cal&gtesc;&ltesc;/google&gtesc;&ltesc;skins&gtesc;&ltesc;use&gtesc;false&ltesc;/use&gtesc;&ltesc;bg&gtesc;#c2d5fc&ltesc;/bg&gtesc;&ltesc;event&gtesc;#ffe763&ltesc;/event&gtesc;&ltesc;/skins&gtesc;&ltesc;/config&gtesc;'),(2,'scheduler_php','settings_width{*:*}730px\nsettings_height{*:*}730px\nsettings_eventnumber{*:*}5\nsettings_link{*:*}\nsettings_posts{*:*}false\nsettings_repeat{*:*}true\nsettings_firstday{*:*}false\nsettings_multiday{*:*}true\nsettings_fullday{*:*}false\nsettings_marknow{*:*}false\nsettings_singleclick{*:*}false\nsettings_day{*:*}true\nsettings_week{*:*}true\nsettings_month{*:*}true\nsettings_agenda{*:*}true\nsettings_week_agenda{*:*}false\nsettings_year{*:*}false\nsettings_map{*:*}false\nsettings_defaultmode{*:*}month\nsettings_debug{*:*}false\nsettings_collision{*:*}false\nsettings_expand{*:*}true\nsettings_pdf{*:*}true\nsettings_ical{*:*}true\nsettings_minical{*:*}false\nprivatemode{*:*}off\ntemplates_defaultdate{*:*}%d %M %Y\ntemplates_monthdate{*:*}%F %Y\ntemplates_weekdate{*:*}%l\ntemplates_daydate{*:*}%d/%m/%Y\ntemplates_hourdate{*:*}%H:%i\ntemplates_monthday{*:*}%d\ntemplates_minmin{*:*}5\ntemplates_hourheight{*:*}42\ntemplates_starthour{*:*}0\ntemplates_endhour{*:*}24\ntemplates_agendatime{*:*}30\ntemplates_eventtext{*:*}return event.text;\ntemplates_eventheader{*:*}return scheduler.templates.hour_scale(start) + \" - \" + scheduler.templates.hour_scale(end);\ntemplates_eventbartext{*:*}return \"<span title=+event.text+>\" + event.text + \"</span>\";\ntemplates_username{*:*}false\ncustomfields{*:*}scheduler.config.lightbox.sections=[{name:\"text\", height:150, map_to:\"text\", type:\"textarea\", focus: true},{name:\"recurring\", height:115, type:\"recurring\", map_to:\"rec_type\", button:\"recurring\"},{name:\"time\", height:72, type:\"time\", map_to:\"auto\"}];\ncustomfieldsList{*:*}text\ncustomfieldsLabels{*:*}Description\ncustomfieldsNames{*:*}scheduler.locale.labels.section_text = \'Description\';\ncustomfieldsCSS{*:*}\ncustomfieldsTemplate{*:*}\nuse{*:*}false\nbg{*:*}#c2d5fc\nevent{*:*}#ffe763\naccess_-1_view{*:*}true\naccess_-1_add{*:*}false\naccess_-1_edit{*:*}false\naccess_1_view{*:*}true\naccess_1_add{*:*}false\naccess_1_edit{*:*}false\naccess_6_view{*:*}true\naccess_6_add{*:*}false\naccess_6_edit{*:*}false\naccess_7_view{*:*}true\naccess_7_add{*:*}false\naccess_7_edit{*:*}false\naccess_2_view{*:*}true\naccess_2_add{*:*}false\naccess_2_edit{*:*}false\naccess_3_view{*:*}true\naccess_3_add{*:*}false\naccess_3_edit{*:*}false\naccess_4_view{*:*}true\naccess_4_add{*:*}false\naccess_4_edit{*:*}false\naccess_5_view{*:*}true\naccess_5_add{*:*}false\naccess_5_edit{*:*}false\naccess_10_view{*:*}true\naccess_10_add{*:*}false\naccess_10_edit{*:*}false\naccess_12_view{*:*}true\naccess_12_add{*:*}false\naccess_12_edit{*:*}false\naccess_8_view{*:*}true\naccess_8_add{*:*}true\naccess_8_edit{*:*}true\n'),(3,'scheduler_php_version','5'),(4,'scheduler_xml_version','5'),(5,'sidebar_num','5'),(6,'scheduler_stable_config','<config><active_tab>a4</active_tab><settings><settings_width>730px</settings_width><settings_height>730px</settings_height><settings_eventnumber>5</settings_eventnumber><settings_link></settings_link><settings_posts>false</settings_posts><settings_repeat>true</settings_repeat><settings_firstday>false</settings_firstday><settings_multiday>true</settings_multiday><settings_fullday>false</settings_fullday><settings_marknow>false</settings_marknow><settings_singleclick>false</settings_singleclick><settings_day>true</settings_day><settings_week>true</settings_week><settings_month>true</settings_month><settings_agenda>true</settings_agenda><settings_week_agenda>false</settings_week_agenda><settings_year>false</settings_year><settings_map>false</settings_map><settings_defaultmode>month</settings_defaultmode><settings_debug>false</settings_debug><settings_collision>false</settings_collision><settings_expand>true</settings_expand><settings_pdf>true</settings_pdf><settings_ical>true</settings_ical><settings_minical>false</settings_minical></settings><access><group id=\"-1\"><view>true</view><add>false</add><edit>false</edit></group><group id=\"1\"><view>true</view><add>false</add><edit>false</edit></group><group id=\"6\"><view>true</view><add>false</add><edit>false</edit></group><group id=\"7\"><view>true</view><add>false</add><edit>false</edit></group><group id=\"2\"><view>true</view><add>false</add><edit>false</edit></group><group id=\"3\"><view>true</view><add>false</add><edit>false</edit></group><group id=\"4\"><view>true</view><add>false</add><edit>false</edit></group><group id=\"5\"><view>true</view><add>false</add><edit>false</edit></group><group id=\"10\"><view>true</view><add>false</add><edit>false</edit></group><group id=\"12\"><view>true</view><add>false</add><edit>false</edit></group><group id=\"8\"><view>true</view><add>true</add><edit>true</edit></group><privatemode>off</privatemode></access><templates><templates_defaultdate><![CDATA[%d %M %Y]]></templates_defaultdate><templates_monthdate><![CDATA[%F %Y]]></templates_monthdate><templates_weekdate><![CDATA[%l]]></templates_weekdate><templates_daydate><![CDATA[%d/%m/%Y]]></templates_daydate><templates_hourdate><![CDATA[%H:%i]]></templates_hourdate><templates_monthday><![CDATA[%d]]></templates_monthday><templates_minmin><![CDATA[5]]></templates_minmin><templates_hourheight><![CDATA[42]]></templates_hourheight><templates_starthour><![CDATA[0]]></templates_starthour><templates_endhour><![CDATA[24]]></templates_endhour><templates_agendatime><![CDATA[30]]></templates_agendatime><templates_eventtext><![CDATA[return event.text;]]></templates_eventtext><templates_eventheader><![CDATA[return scheduler.templates.hour_scale(start) + \" - \" + scheduler.templates.hour_scale(end);]]></templates_eventheader><templates_eventbartext><![CDATA[return \"<span title=+event.text+>\" + event.text + \"</span>\";]]></templates_eventbartext><templates_username>false</templates_username></templates><customfields><customfield name=\"Text\" dsc=\"Description\" type=\"textarea\" old_name=\"Text\" use_colors=\"false\" units=\"false\" timeline=\"null\" height=\"150\" /></customfields><google><google_email></google_email><google_cal></google_cal></google><skins><use>false</use><bg>#c2d5fc</bg><event>#ffe763</event></skins></config>');

--
-- Table structure for table `o4vxs_schemas`
--

CREATE TABLE `o4vxs_schemas` (
  `extension_id` int(11) NOT NULL,
  `version_id` varchar(20) NOT NULL,
  PRIMARY KEY (`extension_id`,`version_id`)
) ENGINE=MyISAM DEFAULT CHARSET=utf8;

--
-- Dumping data for table `o4vxs_schemas`
--

INSERT INTO `o4vxs_schemas` VALUES (700,'2.5.14'),(10013,'2.1.0'),(10030,'3.1-2013-04-29'),(10047,'2.0');

--
-- Table structure for table `o4vxs_session`
--

CREATE TABLE `o4vxs_session` (
  `session_id` varchar(200) NOT NULL DEFAULT '',
  `client_id` tinyint(3) unsigned NOT NULL DEFAULT '0',
  `guest` tinyint(4) unsigned DEFAULT '1',
  `time` varchar(14) DEFAULT '',
  `data` mediumtext,
  `userid` int(11) DEFAULT '0',
  `username` varchar(150) DEFAULT '',
  `usertype` varchar(50) DEFAULT '',
  PRIMARY KEY (`session_id`),
  KEY `whosonline` (`guest`,`usertype`),
  KEY `userid` (`userid`),
  KEY `time` (`time`)
) ENGINE=MyISAM DEFAULT CHARSET=utf8;

--
-- Dumping data for table `o4vxs_session`
--

INSERT INTO `o4vxs_session` VALUES ('tecami1fk6s03rgumf012vjf17',0,1,'1434880434','__default|a:7:{s:15:\"session.counter\";i:1;s:19:\"session.timer.start\";i:1434880433;s:18:\"session.timer.last\";i:1434880433;s:17:\"session.timer.now\";i:1434880433;s:22:\"session.client.browser\";s:66:\"Mozilla/5.0 (compatible; AhrefsBot/5.0; +http://ahrefs.com/robot/)\";s:8:\"registry\";O:9:\"JRegistry\":1:{s:7:\"\0*\0data\";O:8:\"stdClass\":0:{}}s:4:\"user\";O:5:\"JUser\":25:{s:9:\"\0*\0isRoot\";N;s:2:\"id\";i:0;s:4:\"name\";N;s:8:\"username\";N;s:5:\"email\";N;s:8:\"password\";N;s:14:\"password_clear\";s:0:\"\";s:8:\"usertype\";N;s:5:\"block\";N;s:9:\"sendEmail\";i:0;s:12:\"registerDate\";N;s:13:\"lastvisitDate\";N;s:10:\"activation\";N;s:6:\"params\";N;s:6:\"groups\";a:0:{}s:5:\"guest\";i:1;s:13:\"lastResetTime\";N;s:10:\"resetCount\";N;s:10:\"\0*\0_params\";O:9:\"JRegistry\":1:{s:7:\"\0*\0data\";O:8:\"stdClass\":0:{}}s:14:\"\0*\0_authGroups\";N;s:14:\"\0*\0_authLevels\";a:2:{i:0;i:1;i:1;i:1;}s:15:\"\0*\0_authActions\";N;s:12:\"\0*\0_errorMsg\";N;s:10:\"\0*\0_errors\";a:0:{}s:3:\"aid\";i:0;}}',0,'','');

--
-- Table structure for table `o4vxs_template_styles`
--

CREATE TABLE `o4vxs_template_styles` (
  `id` int(10) unsigned NOT NULL AUTO_INCREMENT,
  `template` varchar(50) NOT NULL DEFAULT '',
  `client_id` tinyint(1) unsigned NOT NULL DEFAULT '0',
  `home` char(7) NOT NULL DEFAULT '0',
  `title` varchar(255) NOT NULL DEFAULT '',
  `params` text NOT NULL,
  PRIMARY KEY (`id`),
  KEY `idx_template` (`template`),
  KEY `idx_home` (`home`)
) ENGINE=MyISAM AUTO_INCREMENT=116 DEFAULT CHARSET=utf8;

--
-- Dumping data for table `o4vxs_template_styles`
--

INSERT INTO `o4vxs_template_styles` VALUES (2,'bluestork',1,'1','Bluestork - Default','{\"useRoundedCorners\":\"1\",\"showSiteName\":\"0\"}'),(3,'atomic',0,'0','Atomic - Default','{}'),(4,'beez_20',0,'0','Beez2 - Default','{\"wrapperSmall\":\"53\",\"wrapperLarge\":\"72\",\"logo\":\"images\\/joomla_black.gif\",\"sitetitle\":\"Joomla!\",\"sitedescription\":\"Open Source Content Management\",\"navposition\":\"left\",\"templatecolor\":\"personal\",\"html5\":\"0\"}'),(5,'hathor',1,'0','Hathor - Default','{\"showSiteName\":\"0\",\"colourChoice\":\"\",\"boldText\":\"0\"}'),(6,'beez5',0,'0','Beez5 - Default','{\"wrapperSmall\":\"53\",\"wrapperLarge\":\"72\",\"logo\":\"images\\/sampledata\\/fruitshop\\/fruits.gif\",\"sitetitle\":\"Joomla!\",\"sitedescription\":\"Open Source Content Management\",\"navposition\":\"left\",\"html5\":\"0\"}'),(114,'beez_20',0,'0','Beez2 - Parks Site','{\"wrapperSmall\":\"53\",\"wrapperLarge\":\"72\",\"logo\":\"\",\"sitetitle\":\"Australian Parks\",\"sitedescription\":\"Parks Sample Site\",\"navposition\":\"center\",\"templatecolor\":\"nature\"}'),(115,'skylab',0,'1','Skylab - Default','{\"templateWidth\":\"960\",\"leftWidth\":\"210\",\"rightWidth\":\"210\",\"sitetitle\":\"Skylab Free Joomla 2.5 Template by LineLab.org\",\"display_slideshow\":\"0\",\"frontpage\":\"1\",\"slideshow\":\"templates\\/skylab\\/images\\/example.jpg\"}');

--
-- Table structure for table `o4vxs_update_categories`
--

CREATE TABLE `o4vxs_update_categories` (
  `categoryid` int(11) NOT NULL AUTO_INCREMENT,
  `name` varchar(20) DEFAULT '',
  `description` text NOT NULL,
  `parent` int(11) DEFAULT '0',
  `updatesite` int(11) DEFAULT '0',
  PRIMARY KEY (`categoryid`)
) ENGINE=MyISAM DEFAULT CHARSET=utf8 COMMENT='Update Categories';

--
-- Dumping data for table `o4vxs_update_categories`
--


--
-- Table structure for table `o4vxs_update_sites`
--

CREATE TABLE `o4vxs_update_sites` (
  `update_site_id` int(11) NOT NULL AUTO_INCREMENT,
  `name` varchar(100) DEFAULT '',
  `type` varchar(20) DEFAULT '',
  `location` text NOT NULL,
  `enabled` int(11) DEFAULT '0',
  `last_check_timestamp` bigint(20) DEFAULT '0',
  PRIMARY KEY (`update_site_id`)
) ENGINE=MyISAM AUTO_INCREMENT=13 DEFAULT CHARSET=utf8 COMMENT='Update Sites';

--
-- Dumping data for table `o4vxs_update_sites`
--

INSERT INTO `o4vxs_update_sites` VALUES (1,'Joomla Core','collection','http://update.joomla.org/core/list.xml',0,1398303953),(2,'Joomla Extension Directory','collection','http://update.joomla.org/jed/list.xml',0,1398303951),(3,'Accredited Joomla! Translations','collection','http://update.joomla.org/language/translationlist.xml',0,1398303951),(4,'JCE Editor Updates','extension','https://www.joomlacontenteditor.net/index.php?option=com_updates&view=update&format=xml&id=1',0,1433214979),(5,'Facebook Like Updates','extension','http://update.kmweb.dk/xml/facebooklike.xml',0,1383971555),(6,'Attachments Updates','extension','http://jmcameron.net/attachments/updates/updates.xml',0,1433214979),(7,'Kwickmenu CK Update','extension','http://update.joomlack.fr/mod_kwickmenuck_update.xml',0,1382717920),(12,'NoNumber ReReplacer','extension','http://download.nonumber.nl/updates.php?e=rereplacer&type=.zip',0,1433215020),(8,'Maximenu CK Update','extension','http://update.joomlack.fr/mod_maximenuck_update.xml',0,1433215020),(10,'DJ-ImageSlider Package','extension','http://dj-extensions.com/updates/djimageslider.xml',0,1433215020),(11,'Kunena 3.0 Update Site','collection','http://update.kunena.org/3.0/list.xml',0,1433215020);

--
-- Table structure for table `o4vxs_update_sites_extensions`
--

CREATE TABLE `o4vxs_update_sites_extensions` (
  `update_site_id` int(11) NOT NULL DEFAULT '0',
  `extension_id` int(11) NOT NULL DEFAULT '0',
  PRIMARY KEY (`update_site_id`,`extension_id`)
) ENGINE=MyISAM DEFAULT CHARSET=utf8 COMMENT='Links extensions to update sites';

--
-- Dumping data for table `o4vxs_update_sites_extensions`
--

INSERT INTO `o4vxs_update_sites_extensions` VALUES (1,700),(2,700),(3,600),(4,10005),(5,10008),(6,10031),(7,10036),(8,10043),(10,10049),(11,10055),(12,10064),(12,10065);

--
-- Table structure for table `o4vxs_updates`
--

CREATE TABLE `o4vxs_updates` (
  `update_id` int(11) NOT NULL AUTO_INCREMENT,
  `update_site_id` int(11) DEFAULT '0',
  `extension_id` int(11) DEFAULT '0',
  `categoryid` int(11) DEFAULT '0',
  `name` varchar(100) DEFAULT '',
  `description` text NOT NULL,
  `element` varchar(100) DEFAULT '',
  `type` varchar(20) DEFAULT '',
  `folder` varchar(20) DEFAULT '',
  `client_id` tinyint(3) DEFAULT '0',
  `version` varchar(10) DEFAULT '',
  `data` text NOT NULL,
  `detailsurl` text NOT NULL,
  `infourl` text NOT NULL,
  PRIMARY KEY (`update_id`)
) ENGINE=MyISAM AUTO_INCREMENT=1183 DEFAULT CHARSET=utf8 COMMENT='Available Updates';

--
-- Dumping data for table `o4vxs_updates`
--

INSERT INTO `o4vxs_updates` VALUES (1,3,0,0,'Armenian','','pkg_hy-AM','package','',0,'2.5.8.1','','http://update.joomla.org/language/details/hy-AM_details.xml',''),(2,3,0,0,'Bahasa Indonesia','','pkg_id-ID','package','',0,'2.5.13.1','','http://update.joomla.org/language/details/id-ID_details.xml',''),(3,3,0,0,'Danish','','pkg_da-DK','package','',0,'2.5.14.1','','http://update.joomla.org/language/details/da-DK_details.xml',''),(4,3,0,0,'Khmer','','pkg_km-KH','package','',0,'2.5.7.1','','http://update.joomla.org/language/details/km-KH_details.xml',''),(5,3,0,0,'Swedish','','pkg_sv-SE','package','',0,'2.5.10.1','','http://update.joomla.org/language/details/sv-SE_details.xml',''),(6,3,0,0,'Hungarian','','pkg_hu-HU','package','',0,'2.5.14.1','','http://update.joomla.org/language/details/hu-HU_details.xml',''),(7,3,0,0,'Bulgarian','','pkg_bg-BG','package','',0,'2.5.7.1','','http://update.joomla.org/language/details/bg-BG_details.xml',''),(8,3,0,0,'French','','pkg_fr-FR','package','',0,'2.5.13.1','','http://update.joomla.org/language/details/fr-FR_details.xml',''),(9,3,0,0,'Italian','','pkg_it-IT','package','',0,'2.5.14.1','','http://update.joomla.org/language/details/it-IT_details.xml',''),(10,3,0,0,'Spanish','','pkg_es-ES','package','',0,'2.5.14.1','','http://update.joomla.org/language/details/es-ES_details.xml',''),(11,3,0,0,'Dutch','','pkg_nl-NL','package','',0,'2.5.14.1','','http://update.joomla.org/language/details/nl-NL_details.xml',''),(12,3,0,0,'Turkish','','pkg_tr-TR','package','',0,'2.5.13.1','','http://update.joomla.org/language/details/tr-TR_details.xml',''),(13,3,0,0,'Ukrainian','','pkg_uk-UA','package','',0,'2.5.13.11','','http://update.joomla.org/language/details/uk-UA_details.xml',''),(14,3,0,0,'Slovak','','pkg_sk-SK','package','',0,'2.5.14.3','','http://update.joomla.org/language/details/sk-SK_details.xml',''),(15,3,0,0,'Belarusian','','pkg_be-BY','package','',0,'2.5.8.1','','http://update.joomla.org/language/details/be-BY_details.xml',''),(16,3,0,0,'Latvian','','pkg_lv-LV','package','',0,'2.5.13.1','','http://update.joomla.org/language/details/lv-LV_details.xml',''),(17,3,0,0,'Estonian','','pkg_et-EE','package','',0,'2.5.7.1','','http://update.joomla.org/language/details/et-EE_details.xml',''),(18,3,0,0,'Romanian','','pkg_ro-RO','package','',0,'2.5.11.1','','http://update.joomla.org/language/details/ro-RO_details.xml',''),(19,3,0,0,'Flemish','','pkg_nl-BE','package','',0,'2.5.14.1','','http://update.joomla.org/language/details/nl-BE_details.xml',''),(20,3,0,0,'Macedonian','','pkg_mk-MK','package','',0,'2.5.13.1','','http://update.joomla.org/language/details/mk-MK_details.xml',''),(21,3,0,0,'Japanese','','pkg_ja-JP','package','',0,'2.5.14.1','','http://update.joomla.org/language/details/ja-JP_details.xml',''),(22,3,0,0,'Serbian Latin','','pkg_sr-YU','package','',0,'2.5.13.1','','http://update.joomla.org/language/details/sr-YU_details.xml',''),(23,3,0,0,'Arabic Unitag','','pkg_ar-AA','package','',0,'2.5.13.1','','http://update.joomla.org/language/details/ar-AA_details.xml',''),(24,3,0,0,'German','','pkg_de-DE','package','',0,'2.5.14.1','','http://update.joomla.org/language/details/de-DE_details.xml',''),(25,3,0,0,'Norwegian Bokmal','','pkg_nb-NO','package','',0,'2.5.11.1','','http://update.joomla.org/language/details/nb-NO_details.xml',''),(26,3,0,0,'English AU','','pkg_en-AU','package','',0,'2.5.10.1','','http://update.joomla.org/language/details/en-AU_details.xml',''),(27,3,0,0,'English US','','pkg_en-US','package','',0,'2.5.10.1','','http://update.joomla.org/language/details/en-US_details.xml',''),(28,3,0,0,'Serbian Cyrillic','','pkg_sr-RS','package','',0,'2.5.13.1','','http://update.joomla.org/language/details/sr-RS_details.xml',''),(29,3,0,0,'Lithuanian','','pkg_lt-LT','package','',0,'2.5.7.1','','http://update.joomla.org/language/details/lt-LT_details.xml',''),(30,3,0,0,'Albanian','','pkg_sq-AL','package','',0,'2.5.1.5','','http://update.joomla.org/language/details/sq-AL_details.xml',''),(31,3,0,0,'Czech','','pkg_cs-CZ','package','',0,'2.5.13.1','','http://update.joomla.org/language/details/cs-CZ_details.xml',''),(32,3,0,0,'Persian','','pkg_fa-IR','package','',0,'2.5.13.1','','http://update.joomla.org/language/details/fa-IR_details.xml',''),(33,3,0,0,'Galician','','pkg_gl-ES','package','',0,'2.5.7.4','','http://update.joomla.org/language/details/gl-ES_details.xml',''),(34,3,0,0,'Polish','','pkg_pl-PL','package','',0,'2.5.14.1','','http://update.joomla.org/language/details/pl-PL_details.xml',''),(35,3,0,0,'Syriac','','pkg_sy-IQ','package','',0,'2.5.10.1','','http://update.joomla.org/language/details/sy-IQ_details.xml',''),(36,3,0,0,'Portuguese','','pkg_pt-PT','package','',0,'2.5.8.1','','http://update.joomla.org/language/details/pt-PT_details.xml',''),(37,3,0,0,'Russian','','pkg_ru-RU','package','',0,'2.5.13.1','','http://update.joomla.org/language/details/ru-RU_details.xml',''),(38,3,0,0,'Hebrew','','pkg_he-IL','package','',0,'2.5.7.1','','http://update.joomla.org/language/details/he-IL_details.xml',''),(39,3,0,0,'Catalan','','pkg_ca-ES','package','',0,'2.5.13.1','','http://update.joomla.org/language/details/ca-ES_details.xml',''),(40,3,0,0,'Laotian','','pkg_lo-LA','package','',0,'2.5.6.1','','http://update.joomla.org/language/details/lo-LA_details.xml',''),(41,3,0,0,'Afrikaans','','pkg_af-ZA','package','',0,'2.5.14.1','','http://update.joomla.org/language/details/af-ZA_details.xml',''),(42,3,0,0,'Chinese Simplified','','pkg_zh-CN','package','',0,'2.5.14.1','','http://update.joomla.org/language/details/zh-CN_details.xml',''),(43,3,0,0,'Greek','','pkg_el-GR','package','',0,'2.5.6.1','','http://update.joomla.org/language/details/el-GR_details.xml',''),(44,3,0,0,'Esperanto','','pkg_eo-XX','package','',0,'2.5.6.1','','http://update.joomla.org/language/details/eo-XX_details.xml',''),(45,3,0,0,'Finnish','','pkg_fi-FI','package','',0,'2.5.13.1','','http://update.joomla.org/language/details/fi-FI_details.xml',''),(46,3,0,0,'Portuguese Brazil','','pkg_pt-BR','package','',0,'2.5.9.1','','http://update.joomla.org/language/details/pt-BR_details.xml',''),(47,3,0,0,'Chinese Traditional','','pkg_zh-TW','package','',0,'2.5.13.1','','http://update.joomla.org/language/details/zh-TW_details.xml',''),(48,3,0,0,'Vietnamese','','pkg_vi-VN','package','',0,'2.5.8.1','','http://update.joomla.org/language/details/vi-VN_details.xml',''),(49,3,0,0,'Kurdish Sorani','','pkg_ckb-IQ','package','',0,'2.5.9.1','','http://update.joomla.org/language/details/ckb-IQ_details.xml',''),(50,3,0,0,'Bosnian','','pkg_bs-BA','package','',0,'2.5.11.1','','http://update.joomla.org/language/details/bs-BA_details.xml',''),(51,3,0,0,'Croatian','','pkg_hr-HR','package','',0,'2.5.13.1','','http://update.joomla.org/language/details/hr-HR_details.xml',''),(52,3,0,0,'Azeri','','pkg_az-AZ','package','',0,'2.5.7.1','','http://update.joomla.org/language/details/az-AZ_details.xml',''),(53,3,0,0,'Norwegian Nynorsk','','pkg_nn-NO','package','',0,'2.5.8.1','','http://update.joomla.org/language/details/nn-NO_details.xml',''),(54,3,0,0,'Tamil India','','pkg_ta-IN','package','',0,'2.5.14.2','','http://update.joomla.org/language/details/ta-IN_details.xml',''),(55,3,0,0,'Scottish Gaelic','','pkg_gd-GB','package','',0,'2.5.7.1','','http://update.joomla.org/language/details/gd-GB_details.xml',''),(56,3,0,0,'Thai','','pkg_th-TH','package','',0,'2.5.13.1','','http://update.joomla.org/language/details/th-TH_details.xml',''),(57,3,0,0,'Basque','','pkg_eu-ES','package','',0,'1.7.0.1','','http://update.joomla.org/language/details/eu-ES_details.xml',''),(58,3,0,0,'Uyghur','','pkg_ug-CN','package','',0,'2.5.7.2','','http://update.joomla.org/language/details/ug-CN_details.xml',''),(59,3,0,0,'Korean','','pkg_ko-KR','package','',0,'2.5.11.1','','http://update.joomla.org/language/details/ko-KR_details.xml',''),(60,3,0,0,'Hindi','','pkg_hi-IN','package','',0,'2.5.6.1','','http://update.joomla.org/language/details/hi-IN_details.xml',''),(61,3,0,0,'Welsh','','pkg_cy-GB','package','',0,'2.5.6.1','','http://update.joomla.org/language/details/cy-GB_details.xml',''),(62,3,0,0,'Swahili','','pkg_sw-KE','package','',0,'2.5.14.1','','http://update.joomla.org/language/details/sw-KE_details.xml',''),(63,4,10005,0,'JCE Editor','','com_jce','component','',1,'2.3.3.2','','https://www.joomlacontenteditor.net/index.php?option=com_updates&view=update&format=xml&id=1/extension.xml','http://www.joomlacontenteditor.net/news/item/jce-233-released?category_id=32'),(64,5,0,0,'Facebook Like','','mod_facebooklike','module','',1,'1.4.9.1','','http://update.kmweb.dk/xml/facebooklike.xml','http://martinkolle.github.com/Facebook-Like-Button'),(65,11,10055,0,'Kunena Forum','Kunena Forum','pkg_kunena','package','',0,'3.0.3','','http://update.kunena.org/3.0/pkg_kunena.xml',''),(66,11,0,0,'Kunena Language Pack','Language Pack for Kunena Forum','pkg_kunena_languages','package','',0,'3.0.3','','http://update.kunena.org/3.0/pkg_kunena_languages.xml',''),(67,11,0,0,'Kunena Latest Module','','mod_kunenalatest','module','',0,'3.0.1','','http://update.kunena.org/3.0/mod_kunenalatest.xml',''),(68,11,0,0,'Kunena Login Module','','mod_kunenalogin','module','',0,'3.0.1','','http://update.kunena.org/3.0/mod_kunenalogin.xml',''),(69,11,0,0,'Kunena Search Module','','mod_kunenasearch','module','',0,'3.0.1','','http://update.kunena.org/3.0/mod_kunenasearch.xml',''),(70,11,0,0,'Kunena Statistics Module','','mod_kunenastats','module','',0,'3.0.1','','http://update.kunena.org/3.0/mod_kunenastats.xml',''),(71,11,0,0,'Content - Kunena Discuss','','kunenadiscuss','plugin','content',0,'3.0.1','','http://update.kunena.org/3.0/plg_content_kunenadiscuss.xml',''),(72,11,0,0,'Search - Kunena','','kunena','plugin','search',0,'3.0.1','','http://update.kunena.org/3.0/plg_search_kunena.xml',''),(73,11,0,0,'Community - Kunena Groups','','kunenagroups','plugin','community',0,'2.0.4','','http://update.kunena.org/2.0/plg_community_kunenagroups.xml',''),(74,11,0,0,'Community - Kunena Menu','','kunenamenu','plugin','community',0,'2.0.4','','http://update.kunena.org/2.0/plg_community_kunenamenu.xml',''),(75,11,0,0,'Community - My Kunena','','mykunena','plugin','community',0,'2.0.4','','http://update.kunena.org/2.0/plg_community_mykunena.xml',''),(76,12,10064,0,'ReReplacer','','com_rereplacer','component','',1,'5.7.6FREE','','http://download.nonumber.nl/updates.php?e=rereplacer&type=.zip/extension.xml','http://www.nonumber.nl/extensions/rereplacer#download'),(77,1,700,0,'Joomla','','joomla','file','',0,'2.5.16','','http://update.joomla.org/core/extension.xml',''),(78,3,0,0,'Italian','','pkg_it-IT','package','',0,'2.5.15.1','','http://update.joomla.org/language/details/it-IT_details.xml',''),(79,3,0,0,'Slovak','','pkg_sk-SK','package','',0,'2.5.15.1','','http://update.joomla.org/language/details/sk-SK_details.xml',''),(80,3,0,0,'German','','pkg_de-DE','package','',0,'2.5.15.1','','http://update.joomla.org/language/details/de-DE_details.xml',''),(81,3,0,0,'Polish','','pkg_pl-PL','package','',0,'2.5.15.1','','http://update.joomla.org/language/details/pl-PL_details.xml',''),(82,3,0,0,'Catalan','','pkg_ca-ES','package','',0,'2.5.16.1','','http://update.joomla.org/language/details/ca-ES_details.xml',''),(83,3,0,0,'French','','pkg_fr-FR','package','',0,'2.5.16.1','','http://update.joomla.org/language/details/fr-FR_details.xml',''),(84,3,0,0,'Italian','','pkg_it-IT','package','',0,'2.5.15.1','','http://update.joomla.org/language/details/it-IT_details.xml',''),(85,3,0,0,'Slovak','','pkg_sk-SK','package','',0,'2.5.15.1','','http://update.joomla.org/language/details/sk-SK_details.xml',''),(86,3,0,0,'Latvian','','pkg_lv-LV','package','',0,'2.5.16.1','','http://update.joomla.org/language/details/lv-LV_details.xml',''),(87,3,0,0,'Flemish','','pkg_nl-BE','package','',0,'2.5.16.1','','http://update.joomla.org/language/details/nl-BE_details.xml',''),(88,3,0,0,'Japanese','','pkg_ja-JP','package','',0,'2.5.16.1','','http://update.joomla.org/language/details/ja-JP_details.xml',''),(89,3,0,0,'Arabic Unitag','','pkg_ar-AA','package','',0,'2.5.16.1','','http://update.joomla.org/language/details/ar-AA_details.xml',''),(90,3,0,0,'German','','pkg_de-DE','package','',0,'2.5.16.1','','http://update.joomla.org/language/details/de-DE_details.xml',''),(91,3,0,0,'Norwegian Bokmal','','pkg_nb-NO','package','',0,'2.5.16.1','','http://update.joomla.org/language/details/nb-NO_details.xml',''),(92,3,0,0,'Czech','','pkg_cs-CZ','package','',0,'2.5.16.1','','http://update.joomla.org/language/details/cs-CZ_details.xml',''),(93,3,0,0,'Polish','','pkg_pl-PL','package','',0,'2.5.16.2','','http://update.joomla.org/language/details/pl-PL_details.xml',''),(94,3,0,0,'Catalan','','pkg_ca-ES','package','',0,'2.5.16.1','','http://update.joomla.org/language/details/ca-ES_details.xml',''),(95,3,0,0,'Tamil India','','pkg_ta-IN','package','',0,'2.5.16.1','','http://update.joomla.org/language/details/ta-IN_details.xml',''),(96,3,0,0,'Swahili','','pkg_sw-KE','package','',0,'2.5.16.1','','http://update.joomla.org/language/details/sw-KE_details.xml',''),(97,12,0,0,'ReReplacer','','com_rereplacer','component','',1,'5.7.8FREE','','http://download.nonumber.nl/updates.php?e=rereplacer&type=.zip/extension.xml','http://www.nonumber.nl/extensions/rereplacer#download'),(98,12,0,0,'ReReplacer','','com_rereplacer','component','',1,'5.7.8FREE','','http://download.nonumber.nl/updates.php?e=rereplacer&type=.zip/extension.xml','http://www.nonumber.nl/extensions/rereplacer#download'),(99,3,0,0,'French','','pkg_fr-FR','package','',0,'2.5.16.1','','http://update.joomla.org/language/details/fr-FR_details.xml',''),(100,3,0,0,'Italian','','pkg_it-IT','package','',0,'2.5.15.1','','http://update.joomla.org/language/details/it-IT_details.xml',''),(101,3,0,0,'Slovak','','pkg_sk-SK','package','',0,'2.5.15.1','','http://update.joomla.org/language/details/sk-SK_details.xml',''),(102,3,0,0,'Latvian','','pkg_lv-LV','package','',0,'2.5.16.1','','http://update.joomla.org/language/details/lv-LV_details.xml',''),(103,3,0,0,'Flemish','','pkg_nl-BE','package','',0,'2.5.16.1','','http://update.joomla.org/language/details/nl-BE_details.xml',''),(104,3,0,0,'Japanese','','pkg_ja-JP','package','',0,'2.5.16.1','','http://update.joomla.org/language/details/ja-JP_details.xml',''),(105,3,0,0,'Arabic Unitag','','pkg_ar-AA','package','',0,'2.5.16.1','','http://update.joomla.org/language/details/ar-AA_details.xml',''),(106,3,0,0,'German','','pkg_de-DE','package','',0,'2.5.16.1','','http://update.joomla.org/language/details/de-DE_details.xml',''),(107,3,0,0,'Norwegian Bokmal','','pkg_nb-NO','package','',0,'2.5.16.1','','http://update.joomla.org/language/details/nb-NO_details.xml',''),(108,3,0,0,'Czech','','pkg_cs-CZ','package','',0,'2.5.16.1','','http://update.joomla.org/language/details/cs-CZ_details.xml',''),(109,3,0,0,'Polish','','pkg_pl-PL','package','',0,'2.5.16.2','','http://update.joomla.org/language/details/pl-PL_details.xml',''),(110,3,0,0,'Catalan','','pkg_ca-ES','package','',0,'2.5.16.1','','http://update.joomla.org/language/details/ca-ES_details.xml',''),(111,3,0,0,'Tamil India','','pkg_ta-IN','package','',0,'2.5.16.1','','http://update.joomla.org/language/details/ta-IN_details.xml',''),(112,3,0,0,'Swahili','','pkg_sw-KE','package','',0,'2.5.16.1','','http://update.joomla.org/language/details/sw-KE_details.xml',''),(113,12,0,0,'ReReplacer','','com_rereplacer','component','',1,'5.7.8FREE','','http://download.nonumber.nl/updates.php?e=rereplacer&type=.zip/extension.xml','http://www.nonumber.nl/extensions/rereplacer#download'),(114,12,0,0,'ReReplacer','','com_rereplacer','component','',1,'5.7.8FREE','','http://download.nonumber.nl/updates.php?e=rereplacer&type=.zip/extension.xml','http://www.nonumber.nl/extensions/rereplacer#download'),(115,3,0,0,'French','','pkg_fr-FR','package','',0,'2.5.16.1','','http://update.joomla.org/language/details/fr-FR_details.xml',''),(116,3,0,0,'Italian','','pkg_it-IT','package','',0,'2.5.15.1','','http://update.joomla.org/language/details/it-IT_details.xml',''),(117,3,0,0,'Slovak','','pkg_sk-SK','package','',0,'2.5.15.1','','http://update.joomla.org/language/details/sk-SK_details.xml',''),(118,3,0,0,'Latvian','','pkg_lv-LV','package','',0,'2.5.16.1','','http://update.joomla.org/language/details/lv-LV_details.xml',''),(119,3,0,0,'Flemish','','pkg_nl-BE','package','',0,'2.5.16.1','','http://update.joomla.org/language/details/nl-BE_details.xml',''),(120,3,0,0,'Japanese','','pkg_ja-JP','package','',0,'2.5.16.1','','http://update.joomla.org/language/details/ja-JP_details.xml',''),(121,3,0,0,'Arabic Unitag','','pkg_ar-AA','package','',0,'2.5.16.1','','http://update.joomla.org/language/details/ar-AA_details.xml',''),(122,3,0,0,'German','','pkg_de-DE','package','',0,'2.5.16.1','','http://update.joomla.org/language/details/de-DE_details.xml',''),(123,3,0,0,'Norwegian Bokmal','','pkg_nb-NO','package','',0,'2.5.16.1','','http://update.joomla.org/language/details/nb-NO_details.xml',''),(124,3,0,0,'Czech','','pkg_cs-CZ','package','',0,'2.5.16.1','','http://update.joomla.org/language/details/cs-CZ_details.xml',''),(125,3,0,0,'Polish','','pkg_pl-PL','package','',0,'2.5.16.2','','http://update.joomla.org/language/details/pl-PL_details.xml',''),(126,3,0,0,'Catalan','','pkg_ca-ES','package','',0,'2.5.16.1','','http://update.joomla.org/language/details/ca-ES_details.xml',''),(127,3,0,0,'Afrikaans','','pkg_af-ZA','package','',0,'2.5.14.2','','http://update.joomla.org/language/details/af-ZA_details.xml',''),(128,3,0,0,'Tamil India','','pkg_ta-IN','package','',0,'2.5.16.1','','http://update.joomla.org/language/details/ta-IN_details.xml',''),(129,3,0,0,'Swahili','','pkg_sw-KE','package','',0,'2.5.16.1','','http://update.joomla.org/language/details/sw-KE_details.xml',''),(632,1,0,0,'Joomla','','joomla','file','',0,'2.5.18','','http://update.joomla.org/core/extension.xml',''),(633,3,0,0,'Danish','','pkg_da-DK','package','',0,'2.5.18.1','','http://update.joomla.org/language/details/da-DK_details.xml',''),(131,12,0,0,'ReReplacer','','com_rereplacer','component','',1,'5.7.8FREE','','http://download.nonumber.nl/updates.php?e=rereplacer&type=.zip/extension.xml','http://www.nonumber.nl/extensions/rereplacer#download'),(132,12,0,0,'ReReplacer','','com_rereplacer','component','',1,'5.7.8FREE','','http://download.nonumber.nl/updates.php?e=rereplacer&type=.zip/extension.xml','http://www.nonumber.nl/extensions/rereplacer#download'),(133,3,0,0,'French','','pkg_fr-FR','package','',0,'2.5.16.1','','http://update.joomla.org/language/details/fr-FR_details.xml',''),(134,3,0,0,'Italian','','pkg_it-IT','package','',0,'2.5.15.1','','http://update.joomla.org/language/details/it-IT_details.xml',''),(135,3,0,0,'Slovak','','pkg_sk-SK','package','',0,'2.5.17.1','','http://update.joomla.org/language/details/sk-SK_details.xml',''),(136,3,0,0,'Latvian','','pkg_lv-LV','package','',0,'2.5.16.1','','http://update.joomla.org/language/details/lv-LV_details.xml',''),(137,3,0,0,'Flemish','','pkg_nl-BE','package','',0,'2.5.16.1','','http://update.joomla.org/language/details/nl-BE_details.xml',''),(138,3,0,0,'Japanese','','pkg_ja-JP','package','',0,'2.5.16.1','','http://update.joomla.org/language/details/ja-JP_details.xml',''),(139,3,0,0,'Arabic Unitag','','pkg_ar-AA','package','',0,'2.5.16.1','','http://update.joomla.org/language/details/ar-AA_details.xml',''),(140,3,0,0,'German','','pkg_de-DE','package','',0,'2.5.16.1','','http://update.joomla.org/language/details/de-DE_details.xml',''),(141,3,0,0,'Norwegian Bokmal','','pkg_nb-NO','package','',0,'2.5.16.1','','http://update.joomla.org/language/details/nb-NO_details.xml',''),(142,3,0,0,'Czech','','pkg_cs-CZ','package','',0,'2.5.16.1','','http://update.joomla.org/language/details/cs-CZ_details.xml',''),(143,3,0,0,'Polish','','pkg_pl-PL','package','',0,'2.5.16.2','','http://update.joomla.org/language/details/pl-PL_details.xml',''),(144,3,0,0,'Catalan','','pkg_ca-ES','package','',0,'2.5.16.1','','http://update.joomla.org/language/details/ca-ES_details.xml',''),(145,3,0,0,'Afrikaans','','pkg_af-ZA','package','',0,'2.5.16.1','','http://update.joomla.org/language/details/af-ZA_details.xml',''),(146,3,0,0,'Tamil India','','pkg_ta-IN','package','',0,'2.5.16.1','','http://update.joomla.org/language/details/ta-IN_details.xml',''),(147,3,0,0,'Swahili','','pkg_sw-KE','package','',0,'2.5.16.1','','http://update.joomla.org/language/details/sw-KE_details.xml',''),(148,12,0,0,'ReReplacer','','com_rereplacer','component','',1,'5.7.8FREE','','http://download.nonumber.nl/updates.php?e=rereplacer&type=.zip/extension.xml','http://www.nonumber.nl/extensions/rereplacer#download'),(149,12,0,0,'ReReplacer','','com_rereplacer','component','',1,'5.7.8FREE','','http://download.nonumber.nl/updates.php?e=rereplacer&type=.zip/extension.xml','http://www.nonumber.nl/extensions/rereplacer#download'),(150,3,0,0,'French','','pkg_fr-FR','package','',0,'2.5.16.1','','http://update.joomla.org/language/details/fr-FR_details.xml',''),(151,3,0,0,'Italian','','pkg_it-IT','package','',0,'2.5.15.1','','http://update.joomla.org/language/details/it-IT_details.xml',''),(152,3,0,0,'Slovak','','pkg_sk-SK','package','',0,'2.5.17.1','','http://update.joomla.org/language/details/sk-SK_details.xml',''),(153,3,0,0,'Latvian','','pkg_lv-LV','package','',0,'2.5.16.1','','http://update.joomla.org/language/details/lv-LV_details.xml',''),(154,3,0,0,'Flemish','','pkg_nl-BE','package','',0,'2.5.16.1','','http://update.joomla.org/language/details/nl-BE_details.xml',''),(155,3,0,0,'Japanese','','pkg_ja-JP','package','',0,'2.5.16.1','','http://update.joomla.org/language/details/ja-JP_details.xml',''),(156,3,0,0,'Arabic Unitag','','pkg_ar-AA','package','',0,'2.5.16.1','','http://update.joomla.org/language/details/ar-AA_details.xml',''),(157,3,0,0,'German','','pkg_de-DE','package','',0,'2.5.16.1','','http://update.joomla.org/language/details/de-DE_details.xml',''),(158,3,0,0,'Norwegian Bokmal','','pkg_nb-NO','package','',0,'2.5.16.1','','http://update.joomla.org/language/details/nb-NO_details.xml',''),(159,3,0,0,'Czech','','pkg_cs-CZ','package','',0,'2.5.16.1','','http://update.joomla.org/language/details/cs-CZ_details.xml',''),(160,3,0,0,'Polish','','pkg_pl-PL','package','',0,'2.5.16.2','','http://update.joomla.org/language/details/pl-PL_details.xml',''),(161,3,0,0,'Catalan','','pkg_ca-ES','package','',0,'2.5.16.1','','http://update.joomla.org/language/details/ca-ES_details.xml',''),(162,3,0,0,'Afrikaans','','pkg_af-ZA','package','',0,'2.5.16.1','','http://update.joomla.org/language/details/af-ZA_details.xml',''),(163,3,0,0,'Tamil India','','pkg_ta-IN','package','',0,'2.5.16.1','','http://update.joomla.org/language/details/ta-IN_details.xml',''),(164,3,0,0,'Swahili','','pkg_sw-KE','package','',0,'2.5.16.1','','http://update.joomla.org/language/details/sw-KE_details.xml',''),(165,12,0,0,'ReReplacer','','com_rereplacer','component','',1,'5.7.8FREE','','http://download.nonumber.nl/updates.php?e=rereplacer&type=.zip/extension.xml','http://www.nonumber.nl/extensions/rereplacer#download'),(166,3,0,0,'French','','pkg_fr-FR','package','',0,'2.5.16.1','','http://update.joomla.org/language/details/fr-FR_details.xml',''),(167,3,0,0,'Italian','','pkg_it-IT','package','',0,'2.5.15.1','','http://update.joomla.org/language/details/it-IT_details.xml',''),(168,3,0,0,'Slovak','','pkg_sk-SK','package','',0,'2.5.17.1','','http://update.joomla.org/language/details/sk-SK_details.xml',''),(169,3,0,0,'Latvian','','pkg_lv-LV','package','',0,'2.5.16.1','','http://update.joomla.org/language/details/lv-LV_details.xml',''),(170,3,0,0,'Flemish','','pkg_nl-BE','package','',0,'2.5.16.1','','http://update.joomla.org/language/details/nl-BE_details.xml',''),(171,3,0,0,'Japanese','','pkg_ja-JP','package','',0,'2.5.16.1','','http://update.joomla.org/language/details/ja-JP_details.xml',''),(172,3,0,0,'Arabic Unitag','','pkg_ar-AA','package','',0,'2.5.16.1','','http://update.joomla.org/language/details/ar-AA_details.xml',''),(173,3,0,0,'German','','pkg_de-DE','package','',0,'2.5.16.1','','http://update.joomla.org/language/details/de-DE_details.xml',''),(174,3,0,0,'Norwegian Bokmal','','pkg_nb-NO','package','',0,'2.5.16.1','','http://update.joomla.org/language/details/nb-NO_details.xml',''),(175,3,0,0,'Czech','','pkg_cs-CZ','package','',0,'2.5.16.1','','http://update.joomla.org/language/details/cs-CZ_details.xml',''),(176,3,0,0,'Polish','','pkg_pl-PL','package','',0,'2.5.16.2','','http://update.joomla.org/language/details/pl-PL_details.xml',''),(177,3,0,0,'Catalan','','pkg_ca-ES','package','',0,'2.5.16.1','','http://update.joomla.org/language/details/ca-ES_details.xml',''),(178,3,0,0,'Afrikaans','','pkg_af-ZA','package','',0,'2.5.16.1','','http://update.joomla.org/language/details/af-ZA_details.xml',''),(179,3,0,0,'Tamil India','','pkg_ta-IN','package','',0,'2.5.16.1','','http://update.joomla.org/language/details/ta-IN_details.xml',''),(180,3,0,0,'Swahili','','pkg_sw-KE','package','',0,'2.5.16.1','','http://update.joomla.org/language/details/sw-KE_details.xml',''),(181,4,0,0,'JCE Editor','','com_jce','component','',1,'2.3.4','','https://www.joomlacontenteditor.net/index.php?option=com_updates&view=update&format=xml&id=1/extension.xml','http://www.joomlacontenteditor.net/news/item/jce-234-released'),(182,4,0,0,'JCE Editor','','com_jce','component','',1,'2.3.4','','https://www.joomlacontenteditor.net/index.php?option=com_updates&view=update&format=xml&id=1/extension.xml','http://www.joomlacontenteditor.net/news/item/jce-234-released'),(183,12,0,0,'ReReplacer','','com_rereplacer','component','',1,'5.7.8FREE','','http://download.nonumber.nl/updates.php?e=rereplacer&type=.zip/extension.xml','http://www.nonumber.nl/extensions/rereplacer#download'),(184,12,0,0,'ReReplacer','','com_rereplacer','component','',1,'5.7.8FREE','','http://download.nonumber.nl/updates.php?e=rereplacer&type=.zip/extension.xml','http://www.nonumber.nl/extensions/rereplacer#download'),(185,3,0,0,'French','','pkg_fr-FR','package','',0,'2.5.16.1','','http://update.joomla.org/language/details/fr-FR_details.xml',''),(186,3,0,0,'Italian','','pkg_it-IT','package','',0,'2.5.15.1','','http://update.joomla.org/language/details/it-IT_details.xml',''),(187,3,0,0,'Slovak','','pkg_sk-SK','package','',0,'2.5.17.1','','http://update.joomla.org/language/details/sk-SK_details.xml',''),(188,3,0,0,'Latvian','','pkg_lv-LV','package','',0,'2.5.16.1','','http://update.joomla.org/language/details/lv-LV_details.xml',''),(189,3,0,0,'Flemish','','pkg_nl-BE','package','',0,'2.5.16.1','','http://update.joomla.org/language/details/nl-BE_details.xml',''),(190,3,0,0,'Japanese','','pkg_ja-JP','package','',0,'2.5.16.1','','http://update.joomla.org/language/details/ja-JP_details.xml',''),(191,3,0,0,'Arabic Unitag','','pkg_ar-AA','package','',0,'2.5.16.1','','http://update.joomla.org/language/details/ar-AA_details.xml',''),(192,3,0,0,'German','','pkg_de-DE','package','',0,'2.5.16.1','','http://update.joomla.org/language/details/de-DE_details.xml',''),(193,3,0,0,'Norwegian Bokmal','','pkg_nb-NO','package','',0,'2.5.16.1','','http://update.joomla.org/language/details/nb-NO_details.xml',''),(194,3,0,0,'Czech','','pkg_cs-CZ','package','',0,'2.5.16.1','','http://update.joomla.org/language/details/cs-CZ_details.xml',''),(195,3,0,0,'Polish','','pkg_pl-PL','package','',0,'2.5.16.2','','http://update.joomla.org/language/details/pl-PL_details.xml',''),(196,3,0,0,'Catalan','','pkg_ca-ES','package','',0,'2.5.16.1','','http://update.joomla.org/language/details/ca-ES_details.xml',''),(197,3,0,0,'Afrikaans','','pkg_af-ZA','package','',0,'2.5.16.1','','http://update.joomla.org/language/details/af-ZA_details.xml',''),(198,3,0,0,'Tamil India','','pkg_ta-IN','package','',0,'2.5.16.1','','http://update.joomla.org/language/details/ta-IN_details.xml',''),(199,3,0,0,'Swahili','','pkg_sw-KE','package','',0,'2.5.16.1','','http://update.joomla.org/language/details/sw-KE_details.xml',''),(200,4,0,0,'JCE Editor','','com_jce','component','',1,'2.3.4','','https://www.joomlacontenteditor.net/index.php?option=com_updates&view=update&format=xml&id=1/extension.xml','http://www.joomlacontenteditor.net/news/item/jce-234-released'),(201,12,0,0,'ReReplacer','','com_rereplacer','component','',1,'5.7.8FREE','','http://download.nonumber.nl/updates.php?e=rereplacer&type=.zip/extension.xml','http://www.nonumber.nl/extensions/rereplacer#download'),(202,12,0,0,'ReReplacer','','com_rereplacer','component','',1,'5.7.8FREE','','http://download.nonumber.nl/updates.php?e=rereplacer&type=.zip/extension.xml','http://www.nonumber.nl/extensions/rereplacer#download'),(203,3,0,0,'French','','pkg_fr-FR','package','',0,'2.5.16.2','','http://update.joomla.org/language/details/fr-FR_details.xml',''),(204,3,0,0,'Italian','','pkg_it-IT','package','',0,'2.5.15.1','','http://update.joomla.org/language/details/it-IT_details.xml',''),(205,3,0,0,'Slovak','','pkg_sk-SK','package','',0,'2.5.17.1','','http://update.joomla.org/language/details/sk-SK_details.xml',''),(206,3,0,0,'Latvian','','pkg_lv-LV','package','',0,'2.5.16.1','','http://update.joomla.org/language/details/lv-LV_details.xml',''),(207,3,0,0,'Flemish','','pkg_nl-BE','package','',0,'2.5.16.1','','http://update.joomla.org/language/details/nl-BE_details.xml',''),(208,3,0,0,'Japanese','','pkg_ja-JP','package','',0,'2.5.16.1','','http://update.joomla.org/language/details/ja-JP_details.xml',''),(209,3,0,0,'Arabic Unitag','','pkg_ar-AA','package','',0,'2.5.16.1','','http://update.joomla.org/language/details/ar-AA_details.xml',''),(210,3,0,0,'German','','pkg_de-DE','package','',0,'2.5.16.1','','http://update.joomla.org/language/details/de-DE_details.xml',''),(211,3,0,0,'Norwegian Bokmal','','pkg_nb-NO','package','',0,'2.5.16.1','','http://update.joomla.org/language/details/nb-NO_details.xml',''),(212,3,0,0,'Czech','','pkg_cs-CZ','package','',0,'2.5.16.1','','http://update.joomla.org/language/details/cs-CZ_details.xml',''),(213,3,0,0,'Polish','','pkg_pl-PL','package','',0,'2.5.16.2','','http://update.joomla.org/language/details/pl-PL_details.xml',''),(214,3,0,0,'Catalan','','pkg_ca-ES','package','',0,'2.5.16.1','','http://update.joomla.org/language/details/ca-ES_details.xml',''),(215,3,0,0,'Afrikaans','','pkg_af-ZA','package','',0,'2.5.16.1','','http://update.joomla.org/language/details/af-ZA_details.xml',''),(216,3,0,0,'Tamil India','','pkg_ta-IN','package','',0,'2.5.16.1','','http://update.joomla.org/language/details/ta-IN_details.xml',''),(217,3,0,0,'Swahili','','pkg_sw-KE','package','',0,'2.5.16.1','','http://update.joomla.org/language/details/sw-KE_details.xml',''),(218,3,0,0,'French','','pkg_fr-FR','package','',0,'2.5.16.2','','http://update.joomla.org/language/details/fr-FR_details.xml',''),(219,3,0,0,'Italian','','pkg_it-IT','package','',0,'2.5.15.1','','http://update.joomla.org/language/details/it-IT_details.xml',''),(220,3,0,0,'Slovak','','pkg_sk-SK','package','',0,'2.5.17.1','','http://update.joomla.org/language/details/sk-SK_details.xml',''),(221,3,0,0,'Latvian','','pkg_lv-LV','package','',0,'2.5.16.1','','http://update.joomla.org/language/details/lv-LV_details.xml',''),(222,3,0,0,'Flemish','','pkg_nl-BE','package','',0,'2.5.16.1','','http://update.joomla.org/language/details/nl-BE_details.xml',''),(223,3,0,0,'Japanese','','pkg_ja-JP','package','',0,'2.5.16.1','','http://update.joomla.org/language/details/ja-JP_details.xml',''),(224,3,0,0,'Arabic Unitag','','pkg_ar-AA','package','',0,'2.5.16.1','','http://update.joomla.org/language/details/ar-AA_details.xml',''),(225,3,0,0,'German','','pkg_de-DE','package','',0,'2.5.16.1','','http://update.joomla.org/language/details/de-DE_details.xml',''),(226,3,0,0,'Norwegian Bokmal','','pkg_nb-NO','package','',0,'2.5.16.1','','http://update.joomla.org/language/details/nb-NO_details.xml',''),(227,3,0,0,'Czech','','pkg_cs-CZ','package','',0,'2.5.16.1','','http://update.joomla.org/language/details/cs-CZ_details.xml',''),(228,3,0,0,'Polish','','pkg_pl-PL','package','',0,'2.5.16.2','','http://update.joomla.org/language/details/pl-PL_details.xml',''),(229,3,0,0,'Catalan','','pkg_ca-ES','package','',0,'2.5.16.1','','http://update.joomla.org/language/details/ca-ES_details.xml',''),(230,3,0,0,'Afrikaans','','pkg_af-ZA','package','',0,'2.5.16.1','','http://update.joomla.org/language/details/af-ZA_details.xml',''),(231,3,0,0,'Tamil India','','pkg_ta-IN','package','',0,'2.5.16.1','','http://update.joomla.org/language/details/ta-IN_details.xml',''),(232,3,0,0,'Swahili','','pkg_sw-KE','package','',0,'2.5.16.1','','http://update.joomla.org/language/details/sw-KE_details.xml',''),(233,4,0,0,'JCE Editor','','com_jce','component','',1,'2.3.4.1','','https://www.joomlacontenteditor.net/index.php?option=com_updates&view=update&format=xml&id=1/extension.xml','http://www.joomlacontenteditor.net/news/item/jce-234-released'),(234,4,0,0,'JCE Editor','','com_jce','component','',1,'2.3.4.1','','https://www.joomlacontenteditor.net/index.php?option=com_updates&view=update&format=xml&id=1/extension.xml','http://www.joomlacontenteditor.net/news/item/jce-234-released'),(235,12,0,0,'ReReplacer','','com_rereplacer','component','',1,'5.7.8FREE','','http://download.nonumber.nl/updates.php?e=rereplacer&type=.zip/extension.xml','http://www.nonumber.nl/extensions/rereplacer#download'),(236,12,0,0,'ReReplacer','','com_rereplacer','component','',1,'5.7.8FREE','','http://download.nonumber.nl/updates.php?e=rereplacer&type=.zip/extension.xml','http://www.nonumber.nl/extensions/rereplacer#download'),(237,3,0,0,'French','','pkg_fr-FR','package','',0,'2.5.16.2','','http://update.joomla.org/language/details/fr-FR_details.xml',''),(238,3,0,0,'Italian','','pkg_it-IT','package','',0,'2.5.15.1','','http://update.joomla.org/language/details/it-IT_details.xml',''),(239,3,0,0,'Slovak','','pkg_sk-SK','package','',0,'2.5.17.1','','http://update.joomla.org/language/details/sk-SK_details.xml',''),(240,3,0,0,'Latvian','','pkg_lv-LV','package','',0,'2.5.16.1','','http://update.joomla.org/language/details/lv-LV_details.xml',''),(241,3,0,0,'Flemish','','pkg_nl-BE','package','',0,'2.5.16.1','','http://update.joomla.org/language/details/nl-BE_details.xml',''),(242,3,0,0,'Japanese','','pkg_ja-JP','package','',0,'2.5.16.1','','http://update.joomla.org/language/details/ja-JP_details.xml',''),(243,3,0,0,'Arabic Unitag','','pkg_ar-AA','package','',0,'2.5.16.1','','http://update.joomla.org/language/details/ar-AA_details.xml',''),(244,3,0,0,'German','','pkg_de-DE','package','',0,'2.5.16.1','','http://update.joomla.org/language/details/de-DE_details.xml',''),(245,3,0,0,'Norwegian Bokmal','','pkg_nb-NO','package','',0,'2.5.16.1','','http://update.joomla.org/language/details/nb-NO_details.xml',''),(246,3,0,0,'Czech','','pkg_cs-CZ','package','',0,'2.5.16.1','','http://update.joomla.org/language/details/cs-CZ_details.xml',''),(247,3,0,0,'Polish','','pkg_pl-PL','package','',0,'2.5.16.2','','http://update.joomla.org/language/details/pl-PL_details.xml',''),(248,3,0,0,'Catalan','','pkg_ca-ES','package','',0,'2.5.16.1','','http://update.joomla.org/language/details/ca-ES_details.xml',''),(249,3,0,0,'Afrikaans','','pkg_af-ZA','package','',0,'2.5.16.1','','http://update.joomla.org/language/details/af-ZA_details.xml',''),(250,3,0,0,'Tamil India','','pkg_ta-IN','package','',0,'2.5.16.1','','http://update.joomla.org/language/details/ta-IN_details.xml',''),(251,3,0,0,'Swahili','','pkg_sw-KE','package','',0,'2.5.16.1','','http://update.joomla.org/language/details/sw-KE_details.xml',''),(252,4,0,0,'JCE Editor','','com_jce','component','',1,'2.3.4.1','','https://www.joomlacontenteditor.net/index.php?option=com_updates&view=update&format=xml&id=1/extension.xml','http://www.joomlacontenteditor.net/news/item/jce-234-released'),(253,12,0,0,'ReReplacer','','com_rereplacer','component','',1,'5.7.8FREE','','http://download.nonumber.nl/updates.php?e=rereplacer&type=.zip/extension.xml','http://www.nonumber.nl/extensions/rereplacer#download'),(254,12,0,0,'ReReplacer','','com_rereplacer','component','',1,'5.7.8FREE','','http://download.nonumber.nl/updates.php?e=rereplacer&type=.zip/extension.xml','http://www.nonumber.nl/extensions/rereplacer#download'),(255,3,0,0,'French','','pkg_fr-FR','package','',0,'2.5.16.2','','http://update.joomla.org/language/details/fr-FR_details.xml',''),(256,3,0,0,'Italian','','pkg_it-IT','package','',0,'2.5.15.1','','http://update.joomla.org/language/details/it-IT_details.xml',''),(257,3,0,0,'Slovak','','pkg_sk-SK','package','',0,'2.5.17.1','','http://update.joomla.org/language/details/sk-SK_details.xml',''),(258,3,0,0,'Latvian','','pkg_lv-LV','package','',0,'2.5.16.1','','http://update.joomla.org/language/details/lv-LV_details.xml',''),(259,3,0,0,'Flemish','','pkg_nl-BE','package','',0,'2.5.16.1','','http://update.joomla.org/language/details/nl-BE_details.xml',''),(260,3,0,0,'Japanese','','pkg_ja-JP','package','',0,'2.5.16.1','','http://update.joomla.org/language/details/ja-JP_details.xml',''),(261,3,0,0,'Arabic Unitag','','pkg_ar-AA','package','',0,'2.5.16.1','','http://update.joomla.org/language/details/ar-AA_details.xml',''),(262,3,0,0,'German','','pkg_de-DE','package','',0,'2.5.16.1','','http://update.joomla.org/language/details/de-DE_details.xml',''),(263,3,0,0,'Norwegian Bokmal','','pkg_nb-NO','package','',0,'2.5.16.1','','http://update.joomla.org/language/details/nb-NO_details.xml',''),(264,3,0,0,'Czech','','pkg_cs-CZ','package','',0,'2.5.16.1','','http://update.joomla.org/language/details/cs-CZ_details.xml',''),(265,3,0,0,'Polish','','pkg_pl-PL','package','',0,'2.5.16.2','','http://update.joomla.org/language/details/pl-PL_details.xml',''),(266,3,0,0,'Catalan','','pkg_ca-ES','package','',0,'2.5.16.1','','http://update.joomla.org/language/details/ca-ES_details.xml',''),(267,3,0,0,'Afrikaans','','pkg_af-ZA','package','',0,'2.5.16.1','','http://update.joomla.org/language/details/af-ZA_details.xml',''),(268,3,0,0,'Tamil India','','pkg_ta-IN','package','',0,'2.5.16.1','','http://update.joomla.org/language/details/ta-IN_details.xml',''),(269,3,0,0,'Swahili','','pkg_sw-KE','package','',0,'2.5.16.1','','http://update.joomla.org/language/details/sw-KE_details.xml',''),(270,4,0,0,'JCE Editor','','com_jce','component','',1,'2.3.4.1','','https://www.joomlacontenteditor.net/index.php?option=com_updates&view=update&format=xml&id=1/extension.xml','http://www.joomlacontenteditor.net/news/item/jce-234-released'),(271,12,0,0,'ReReplacer','','com_rereplacer','component','',1,'5.7.8FREE','','http://download.nonumber.nl/updates.php?e=rereplacer&type=.zip/extension.xml','http://www.nonumber.nl/extensions/rereplacer#download'),(272,3,0,0,'French','','pkg_fr-FR','package','',0,'2.5.16.2','','http://update.joomla.org/language/details/fr-FR_details.xml',''),(273,3,0,0,'Italian','','pkg_it-IT','package','',0,'2.5.15.1','','http://update.joomla.org/language/details/it-IT_details.xml',''),(274,3,0,0,'Slovak','','pkg_sk-SK','package','',0,'2.5.17.1','','http://update.joomla.org/language/details/sk-SK_details.xml',''),(275,3,0,0,'Latvian','','pkg_lv-LV','package','',0,'2.5.16.1','','http://update.joomla.org/language/details/lv-LV_details.xml',''),(276,3,0,0,'Flemish','','pkg_nl-BE','package','',0,'2.5.16.1','','http://update.joomla.org/language/details/nl-BE_details.xml',''),(277,3,0,0,'Japanese','','pkg_ja-JP','package','',0,'2.5.16.1','','http://update.joomla.org/language/details/ja-JP_details.xml',''),(278,3,0,0,'Arabic Unitag','','pkg_ar-AA','package','',0,'2.5.16.2','','http://update.joomla.org/language/details/ar-AA_details.xml',''),(279,3,0,0,'German','','pkg_de-DE','package','',0,'2.5.16.1','','http://update.joomla.org/language/details/de-DE_details.xml',''),(280,3,0,0,'Norwegian Bokmal','','pkg_nb-NO','package','',0,'2.5.16.1','','http://update.joomla.org/language/details/nb-NO_details.xml',''),(281,3,0,0,'Czech','','pkg_cs-CZ','package','',0,'2.5.16.1','','http://update.joomla.org/language/details/cs-CZ_details.xml',''),(282,3,0,0,'Polish','','pkg_pl-PL','package','',0,'2.5.16.2','','http://update.joomla.org/language/details/pl-PL_details.xml',''),(283,3,0,0,'Catalan','','pkg_ca-ES','package','',0,'2.5.16.1','','http://update.joomla.org/language/details/ca-ES_details.xml',''),(284,3,0,0,'Afrikaans','','pkg_af-ZA','package','',0,'2.5.16.1','','http://update.joomla.org/language/details/af-ZA_details.xml',''),(285,3,0,0,'Tamil India','','pkg_ta-IN','package','',0,'2.5.16.1','','http://update.joomla.org/language/details/ta-IN_details.xml',''),(286,3,0,0,'Swahili','','pkg_sw-KE','package','',0,'2.5.16.1','','http://update.joomla.org/language/details/sw-KE_details.xml',''),(287,4,0,0,'JCE Editor','','com_jce','component','',1,'2.3.4.1','','https://www.joomlacontenteditor.net/index.php?option=com_updates&view=update&format=xml&id=1/extension.xml','http://www.joomlacontenteditor.net/news/item/jce-234-released'),(288,12,0,0,'ReReplacer','','com_rereplacer','component','',1,'5.7.8FREE','','http://download.nonumber.nl/updates.php?e=rereplacer&type=.zip/extension.xml','http://www.nonumber.nl/extensions/rereplacer#download'),(289,12,0,0,'ReReplacer','','com_rereplacer','component','',1,'5.7.8FREE','','http://download.nonumber.nl/updates.php?e=rereplacer&type=.zip/extension.xml','http://www.nonumber.nl/extensions/rereplacer#download'),(290,3,0,0,'French','','pkg_fr-FR','package','',0,'2.5.16.2','','http://update.joomla.org/language/details/fr-FR_details.xml',''),(291,3,0,0,'Italian','','pkg_it-IT','package','',0,'2.5.15.1','','http://update.joomla.org/language/details/it-IT_details.xml',''),(292,3,0,0,'Slovak','','pkg_sk-SK','package','',0,'2.5.17.1','','http://update.joomla.org/language/details/sk-SK_details.xml',''),(293,3,0,0,'Latvian','','pkg_lv-LV','package','',0,'2.5.16.1','','http://update.joomla.org/language/details/lv-LV_details.xml',''),(294,3,0,0,'Flemish','','pkg_nl-BE','package','',0,'2.5.16.1','','http://update.joomla.org/language/details/nl-BE_details.xml',''),(295,3,0,0,'Japanese','','pkg_ja-JP','package','',0,'2.5.16.1','','http://update.joomla.org/language/details/ja-JP_details.xml',''),(296,3,0,0,'Arabic Unitag','','pkg_ar-AA','package','',0,'2.5.16.2','','http://update.joomla.org/language/details/ar-AA_details.xml',''),(297,3,0,0,'German','','pkg_de-DE','package','',0,'2.5.16.1','','http://update.joomla.org/language/details/de-DE_details.xml',''),(298,3,0,0,'Norwegian Bokmal','','pkg_nb-NO','package','',0,'2.5.16.1','','http://update.joomla.org/language/details/nb-NO_details.xml',''),(299,3,0,0,'Czech','','pkg_cs-CZ','package','',0,'2.5.16.1','','http://update.joomla.org/language/details/cs-CZ_details.xml',''),(300,3,0,0,'Polish','','pkg_pl-PL','package','',0,'2.5.16.2','','http://update.joomla.org/language/details/pl-PL_details.xml',''),(301,3,0,0,'Catalan','','pkg_ca-ES','package','',0,'2.5.16.1','','http://update.joomla.org/language/details/ca-ES_details.xml',''),(302,3,0,0,'Afrikaans','','pkg_af-ZA','package','',0,'2.5.16.1','','http://update.joomla.org/language/details/af-ZA_details.xml',''),(303,3,0,0,'Tamil India','','pkg_ta-IN','package','',0,'2.5.16.1','','http://update.joomla.org/language/details/ta-IN_details.xml',''),(304,3,0,0,'Swahili','','pkg_sw-KE','package','',0,'2.5.16.1','','http://update.joomla.org/language/details/sw-KE_details.xml',''),(305,4,0,0,'JCE Editor','','com_jce','component','',1,'2.3.4.1','','https://www.joomlacontenteditor.net/index.php?option=com_updates&view=update&format=xml&id=1/extension.xml','http://www.joomlacontenteditor.net/news/item/jce-234-released'),(306,4,0,0,'JCE Editor','','com_jce','component','',1,'2.3.4.1','','https://www.joomlacontenteditor.net/index.php?option=com_updates&view=update&format=xml&id=1/extension.xml','http://www.joomlacontenteditor.net/news/item/jce-234-released'),(307,12,0,0,'ReReplacer','','com_rereplacer','component','',1,'5.7.8FREE','','http://download.nonumber.nl/updates.php?e=rereplacer&type=.zip/extension.xml','http://www.nonumber.nl/extensions/rereplacer#download'),(308,12,0,0,'ReReplacer','','com_rereplacer','component','',1,'5.7.8FREE','','http://download.nonumber.nl/updates.php?e=rereplacer&type=.zip/extension.xml','http://www.nonumber.nl/extensions/rereplacer#download'),(309,3,0,0,'French','','pkg_fr-FR','package','',0,'2.5.16.2','','http://update.joomla.org/language/details/fr-FR_details.xml',''),(310,3,0,0,'Italian','','pkg_it-IT','package','',0,'2.5.15.1','','http://update.joomla.org/language/details/it-IT_details.xml',''),(311,3,0,0,'Slovak','','pkg_sk-SK','package','',0,'2.5.17.1','','http://update.joomla.org/language/details/sk-SK_details.xml',''),(312,3,0,0,'Latvian','','pkg_lv-LV','package','',0,'2.5.16.1','','http://update.joomla.org/language/details/lv-LV_details.xml',''),(313,3,0,0,'Flemish','','pkg_nl-BE','package','',0,'2.5.16.1','','http://update.joomla.org/language/details/nl-BE_details.xml',''),(314,3,0,0,'Japanese','','pkg_ja-JP','package','',0,'2.5.16.1','','http://update.joomla.org/language/details/ja-JP_details.xml',''),(315,3,0,0,'Arabic Unitag','','pkg_ar-AA','package','',0,'2.5.16.2','','http://update.joomla.org/language/details/ar-AA_details.xml',''),(316,3,0,0,'German','','pkg_de-DE','package','',0,'2.5.16.1','','http://update.joomla.org/language/details/de-DE_details.xml',''),(317,3,0,0,'Norwegian Bokmal','','pkg_nb-NO','package','',0,'2.5.16.1','','http://update.joomla.org/language/details/nb-NO_details.xml',''),(318,3,0,0,'Czech','','pkg_cs-CZ','package','',0,'2.5.16.1','','http://update.joomla.org/language/details/cs-CZ_details.xml',''),(319,3,0,0,'Polish','','pkg_pl-PL','package','',0,'2.5.16.2','','http://update.joomla.org/language/details/pl-PL_details.xml',''),(320,3,0,0,'Catalan','','pkg_ca-ES','package','',0,'2.5.16.1','','http://update.joomla.org/language/details/ca-ES_details.xml',''),(321,3,0,0,'Afrikaans','','pkg_af-ZA','package','',0,'2.5.16.1','','http://update.joomla.org/language/details/af-ZA_details.xml',''),(322,3,0,0,'Tamil India','','pkg_ta-IN','package','',0,'2.5.16.1','','http://update.joomla.org/language/details/ta-IN_details.xml',''),(323,3,0,0,'Swahili','','pkg_sw-KE','package','',0,'2.5.16.1','','http://update.joomla.org/language/details/sw-KE_details.xml',''),(324,4,0,0,'JCE Editor','','com_jce','component','',1,'2.3.4.1','','https://www.joomlacontenteditor.net/index.php?option=com_updates&view=update&format=xml&id=1/extension.xml','http://www.joomlacontenteditor.net/news/item/jce-234-released'),(325,12,0,0,'ReReplacer','','com_rereplacer','component','',1,'5.7.8FREE','','http://download.nonumber.nl/updates.php?e=rereplacer&type=.zip/extension.xml','http://www.nonumber.nl/extensions/rereplacer#download'),(326,3,0,0,'French','','pkg_fr-FR','package','',0,'2.5.16.2','','http://update.joomla.org/language/details/fr-FR_details.xml',''),(327,3,0,0,'Italian','','pkg_it-IT','package','',0,'2.5.15.1','','http://update.joomla.org/language/details/it-IT_details.xml',''),(328,3,0,0,'Slovak','','pkg_sk-SK','package','',0,'2.5.17.1','','http://update.joomla.org/language/details/sk-SK_details.xml',''),(329,3,0,0,'Latvian','','pkg_lv-LV','package','',0,'2.5.16.1','','http://update.joomla.org/language/details/lv-LV_details.xml',''),(330,3,0,0,'Flemish','','pkg_nl-BE','package','',0,'2.5.16.1','','http://update.joomla.org/language/details/nl-BE_details.xml',''),(331,3,0,0,'Japanese','','pkg_ja-JP','package','',0,'2.5.16.1','','http://update.joomla.org/language/details/ja-JP_details.xml',''),(332,3,0,0,'Arabic Unitag','','pkg_ar-AA','package','',0,'2.5.16.2','','http://update.joomla.org/language/details/ar-AA_details.xml',''),(333,3,0,0,'German','','pkg_de-DE','package','',0,'2.5.16.1','','http://update.joomla.org/language/details/de-DE_details.xml',''),(334,3,0,0,'Norwegian Bokmal','','pkg_nb-NO','package','',0,'2.5.16.1','','http://update.joomla.org/language/details/nb-NO_details.xml',''),(335,3,0,0,'Czech','','pkg_cs-CZ','package','',0,'2.5.16.1','','http://update.joomla.org/language/details/cs-CZ_details.xml',''),(336,3,0,0,'Polish','','pkg_pl-PL','package','',0,'2.5.16.2','','http://update.joomla.org/language/details/pl-PL_details.xml',''),(337,3,0,0,'Catalan','','pkg_ca-ES','package','',0,'2.5.16.1','','http://update.joomla.org/language/details/ca-ES_details.xml',''),(338,3,0,0,'Afrikaans','','pkg_af-ZA','package','',0,'2.5.16.1','','http://update.joomla.org/language/details/af-ZA_details.xml',''),(339,3,0,0,'Tamil India','','pkg_ta-IN','package','',0,'2.5.16.1','','http://update.joomla.org/language/details/ta-IN_details.xml',''),(340,3,0,0,'Swahili','','pkg_sw-KE','package','',0,'2.5.16.1','','http://update.joomla.org/language/details/sw-KE_details.xml',''),(341,4,0,0,'JCE Editor','','com_jce','component','',1,'2.3.4.1','','https://www.joomlacontenteditor.net/index.php?option=com_updates&view=update&format=xml&id=1/extension.xml','http://www.joomlacontenteditor.net/news/item/jce-234-released'),(342,12,0,0,'ReReplacer','','com_rereplacer','component','',1,'5.7.8FREE','','http://download.nonumber.nl/updates.php?e=rereplacer&type=.zip/extension.xml','http://www.nonumber.nl/extensions/rereplacer#download'),(343,3,0,0,'French','','pkg_fr-FR','package','',0,'2.5.16.2','','http://update.joomla.org/language/details/fr-FR_details.xml',''),(344,3,0,0,'Italian','','pkg_it-IT','package','',0,'2.5.15.1','','http://update.joomla.org/language/details/it-IT_details.xml',''),(345,3,0,0,'Slovak','','pkg_sk-SK','package','',0,'2.5.17.1','','http://update.joomla.org/language/details/sk-SK_details.xml',''),(346,3,0,0,'Latvian','','pkg_lv-LV','package','',0,'2.5.16.1','','http://update.joomla.org/language/details/lv-LV_details.xml',''),(347,3,0,0,'Flemish','','pkg_nl-BE','package','',0,'2.5.16.1','','http://update.joomla.org/language/details/nl-BE_details.xml',''),(348,3,0,0,'Japanese','','pkg_ja-JP','package','',0,'2.5.16.1','','http://update.joomla.org/language/details/ja-JP_details.xml',''),(349,3,0,0,'Arabic Unitag','','pkg_ar-AA','package','',0,'2.5.16.2','','http://update.joomla.org/language/details/ar-AA_details.xml',''),(350,3,0,0,'German','','pkg_de-DE','package','',0,'2.5.16.1','','http://update.joomla.org/language/details/de-DE_details.xml',''),(351,3,0,0,'Norwegian Bokmal','','pkg_nb-NO','package','',0,'2.5.16.1','','http://update.joomla.org/language/details/nb-NO_details.xml',''),(352,3,0,0,'Czech','','pkg_cs-CZ','package','',0,'2.5.16.1','','http://update.joomla.org/language/details/cs-CZ_details.xml',''),(353,3,0,0,'Persian','','pkg_fa-IR','package','',0,'2.5.16.1','','http://update.joomla.org/language/details/fa-IR_details.xml',''),(354,3,0,0,'Polish','','pkg_pl-PL','package','',0,'2.5.16.2','','http://update.joomla.org/language/details/pl-PL_details.xml',''),(355,3,0,0,'Catalan','','pkg_ca-ES','package','',0,'2.5.16.1','','http://update.joomla.org/language/details/ca-ES_details.xml',''),(356,3,0,0,'Afrikaans','','pkg_af-ZA','package','',0,'2.5.16.1','','http://update.joomla.org/language/details/af-ZA_details.xml',''),(357,3,0,0,'Tamil India','','pkg_ta-IN','package','',0,'2.5.16.1','','http://update.joomla.org/language/details/ta-IN_details.xml',''),(358,3,0,0,'Swahili','','pkg_sw-KE','package','',0,'2.5.16.1','','http://update.joomla.org/language/details/sw-KE_details.xml',''),(359,4,0,0,'JCE Editor','','com_jce','component','',1,'2.3.4.1','','https://www.joomlacontenteditor.net/index.php?option=com_updates&view=update&format=xml&id=1/extension.xml','http://www.joomlacontenteditor.net/news/item/jce-234-released'),(360,4,0,0,'JCE Editor','','com_jce','component','',1,'2.3.4.1','','https://www.joomlacontenteditor.net/index.php?option=com_updates&view=update&format=xml&id=1/extension.xml','http://www.joomlacontenteditor.net/news/item/jce-234-released'),(361,12,0,0,'ReReplacer','','com_rereplacer','component','',1,'5.7.8FREE','','http://download.nonumber.nl/updates.php?e=rereplacer&type=.zip/extension.xml','http://www.nonumber.nl/extensions/rereplacer#download'),(362,12,0,0,'ReReplacer','','com_rereplacer','component','',1,'5.7.8FREE','','http://download.nonumber.nl/updates.php?e=rereplacer&type=.zip/extension.xml','http://www.nonumber.nl/extensions/rereplacer#download'),(363,3,0,0,'French','','pkg_fr-FR','package','',0,'2.5.16.2','','http://update.joomla.org/language/details/fr-FR_details.xml',''),(364,3,0,0,'Italian','','pkg_it-IT','package','',0,'2.5.15.1','','http://update.joomla.org/language/details/it-IT_details.xml',''),(365,3,0,0,'Slovak','','pkg_sk-SK','package','',0,'2.5.17.1','','http://update.joomla.org/language/details/sk-SK_details.xml',''),(366,3,0,0,'Latvian','','pkg_lv-LV','package','',0,'2.5.16.1','','http://update.joomla.org/language/details/lv-LV_details.xml',''),(367,3,0,0,'Flemish','','pkg_nl-BE','package','',0,'2.5.16.1','','http://update.joomla.org/language/details/nl-BE_details.xml',''),(368,3,0,0,'Japanese','','pkg_ja-JP','package','',0,'2.5.16.1','','http://update.joomla.org/language/details/ja-JP_details.xml',''),(369,3,0,0,'Arabic Unitag','','pkg_ar-AA','package','',0,'2.5.16.2','','http://update.joomla.org/language/details/ar-AA_details.xml',''),(370,3,0,0,'German','','pkg_de-DE','package','',0,'2.5.16.1','','http://update.joomla.org/language/details/de-DE_details.xml',''),(371,3,0,0,'Norwegian Bokmal','','pkg_nb-NO','package','',0,'2.5.16.1','','http://update.joomla.org/language/details/nb-NO_details.xml',''),(372,3,0,0,'Czech','','pkg_cs-CZ','package','',0,'2.5.16.1','','http://update.joomla.org/language/details/cs-CZ_details.xml',''),(373,3,0,0,'Persian','','pkg_fa-IR','package','',0,'2.5.16.1','','http://update.joomla.org/language/details/fa-IR_details.xml',''),(374,3,0,0,'Polish','','pkg_pl-PL','package','',0,'2.5.16.2','','http://update.joomla.org/language/details/pl-PL_details.xml',''),(375,3,0,0,'Catalan','','pkg_ca-ES','package','',0,'2.5.16.1','','http://update.joomla.org/language/details/ca-ES_details.xml',''),(376,3,0,0,'Afrikaans','','pkg_af-ZA','package','',0,'2.5.16.1','','http://update.joomla.org/language/details/af-ZA_details.xml',''),(377,3,0,0,'Tamil India','','pkg_ta-IN','package','',0,'2.5.16.1','','http://update.joomla.org/language/details/ta-IN_details.xml',''),(378,3,0,0,'Swahili','','pkg_sw-KE','package','',0,'2.5.16.1','','http://update.joomla.org/language/details/sw-KE_details.xml',''),(379,4,0,0,'JCE Editor','','com_jce','component','',1,'2.3.4.1','','https://www.joomlacontenteditor.net/index.php?option=com_updates&view=update&format=xml&id=1/extension.xml','http://www.joomlacontenteditor.net/news/item/jce-234-released'),(380,12,0,0,'ReReplacer','','com_rereplacer','component','',1,'5.7.8FREE','','http://download.nonumber.nl/updates.php?e=rereplacer&type=.zip/extension.xml','http://www.nonumber.nl/extensions/rereplacer#download'),(381,12,0,0,'ReReplacer','','com_rereplacer','component','',1,'5.7.8FREE','','http://download.nonumber.nl/updates.php?e=rereplacer&type=.zip/extension.xml','http://www.nonumber.nl/extensions/rereplacer#download'),(382,3,0,0,'French','','pkg_fr-FR','package','',0,'2.5.16.2','','http://update.joomla.org/language/details/fr-FR_details.xml',''),(383,3,0,0,'Italian','','pkg_it-IT','package','',0,'2.5.15.1','','http://update.joomla.org/language/details/it-IT_details.xml',''),(384,3,0,0,'Slovak','','pkg_sk-SK','package','',0,'2.5.17.1','','http://update.joomla.org/language/details/sk-SK_details.xml',''),(385,3,0,0,'Latvian','','pkg_lv-LV','package','',0,'2.5.16.1','','http://update.joomla.org/language/details/lv-LV_details.xml',''),(386,3,0,0,'Flemish','','pkg_nl-BE','package','',0,'2.5.16.1','','http://update.joomla.org/language/details/nl-BE_details.xml',''),(387,3,0,0,'Japanese','','pkg_ja-JP','package','',0,'2.5.16.1','','http://update.joomla.org/language/details/ja-JP_details.xml',''),(388,3,0,0,'Arabic Unitag','','pkg_ar-AA','package','',0,'2.5.16.2','','http://update.joomla.org/language/details/ar-AA_details.xml',''),(389,3,0,0,'German','','pkg_de-DE','package','',0,'2.5.16.1','','http://update.joomla.org/language/details/de-DE_details.xml',''),(390,3,0,0,'Norwegian Bokmal','','pkg_nb-NO','package','',0,'2.5.16.1','','http://update.joomla.org/language/details/nb-NO_details.xml',''),(391,3,0,0,'Czech','','pkg_cs-CZ','package','',0,'2.5.16.1','','http://update.joomla.org/language/details/cs-CZ_details.xml',''),(392,3,0,0,'Persian','','pkg_fa-IR','package','',0,'2.5.16.1','','http://update.joomla.org/language/details/fa-IR_details.xml',''),(393,3,0,0,'Polish','','pkg_pl-PL','package','',0,'2.5.16.2','','http://update.joomla.org/language/details/pl-PL_details.xml',''),(394,3,0,0,'Catalan','','pkg_ca-ES','package','',0,'2.5.16.1','','http://update.joomla.org/language/details/ca-ES_details.xml',''),(395,3,0,0,'Afrikaans','','pkg_af-ZA','package','',0,'2.5.16.1','','http://update.joomla.org/language/details/af-ZA_details.xml',''),(396,3,0,0,'Tamil India','','pkg_ta-IN','package','',0,'2.5.16.1','','http://update.joomla.org/language/details/ta-IN_details.xml',''),(397,3,0,0,'Swahili','','pkg_sw-KE','package','',0,'2.5.16.1','','http://update.joomla.org/language/details/sw-KE_details.xml',''),(398,4,0,0,'JCE Editor','','com_jce','component','',1,'2.3.4.4','','https://www.joomlacontenteditor.net/index.php?option=com_updates&view=update&format=xml&id=1/extension.xml','http://www.joomlacontenteditor.net/news/item/jce-2344-released'),(399,4,0,0,'JCE Editor','','com_jce','component','',1,'2.3.4.4','','https://www.joomlacontenteditor.net/index.php?option=com_updates&view=update&format=xml&id=1/extension.xml','http://www.joomlacontenteditor.net/news/item/jce-2344-released'),(400,12,0,0,'ReReplacer','','com_rereplacer','component','',1,'5.7.8FREE','','http://download.nonumber.nl/updates.php?e=rereplacer&type=.zip/extension.xml','http://www.nonumber.nl/extensions/rereplacer#download'),(401,12,0,0,'ReReplacer','','com_rereplacer','component','',1,'5.7.8FREE','','http://download.nonumber.nl/updates.php?e=rereplacer&type=.zip/extension.xml','http://www.nonumber.nl/extensions/rereplacer#download'),(402,1,0,0,'Joomla','','joomla','file','',0,'2.5.17','','http://update.joomla.org/core/extension.xml',''),(403,3,0,0,'French','','pkg_fr-FR','package','',0,'2.5.17.1','','http://update.joomla.org/language/details/fr-FR_details.xml',''),(404,3,0,0,'Italian','','pkg_it-IT','package','',0,'2.5.17.2','','http://update.joomla.org/language/details/it-IT_details.xml',''),(405,3,0,0,'Spanish','','pkg_es-ES','package','',0,'2.5.17.1','','http://update.joomla.org/language/details/es-ES_details.xml',''),(406,3,0,0,'Dutch','','pkg_nl-NL','package','',0,'2.5.17.1','','http://update.joomla.org/language/details/nl-NL_details.xml',''),(407,3,0,0,'Slovak','','pkg_sk-SK','package','',0,'2.5.17.1','','http://update.joomla.org/language/details/sk-SK_details.xml',''),(408,3,0,0,'Latvian','','pkg_lv-LV','package','',0,'2.5.17.1','','http://update.joomla.org/language/details/lv-LV_details.xml',''),(409,3,0,0,'Estonian','','pkg_et-EE','package','',0,'2-5-17.1','','http://update.joomla.org/language/details/et-EE_details.xml',''),(410,3,0,0,'Flemish','','pkg_nl-BE','package','',0,'2.5.17.1','','http://update.joomla.org/language/details/nl-BE_details.xml',''),(411,3,0,0,'Japanese','','pkg_ja-JP','package','',0,'2.5.17.2','','http://update.joomla.org/language/details/ja-JP_details.xml',''),(412,3,0,0,'Serbian Latin','','pkg_sr-YU','package','',0,'2.5.17.1','','http://update.joomla.org/language/details/sr-YU_details.xml',''),(413,3,0,0,'Arabic Unitag','','pkg_ar-AA','package','',0,'2.5.17.1','','http://update.joomla.org/language/details/ar-AA_details.xml',''),(414,3,0,0,'German','','pkg_de-DE','package','',0,'2.5.17.1','','http://update.joomla.org/language/details/de-DE_details.xml',''),(415,3,0,0,'Norwegian Bokmal','','pkg_nb-NO','package','',0,'2.5.16.1','','http://update.joomla.org/language/details/nb-NO_details.xml',''),(416,3,0,0,'Serbian Cyrillic','','pkg_sr-RS','package','',0,'2.5.17.1','','http://update.joomla.org/language/details/sr-RS_details.xml',''),(417,3,0,0,'Czech','','pkg_cs-CZ','package','',0,'2.5.16.1','','http://update.joomla.org/language/details/cs-CZ_details.xml',''),(418,3,0,0,'Persian','','pkg_fa-IR','package','',0,'2.5.17.1','','http://update.joomla.org/language/details/fa-IR_details.xml',''),(419,3,0,0,'Polish','','pkg_pl-PL','package','',0,'2.5.17.1','','http://update.joomla.org/language/details/pl-PL_details.xml',''),(420,3,0,0,'Russian','','pkg_ru-RU','package','',0,'2.5.17.1','','http://update.joomla.org/language/details/ru-RU_details.xml',''),(421,3,0,0,'Catalan','','pkg_ca-ES','package','',0,'2.5.16.1','','http://update.joomla.org/language/details/ca-ES_details.xml',''),(422,3,0,0,'Afrikaans','','pkg_af-ZA','package','',0,'2.5.16.1','','http://update.joomla.org/language/details/af-ZA_details.xml',''),(423,3,0,0,'Chinese Simplified','','pkg_zh-CN','package','',0,'2.5.17.1','','http://update.joomla.org/language/details/zh-CN_details.xml',''),(424,3,0,0,'Chinese Traditional','','pkg_zh-TW','package','',0,'2.5.17.1','','http://update.joomla.org/language/details/zh-TW_details.xml',''),(425,3,0,0,'Tamil India','','pkg_ta-IN','package','',0,'2.5.17.2','','http://update.joomla.org/language/details/ta-IN_details.xml',''),(426,3,0,0,'Thai','','pkg_th-TH','package','',0,'2.5.17.1','','http://update.joomla.org/language/details/th-TH_details.xml',''),(427,3,0,0,'Swahili','','pkg_sw-KE','package','',0,'2.5.17.1','','http://update.joomla.org/language/details/sw-KE_details.xml',''),(428,4,0,0,'JCE Editor','','com_jce','component','',1,'2.3.4.4','','https://www.joomlacontenteditor.net/index.php?option=com_updates&view=update&format=xml&id=1/extension.xml','http://www.joomlacontenteditor.net/news/item/jce-2344-released'),(429,12,0,0,'ReReplacer','','com_rereplacer','component','',1,'5.7.9FREE','','http://download.nonumber.nl/updates.php?e=rereplacer&type=.zip/extension.xml','http://www.nonumber.nl/extensions/rereplacer#download'),(430,4,0,0,'JCE Editor','','com_jce','component','',1,'2.3.4.4','','https://www.joomlacontenteditor.net/index.php?option=com_updates&view=update&format=xml&id=1/extension.xml','http://www.joomlacontenteditor.net/news/item/jce-2344-released'),(431,11,0,0,'Kunena Forum','Kunena Forum','pkg_kunena','package','',0,'3.0.4','','http://update.kunena.org/3.0/pkg_kunena.xml',''),(432,11,0,0,'Kunena Language Pack','Language Pack for Kunena Forum','pkg_kunena_languages','package','',0,'3.0.4','','http://update.kunena.org/3.0/pkg_kunena_languages.xml',''),(433,12,0,0,'ReReplacer','','com_rereplacer','component','',1,'5.7.9FREE','','http://download.nonumber.nl/updates.php?e=rereplacer&type=.zip/extension.xml','http://www.nonumber.nl/extensions/rereplacer#download'),(434,11,0,0,'Kunena Forum','Kunena Forum','pkg_kunena','package','',0,'3.0.4','','http://update.kunena.org/3.0/pkg_kunena.xml',''),(435,11,0,0,'Kunena Language Pack','Language Pack for Kunena Forum','pkg_kunena_languages','package','',0,'3.0.4','','http://update.kunena.org/3.0/pkg_kunena_languages.xml',''),(436,1,0,0,'Joomla','','joomla','file','',0,'2.5.17','','http://update.joomla.org/core/extension.xml',''),(437,1,0,0,'Joomla','','joomla','file','',0,'2.5.17','','http://update.joomla.org/core/extension.xml',''),(438,3,0,0,'French','','pkg_fr-FR','package','',0,'2.5.17.1','','http://update.joomla.org/language/details/fr-FR_details.xml',''),(439,3,0,0,'Italian','','pkg_it-IT','package','',0,'2.5.17.2','','http://update.joomla.org/language/details/it-IT_details.xml',''),(440,3,0,0,'Spanish','','pkg_es-ES','package','',0,'2.5.17.1','','http://update.joomla.org/language/details/es-ES_details.xml',''),(441,3,0,0,'Dutch','','pkg_nl-NL','package','',0,'2.5.17.1','','http://update.joomla.org/language/details/nl-NL_details.xml',''),(442,3,0,0,'Slovak','','pkg_sk-SK','package','',0,'2.5.17.1','','http://update.joomla.org/language/details/sk-SK_details.xml',''),(443,3,0,0,'Latvian','','pkg_lv-LV','package','',0,'2.5.17.1','','http://update.joomla.org/language/details/lv-LV_details.xml',''),(444,3,0,0,'Estonian','','pkg_et-EE','package','',0,'2-5-17.1','','http://update.joomla.org/language/details/et-EE_details.xml',''),(445,3,0,0,'Flemish','','pkg_nl-BE','package','',0,'2.5.17.1','','http://update.joomla.org/language/details/nl-BE_details.xml',''),(446,3,0,0,'Japanese','','pkg_ja-JP','package','',0,'2.5.17.2','','http://update.joomla.org/language/details/ja-JP_details.xml',''),(447,3,0,0,'Serbian Latin','','pkg_sr-YU','package','',0,'2.5.17.1','','http://update.joomla.org/language/details/sr-YU_details.xml',''),(448,3,0,0,'Arabic Unitag','','pkg_ar-AA','package','',0,'2.5.17.1','','http://update.joomla.org/language/details/ar-AA_details.xml',''),(449,3,0,0,'German','','pkg_de-DE','package','',0,'2.5.17.1','','http://update.joomla.org/language/details/de-DE_details.xml',''),(450,3,0,0,'Norwegian Bokmal','','pkg_nb-NO','package','',0,'2.5.16.1','','http://update.joomla.org/language/details/nb-NO_details.xml',''),(451,3,0,0,'Serbian Cyrillic','','pkg_sr-RS','package','',0,'2.5.17.1','','http://update.joomla.org/language/details/sr-RS_details.xml',''),(452,3,0,0,'Czech','','pkg_cs-CZ','package','',0,'2.5.16.1','','http://update.joomla.org/language/details/cs-CZ_details.xml',''),(453,3,0,0,'Persian','','pkg_fa-IR','package','',0,'2.5.17.1','','http://update.joomla.org/language/details/fa-IR_details.xml',''),(454,3,0,0,'Polish','','pkg_pl-PL','package','',0,'2.5.17.1','','http://update.joomla.org/language/details/pl-PL_details.xml',''),(455,3,0,0,'Russian','','pkg_ru-RU','package','',0,'2.5.17.1','','http://update.joomla.org/language/details/ru-RU_details.xml',''),(456,3,0,0,'Catalan','','pkg_ca-ES','package','',0,'2.5.16.1','','http://update.joomla.org/language/details/ca-ES_details.xml',''),(457,3,0,0,'Afrikaans','','pkg_af-ZA','package','',0,'2.5.16.1','','http://update.joomla.org/language/details/af-ZA_details.xml',''),(458,3,0,0,'Chinese Simplified','','pkg_zh-CN','package','',0,'2.5.17.1','','http://update.joomla.org/language/details/zh-CN_details.xml',''),(459,3,0,0,'French','','pkg_fr-FR','package','',0,'2.5.17.1','','http://update.joomla.org/language/details/fr-FR_details.xml',''),(460,3,0,0,'Chinese Traditional','','pkg_zh-TW','package','',0,'2.5.17.1','','http://update.joomla.org/language/details/zh-TW_details.xml',''),(461,3,0,0,'Italian','','pkg_it-IT','package','',0,'2.5.17.2','','http://update.joomla.org/language/details/it-IT_details.xml',''),(462,3,0,0,'Spanish','','pkg_es-ES','package','',0,'2.5.17.1','','http://update.joomla.org/language/details/es-ES_details.xml',''),(463,3,0,0,'Dutch','','pkg_nl-NL','package','',0,'2.5.17.1','','http://update.joomla.org/language/details/nl-NL_details.xml',''),(464,3,0,0,'Slovak','','pkg_sk-SK','package','',0,'2.5.17.1','','http://update.joomla.org/language/details/sk-SK_details.xml',''),(465,3,0,0,'Latvian','','pkg_lv-LV','package','',0,'2.5.17.1','','http://update.joomla.org/language/details/lv-LV_details.xml',''),(466,3,0,0,'Estonian','','pkg_et-EE','package','',0,'2-5-17.1','','http://update.joomla.org/language/details/et-EE_details.xml',''),(467,3,0,0,'Tamil India','','pkg_ta-IN','package','',0,'2.5.17.2','','http://update.joomla.org/language/details/ta-IN_details.xml',''),(468,3,0,0,'Flemish','','pkg_nl-BE','package','',0,'2.5.17.1','','http://update.joomla.org/language/details/nl-BE_details.xml',''),(469,3,0,0,'Japanese','','pkg_ja-JP','package','',0,'2.5.17.2','','http://update.joomla.org/language/details/ja-JP_details.xml',''),(470,3,0,0,'Thai','','pkg_th-TH','package','',0,'2.5.17.1','','http://update.joomla.org/language/details/th-TH_details.xml',''),(471,3,0,0,'Serbian Latin','','pkg_sr-YU','package','',0,'2.5.17.1','','http://update.joomla.org/language/details/sr-YU_details.xml',''),(472,3,0,0,'Arabic Unitag','','pkg_ar-AA','package','',0,'2.5.17.1','','http://update.joomla.org/language/details/ar-AA_details.xml',''),(473,3,0,0,'German','','pkg_de-DE','package','',0,'2.5.17.1','','http://update.joomla.org/language/details/de-DE_details.xml',''),(474,3,0,0,'Norwegian Bokmal','','pkg_nb-NO','package','',0,'2.5.16.1','','http://update.joomla.org/language/details/nb-NO_details.xml',''),(475,3,0,0,'Serbian Cyrillic','','pkg_sr-RS','package','',0,'2.5.17.1','','http://update.joomla.org/language/details/sr-RS_details.xml',''),(476,3,0,0,'Swahili','','pkg_sw-KE','package','',0,'2.5.17.1','','http://update.joomla.org/language/details/sw-KE_details.xml',''),(477,3,0,0,'Czech','','pkg_cs-CZ','package','',0,'2.5.16.1','','http://update.joomla.org/language/details/cs-CZ_details.xml',''),(478,3,0,0,'Persian','','pkg_fa-IR','package','',0,'2.5.17.1','','http://update.joomla.org/language/details/fa-IR_details.xml',''),(479,3,0,0,'Polish','','pkg_pl-PL','package','',0,'2.5.17.1','','http://update.joomla.org/language/details/pl-PL_details.xml',''),(480,3,0,0,'Russian','','pkg_ru-RU','package','',0,'2.5.17.1','','http://update.joomla.org/language/details/ru-RU_details.xml',''),(481,3,0,0,'Catalan','','pkg_ca-ES','package','',0,'2.5.16.1','','http://update.joomla.org/language/details/ca-ES_details.xml',''),(482,3,0,0,'Afrikaans','','pkg_af-ZA','package','',0,'2.5.16.1','','http://update.joomla.org/language/details/af-ZA_details.xml',''),(483,3,0,0,'Chinese Simplified','','pkg_zh-CN','package','',0,'2.5.17.1','','http://update.joomla.org/language/details/zh-CN_details.xml',''),(484,3,0,0,'Chinese Traditional','','pkg_zh-TW','package','',0,'2.5.17.1','','http://update.joomla.org/language/details/zh-TW_details.xml',''),(485,3,0,0,'Tamil India','','pkg_ta-IN','package','',0,'2.5.17.2','','http://update.joomla.org/language/details/ta-IN_details.xml',''),(486,3,0,0,'Thai','','pkg_th-TH','package','',0,'2.5.17.1','','http://update.joomla.org/language/details/th-TH_details.xml',''),(487,3,0,0,'Swahili','','pkg_sw-KE','package','',0,'2.5.17.1','','http://update.joomla.org/language/details/sw-KE_details.xml',''),(488,4,0,0,'JCE Editor','','com_jce','component','',1,'2.3.4.4','','https://www.joomlacontenteditor.net/index.php?option=com_updates&view=update&format=xml&id=1/extension.xml','http://www.joomlacontenteditor.net/news/item/jce-2344-released'),(489,4,0,0,'JCE Editor','','com_jce','component','',1,'2.3.4.4','','https://www.joomlacontenteditor.net/index.php?option=com_updates&view=update&format=xml&id=1/extension.xml','http://www.joomlacontenteditor.net/news/item/jce-2344-released'),(490,12,0,0,'ReReplacer','','com_rereplacer','component','',1,'5.7.9FREE','','http://download.nonumber.nl/updates.php?e=rereplacer&type=.zip/extension.xml','http://www.nonumber.nl/extensions/rereplacer#download'),(491,12,0,0,'ReReplacer','','com_rereplacer','component','',1,'5.7.9FREE','','http://download.nonumber.nl/updates.php?e=rereplacer&type=.zip/extension.xml','http://www.nonumber.nl/extensions/rereplacer#download'),(492,11,0,0,'Kunena Forum','Kunena Forum','pkg_kunena','package','',0,'3.0.4','','http://update.kunena.org/3.0/pkg_kunena.xml',''),(493,11,0,0,'Kunena Language Pack','Language Pack for Kunena Forum','pkg_kunena_languages','package','',0,'3.0.4','','http://update.kunena.org/3.0/pkg_kunena_languages.xml',''),(494,11,0,0,'Kunena Forum','Kunena Forum','pkg_kunena','package','',0,'3.0.4','','http://update.kunena.org/3.0/pkg_kunena.xml',''),(495,11,0,0,'Kunena Language Pack','Language Pack for Kunena Forum','pkg_kunena_languages','package','',0,'3.0.4','','http://update.kunena.org/3.0/pkg_kunena_languages.xml',''),(496,1,0,0,'Joomla','','joomla','file','',0,'2.5.17','','http://update.joomla.org/core/extension.xml',''),(497,3,0,0,'French','','pkg_fr-FR','package','',0,'2.5.17.1','','http://update.joomla.org/language/details/fr-FR_details.xml',''),(498,3,0,0,'Italian','','pkg_it-IT','package','',0,'2.5.17.2','','http://update.joomla.org/language/details/it-IT_details.xml',''),(499,3,0,0,'Spanish','','pkg_es-ES','package','',0,'2.5.17.1','','http://update.joomla.org/language/details/es-ES_details.xml',''),(500,3,0,0,'Dutch','','pkg_nl-NL','package','',0,'2.5.17.1','','http://update.joomla.org/language/details/nl-NL_details.xml',''),(501,3,0,0,'Slovak','','pkg_sk-SK','package','',0,'2.5.17.1','','http://update.joomla.org/language/details/sk-SK_details.xml',''),(502,3,0,0,'Latvian','','pkg_lv-LV','package','',0,'2.5.17.1','','http://update.joomla.org/language/details/lv-LV_details.xml',''),(503,3,0,0,'Estonian','','pkg_et-EE','package','',0,'2-5-17.1','','http://update.joomla.org/language/details/et-EE_details.xml',''),(504,3,0,0,'Flemish','','pkg_nl-BE','package','',0,'2.5.17.1','','http://update.joomla.org/language/details/nl-BE_details.xml',''),(505,3,0,0,'Japanese','','pkg_ja-JP','package','',0,'2.5.17.2','','http://update.joomla.org/language/details/ja-JP_details.xml',''),(506,3,0,0,'Serbian Latin','','pkg_sr-YU','package','',0,'2.5.17.1','','http://update.joomla.org/language/details/sr-YU_details.xml',''),(507,3,0,0,'Arabic Unitag','','pkg_ar-AA','package','',0,'2.5.17.1','','http://update.joomla.org/language/details/ar-AA_details.xml',''),(508,3,0,0,'German','','pkg_de-DE','package','',0,'2.5.17.1','','http://update.joomla.org/language/details/de-DE_details.xml',''),(509,3,0,0,'Norwegian Bokmal','','pkg_nb-NO','package','',0,'2.5.16.1','','http://update.joomla.org/language/details/nb-NO_details.xml',''),(510,3,0,0,'Serbian Cyrillic','','pkg_sr-RS','package','',0,'2.5.17.1','','http://update.joomla.org/language/details/sr-RS_details.xml',''),(511,3,0,0,'Czech','','pkg_cs-CZ','package','',0,'2.5.16.1','','http://update.joomla.org/language/details/cs-CZ_details.xml',''),(512,3,0,0,'Persian','','pkg_fa-IR','package','',0,'2.5.17.1','','http://update.joomla.org/language/details/fa-IR_details.xml',''),(513,3,0,0,'Polish','','pkg_pl-PL','package','',0,'2.5.17.1','','http://update.joomla.org/language/details/pl-PL_details.xml',''),(514,3,0,0,'Russian','','pkg_ru-RU','package','',0,'2.5.17.1','','http://update.joomla.org/language/details/ru-RU_details.xml',''),(515,3,0,0,'Catalan','','pkg_ca-ES','package','',0,'2.5.16.1','','http://update.joomla.org/language/details/ca-ES_details.xml',''),(516,3,0,0,'Afrikaans','','pkg_af-ZA','package','',0,'2.5.16.1','','http://update.joomla.org/language/details/af-ZA_details.xml',''),(517,3,0,0,'Chinese Simplified','','pkg_zh-CN','package','',0,'2.5.17.1','','http://update.joomla.org/language/details/zh-CN_details.xml',''),(518,3,0,0,'Chinese Traditional','','pkg_zh-TW','package','',0,'2.5.17.1','','http://update.joomla.org/language/details/zh-TW_details.xml',''),(519,3,0,0,'Tamil India','','pkg_ta-IN','package','',0,'2.5.17.2','','http://update.joomla.org/language/details/ta-IN_details.xml',''),(520,3,0,0,'Thai','','pkg_th-TH','package','',0,'2.5.17.1','','http://update.joomla.org/language/details/th-TH_details.xml',''),(521,3,0,0,'Swahili','','pkg_sw-KE','package','',0,'2.5.17.1','','http://update.joomla.org/language/details/sw-KE_details.xml',''),(522,4,0,0,'JCE Editor','','com_jce','component','',1,'2.3.4.4','','https://www.joomlacontenteditor.net/index.php?option=com_updates&view=update&format=xml&id=1/extension.xml','http://www.joomlacontenteditor.net/news/item/jce-2344-released'),(523,12,0,0,'ReReplacer','','com_rereplacer','component','',1,'5.7.9FREE','','http://download.nonumber.nl/updates.php?e=rereplacer&type=.zip/extension.xml','http://www.nonumber.nl/extensions/rereplacer#download'),(524,4,0,0,'JCE Editor','','com_jce','component','',1,'2.3.4.4','','https://www.joomlacontenteditor.net/index.php?option=com_updates&view=update&format=xml&id=1/extension.xml','http://www.joomlacontenteditor.net/news/item/jce-2344-released'),(525,12,0,0,'ReReplacer','','com_rereplacer','component','',1,'5.7.9FREE','','http://download.nonumber.nl/updates.php?e=rereplacer&type=.zip/extension.xml','http://www.nonumber.nl/extensions/rereplacer#download'),(526,11,0,0,'Kunena Forum','Kunena Forum','pkg_kunena','package','',0,'3.0.4','','http://update.kunena.org/3.0/pkg_kunena.xml',''),(527,11,0,0,'Kunena Language Pack','Language Pack for Kunena Forum','pkg_kunena_languages','package','',0,'3.0.4','','http://update.kunena.org/3.0/pkg_kunena_languages.xml',''),(528,11,0,0,'Kunena Forum','Kunena Forum','pkg_kunena','package','',0,'3.0.4','','http://update.kunena.org/3.0/pkg_kunena.xml',''),(529,11,0,0,'Kunena Language Pack','Language Pack for Kunena Forum','pkg_kunena_languages','package','',0,'3.0.4','','http://update.kunena.org/3.0/pkg_kunena_languages.xml',''),(530,1,0,0,'Joomla','','joomla','file','',0,'2.5.17','','http://update.joomla.org/core/extension.xml',''),(531,3,0,0,'French','','pkg_fr-FR','package','',0,'2.5.17.1','','http://update.joomla.org/language/details/fr-FR_details.xml',''),(532,3,0,0,'Italian','','pkg_it-IT','package','',0,'2.5.17.2','','http://update.joomla.org/language/details/it-IT_details.xml',''),(533,3,0,0,'Spanish','','pkg_es-ES','package','',0,'2.5.17.1','','http://update.joomla.org/language/details/es-ES_details.xml',''),(534,3,0,0,'Dutch','','pkg_nl-NL','package','',0,'2.5.17.1','','http://update.joomla.org/language/details/nl-NL_details.xml',''),(535,3,0,0,'Slovak','','pkg_sk-SK','package','',0,'2.5.17.1','','http://update.joomla.org/language/details/sk-SK_details.xml',''),(536,3,0,0,'Latvian','','pkg_lv-LV','package','',0,'2.5.17.1','','http://update.joomla.org/language/details/lv-LV_details.xml',''),(537,3,0,0,'Estonian','','pkg_et-EE','package','',0,'2-5-17.1','','http://update.joomla.org/language/details/et-EE_details.xml',''),(538,3,0,0,'Flemish','','pkg_nl-BE','package','',0,'2.5.17.1','','http://update.joomla.org/language/details/nl-BE_details.xml',''),(539,3,0,0,'Japanese','','pkg_ja-JP','package','',0,'2.5.17.2','','http://update.joomla.org/language/details/ja-JP_details.xml',''),(540,3,0,0,'Serbian Latin','','pkg_sr-YU','package','',0,'2.5.17.1','','http://update.joomla.org/language/details/sr-YU_details.xml',''),(541,3,0,0,'Arabic Unitag','','pkg_ar-AA','package','',0,'2.5.17.1','','http://update.joomla.org/language/details/ar-AA_details.xml',''),(542,3,0,0,'German','','pkg_de-DE','package','',0,'2.5.17.1','','http://update.joomla.org/language/details/de-DE_details.xml',''),(543,3,0,0,'Norwegian Bokmal','','pkg_nb-NO','package','',0,'2.5.16.1','','http://update.joomla.org/language/details/nb-NO_details.xml',''),(544,3,0,0,'Serbian Cyrillic','','pkg_sr-RS','package','',0,'2.5.17.1','','http://update.joomla.org/language/details/sr-RS_details.xml',''),(545,3,0,0,'Czech','','pkg_cs-CZ','package','',0,'2.5.16.1','','http://update.joomla.org/language/details/cs-CZ_details.xml',''),(546,3,0,0,'Persian','','pkg_fa-IR','package','',0,'2.5.17.1','','http://update.joomla.org/language/details/fa-IR_details.xml',''),(547,3,0,0,'Polish','','pkg_pl-PL','package','',0,'2.5.17.1','','http://update.joomla.org/language/details/pl-PL_details.xml',''),(548,3,0,0,'Russian','','pkg_ru-RU','package','',0,'2.5.17.1','','http://update.joomla.org/language/details/ru-RU_details.xml',''),(549,3,0,0,'Catalan','','pkg_ca-ES','package','',0,'2.5.16.1','','http://update.joomla.org/language/details/ca-ES_details.xml',''),(550,3,0,0,'Afrikaans','','pkg_af-ZA','package','',0,'2.5.16.1','','http://update.joomla.org/language/details/af-ZA_details.xml',''),(551,3,0,0,'Chinese Simplified','','pkg_zh-CN','package','',0,'2.5.17.1','','http://update.joomla.org/language/details/zh-CN_details.xml',''),(552,3,0,0,'Chinese Traditional','','pkg_zh-TW','package','',0,'2.5.17.1','','http://update.joomla.org/language/details/zh-TW_details.xml',''),(553,3,0,0,'Tamil India','','pkg_ta-IN','package','',0,'2.5.17.2','','http://update.joomla.org/language/details/ta-IN_details.xml',''),(554,3,0,0,'Thai','','pkg_th-TH','package','',0,'2.5.17.1','','http://update.joomla.org/language/details/th-TH_details.xml',''),(555,3,0,0,'Swahili','','pkg_sw-KE','package','',0,'2.5.17.1','','http://update.joomla.org/language/details/sw-KE_details.xml',''),(556,4,0,0,'JCE Editor','','com_jce','component','',1,'2.3.4.4','','https://www.joomlacontenteditor.net/index.php?option=com_updates&view=update&format=xml&id=1/extension.xml','http://www.joomlacontenteditor.net/news/item/jce-2344-released'),(557,12,0,0,'ReReplacer','','com_rereplacer','component','',1,'5.7.9FREE','','http://download.nonumber.nl/updates.php?e=rereplacer&type=.zip/extension.xml','http://www.nonumber.nl/extensions/rereplacer#download'),(558,4,0,0,'JCE Editor','','com_jce','component','',1,'2.3.4.4','','https://www.joomlacontenteditor.net/index.php?option=com_updates&view=update&format=xml&id=1/extension.xml','http://www.joomlacontenteditor.net/news/item/jce-2344-released'),(559,12,0,0,'ReReplacer','','com_rereplacer','component','',1,'5.7.9FREE','','http://download.nonumber.nl/updates.php?e=rereplacer&type=.zip/extension.xml','http://www.nonumber.nl/extensions/rereplacer#download'),(560,11,0,0,'Kunena Forum','Kunena Forum','pkg_kunena','package','',0,'3.0.4','','http://update.kunena.org/3.0/pkg_kunena.xml',''),(561,11,0,0,'Kunena Forum','Kunena Forum','pkg_kunena','package','',0,'3.0.4','','http://update.kunena.org/3.0/pkg_kunena.xml',''),(562,11,0,0,'Kunena Language Pack','Language Pack for Kunena Forum','pkg_kunena_languages','package','',0,'3.0.4','','http://update.kunena.org/3.0/pkg_kunena_languages.xml',''),(563,11,0,0,'Kunena Language Pack','Language Pack for Kunena Forum','pkg_kunena_languages','package','',0,'3.0.4','','http://update.kunena.org/3.0/pkg_kunena_languages.xml',''),(564,1,0,0,'Joomla','','joomla','file','',0,'2.5.17','','http://update.joomla.org/core/extension.xml',''),(565,3,0,0,'French','','pkg_fr-FR','package','',0,'2.5.17.1','','http://update.joomla.org/language/details/fr-FR_details.xml',''),(566,3,0,0,'Italian','','pkg_it-IT','package','',0,'2.5.17.2','','http://update.joomla.org/language/details/it-IT_details.xml',''),(567,3,0,0,'Spanish','','pkg_es-ES','package','',0,'2.5.17.1','','http://update.joomla.org/language/details/es-ES_details.xml',''),(568,3,0,0,'Dutch','','pkg_nl-NL','package','',0,'2.5.17.1','','http://update.joomla.org/language/details/nl-NL_details.xml',''),(569,3,0,0,'Slovak','','pkg_sk-SK','package','',0,'2.5.17.1','','http://update.joomla.org/language/details/sk-SK_details.xml',''),(570,3,0,0,'Latvian','','pkg_lv-LV','package','',0,'2.5.17.1','','http://update.joomla.org/language/details/lv-LV_details.xml',''),(571,3,0,0,'Estonian','','pkg_et-EE','package','',0,'2-5-17.1','','http://update.joomla.org/language/details/et-EE_details.xml',''),(572,3,0,0,'Flemish','','pkg_nl-BE','package','',0,'2.5.17.1','','http://update.joomla.org/language/details/nl-BE_details.xml',''),(573,3,0,0,'Japanese','','pkg_ja-JP','package','',0,'2.5.17.2','','http://update.joomla.org/language/details/ja-JP_details.xml',''),(574,3,0,0,'Serbian Latin','','pkg_sr-YU','package','',0,'2.5.17.1','','http://update.joomla.org/language/details/sr-YU_details.xml',''),(575,3,0,0,'Arabic Unitag','','pkg_ar-AA','package','',0,'2.5.17.1','','http://update.joomla.org/language/details/ar-AA_details.xml',''),(576,3,0,0,'German','','pkg_de-DE','package','',0,'2.5.17.1','','http://update.joomla.org/language/details/de-DE_details.xml',''),(577,3,0,0,'Norwegian Bokmal','','pkg_nb-NO','package','',0,'2.5.16.1','','http://update.joomla.org/language/details/nb-NO_details.xml',''),(578,3,0,0,'Serbian Cyrillic','','pkg_sr-RS','package','',0,'2.5.17.1','','http://update.joomla.org/language/details/sr-RS_details.xml',''),(579,3,0,0,'Czech','','pkg_cs-CZ','package','',0,'2.5.16.1','','http://update.joomla.org/language/details/cs-CZ_details.xml',''),(580,3,0,0,'Persian','','pkg_fa-IR','package','',0,'2.5.17.1','','http://update.joomla.org/language/details/fa-IR_details.xml',''),(581,3,0,0,'Polish','','pkg_pl-PL','package','',0,'2.5.17.1','','http://update.joomla.org/language/details/pl-PL_details.xml',''),(582,3,0,0,'Russian','','pkg_ru-RU','package','',0,'2.5.17.1','','http://update.joomla.org/language/details/ru-RU_details.xml',''),(583,3,0,0,'Catalan','','pkg_ca-ES','package','',0,'2.5.16.1','','http://update.joomla.org/language/details/ca-ES_details.xml',''),(584,3,0,0,'Afrikaans','','pkg_af-ZA','package','',0,'2.5.16.1','','http://update.joomla.org/language/details/af-ZA_details.xml',''),(585,3,0,0,'Chinese Simplified','','pkg_zh-CN','package','',0,'2.5.17.1','','http://update.joomla.org/language/details/zh-CN_details.xml',''),(586,3,0,0,'Chinese Traditional','','pkg_zh-TW','package','',0,'2.5.17.1','','http://update.joomla.org/language/details/zh-TW_details.xml',''),(587,3,0,0,'Tamil India','','pkg_ta-IN','package','',0,'2.5.17.2','','http://update.joomla.org/language/details/ta-IN_details.xml',''),(588,3,0,0,'Thai','','pkg_th-TH','package','',0,'2.5.17.1','','http://update.joomla.org/language/details/th-TH_details.xml',''),(589,3,0,0,'Swahili','','pkg_sw-KE','package','',0,'2.5.17.1','','http://update.joomla.org/language/details/sw-KE_details.xml',''),(590,4,0,0,'JCE Editor','','com_jce','component','',1,'2.3.4.4','','https://www.joomlacontenteditor.net/index.php?option=com_updates&view=update&format=xml&id=1/extension.xml','http://www.joomlacontenteditor.net/news/item/jce-2344-released'),(591,12,0,0,'ReReplacer','','com_rereplacer','component','',1,'5.7.9FREE','','http://download.nonumber.nl/updates.php?e=rereplacer&type=.zip/extension.xml','http://www.nonumber.nl/extensions/rereplacer#download'),(592,4,0,0,'JCE Editor','','com_jce','component','',1,'2.3.4.4','','https://www.joomlacontenteditor.net/index.php?option=com_updates&view=update&format=xml&id=1/extension.xml','http://www.joomlacontenteditor.net/news/item/jce-2344-released'),(593,12,0,0,'ReReplacer','','com_rereplacer','component','',1,'5.7.9FREE','','http://download.nonumber.nl/updates.php?e=rereplacer&type=.zip/extension.xml','http://www.nonumber.nl/extensions/rereplacer#download'),(594,11,0,0,'Kunena Forum','Kunena Forum','pkg_kunena','package','',0,'3.0.4','','http://update.kunena.org/3.0/pkg_kunena.xml',''),(595,11,0,0,'Kunena Language Pack','Language Pack for Kunena Forum','pkg_kunena_languages','package','',0,'3.0.4','','http://update.kunena.org/3.0/pkg_kunena_languages.xml',''),(596,11,0,0,'Kunena Forum','Kunena Forum','pkg_kunena','package','',0,'3.0.4','','http://update.kunena.org/3.0/pkg_kunena.xml',''),(597,11,0,0,'Kunena Language Pack','Language Pack for Kunena Forum','pkg_kunena_languages','package','',0,'3.0.4','','http://update.kunena.org/3.0/pkg_kunena_languages.xml',''),(598,1,0,0,'Joomla','','joomla','file','',0,'2.5.18','','http://update.joomla.org/core/extension.xml',''),(599,3,0,0,'Danish','','pkg_da-DK','package','',0,'2.5.18.1','','http://update.joomla.org/language/details/da-DK_details.xml',''),(600,3,0,0,'French','','pkg_fr-FR','package','',0,'2.5.18.1','','http://update.joomla.org/language/details/fr-FR_details.xml',''),(601,3,0,0,'Italian','','pkg_it-IT','package','',0,'2.5.18.1','','http://update.joomla.org/language/details/it-IT_details.xml',''),(602,3,0,0,'Spanish','','pkg_es-ES','package','',0,'2.5.18.1','','http://update.joomla.org/language/details/es-ES_details.xml',''),(603,3,0,0,'Dutch','','pkg_nl-NL','package','',0,'2.5.18.1','','http://update.joomla.org/language/details/nl-NL_details.xml',''),(604,3,0,0,'Slovak','','pkg_sk-SK','package','',0,'2.5.18.1','','http://update.joomla.org/language/details/sk-SK_details.xml',''),(605,3,0,0,'Latvian','','pkg_lv-LV','package','',0,'2.5.18.1','','http://update.joomla.org/language/details/lv-LV_details.xml',''),(606,3,0,0,'Estonian','','pkg_et-EE','package','',0,'2.5.17.2','','http://update.joomla.org/language/details/et-EE_details.xml',''),(607,3,0,0,'Flemish','','pkg_nl-BE','package','',0,'2.5.18.1','','http://update.joomla.org/language/details/nl-BE_details.xml',''),(608,3,0,0,'Japanese','','pkg_ja-JP','package','',0,'2.5.18.1','','http://update.joomla.org/language/details/ja-JP_details.xml',''),(609,3,0,0,'Serbian Latin','','pkg_sr-YU','package','',0,'2.5.17.1','','http://update.joomla.org/language/details/sr-YU_details.xml',''),(610,3,0,0,'Arabic Unitag','','pkg_ar-AA','package','',0,'2.5.18.1','','http://update.joomla.org/language/details/ar-AA_details.xml',''),(611,3,0,0,'German','','pkg_de-DE','package','',0,'2.5.18.1','','http://update.joomla.org/language/details/de-DE_details.xml',''),(612,3,0,0,'Norwegian Bokmal','','pkg_nb-NO','package','',0,'2.5.16.1','','http://update.joomla.org/language/details/nb-NO_details.xml',''),(613,3,0,0,'Serbian Cyrillic','','pkg_sr-RS','package','',0,'2.5.17.1','','http://update.joomla.org/language/details/sr-RS_details.xml',''),(614,3,0,0,'Czech','','pkg_cs-CZ','package','',0,'2.5.16.1','','http://update.joomla.org/language/details/cs-CZ_details.xml',''),(615,3,0,0,'Persian','','pkg_fa-IR','package','',0,'2.5.18.1','','http://update.joomla.org/language/details/fa-IR_details.xml',''),(616,3,0,0,'Russian','','pkg_ru-RU','package','',0,'2.5.17.1','','http://update.joomla.org/language/details/ru-RU_details.xml',''),(617,3,0,0,'Catalan','','pkg_ca-ES','package','',0,'2.5.18.1','','http://update.joomla.org/language/details/ca-ES_details.xml',''),(618,3,0,0,'Afrikaans','','pkg_af-ZA','package','',0,'2.5.16.1','','http://update.joomla.org/language/details/af-ZA_details.xml',''),(619,3,0,0,'Chinese Simplified','','pkg_zh-CN','package','',0,'2.5.17.1','','http://update.joomla.org/language/details/zh-CN_details.xml',''),(620,3,0,0,'Chinese Traditional','','pkg_zh-TW','package','',0,'2.5.17.1','','http://update.joomla.org/language/details/zh-TW_details.xml',''),(621,3,0,0,'Tamil India','','pkg_ta-IN','package','',0,'2.5.18.1','','http://update.joomla.org/language/details/ta-IN_details.xml',''),(622,3,0,0,'Thai','','pkg_th-TH','package','',0,'2.5.18.1','','http://update.joomla.org/language/details/th-TH_details.xml',''),(623,3,0,0,'Swahili','','pkg_sw-KE','package','',0,'2.5.18.1','','http://update.joomla.org/language/details/sw-KE_details.xml',''),(624,4,0,0,'JCE Editor','','com_jce','component','',1,'2.3.4.4','','https://www.joomlacontenteditor.net/index.php?option=com_updates&view=update&format=xml&id=1/extension.xml','http://www.joomlacontenteditor.net/news/item/jce-2344-released'),(625,4,0,0,'JCE Editor','','com_jce','component','',1,'2.3.4.4','','https://www.joomlacontenteditor.net/index.php?option=com_updates&view=update&format=xml&id=1/extension.xml','http://www.joomlacontenteditor.net/news/item/jce-2344-released'),(626,12,0,0,'ReReplacer','','com_rereplacer','component','',1,'5.7.9FREE','','http://download.nonumber.nl/updates.php?e=rereplacer&type=.zip/extension.xml','http://www.nonumber.nl/extensions/rereplacer#download'),(627,12,0,0,'ReReplacer','','com_rereplacer','component','',1,'5.7.9FREE','','http://download.nonumber.nl/updates.php?e=rereplacer&type=.zip/extension.xml','http://www.nonumber.nl/extensions/rereplacer#download'),(628,11,0,0,'Kunena Forum','Kunena Forum','pkg_kunena','package','',0,'3.0.4','','http://update.kunena.org/3.0/pkg_kunena.xml',''),(629,11,0,0,'Kunena Language Pack','Language Pack for Kunena Forum','pkg_kunena_languages','package','',0,'3.0.4','','http://update.kunena.org/3.0/pkg_kunena_languages.xml',''),(630,11,0,0,'Kunena Forum','Kunena Forum','pkg_kunena','package','',0,'3.0.4','','http://update.kunena.org/3.0/pkg_kunena.xml',''),(631,11,0,0,'Kunena Language Pack','Language Pack for Kunena Forum','pkg_kunena_languages','package','',0,'3.0.4','','http://update.kunena.org/3.0/pkg_kunena_languages.xml',''),(634,3,0,0,'French','','pkg_fr-FR','package','',0,'2.5.18.1','','http://update.joomla.org/language/details/fr-FR_details.xml',''),(635,3,0,0,'Italian','','pkg_it-IT','package','',0,'2.5.18.1','','http://update.joomla.org/language/details/it-IT_details.xml',''),(636,3,0,0,'Spanish','','pkg_es-ES','package','',0,'2.5.18.1','','http://update.joomla.org/language/details/es-ES_details.xml',''),(637,3,0,0,'Dutch','','pkg_nl-NL','package','',0,'2.5.18.1','','http://update.joomla.org/language/details/nl-NL_details.xml',''),(638,3,0,0,'Slovak','','pkg_sk-SK','package','',0,'2.5.18.1','','http://update.joomla.org/language/details/sk-SK_details.xml',''),(639,3,0,0,'Latvian','','pkg_lv-LV','package','',0,'2.5.18.1','','http://update.joomla.org/language/details/lv-LV_details.xml',''),(640,3,0,0,'Estonian','','pkg_et-EE','package','',0,'2.5.17.2','','http://update.joomla.org/language/details/et-EE_details.xml',''),(641,3,0,0,'Flemish','','pkg_nl-BE','package','',0,'2.5.18.1','','http://update.joomla.org/language/details/nl-BE_details.xml',''),(642,3,0,0,'Japanese','','pkg_ja-JP','package','',0,'2.5.18.1','','http://update.joomla.org/language/details/ja-JP_details.xml',''),(643,3,0,0,'Serbian Latin','','pkg_sr-YU','package','',0,'2.5.18.1','','http://update.joomla.org/language/details/sr-YU_details.xml',''),(644,3,0,0,'Arabic Unitag','','pkg_ar-AA','package','',0,'2.5.18.1','','http://update.joomla.org/language/details/ar-AA_details.xml',''),(645,3,0,0,'German','','pkg_de-DE','package','',0,'2.5.18.1','','http://update.joomla.org/language/details/de-DE_details.xml',''),(646,3,0,0,'Norwegian Bokmal','','pkg_nb-NO','package','',0,'2.5.16.1','','http://update.joomla.org/language/details/nb-NO_details.xml',''),(647,3,0,0,'Serbian Cyrillic','','pkg_sr-RS','package','',0,'2.5.18.1','','http://update.joomla.org/language/details/sr-RS_details.xml',''),(648,3,0,0,'Czech','','pkg_cs-CZ','package','',0,'2.5.18.1','','http://update.joomla.org/language/details/cs-CZ_details.xml',''),(649,3,0,0,'Persian','','pkg_fa-IR','package','',0,'2.5.18.1','','http://update.joomla.org/language/details/fa-IR_details.xml',''),(650,3,0,0,'Polish','','pkg_pl-PL','package','',0,'2.5.18.1','','http://update.joomla.org/language/details/pl-PL_details.xml',''),(651,3,0,0,'Russian','','pkg_ru-RU','package','',0,'2.5.17.1','','http://update.joomla.org/language/details/ru-RU_details.xml',''),(652,3,0,0,'Catalan','','pkg_ca-ES','package','',0,'2.5.18.1','','http://update.joomla.org/language/details/ca-ES_details.xml',''),(653,3,0,0,'Afrikaans','','pkg_af-ZA','package','',0,'2.5.16.1','','http://update.joomla.org/language/details/af-ZA_details.xml',''),(654,3,0,0,'Chinese Simplified','','pkg_zh-CN','package','',0,'2.5.17.1','','http://update.joomla.org/language/details/zh-CN_details.xml',''),(655,3,0,0,'Chinese Traditional','','pkg_zh-TW','package','',0,'2.5.17.1','','http://update.joomla.org/language/details/zh-TW_details.xml',''),(656,3,0,0,'Bengali','','pkg_bn-BD','package','',0,'2.5.0.1','','http://update.joomla.org/language/details/bn-BD_details.xml',''),(657,3,0,0,'Tamil India','','pkg_ta-IN','package','',0,'2.5.18.1','','http://update.joomla.org/language/details/ta-IN_details.xml',''),(658,3,0,0,'Thai','','pkg_th-TH','package','',0,'2.5.18.1','','http://update.joomla.org/language/details/th-TH_details.xml',''),(659,3,0,0,'Swahili','','pkg_sw-KE','package','',0,'2.5.18.1','','http://update.joomla.org/language/details/sw-KE_details.xml',''),(660,4,0,0,'JCE Editor','','com_jce','component','',1,'2.3.4.4','','https://www.joomlacontenteditor.net/index.php?option=com_updates&view=update&format=xml&id=1/extension.xml','http://www.joomlacontenteditor.net/news/item/jce-2344-released'),(661,6,10031,0,'Attachments','Attachments for Joomla 2.5+ and 3.x','pkg_attachments','package','',0,'3.1.3','','http://jmcameron.net/attachments/updates/updates.xml','http://jmcameron.net/attachments/updates/3.1.3/index.html'),(662,4,0,0,'JCE Editor','','com_jce','component','',1,'2.3.4.4','','https://www.joomlacontenteditor.net/index.php?option=com_updates&view=update&format=xml&id=1/extension.xml','http://www.joomlacontenteditor.net/news/item/jce-2344-released'),(663,12,0,0,'ReReplacer','','com_rereplacer','component','',1,'5.7.11FREE','','http://download.nonumber.nl/updates.php?e=rereplacer&type=.zip/extension.xml','http://www.nonumber.nl/extensions/rereplacer#download'),(664,12,0,0,'ReReplacer','','com_rereplacer','component','',1,'5.7.11FREE','','http://download.nonumber.nl/updates.php?e=rereplacer&type=.zip/extension.xml','http://www.nonumber.nl/extensions/rereplacer#download'),(665,11,0,0,'Kunena Forum','Kunena Forum','pkg_kunena','package','',0,'3.0.4','','http://update.kunena.org/3.0/pkg_kunena.xml',''),(666,11,0,0,'Kunena Forum','Kunena Forum','pkg_kunena','package','',0,'3.0.4','','http://update.kunena.org/3.0/pkg_kunena.xml',''),(667,11,0,0,'Kunena Language Pack','Language Pack for Kunena Forum','pkg_kunena_languages','package','',0,'3.0.4','','http://update.kunena.org/3.0/pkg_kunena_languages.xml',''),(668,11,0,0,'Kunena Language Pack','Language Pack for Kunena Forum','pkg_kunena_languages','package','',0,'3.0.4','','http://update.kunena.org/3.0/pkg_kunena_languages.xml',''),(669,1,0,0,'Joomla','','joomla','file','',0,'2.5.18','','http://update.joomla.org/core/extension.xml',''),(670,3,0,0,'Danish','','pkg_da-DK','package','',0,'2.5.18.1','','http://update.joomla.org/language/details/da-DK_details.xml',''),(671,3,0,0,'French','','pkg_fr-FR','package','',0,'2.5.18.1','','http://update.joomla.org/language/details/fr-FR_details.xml',''),(672,3,0,0,'Italian','','pkg_it-IT','package','',0,'2.5.18.1','','http://update.joomla.org/language/details/it-IT_details.xml',''),(673,3,0,0,'Spanish','','pkg_es-ES','package','',0,'2.5.18.1','','http://update.joomla.org/language/details/es-ES_details.xml',''),(674,3,0,0,'Dutch','','pkg_nl-NL','package','',0,'2.5.18.1','','http://update.joomla.org/language/details/nl-NL_details.xml',''),(675,3,0,0,'Slovak','','pkg_sk-SK','package','',0,'2.5.18.1','','http://update.joomla.org/language/details/sk-SK_details.xml',''),(676,3,0,0,'Latvian','','pkg_lv-LV','package','',0,'2.5.18.1','','http://update.joomla.org/language/details/lv-LV_details.xml',''),(677,3,0,0,'Estonian','','pkg_et-EE','package','',0,'2.5.17.2','','http://update.joomla.org/language/details/et-EE_details.xml',''),(678,3,0,0,'Flemish','','pkg_nl-BE','package','',0,'2.5.18.1','','http://update.joomla.org/language/details/nl-BE_details.xml',''),(679,3,0,0,'Japanese','','pkg_ja-JP','package','',0,'2.5.18.1','','http://update.joomla.org/language/details/ja-JP_details.xml',''),(680,3,0,0,'Serbian Latin','','pkg_sr-YU','package','',0,'2.5.18.1','','http://update.joomla.org/language/details/sr-YU_details.xml',''),(681,3,0,0,'Arabic Unitag','','pkg_ar-AA','package','',0,'2.5.18.1','','http://update.joomla.org/language/details/ar-AA_details.xml',''),(682,3,0,0,'German','','pkg_de-DE','package','',0,'2.5.18.1','','http://update.joomla.org/language/details/de-DE_details.xml',''),(683,3,0,0,'Norwegian Bokmal','','pkg_nb-NO','package','',0,'2.5.16.1','','http://update.joomla.org/language/details/nb-NO_details.xml',''),(684,3,0,0,'Serbian Cyrillic','','pkg_sr-RS','package','',0,'2.5.18.1','','http://update.joomla.org/language/details/sr-RS_details.xml',''),(685,3,0,0,'Czech','','pkg_cs-CZ','package','',0,'2.5.18.1','','http://update.joomla.org/language/details/cs-CZ_details.xml',''),(686,3,0,0,'Persian','','pkg_fa-IR','package','',0,'2.5.18.1','','http://update.joomla.org/language/details/fa-IR_details.xml',''),(687,3,0,0,'Polish','','pkg_pl-PL','package','',0,'2.5.18.1','','http://update.joomla.org/language/details/pl-PL_details.xml',''),(688,3,0,0,'Russian','','pkg_ru-RU','package','',0,'2.5.17.1','','http://update.joomla.org/language/details/ru-RU_details.xml',''),(689,3,0,0,'Catalan','','pkg_ca-ES','package','',0,'2.5.18.1','','http://update.joomla.org/language/details/ca-ES_details.xml',''),(690,3,0,0,'Afrikaans','','pkg_af-ZA','package','',0,'2.5.16.1','','http://update.joomla.org/language/details/af-ZA_details.xml',''),(691,3,0,0,'Chinese Simplified','','pkg_zh-CN','package','',0,'2.5.17.1','','http://update.joomla.org/language/details/zh-CN_details.xml',''),(692,3,0,0,'Chinese Traditional','','pkg_zh-TW','package','',0,'2.5.17.1','','http://update.joomla.org/language/details/zh-TW_details.xml',''),(693,3,0,0,'Tamil India','','pkg_ta-IN','package','',0,'2.5.18.1','','http://update.joomla.org/language/details/ta-IN_details.xml',''),(694,3,0,0,'Thai','','pkg_th-TH','package','',0,'2.5.18.1','','http://update.joomla.org/language/details/th-TH_details.xml',''),(695,3,0,0,'Swahili','','pkg_sw-KE','package','',0,'2.5.18.1','','http://update.joomla.org/language/details/sw-KE_details.xml',''),(696,4,0,0,'JCE Editor','','com_jce','component','',1,'2.3.4.4','','https://www.joomlacontenteditor.net/index.php?option=com_updates&view=update&format=xml&id=1/extension.xml','http://www.joomlacontenteditor.net/news/item/jce-2344-released'),(697,4,0,0,'JCE Editor','','com_jce','component','',1,'2.3.4.4','','https://www.joomlacontenteditor.net/index.php?option=com_updates&view=update&format=xml&id=1/extension.xml','http://www.joomlacontenteditor.net/news/item/jce-2344-released'),(698,12,0,0,'ReReplacer','','com_rereplacer','component','',1,'5.7.11FREE','','http://download.nonumber.nl/updates.php?e=rereplacer&type=.zip/extension.xml','http://www.nonumber.nl/extensions/rereplacer#download'),(699,12,0,0,'ReReplacer','','com_rereplacer','component','',1,'5.7.11FREE','','http://download.nonumber.nl/updates.php?e=rereplacer&type=.zip/extension.xml','http://www.nonumber.nl/extensions/rereplacer#download'),(700,11,0,0,'Kunena Forum','Kunena Forum','pkg_kunena','package','',0,'3.0.4','','http://update.kunena.org/3.0/pkg_kunena.xml',''),(701,11,0,0,'Kunena Language Pack','Language Pack for Kunena Forum','pkg_kunena_languages','package','',0,'3.0.4','','http://update.kunena.org/3.0/pkg_kunena_languages.xml',''),(702,11,0,0,'Kunena Forum','Kunena Forum','pkg_kunena','package','',0,'3.0.4','','http://update.kunena.org/3.0/pkg_kunena.xml',''),(703,11,0,0,'Kunena Language Pack','Language Pack for Kunena Forum','pkg_kunena_languages','package','',0,'3.0.4','','http://update.kunena.org/3.0/pkg_kunena_languages.xml',''),(704,1,0,0,'Joomla','','joomla','file','',0,'2.5.19','','http://update.joomla.org/core/extension.xml',''),(705,3,0,0,'Danish','','pkg_da-DK','package','',0,'2.5.19.1','','http://update.joomla.org/language/details/da-DK_details.xml',''),(706,3,0,0,'French','','pkg_fr-FR','package','',0,'2.5.19.1','','http://update.joomla.org/language/details/fr-FR_details.xml',''),(707,3,0,0,'Italian','','pkg_it-IT','package','',0,'2.5.19.1','','http://update.joomla.org/language/details/it-IT_details.xml',''),(708,3,0,0,'Spanish','','pkg_es-ES','package','',0,'2.5.19.1','','http://update.joomla.org/language/details/es-ES_details.xml',''),(709,3,0,0,'Dutch','','pkg_nl-NL','package','',0,'2.5.19.1','','http://update.joomla.org/language/details/nl-NL_details.xml',''),(710,3,0,0,'Turkish','','pkg_tr-TR','package','',0,'2.5.19.1','','http://update.joomla.org/language/details/tr-TR_details.xml',''),(711,3,0,0,'Slovak','','pkg_sk-SK','package','',0,'2.5.19.1','','http://update.joomla.org/language/details/sk-SK_details.xml',''),(712,3,0,0,'Latvian','','pkg_lv-LV','package','',0,'2.5.19.1','','http://update.joomla.org/language/details/lv-LV_details.xml',''),(713,3,0,0,'Estonian','','pkg_et-EE','package','',0,'2.5.19.1','','http://update.joomla.org/language/details/et-EE_details.xml',''),(714,3,0,0,'Flemish','','pkg_nl-BE','package','',0,'2.5.19.1','','http://update.joomla.org/language/details/nl-BE_details.xml',''),(715,3,0,0,'Macedonian','','pkg_mk-MK','package','',0,'2.5.19.1','','http://update.joomla.org/language/details/mk-MK_details.xml',''),(716,3,0,0,'Japanese','','pkg_ja-JP','package','',0,'2.5.19.1','','http://update.joomla.org/language/details/ja-JP_details.xml',''),(717,3,0,0,'Serbian Latin','','pkg_sr-YU','package','',0,'2.5.19.1','','http://update.joomla.org/language/details/sr-YU_details.xml',''),(718,3,0,0,'Arabic Unitag','','pkg_ar-AA','package','',0,'2.5.19.1','','http://update.joomla.org/language/details/ar-AA_details.xml',''),(719,3,0,0,'German','','pkg_de-DE','package','',0,'2.5.19.1','','http://update.joomla.org/language/details/de-DE_details.xml',''),(720,3,0,0,'Norwegian Bokmal','','pkg_nb-NO','package','',0,'2.5.16.1','','http://update.joomla.org/language/details/nb-NO_details.xml',''),(721,3,0,0,'English AU','','pkg_en-AU','package','',0,'2.5.19.1','','http://update.joomla.org/language/details/en-AU_details.xml',''),(722,3,0,0,'English US','','pkg_en-US','package','',0,'2.5.19.1','','http://update.joomla.org/language/details/en-US_details.xml',''),(723,3,0,0,'Serbian Cyrillic','','pkg_sr-RS','package','',0,'2.5.19.1','','http://update.joomla.org/language/details/sr-RS_details.xml',''),(724,3,0,0,'Czech','','pkg_cs-CZ','package','',0,'2.5.19.1','','http://update.joomla.org/language/details/cs-CZ_details.xml',''),(725,3,0,0,'Persian','','pkg_fa-IR','package','',0,'2.5.19.1','','http://update.joomla.org/language/details/fa-IR_details.xml',''),(726,3,0,0,'Polish','','pkg_pl-PL','package','',0,'2.5.19.1','','http://update.joomla.org/language/details/pl-PL_details.xml',''),(727,3,0,0,'Syriac','','pkg_sy-IQ','package','',0,'2.5.19.1','','http://update.joomla.org/language/details/sy-IQ_details.xml',''),(728,3,0,0,'Russian','','pkg_ru-RU','package','',0,'2.5.17.1','','http://update.joomla.org/language/details/ru-RU_details.xml',''),(729,3,0,0,'Catalan','','pkg_ca-ES','package','',0,'2.5.19.1','','http://update.joomla.org/language/details/ca-ES_details.xml',''),(730,3,0,0,'Afrikaans','','pkg_af-ZA','package','',0,'2.5.16.1','','http://update.joomla.org/language/details/af-ZA_details.xml',''),(731,3,0,0,'Chinese Simplified','','pkg_zh-CN','package','',0,'2.5.17.1','','http://update.joomla.org/language/details/zh-CN_details.xml',''),(732,3,0,0,'Esperanto','','pkg_eo-XX','package','',0,'2.5.19.1','','http://update.joomla.org/language/details/eo-XX_details.xml',''),(733,3,0,0,'Finnish','','pkg_fi-FI','package','',0,'2.5.19.1','','http://update.joomla.org/language/details/fi-FI_details.xml',''),(734,3,0,0,'Chinese Traditional','','pkg_zh-TW','package','',0,'2.5.19.1','','http://update.joomla.org/language/details/zh-TW_details.xml',''),(735,3,0,0,'Tamil India','','pkg_ta-IN','package','',0,'2.5.19.1','','http://update.joomla.org/language/details/ta-IN_details.xml',''),(736,3,0,0,'Thai','','pkg_th-TH','package','',0,'2.5.18.1','','http://update.joomla.org/language/details/th-TH_details.xml',''),(737,3,0,0,'Swahili','','pkg_sw-KE','package','',0,'2.5.19.1','','http://update.joomla.org/language/details/sw-KE_details.xml',''),(738,4,0,0,'JCE Editor','','com_jce','component','',1,'2.3.4.4','','https://www.joomlacontenteditor.net/index.php?option=com_updates&view=update&format=xml&id=1/extension.xml','http://www.joomlacontenteditor.net/news/item/jce-2344-released'),(739,12,0,0,'ReReplacer','','com_rereplacer','component','',1,'5.7.11FREE','','http://download.nonumber.nl/updates.php?e=rereplacer&type=.zip/extension.xml','http://www.nonumber.nl/extensions/rereplacer#download'),(740,12,0,0,'ReReplacer','','com_rereplacer','component','',1,'5.7.11FREE','','http://download.nonumber.nl/updates.php?e=rereplacer&type=.zip/extension.xml','http://www.nonumber.nl/extensions/rereplacer#download'),(741,11,0,0,'Kunena Forum','Kunena Forum','pkg_kunena','package','',0,'3.0.5','','http://update.kunena.org/3.0/pkg_kunena.xml',''),(742,11,0,0,'Kunena Language Pack','Language Pack for Kunena Forum','pkg_kunena_languages','package','',0,'3.0.5','','http://update.kunena.org/3.0/pkg_kunena_languages.xml',''),(743,11,0,0,'Kunena Forum','Kunena Forum','pkg_kunena','package','',0,'3.0.5','','http://update.kunena.org/3.0/pkg_kunena.xml',''),(744,11,0,0,'Kunena Language Pack','Language Pack for Kunena Forum','pkg_kunena_languages','package','',0,'3.0.5','','http://update.kunena.org/3.0/pkg_kunena_languages.xml',''),(745,1,0,0,'Joomla','','joomla','file','',0,'2.5.19','','http://update.joomla.org/core/extension.xml',''),(746,3,0,0,'Danish','','pkg_da-DK','package','',0,'2.5.19.1','','http://update.joomla.org/language/details/da-DK_details.xml',''),(747,3,0,0,'French','','pkg_fr-FR','package','',0,'2.5.19.1','','http://update.joomla.org/language/details/fr-FR_details.xml',''),(748,3,0,0,'Italian','','pkg_it-IT','package','',0,'2.5.19.1','','http://update.joomla.org/language/details/it-IT_details.xml',''),(749,3,0,0,'Spanish','','pkg_es-ES','package','',0,'2.5.19.1','','http://update.joomla.org/language/details/es-ES_details.xml',''),(750,3,0,0,'Dutch','','pkg_nl-NL','package','',0,'2.5.19.1','','http://update.joomla.org/language/details/nl-NL_details.xml',''),(751,3,0,0,'Turkish','','pkg_tr-TR','package','',0,'2.5.19.1','','http://update.joomla.org/language/details/tr-TR_details.xml',''),(752,3,0,0,'Slovak','','pkg_sk-SK','package','',0,'2.5.19.1','','http://update.joomla.org/language/details/sk-SK_details.xml',''),(753,3,0,0,'Latvian','','pkg_lv-LV','package','',0,'2.5.19.1','','http://update.joomla.org/language/details/lv-LV_details.xml',''),(754,3,0,0,'Estonian','','pkg_et-EE','package','',0,'2.5.19.1','','http://update.joomla.org/language/details/et-EE_details.xml',''),(755,3,0,0,'Flemish','','pkg_nl-BE','package','',0,'2.5.19.1','','http://update.joomla.org/language/details/nl-BE_details.xml',''),(756,3,0,0,'Macedonian','','pkg_mk-MK','package','',0,'2.5.19.1','','http://update.joomla.org/language/details/mk-MK_details.xml',''),(757,3,0,0,'Japanese','','pkg_ja-JP','package','',0,'2.5.19.1','','http://update.joomla.org/language/details/ja-JP_details.xml',''),(758,3,0,0,'Serbian Latin','','pkg_sr-YU','package','',0,'2.5.19.1','','http://update.joomla.org/language/details/sr-YU_details.xml',''),(759,3,0,0,'Arabic Unitag','','pkg_ar-AA','package','',0,'2.5.19.1','','http://update.joomla.org/language/details/ar-AA_details.xml',''),(760,3,0,0,'German','','pkg_de-DE','package','',0,'2.5.19.1','','http://update.joomla.org/language/details/de-DE_details.xml',''),(761,3,0,0,'Norwegian Bokmal','','pkg_nb-NO','package','',0,'2.5.16.1','','http://update.joomla.org/language/details/nb-NO_details.xml',''),(762,3,0,0,'English AU','','pkg_en-AU','package','',0,'2.5.19.1','','http://update.joomla.org/language/details/en-AU_details.xml',''),(763,3,0,0,'English US','','pkg_en-US','package','',0,'2.5.19.1','','http://update.joomla.org/language/details/en-US_details.xml',''),(764,3,0,0,'Serbian Cyrillic','','pkg_sr-RS','package','',0,'2.5.19.1','','http://update.joomla.org/language/details/sr-RS_details.xml',''),(765,3,0,0,'Czech','','pkg_cs-CZ','package','',0,'2.5.19.1','','http://update.joomla.org/language/details/cs-CZ_details.xml',''),(766,3,0,0,'Persian','','pkg_fa-IR','package','',0,'2.5.19.1','','http://update.joomla.org/language/details/fa-IR_details.xml',''),(767,3,0,0,'Polish','','pkg_pl-PL','package','',0,'2.5.19.1','','http://update.joomla.org/language/details/pl-PL_details.xml',''),(768,3,0,0,'Syriac','','pkg_sy-IQ','package','',0,'2.5.19.1','','http://update.joomla.org/language/details/sy-IQ_details.xml',''),(769,3,0,0,'Russian','','pkg_ru-RU','package','',0,'2.5.17.1','','http://update.joomla.org/language/details/ru-RU_details.xml',''),(770,3,0,0,'Catalan','','pkg_ca-ES','package','',0,'2.5.19.1','','http://update.joomla.org/language/details/ca-ES_details.xml',''),(771,3,0,0,'Afrikaans','','pkg_af-ZA','package','',0,'2.5.16.1','','http://update.joomla.org/language/details/af-ZA_details.xml',''),(772,3,0,0,'Chinese Simplified','','pkg_zh-CN','package','',0,'2.5.17.1','','http://update.joomla.org/language/details/zh-CN_details.xml',''),(773,3,0,0,'Esperanto','','pkg_eo-XX','package','',0,'2.5.19.1','','http://update.joomla.org/language/details/eo-XX_details.xml',''),(774,3,0,0,'Finnish','','pkg_fi-FI','package','',0,'2.5.19.1','','http://update.joomla.org/language/details/fi-FI_details.xml',''),(775,3,0,0,'Chinese Traditional','','pkg_zh-TW','package','',0,'2.5.19.1','','http://update.joomla.org/language/details/zh-TW_details.xml',''),(776,3,0,0,'Tamil India','','pkg_ta-IN','package','',0,'2.5.19.1','','http://update.joomla.org/language/details/ta-IN_details.xml',''),(777,3,0,0,'Thai','','pkg_th-TH','package','',0,'2.5.19.1','','http://update.joomla.org/language/details/th-TH_details.xml',''),(778,3,0,0,'Swahili','','pkg_sw-KE','package','',0,'2.5.19.1','','http://update.joomla.org/language/details/sw-KE_details.xml',''),(779,4,0,0,'JCE Editor','','com_jce','component','',1,'2.3.4.4','','https://www.joomlacontenteditor.net/index.php?option=com_updates&view=update&format=xml&id=1/extension.xml','http://www.joomlacontenteditor.net/news/item/jce-2344-released'),(780,4,0,0,'JCE Editor','','com_jce','component','',1,'2.3.4.4','','https://www.joomlacontenteditor.net/index.php?option=com_updates&view=update&format=xml&id=1/extension.xml','http://www.joomlacontenteditor.net/news/item/jce-2344-released'),(781,12,0,0,'ReReplacer','','com_rereplacer','component','',1,'5.7.11FREE','','http://download.nonumber.nl/updates.php?e=rereplacer&type=.zip/extension.xml','http://www.nonumber.nl/extensions/rereplacer#download'),(782,12,0,0,'ReReplacer','','com_rereplacer','component','',1,'5.7.11FREE','','http://download.nonumber.nl/updates.php?e=rereplacer&type=.zip/extension.xml','http://www.nonumber.nl/extensions/rereplacer#download'),(783,11,0,0,'Kunena Forum','Kunena Forum','pkg_kunena','package','',0,'3.0.5','','http://update.kunena.org/3.0/pkg_kunena.xml',''),(784,11,0,0,'Kunena Language Pack','Language Pack for Kunena Forum','pkg_kunena_languages','package','',0,'3.0.5','','http://update.kunena.org/3.0/pkg_kunena_languages.xml',''),(785,11,0,0,'Kunena Forum','Kunena Forum','pkg_kunena','package','',0,'3.0.5','','http://update.kunena.org/3.0/pkg_kunena.xml',''),(786,11,0,0,'Kunena Language Pack','Language Pack for Kunena Forum','pkg_kunena_languages','package','',0,'3.0.5','','http://update.kunena.org/3.0/pkg_kunena_languages.xml',''),(787,1,0,0,'Joomla','','joomla','file','',0,'2.5.19','','http://update.joomla.org/core/extension.xml',''),(788,3,0,0,'Danish','','pkg_da-DK','package','',0,'2.5.19.1','','http://update.joomla.org/language/details/da-DK_details.xml',''),(789,3,0,0,'French','','pkg_fr-FR','package','',0,'2.5.19.1','','http://update.joomla.org/language/details/fr-FR_details.xml',''),(790,3,0,0,'Italian','','pkg_it-IT','package','',0,'2.5.19.1','','http://update.joomla.org/language/details/it-IT_details.xml',''),(791,3,0,0,'Spanish','','pkg_es-ES','package','',0,'2.5.19.1','','http://update.joomla.org/language/details/es-ES_details.xml',''),(792,3,0,0,'Dutch','','pkg_nl-NL','package','',0,'2.5.19.1','','http://update.joomla.org/language/details/nl-NL_details.xml',''),(793,3,0,0,'Turkish','','pkg_tr-TR','package','',0,'2.5.19.1','','http://update.joomla.org/language/details/tr-TR_details.xml',''),(794,3,0,0,'Slovak','','pkg_sk-SK','package','',0,'2.5.19.1','','http://update.joomla.org/language/details/sk-SK_details.xml',''),(795,3,0,0,'Latvian','','pkg_lv-LV','package','',0,'2.5.19.1','','http://update.joomla.org/language/details/lv-LV_details.xml',''),(796,3,0,0,'Estonian','','pkg_et-EE','package','',0,'2.5.19.1','','http://update.joomla.org/language/details/et-EE_details.xml',''),(797,3,0,0,'Flemish','','pkg_nl-BE','package','',0,'2.5.19.1','','http://update.joomla.org/language/details/nl-BE_details.xml',''),(798,3,0,0,'Macedonian','','pkg_mk-MK','package','',0,'2.5.19.1','','http://update.joomla.org/language/details/mk-MK_details.xml',''),(799,3,0,0,'Japanese','','pkg_ja-JP','package','',0,'2.5.19.1','','http://update.joomla.org/language/details/ja-JP_details.xml',''),(800,3,0,0,'Serbian Latin','','pkg_sr-YU','package','',0,'2.5.19.1','','http://update.joomla.org/language/details/sr-YU_details.xml',''),(801,3,0,0,'Arabic Unitag','','pkg_ar-AA','package','',0,'2.5.19.1','','http://update.joomla.org/language/details/ar-AA_details.xml',''),(802,3,0,0,'German','','pkg_de-DE','package','',0,'2.5.19.1','','http://update.joomla.org/language/details/de-DE_details.xml',''),(803,3,0,0,'Norwegian Bokmal','','pkg_nb-NO','package','',0,'2.5.16.1','','http://update.joomla.org/language/details/nb-NO_details.xml',''),(804,3,0,0,'English AU','','pkg_en-AU','package','',0,'2.5.19.1','','http://update.joomla.org/language/details/en-AU_details.xml',''),(805,3,0,0,'English US','','pkg_en-US','package','',0,'2.5.19.1','','http://update.joomla.org/language/details/en-US_details.xml',''),(806,3,0,0,'Serbian Cyrillic','','pkg_sr-RS','package','',0,'2.5.19.1','','http://update.joomla.org/language/details/sr-RS_details.xml',''),(807,3,0,0,'Czech','','pkg_cs-CZ','package','',0,'2.5.19.1','','http://update.joomla.org/language/details/cs-CZ_details.xml',''),(808,3,0,0,'Persian','','pkg_fa-IR','package','',0,'2.5.19.1','','http://update.joomla.org/language/details/fa-IR_details.xml',''),(809,3,0,0,'Polish','','pkg_pl-PL','package','',0,'2.5.19.1','','http://update.joomla.org/language/details/pl-PL_details.xml',''),(810,3,0,0,'Syriac','','pkg_sy-IQ','package','',0,'2.5.19.1','','http://update.joomla.org/language/details/sy-IQ_details.xml',''),(811,3,0,0,'Russian','','pkg_ru-RU','package','',0,'2.5.17.1','','http://update.joomla.org/language/details/ru-RU_details.xml',''),(812,3,0,0,'Catalan','','pkg_ca-ES','package','',0,'2.5.19.1','','http://update.joomla.org/language/details/ca-ES_details.xml',''),(813,3,0,0,'Afrikaans','','pkg_af-ZA','package','',0,'2.5.16.1','','http://update.joomla.org/language/details/af-ZA_details.xml',''),(814,3,0,0,'Chinese Simplified','','pkg_zh-CN','package','',0,'2.5.17.1','','http://update.joomla.org/language/details/zh-CN_details.xml',''),(815,3,0,0,'Esperanto','','pkg_eo-XX','package','',0,'2.5.19.1','','http://update.joomla.org/language/details/eo-XX_details.xml',''),(816,3,0,0,'Finnish','','pkg_fi-FI','package','',0,'2.5.19.1','','http://update.joomla.org/language/details/fi-FI_details.xml',''),(817,3,0,0,'Chinese Traditional','','pkg_zh-TW','package','',0,'2.5.19.1','','http://update.joomla.org/language/details/zh-TW_details.xml',''),(818,3,0,0,'Bosnian','','pkg_bs-BA','package','',0,'2.5.19.1','','http://update.joomla.org/language/details/bs-BA_details.xml',''),(819,3,0,0,'Tamil India','','pkg_ta-IN','package','',0,'2.5.19.1','','http://update.joomla.org/language/details/ta-IN_details.xml',''),(820,3,0,0,'Thai','','pkg_th-TH','package','',0,'2.5.19.1','','http://update.joomla.org/language/details/th-TH_details.xml',''),(821,3,0,0,'Swahili','','pkg_sw-KE','package','',0,'2.5.19.1','','http://update.joomla.org/language/details/sw-KE_details.xml',''),(822,4,0,0,'JCE Editor','','com_jce','component','',1,'2.3.4.4','','https://www.joomlacontenteditor.net/index.php?option=com_updates&view=update&format=xml&id=1/extension.xml','http://www.joomlacontenteditor.net/news/item/jce-2344-released'),(823,12,0,0,'ReReplacer','','com_rereplacer','component','',1,'5.8.0FREE','','http://download.nonumber.nl/updates.php?e=rereplacer&type=.zip/extension.xml','http://www.nonumber.nl/extensions/rereplacer#download'),(824,12,0,0,'ReReplacer','','com_rereplacer','component','',1,'5.8.0FREE','','http://download.nonumber.nl/updates.php?e=rereplacer&type=.zip/extension.xml','http://www.nonumber.nl/extensions/rereplacer#download'),(825,8,10043,0,'Maximenu CK','Module Maximenu CK to display a mega menu dropdown','mod_maximenuck','module','',0,'6.2.9','','http://update.joomlack.fr/mod_maximenuck_update.xml','http://www.joomlack.fr/extensions-joomla/maximenu-ck'),(826,11,0,0,'Kunena Forum','Kunena Forum','pkg_kunena','package','',0,'3.0.5','','http://update.kunena.org/3.0/pkg_kunena.xml',''),(827,11,0,0,'Kunena Forum','Kunena Forum','pkg_kunena','package','',0,'3.0.5','','http://update.kunena.org/3.0/pkg_kunena.xml',''),(828,11,0,0,'Kunena Language Pack','Language Pack for Kunena Forum','pkg_kunena_languages','package','',0,'3.0.5','','http://update.kunena.org/3.0/pkg_kunena_languages.xml',''),(829,11,0,0,'Kunena Language Pack','Language Pack for Kunena Forum','pkg_kunena_languages','package','',0,'3.0.5','','http://update.kunena.org/3.0/pkg_kunena_languages.xml',''),(830,1,0,0,'Joomla','','joomla','file','',0,'2.5.19','','http://update.joomla.org/core/extension.xml',''),(831,3,0,0,'Danish','','pkg_da-DK','package','',0,'2.5.19.1','','http://update.joomla.org/language/details/da-DK_details.xml',''),(832,3,0,0,'French','','pkg_fr-FR','package','',0,'2.5.19.1','','http://update.joomla.org/language/details/fr-FR_details.xml',''),(833,3,0,0,'Italian','','pkg_it-IT','package','',0,'2.5.19.1','','http://update.joomla.org/language/details/it-IT_details.xml',''),(834,3,0,0,'Spanish','','pkg_es-ES','package','',0,'2.5.19.1','','http://update.joomla.org/language/details/es-ES_details.xml',''),(835,3,0,0,'Dutch','','pkg_nl-NL','package','',0,'2.5.19.1','','http://update.joomla.org/language/details/nl-NL_details.xml',''),(836,3,0,0,'Turkish','','pkg_tr-TR','package','',0,'2.5.19.1','','http://update.joomla.org/language/details/tr-TR_details.xml',''),(837,3,0,0,'Slovak','','pkg_sk-SK','package','',0,'2.5.19.1','','http://update.joomla.org/language/details/sk-SK_details.xml',''),(838,3,0,0,'Latvian','','pkg_lv-LV','package','',0,'2.5.19.1','','http://update.joomla.org/language/details/lv-LV_details.xml',''),(839,3,0,0,'Estonian','','pkg_et-EE','package','',0,'2.5.19.1','','http://update.joomla.org/language/details/et-EE_details.xml',''),(840,3,0,0,'Flemish','','pkg_nl-BE','package','',0,'2.5.19.1','','http://update.joomla.org/language/details/nl-BE_details.xml',''),(841,3,0,0,'Macedonian','','pkg_mk-MK','package','',0,'2.5.19.1','','http://update.joomla.org/language/details/mk-MK_details.xml',''),(842,3,0,0,'Japanese','','pkg_ja-JP','package','',0,'2.5.19.1','','http://update.joomla.org/language/details/ja-JP_details.xml',''),(843,3,0,0,'Serbian Latin','','pkg_sr-YU','package','',0,'2.5.19.1','','http://update.joomla.org/language/details/sr-YU_details.xml',''),(844,3,0,0,'Arabic Unitag','','pkg_ar-AA','package','',0,'2.5.19.1','','http://update.joomla.org/language/details/ar-AA_details.xml',''),(845,3,0,0,'German','','pkg_de-DE','package','',0,'2.5.19.1','','http://update.joomla.org/language/details/de-DE_details.xml',''),(846,3,0,0,'Norwegian Bokmal','','pkg_nb-NO','package','',0,'2.5.16.1','','http://update.joomla.org/language/details/nb-NO_details.xml',''),(847,3,0,0,'English AU','','pkg_en-AU','package','',0,'2.5.19.1','','http://update.joomla.org/language/details/en-AU_details.xml',''),(848,3,0,0,'English US','','pkg_en-US','package','',0,'2.5.19.1','','http://update.joomla.org/language/details/en-US_details.xml',''),(849,3,0,0,'Serbian Cyrillic','','pkg_sr-RS','package','',0,'2.5.19.1','','http://update.joomla.org/language/details/sr-RS_details.xml',''),(850,3,0,0,'Czech','','pkg_cs-CZ','package','',0,'2.5.19.2','','http://update.joomla.org/language/details/cs-CZ_details.xml',''),(851,3,0,0,'Persian','','pkg_fa-IR','package','',0,'2.5.19.1','','http://update.joomla.org/language/details/fa-IR_details.xml',''),(852,3,0,0,'Polish','','pkg_pl-PL','package','',0,'2.5.19.1','','http://update.joomla.org/language/details/pl-PL_details.xml',''),(853,3,0,0,'Syriac','','pkg_sy-IQ','package','',0,'2.5.19.1','','http://update.joomla.org/language/details/sy-IQ_details.xml',''),(854,3,0,0,'Russian','','pkg_ru-RU','package','',0,'2.5.17.1','','http://update.joomla.org/language/details/ru-RU_details.xml',''),(855,3,0,0,'Catalan','','pkg_ca-ES','package','',0,'2.5.19.1','','http://update.joomla.org/language/details/ca-ES_details.xml',''),(856,3,0,0,'Afrikaans','','pkg_af-ZA','package','',0,'2.5.16.1','','http://update.joomla.org/language/details/af-ZA_details.xml',''),(857,3,0,0,'Chinese Simplified','','pkg_zh-CN','package','',0,'2.5.17.1','','http://update.joomla.org/language/details/zh-CN_details.xml',''),(858,3,0,0,'Esperanto','','pkg_eo-XX','package','',0,'2.5.19.1','','http://update.joomla.org/language/details/eo-XX_details.xml',''),(859,3,0,0,'Finnish','','pkg_fi-FI','package','',0,'2.5.19.1','','http://update.joomla.org/language/details/fi-FI_details.xml',''),(860,3,0,0,'Chinese Traditional','','pkg_zh-TW','package','',0,'2.5.19.1','','http://update.joomla.org/language/details/zh-TW_details.xml',''),(861,3,0,0,'Bosnian','','pkg_bs-BA','package','',0,'2.5.19.1','','http://update.joomla.org/language/details/bs-BA_details.xml',''),(862,3,0,0,'Tamil India','','pkg_ta-IN','package','',0,'2.5.19.1','','http://update.joomla.org/language/details/ta-IN_details.xml',''),(863,3,0,0,'Thai','','pkg_th-TH','package','',0,'2.5.19.1','','http://update.joomla.org/language/details/th-TH_details.xml',''),(864,3,0,0,'Swahili','','pkg_sw-KE','package','',0,'2.5.19.1','','http://update.joomla.org/language/details/sw-KE_details.xml',''),(865,4,0,0,'JCE Editor','','com_jce','component','',1,'2.3.4.4','','https://www.joomlacontenteditor.net/index.php?option=com_updates&view=update&format=xml&id=1/extension.xml','http://www.joomlacontenteditor.net/news/item/jce-2344-released'),(866,4,0,0,'JCE Editor','','com_jce','component','',1,'2.3.4.4','','https://www.joomlacontenteditor.net/index.php?option=com_updates&view=update&format=xml&id=1/extension.xml','http://www.joomlacontenteditor.net/news/item/jce-2344-released'),(867,12,0,0,'ReReplacer','','com_rereplacer','component','',1,'5.9.0FREE','','http://download.nonumber.nl/updates.php?e=rereplacer&type=.zip/extension.xml','http://www.nonumber.nl/extensions/rereplacer#download'),(868,12,0,0,'ReReplacer','','com_rereplacer','component','',1,'5.9.0FREE','','http://download.nonumber.nl/updates.php?e=rereplacer&type=.zip/extension.xml','http://www.nonumber.nl/extensions/rereplacer#download'),(869,11,0,0,'Kunena Forum','Kunena Forum','pkg_kunena','package','',0,'3.0.5','','http://update.kunena.org/3.0/pkg_kunena.xml',''),(870,11,0,0,'Kunena Language Pack','Language Pack for Kunena Forum','pkg_kunena_languages','package','',0,'3.0.5','','http://update.kunena.org/3.0/pkg_kunena_languages.xml',''),(871,11,0,0,'Kunena Forum','Kunena Forum','pkg_kunena','package','',0,'3.0.5','','http://update.kunena.org/3.0/pkg_kunena.xml',''),(872,11,0,0,'Kunena Language Pack','Language Pack for Kunena Forum','pkg_kunena_languages','package','',0,'3.0.5','','http://update.kunena.org/3.0/pkg_kunena_languages.xml',''),(873,4,0,0,'JCE Editor','','com_jce','component','',1,'2.3.4.4','','https://www.joomlacontenteditor.net/index.php?option=com_updates&view=update&format=xml&id=1/extension.xml','http://www.joomlacontenteditor.net/news/item/jce-2344-released'),(874,4,0,0,'JCE Editor','','com_jce','component','',1,'2.3.4.4','','https://www.joomlacontenteditor.net/index.php?option=com_updates&view=update&format=xml&id=1/extension.xml','http://www.joomlacontenteditor.net/news/item/jce-2344-released'),(875,12,0,0,'ReReplacer','','com_rereplacer','component','',1,'5.9.0FREE','','http://download.nonumber.nl/updates.php?e=rereplacer&type=.zip/extension.xml','http://www.nonumber.nl/extensions/rereplacer#download'),(876,12,0,0,'ReReplacer','','com_rereplacer','component','',1,'5.9.0FREE','','http://download.nonumber.nl/updates.php?e=rereplacer&type=.zip/extension.xml','http://www.nonumber.nl/extensions/rereplacer#download'),(877,11,0,0,'Kunena Forum','Kunena Forum','pkg_kunena','package','',0,'3.0.5','','http://update.kunena.org/3.0/pkg_kunena.xml',''),(878,11,0,0,'Kunena Language Pack','Language Pack for Kunena Forum','pkg_kunena_languages','package','',0,'3.0.5','','http://update.kunena.org/3.0/pkg_kunena_languages.xml',''),(879,11,0,0,'Kunena Forum','Kunena Forum','pkg_kunena','package','',0,'3.0.5','','http://update.kunena.org/3.0/pkg_kunena.xml',''),(880,11,0,0,'Kunena Language Pack','Language Pack for Kunena Forum','pkg_kunena_languages','package','',0,'3.0.5','','http://update.kunena.org/3.0/pkg_kunena_languages.xml',''),(881,4,0,0,'JCE Editor','','com_jce','component','',1,'2.3.4.4','','https://www.joomlacontenteditor.net/index.php?option=com_updates&view=update&format=xml&id=1/extension.xml','http://www.joomlacontenteditor.net/news/item/jce-2344-released'),(882,12,0,0,'ReReplacer','','com_rereplacer','component','',1,'5.9.0FREE','','http://download.nonumber.nl/updates.php?e=rereplacer&type=.zip/extension.xml','http://www.nonumber.nl/extensions/rereplacer#download'),(883,12,0,0,'ReReplacer','','com_rereplacer','component','',1,'5.9.0FREE','','http://download.nonumber.nl/updates.php?e=rereplacer&type=.zip/extension.xml','http://www.nonumber.nl/extensions/rereplacer#download'),(884,11,0,0,'Kunena Forum','Kunena Forum','pkg_kunena','package','',0,'3.0.5','','http://update.kunena.org/3.0/pkg_kunena.xml',''),(885,11,0,0,'Kunena Language Pack','Language Pack for Kunena Forum','pkg_kunena_languages','package','',0,'3.0.5','','http://update.kunena.org/3.0/pkg_kunena_languages.xml',''),(886,11,0,0,'Kunena Forum','Kunena Forum','pkg_kunena','package','',0,'3.0.5','','http://update.kunena.org/3.0/pkg_kunena.xml',''),(887,11,0,0,'Kunena Language Pack','Language Pack for Kunena Forum','pkg_kunena_languages','package','',0,'3.0.5','','http://update.kunena.org/3.0/pkg_kunena_languages.xml',''),(888,4,0,0,'JCE Editor','','com_jce','component','',1,'2.3.4.4','','https://www.joomlacontenteditor.net/index.php?option=com_updates&view=update&format=xml&id=1/extension.xml','http://www.joomlacontenteditor.net/news/item/jce-2344-released'),(889,12,0,0,'ReReplacer','','com_rereplacer','component','',1,'5.9.1FREE','','http://download.nonumber.nl/updates.php?e=rereplacer&type=.zip/extension.xml','http://www.nonumber.nl/extensions/rereplacer#download'),(890,12,0,0,'ReReplacer','','com_rereplacer','component','',1,'5.9.1FREE','','http://download.nonumber.nl/updates.php?e=rereplacer&type=.zip/extension.xml','http://www.nonumber.nl/extensions/rereplacer#download'),(891,8,0,0,'Maximenu CK','Module Maximenu CK to display a mega menu dropdown','mod_maximenuck','module','',0,'6.2.11','','http://update.joomlack.fr/mod_maximenuck_update.xml','http://www.joomlack.fr/extensions-joomla/maximenu-ck'),(892,8,0,0,'Maximenu CK','Module Maximenu CK to display a mega menu dropdown','mod_maximenuck','module','',0,'6.2.11','','http://update.joomlack.fr/mod_maximenuck_update.xml','http://www.joomlack.fr/extensions-joomla/maximenu-ck'),(893,11,0,0,'Kunena Forum','Kunena Forum','pkg_kunena','package','',0,'3.0.5','','http://update.kunena.org/3.0/pkg_kunena.xml',''),(894,11,0,0,'Kunena Language Pack','Language Pack for Kunena Forum','pkg_kunena_languages','package','',0,'3.0.5','','http://update.kunena.org/3.0/pkg_kunena_languages.xml',''),(895,11,0,0,'Kunena Forum','Kunena Forum','pkg_kunena','package','',0,'3.0.5','','http://update.kunena.org/3.0/pkg_kunena.xml',''),(896,11,0,0,'Kunena Language Pack','Language Pack for Kunena Forum','pkg_kunena_languages','package','',0,'3.0.5','','http://update.kunena.org/3.0/pkg_kunena_languages.xml',''),(897,4,0,0,'JCE Editor','','com_jce','component','',1,'2.3.4.4','','https://www.joomlacontenteditor.net/index.php?option=com_updates&view=update&format=xml&id=1/extension.xml','http://www.joomlacontenteditor.net/news/item/jce-2344-released'),(898,12,0,0,'ReReplacer','','com_rereplacer','component','',1,'5.9.2FREE','','http://download.nonumber.nl/updates.php?e=rereplacer&type=.zip/extension.xml','http://www.nonumber.nl/extensions/rereplacer#download'),(899,12,0,0,'ReReplacer','','com_rereplacer','component','',1,'5.9.2FREE','','http://download.nonumber.nl/updates.php?e=rereplacer&type=.zip/extension.xml','http://www.nonumber.nl/extensions/rereplacer#download'),(900,8,0,0,'Maximenu CK','Module Maximenu CK to display a mega menu dropdown','mod_maximenuck','module','',0,'6.2.11','','http://update.joomlack.fr/mod_maximenuck_update.xml','http://www.joomlack.fr/extensions-joomla/maximenu-ck'),(901,8,0,0,'Maximenu CK','Module Maximenu CK to display a mega menu dropdown','mod_maximenuck','module','',0,'6.2.11','','http://update.joomlack.fr/mod_maximenuck_update.xml','http://www.joomlack.fr/extensions-joomla/maximenu-ck'),(902,11,0,0,'Kunena Forum','Kunena Forum','pkg_kunena','package','',0,'3.0.5','','http://update.kunena.org/3.0/pkg_kunena.xml',''),(903,11,0,0,'Kunena Language Pack','Language Pack for Kunena Forum','pkg_kunena_languages','package','',0,'3.0.5','','http://update.kunena.org/3.0/pkg_kunena_languages.xml',''),(904,11,0,0,'Kunena Forum','Kunena Forum','pkg_kunena','package','',0,'3.0.5','','http://update.kunena.org/3.0/pkg_kunena.xml',''),(905,11,0,0,'Kunena Language Pack','Language Pack for Kunena Forum','pkg_kunena_languages','package','',0,'3.0.5','','http://update.kunena.org/3.0/pkg_kunena_languages.xml',''),(906,4,0,0,'JCE Editor','','com_jce','component','',1,'2.3.4.4','','https://www.joomlacontenteditor.net/index.php?option=com_updates&view=update&format=xml&id=1/extension.xml','http://www.joomlacontenteditor.net/news/item/jce-2344-released'),(907,12,0,0,'ReReplacer','','com_rereplacer','component','',1,'5.9.2FREE','','http://download.nonumber.nl/updates.php?e=rereplacer&type=.zip/extension.xml','http://www.nonumber.nl/extensions/rereplacer#download'),(908,8,0,0,'Maximenu CK','Module Maximenu CK to display a mega menu dropdown','mod_maximenuck','module','',0,'6.2.11','','http://update.joomlack.fr/mod_maximenuck_update.xml','http://www.joomlack.fr/extensions-joomla/maximenu-ck'),(909,12,0,0,'ReReplacer','','com_rereplacer','component','',1,'5.9.2FREE','','http://download.nonumber.nl/updates.php?e=rereplacer&type=.zip/extension.xml','http://www.nonumber.nl/extensions/rereplacer#download'),(910,8,0,0,'Maximenu CK','Module Maximenu CK to display a mega menu dropdown','mod_maximenuck','module','',0,'6.2.11','','http://update.joomlack.fr/mod_maximenuck_update.xml','http://www.joomlack.fr/extensions-joomla/maximenu-ck'),(911,11,0,0,'Kunena Forum','Kunena Forum','pkg_kunena','package','',0,'3.0.5','','http://update.kunena.org/3.0/pkg_kunena.xml',''),(912,11,0,0,'Kunena Forum','Kunena Forum','pkg_kunena','package','',0,'3.0.5','','http://update.kunena.org/3.0/pkg_kunena.xml',''),(913,11,0,0,'Kunena Language Pack','Language Pack for Kunena Forum','pkg_kunena_languages','package','',0,'3.0.5','','http://update.kunena.org/3.0/pkg_kunena_languages.xml',''),(914,11,0,0,'Kunena Language Pack','Language Pack for Kunena Forum','pkg_kunena_languages','package','',0,'3.0.5','','http://update.kunena.org/3.0/pkg_kunena_languages.xml',''),(915,4,0,0,'JCE Editor','','com_jce','component','',1,'2.3.4.4','','https://www.joomlacontenteditor.net/index.php?option=com_updates&view=update&format=xml&id=1/extension.xml','http://www.joomlacontenteditor.net/news/item/jce-2344-released'),(916,12,0,0,'ReReplacer','','com_rereplacer','component','',1,'5.9.2FREE','','http://download.nonumber.nl/updates.php?e=rereplacer&type=.zip/extension.xml','http://www.nonumber.nl/extensions/rereplacer#download'),(917,12,0,0,'ReReplacer','','com_rereplacer','component','',1,'5.9.2FREE','','http://download.nonumber.nl/updates.php?e=rereplacer&type=.zip/extension.xml','http://www.nonumber.nl/extensions/rereplacer#download'),(918,8,0,0,'Maximenu CK','Module Maximenu CK to display a mega menu dropdown','mod_maximenuck','module','',0,'6.2.11','','http://update.joomlack.fr/mod_maximenuck_update.xml','http://www.joomlack.fr/extensions-joomla/maximenu-ck'),(919,8,0,0,'Maximenu CK','Module Maximenu CK to display a mega menu dropdown','mod_maximenuck','module','',0,'6.2.11','','http://update.joomlack.fr/mod_maximenuck_update.xml','http://www.joomlack.fr/extensions-joomla/maximenu-ck'),(920,11,0,0,'Kunena Forum','Kunena Forum','pkg_kunena','package','',0,'3.0.5','','http://update.kunena.org/3.0/pkg_kunena.xml',''),(921,11,0,0,'Kunena Forum','Kunena Forum','pkg_kunena','package','',0,'3.0.5','','http://update.kunena.org/3.0/pkg_kunena.xml',''),(922,11,0,0,'Kunena Language Pack','Language Pack for Kunena Forum','pkg_kunena_languages','package','',0,'3.0.5','','http://update.kunena.org/3.0/pkg_kunena_languages.xml',''),(923,11,0,0,'Kunena Language Pack','Language Pack for Kunena Forum','pkg_kunena_languages','package','',0,'3.0.5','','http://update.kunena.org/3.0/pkg_kunena_languages.xml',''),(924,4,0,0,'JCE Editor','','com_jce','component','',1,'2.3.4.4','','https://www.joomlacontenteditor.net/index.php?option=com_updates&view=update&format=xml&id=1/extension.xml','http://www.joomlacontenteditor.net/news/item/jce-2344-released'),(925,4,0,0,'JCE Editor','','com_jce','component','',1,'2.3.4.4','','https://www.joomlacontenteditor.net/index.php?option=com_updates&view=update&format=xml&id=1/extension.xml','http://www.joomlacontenteditor.net/news/item/jce-2344-released'),(926,12,0,0,'ReReplacer','','com_rereplacer','component','',1,'5.9.2FREE','','http://download.nonumber.nl/updates.php?e=rereplacer&type=.zip/extension.xml','http://www.nonumber.nl/extensions/rereplacer#download'),(927,12,0,0,'ReReplacer','','com_rereplacer','component','',1,'5.9.2FREE','','http://download.nonumber.nl/updates.php?e=rereplacer&type=.zip/extension.xml','http://www.nonumber.nl/extensions/rereplacer#download'),(928,8,0,0,'Maximenu CK','Module Maximenu CK to display a mega menu dropdown','mod_maximenuck','module','',0,'6.2.11','','http://update.joomlack.fr/mod_maximenuck_update.xml','http://www.joomlack.fr/extensions-joomla/maximenu-ck'),(929,8,0,0,'Maximenu CK','Module Maximenu CK to display a mega menu dropdown','mod_maximenuck','module','',0,'6.2.11','','http://update.joomlack.fr/mod_maximenuck_update.xml','http://www.joomlack.fr/extensions-joomla/maximenu-ck'),(930,11,0,0,'Kunena Forum','Kunena Forum','pkg_kunena','package','',0,'3.0.5','','http://update.kunena.org/3.0/pkg_kunena.xml',''),(931,11,0,0,'Kunena Language Pack','Language Pack for Kunena Forum','pkg_kunena_languages','package','',0,'3.0.5','','http://update.kunena.org/3.0/pkg_kunena_languages.xml',''),(932,11,0,0,'Kunena Forum','Kunena Forum','pkg_kunena','package','',0,'3.0.5','','http://update.kunena.org/3.0/pkg_kunena.xml',''),(933,11,0,0,'Kunena Language Pack','Language Pack for Kunena Forum','pkg_kunena_languages','package','',0,'3.0.5','','http://update.kunena.org/3.0/pkg_kunena_languages.xml',''),(934,4,0,0,'JCE Editor','','com_jce','component','',1,'2.4.2','','https://www.joomlacontenteditor.net/index.php?option=com_updates&view=update&format=xml&id=1/extension.xml','http://www.joomlacontenteditor.net/news/item/jce-242-released'),(935,12,0,0,'ReReplacer','','com_rereplacer','component','',1,'5.10.1FREE','','http://download.nonumber.nl/updates.php?e=rereplacer&type=.zip/extension.xml','http://www.nonumber.nl/extensions/rereplacer#download'),(936,8,0,0,'Maximenu CK','Module Maximenu CK to display a mega menu dropdown','mod_maximenuck','module','',0,'6.2.11','','http://update.joomlack.fr/mod_maximenuck_update.xml','http://www.joomlack.fr/extensions-joomla/maximenu-ck'),(937,12,0,0,'ReReplacer','','com_rereplacer','component','',1,'5.10.1FREE','','http://download.nonumber.nl/updates.php?e=rereplacer&type=.zip/extension.xml','http://www.nonumber.nl/extensions/rereplacer#download'),(938,8,0,0,'Maximenu CK','Module Maximenu CK to display a mega menu dropdown','mod_maximenuck','module','',0,'6.2.11','','http://update.joomlack.fr/mod_maximenuck_update.xml','http://www.joomlack.fr/extensions-joomla/maximenu-ck'),(939,11,0,0,'Kunena Forum','Kunena Forum','pkg_kunena','package','',0,'3.0.6','','http://update.kunena.org/3.0/pkg_kunena.xml',''),(940,11,0,0,'Kunena Language Pack','Language Pack for Kunena Forum','pkg_kunena_languages','package','',0,'3.0.6','','http://update.kunena.org/3.0/pkg_kunena_languages.xml',''),(941,11,0,0,'Kunena Forum','Kunena Forum','pkg_kunena','package','',0,'3.0.6','','http://update.kunena.org/3.0/pkg_kunena.xml',''),(942,11,0,0,'Kunena Language Pack','Language Pack for Kunena Forum','pkg_kunena_languages','package','',0,'3.0.6','','http://update.kunena.org/3.0/pkg_kunena_languages.xml',''),(943,4,0,0,'JCE Editor','','com_jce','component','',1,'2.4.2','','https://www.joomlacontenteditor.net/index.php?option=com_updates&view=update&format=xml&id=1/extension.xml','http://www.joomlacontenteditor.net/news/item/jce-242-released'),(944,12,0,0,'ReReplacer','','com_rereplacer','component','',1,'5.10.1FREE','','http://download.nonumber.nl/updates.php?e=rereplacer&type=.zip/extension.xml','http://www.nonumber.nl/extensions/rereplacer#download'),(945,12,0,0,'ReReplacer','','com_rereplacer','component','',1,'5.10.1FREE','','http://download.nonumber.nl/updates.php?e=rereplacer&type=.zip/extension.xml','http://www.nonumber.nl/extensions/rereplacer#download'),(946,8,0,0,'Maximenu CK','Module Maximenu CK to display a mega menu dropdown','mod_maximenuck','module','',0,'6.2.11','','http://update.joomlack.fr/mod_maximenuck_update.xml','http://www.joomlack.fr/extensions-joomla/maximenu-ck'),(947,8,0,0,'Maximenu CK','Module Maximenu CK to display a mega menu dropdown','mod_maximenuck','module','',0,'6.2.11','','http://update.joomlack.fr/mod_maximenuck_update.xml','http://www.joomlack.fr/extensions-joomla/maximenu-ck'),(948,11,0,0,'Kunena Forum','Kunena Forum','pkg_kunena','package','',0,'3.0.6','','http://update.kunena.org/3.0/pkg_kunena.xml',''),(949,11,0,0,'Kunena Forum','Kunena Forum','pkg_kunena','package','',0,'3.0.6','','http://update.kunena.org/3.0/pkg_kunena.xml',''),(950,11,0,0,'Kunena Language Pack','Language Pack for Kunena Forum','pkg_kunena_languages','package','',0,'3.0.6','','http://update.kunena.org/3.0/pkg_kunena_languages.xml',''),(951,11,0,0,'Kunena Language Pack','Language Pack for Kunena Forum','pkg_kunena_languages','package','',0,'3.0.6','','http://update.kunena.org/3.0/pkg_kunena_languages.xml',''),(952,4,0,0,'JCE Editor','','com_jce','component','',1,'2.4.2','','https://www.joomlacontenteditor.net/index.php?option=com_updates&view=update&format=xml&id=1/extension.xml','http://www.joomlacontenteditor.net/news/item/jce-242-released'),(953,12,0,0,'ReReplacer','','com_rereplacer','component','',1,'5.10.1FREE','','http://download.nonumber.nl/updates.php?e=rereplacer&type=.zip/extension.xml','http://www.nonumber.nl/extensions/rereplacer#download'),(954,12,0,0,'ReReplacer','','com_rereplacer','component','',1,'5.10.1FREE','','http://download.nonumber.nl/updates.php?e=rereplacer&type=.zip/extension.xml','http://www.nonumber.nl/extensions/rereplacer#download'),(955,8,0,0,'Maximenu CK','Module Maximenu CK to display a mega menu dropdown','mod_maximenuck','module','',0,'6.2.11','','http://update.joomlack.fr/mod_maximenuck_update.xml','http://www.joomlack.fr/extensions-joomla/maximenu-ck'),(956,8,0,0,'Maximenu CK','Module Maximenu CK to display a mega menu dropdown','mod_maximenuck','module','',0,'6.2.11','','http://update.joomlack.fr/mod_maximenuck_update.xml','http://www.joomlack.fr/extensions-joomla/maximenu-ck'),(957,11,0,0,'Kunena Forum','Kunena Forum','pkg_kunena','package','',0,'3.0.6','','http://update.kunena.org/3.0/pkg_kunena.xml',''),(958,11,0,0,'Kunena Forum','Kunena Forum','pkg_kunena','package','',0,'3.0.6','','http://update.kunena.org/3.0/pkg_kunena.xml',''),(959,11,0,0,'Kunena Language Pack','Language Pack for Kunena Forum','pkg_kunena_languages','package','',0,'3.0.6','','http://update.kunena.org/3.0/pkg_kunena_languages.xml',''),(960,11,0,0,'Kunena Language Pack','Language Pack for Kunena Forum','pkg_kunena_languages','package','',0,'3.0.6','','http://update.kunena.org/3.0/pkg_kunena_languages.xml',''),(961,4,0,0,'JCE Editor','','com_jce','component','',1,'2.4.3','','https://www.joomlacontenteditor.net/index.php?option=com_updates&view=update&format=xml&id=1/extension.xml','http://www.joomlacontenteditor.net/news/item/jce-243-released'),(962,12,0,0,'ReReplacer','','com_rereplacer','component','',1,'5.11.1FREE','','http://download.nonumber.nl/updates.php?e=rereplacer&type=.zip/extension.xml','http://www.nonumber.nl/extensions/rereplacer#download'),(963,12,0,0,'ReReplacer','','com_rereplacer','component','',1,'5.11.1FREE','','http://download.nonumber.nl/updates.php?e=rereplacer&type=.zip/extension.xml','http://www.nonumber.nl/extensions/rereplacer#download'),(964,8,0,0,'Maximenu CK','Module Maximenu CK to display a mega menu dropdown','mod_maximenuck','module','',0,'8.0.3','','http://update.joomlack.fr/mod_maximenuck_update.xml','http://www.joomlack.fr/extensions-joomla/maximenu-ck'),(965,8,0,0,'Maximenu CK','Module Maximenu CK to display a mega menu dropdown','mod_maximenuck','module','',0,'8.0.3','','http://update.joomlack.fr/mod_maximenuck_update.xml','http://www.joomlack.fr/extensions-joomla/maximenu-ck'),(966,11,0,0,'Kunena Forum','Kunena Forum','pkg_kunena','package','',0,'3.0.6','','http://update.kunena.org/3.0/pkg_kunena.xml',''),(967,11,0,0,'Kunena Forum','Kunena Forum','pkg_kunena','package','',0,'3.0.6','','http://update.kunena.org/3.0/pkg_kunena.xml',''),(968,11,0,0,'Kunena Language Pack','Language Pack for Kunena Forum','pkg_kunena_languages','package','',0,'3.0.6','','http://update.kunena.org/3.0/pkg_kunena_languages.xml',''),(969,11,0,0,'Kunena Language Pack','Language Pack for Kunena Forum','pkg_kunena_languages','package','',0,'3.0.6','','http://update.kunena.org/3.0/pkg_kunena_languages.xml',''),(970,4,0,0,'JCE Editor','','com_jce','component','',1,'2.4.3','','https://www.joomlacontenteditor.net/index.php?option=com_updates&view=update&format=xml&id=1/extension.xml','http://www.joomlacontenteditor.net/news/item/jce-243-released'),(971,12,0,0,'ReReplacer','','com_rereplacer','component','',1,'5.12.1FREE','','http://download.nonumber.nl/updates.php?e=rereplacer&type=.zip/extension.xml','http://www.nonumber.nl/extensions/rereplacer#download'),(972,12,0,0,'ReReplacer','','com_rereplacer','component','',1,'5.12.1FREE','','http://download.nonumber.nl/updates.php?e=rereplacer&type=.zip/extension.xml','http://www.nonumber.nl/extensions/rereplacer#download'),(973,8,0,0,'Maximenu CK','Module Maximenu CK to display a mega menu dropdown','mod_maximenuck','module','',0,'8.0.7','','http://update.joomlack.fr/mod_maximenuck_update.xml','http://www.joomlack.fr/extensions-joomla/maximenu-ck'),(974,8,0,0,'Maximenu CK','Module Maximenu CK to display a mega menu dropdown','mod_maximenuck','module','',0,'8.0.7','','http://update.joomlack.fr/mod_maximenuck_update.xml','http://www.joomlack.fr/extensions-joomla/maximenu-ck'),(975,11,0,0,'Kunena Forum','Kunena Forum','pkg_kunena','package','',0,'3.0.6','','http://update.kunena.org/3.0/pkg_kunena.xml',''),(976,11,0,0,'Kunena Forum','Kunena Forum','pkg_kunena','package','',0,'3.0.6','','http://update.kunena.org/3.0/pkg_kunena.xml',''),(977,11,0,0,'Kunena Language Pack','Language Pack for Kunena Forum','pkg_kunena_languages','package','',0,'3.0.6','','http://update.kunena.org/3.0/pkg_kunena_languages.xml',''),(978,11,0,0,'Kunena Language Pack','Language Pack for Kunena Forum','pkg_kunena_languages','package','',0,'3.0.6','','http://update.kunena.org/3.0/pkg_kunena_languages.xml',''),(979,4,0,0,'JCE Editor','','com_jce','component','',1,'2.4.3','','https://www.joomlacontenteditor.net/index.php?option=com_updates&view=update&format=xml&id=1/extension.xml','http://www.joomlacontenteditor.net/news/item/jce-243-released'),(980,12,0,0,'ReReplacer','','com_rereplacer','component','',1,'5.12.1FREE','','http://download.nonumber.nl/updates.php?e=rereplacer&type=.zip/extension.xml','http://www.nonumber.nl/extensions/rereplacer#download'),(981,8,0,0,'Maximenu CK','Module Maximenu CK to display a mega menu dropdown','mod_maximenuck','module','',0,'8.0.7','','http://update.joomlack.fr/mod_maximenuck_update.xml','http://www.joomlack.fr/extensions-joomla/maximenu-ck'),(982,11,0,0,'Kunena Forum','Kunena Forum','pkg_kunena','package','',0,'3.0.6','','http://update.kunena.org/3.0/pkg_kunena.xml',''),(983,11,0,0,'Kunena Language Pack','Language Pack for Kunena Forum','pkg_kunena_languages','package','',0,'3.0.6','','http://update.kunena.org/3.0/pkg_kunena_languages.xml',''),(984,4,0,0,'JCE Editor','','com_jce','component','',1,'2.4.3','','https://www.joomlacontenteditor.net/index.php?option=com_updates&view=update&format=xml&id=1/extension.xml','http://www.joomlacontenteditor.net/news/item/jce-243-released'),(985,4,0,0,'JCE Editor','','com_jce','component','',1,'2.4.3','','https://www.joomlacontenteditor.net/index.php?option=com_updates&view=update&format=xml&id=1/extension.xml','http://www.joomlacontenteditor.net/news/item/jce-243-released'),(986,12,0,0,'ReReplacer','','com_rereplacer','component','',1,'5.12.1FREE','','http://download.nonumber.nl/updates.php?e=rereplacer&type=.zip/extension.xml','http://www.nonumber.nl/extensions/rereplacer#download'),(987,8,0,0,'Maximenu CK','Module Maximenu CK to display a mega menu dropdown','mod_maximenuck','module','',0,'8.0.7','','http://update.joomlack.fr/mod_maximenuck_update.xml','http://www.joomlack.fr/extensions-joomla/maximenu-ck'),(988,12,0,0,'ReReplacer','','com_rereplacer','component','',1,'5.12.1FREE','','http://download.nonumber.nl/updates.php?e=rereplacer&type=.zip/extension.xml','http://www.nonumber.nl/extensions/rereplacer#download'),(989,8,0,0,'Maximenu CK','Module Maximenu CK to display a mega menu dropdown','mod_maximenuck','module','',0,'8.0.7','','http://update.joomlack.fr/mod_maximenuck_update.xml','http://www.joomlack.fr/extensions-joomla/maximenu-ck'),(990,11,0,0,'Kunena Forum','Kunena Forum','pkg_kunena','package','',0,'3.0.6','','http://update.kunena.org/3.0/pkg_kunena.xml',''),(991,11,0,0,'Kunena Language Pack','Language Pack for Kunena Forum','pkg_kunena_languages','package','',0,'3.0.6','','http://update.kunena.org/3.0/pkg_kunena_languages.xml',''),(992,11,0,0,'Kunena Forum','Kunena Forum','pkg_kunena','package','',0,'3.0.6','','http://update.kunena.org/3.0/pkg_kunena.xml',''),(993,11,0,0,'Kunena Language Pack','Language Pack for Kunena Forum','pkg_kunena_languages','package','',0,'3.0.6','','http://update.kunena.org/3.0/pkg_kunena_languages.xml',''),(994,4,0,0,'JCE Editor','','com_jce','component','',1,'2.4.3','','https://www.joomlacontenteditor.net/index.php?option=com_updates&view=update&format=xml&id=1/extension.xml','http://www.joomlacontenteditor.net/news/item/jce-243-released'),(995,4,0,0,'JCE Editor','','com_jce','component','',1,'2.4.3','','https://www.joomlacontenteditor.net/index.php?option=com_updates&view=update&format=xml&id=1/extension.xml','http://www.joomlacontenteditor.net/news/item/jce-243-released'),(996,12,0,0,'ReReplacer','','com_rereplacer','component','',1,'5.12.1FREE','','http://download.nonumber.nl/updates.php?e=rereplacer&type=.zip/extension.xml','http://www.nonumber.nl/extensions/rereplacer#download'),(997,12,0,0,'ReReplacer','','com_rereplacer','component','',1,'5.12.1FREE','','http://download.nonumber.nl/updates.php?e=rereplacer&type=.zip/extension.xml','http://www.nonumber.nl/extensions/rereplacer#download'),(998,8,0,0,'Maximenu CK','Module Maximenu CK to display a mega menu dropdown','mod_maximenuck','module','',0,'8.0.8','','http://update.joomlack.fr/mod_maximenuck_update.xml','http://www.joomlack.fr/extensions-joomla/maximenu-ck'),(999,8,0,0,'Maximenu CK','Module Maximenu CK to display a mega menu dropdown','mod_maximenuck','module','',0,'8.0.8','','http://update.joomlack.fr/mod_maximenuck_update.xml','http://www.joomlack.fr/extensions-joomla/maximenu-ck'),(1000,11,0,0,'Kunena Forum','Kunena Forum','pkg_kunena','package','',0,'3.0.6','','http://update.kunena.org/3.0/pkg_kunena.xml',''),(1001,11,0,0,'Kunena Language Pack','Language Pack for Kunena Forum','pkg_kunena_languages','package','',0,'3.0.6','','http://update.kunena.org/3.0/pkg_kunena_languages.xml',''),(1002,11,0,0,'Kunena Forum','Kunena Forum','pkg_kunena','package','',0,'3.0.6','','http://update.kunena.org/3.0/pkg_kunena.xml',''),(1003,11,0,0,'Kunena Language Pack','Language Pack for Kunena Forum','pkg_kunena_languages','package','',0,'3.0.6','','http://update.kunena.org/3.0/pkg_kunena_languages.xml',''),(1004,4,0,0,'JCE Editor','','com_jce','component','',1,'2.4.3','','https://www.joomlacontenteditor.net/index.php?option=com_updates&view=update&format=xml&id=1/extension.xml','http://www.joomlacontenteditor.net/news/item/jce-243-released'),(1005,4,0,0,'JCE Editor','','com_jce','component','',1,'2.4.3','','https://www.joomlacontenteditor.net/index.php?option=com_updates&view=update&format=xml&id=1/extension.xml','http://www.joomlacontenteditor.net/news/item/jce-243-released'),(1006,12,0,0,'ReReplacer','','com_rereplacer','component','',1,'5.12.1FREE','','http://download.nonumber.nl/updates.php?e=rereplacer&type=.zip/extension.xml','http://www.nonumber.nl/extensions/rereplacer#download'),(1007,12,0,0,'ReReplacer','','com_rereplacer','component','',1,'5.12.1FREE','','http://download.nonumber.nl/updates.php?e=rereplacer&type=.zip/extension.xml','http://www.nonumber.nl/extensions/rereplacer#download'),(1008,8,0,0,'Maximenu CK','Module Maximenu CK to display a mega menu dropdown','mod_maximenuck','module','',0,'8.0.8','','http://update.joomlack.fr/mod_maximenuck_update.xml','http://www.joomlack.fr/extensions-joomla/maximenu-ck'),(1009,8,0,0,'Maximenu CK','Module Maximenu CK to display a mega menu dropdown','mod_maximenuck','module','',0,'8.0.8','','http://update.joomlack.fr/mod_maximenuck_update.xml','http://www.joomlack.fr/extensions-joomla/maximenu-ck'),(1010,11,0,0,'Kunena Forum','Kunena Forum','pkg_kunena','package','',0,'3.0.6','','http://update.kunena.org/3.0/pkg_kunena.xml',''),(1011,11,0,0,'Kunena Forum','Kunena Forum','pkg_kunena','package','',0,'3.0.6','','http://update.kunena.org/3.0/pkg_kunena.xml',''),(1012,11,0,0,'Kunena Language Pack','Language Pack for Kunena Forum','pkg_kunena_languages','package','',0,'3.0.6','','http://update.kunena.org/3.0/pkg_kunena_languages.xml',''),(1013,11,0,0,'Kunena Language Pack','Language Pack for Kunena Forum','pkg_kunena_languages','package','',0,'3.0.6','','http://update.kunena.org/3.0/pkg_kunena_languages.xml',''),(1014,4,0,0,'JCE Editor','','com_jce','component','',1,'2.4.3','','https://www.joomlacontenteditor.net/index.php?option=com_updates&view=update&format=xml&id=1/extension.xml','http://www.joomlacontenteditor.net/news/item/jce-243-released'),(1015,12,0,0,'ReReplacer','','com_rereplacer','component','',1,'5.12.2FREE','','http://download.nonumber.nl/updates.php?e=rereplacer&type=.zip/extension.xml','http://www.nonumber.nl/extensions/rereplacer#download'),(1016,12,0,0,'ReReplacer','','com_rereplacer','component','',1,'5.12.2FREE','','http://download.nonumber.nl/updates.php?e=rereplacer&type=.zip/extension.xml','http://www.nonumber.nl/extensions/rereplacer#download'),(1017,8,0,0,'Maximenu CK','Module Maximenu CK to display a mega menu dropdown','mod_maximenuck','module','',0,'8.0.10','','http://update.joomlack.fr/mod_maximenuck_update.xml','http://www.joomlack.fr/extensions-joomla/maximenu-ck'),(1018,8,0,0,'Maximenu CK','Module Maximenu CK to display a mega menu dropdown','mod_maximenuck','module','',0,'8.0.10','','http://update.joomlack.fr/mod_maximenuck_update.xml','http://www.joomlack.fr/extensions-joomla/maximenu-ck'),(1019,11,0,0,'Kunena Forum','Kunena Forum','pkg_kunena','package','',0,'3.0.6','','http://update.kunena.org/3.0/pkg_kunena.xml',''),(1020,11,0,0,'Kunena Language Pack','Language Pack for Kunena Forum','pkg_kunena_languages','package','',0,'3.0.6','','http://update.kunena.org/3.0/pkg_kunena_languages.xml',''),(1021,11,0,0,'Kunena Forum','Kunena Forum','pkg_kunena','package','',0,'3.0.6','','http://update.kunena.org/3.0/pkg_kunena.xml',''),(1022,11,0,0,'Kunena Language Pack','Language Pack for Kunena Forum','pkg_kunena_languages','package','',0,'3.0.6','','http://update.kunena.org/3.0/pkg_kunena_languages.xml',''),(1023,4,0,0,'JCE Editor','','com_jce','component','',1,'2.4.3','','https://www.joomlacontenteditor.net/index.php?option=com_updates&view=update&format=xml&id=1/extension.xml','http://www.joomlacontenteditor.net/news/item/jce-243-released'),(1024,4,0,0,'JCE Editor','','com_jce','component','',1,'2.4.3','','https://www.joomlacontenteditor.net/index.php?option=com_updates&view=update&format=xml&id=1/extension.xml','http://www.joomlacontenteditor.net/news/item/jce-243-released'),(1025,12,0,0,'ReReplacer','','com_rereplacer','component','',1,'5.12.3FREE','','http://download.nonumber.nl/updates.php?e=rereplacer&type=.zip/extension.xml','http://www.nonumber.nl/extensions/rereplacer#download'),(1026,12,0,0,'ReReplacer','','com_rereplacer','component','',1,'5.12.3FREE','','http://download.nonumber.nl/updates.php?e=rereplacer&type=.zip/extension.xml','http://www.nonumber.nl/extensions/rereplacer#download'),(1027,8,0,0,'Maximenu CK','Module Maximenu CK to display a mega menu dropdown','mod_maximenuck','module','',0,'8.0.10','','http://update.joomlack.fr/mod_maximenuck_update.xml','http://www.joomlack.fr/extensions-joomla/maximenu-ck'),(1028,8,0,0,'Maximenu CK','Module Maximenu CK to display a mega menu dropdown','mod_maximenuck','module','',0,'8.0.10','','http://update.joomlack.fr/mod_maximenuck_update.xml','http://www.joomlack.fr/extensions-joomla/maximenu-ck'),(1029,11,0,0,'Kunena Forum','Kunena Forum','pkg_kunena','package','',0,'3.0.6','','http://update.kunena.org/3.0/pkg_kunena.xml',''),(1030,11,0,0,'Kunena Language Pack','Language Pack for Kunena Forum','pkg_kunena_languages','package','',0,'3.0.6','','http://update.kunena.org/3.0/pkg_kunena_languages.xml',''),(1031,11,0,0,'Kunena Forum','Kunena Forum','pkg_kunena','package','',0,'3.0.6','','http://update.kunena.org/3.0/pkg_kunena.xml',''),(1032,11,0,0,'Kunena Language Pack','Language Pack for Kunena Forum','pkg_kunena_languages','package','',0,'3.0.6','','http://update.kunena.org/3.0/pkg_kunena_languages.xml',''),(1033,4,0,0,'JCE Editor','','com_jce','component','',1,'2.4.3','','https://www.joomlacontenteditor.net/index.php?option=com_updates&view=update&format=xml&id=1/extension.xml','http://www.joomlacontenteditor.net/news/item/jce-243-released'),(1034,4,0,0,'JCE Editor','','com_jce','component','',1,'2.4.3','','https://www.joomlacontenteditor.net/index.php?option=com_updates&view=update&format=xml&id=1/extension.xml','http://www.joomlacontenteditor.net/news/item/jce-243-released'),(1035,12,0,0,'ReReplacer','','com_rereplacer','component','',1,'5.12.3FREE','','http://download.nonumber.nl/updates.php?e=rereplacer&type=.zip/extension.xml','http://www.nonumber.nl/extensions/rereplacer#download'),(1036,12,0,0,'ReReplacer','','com_rereplacer','component','',1,'5.12.3FREE','','http://download.nonumber.nl/updates.php?e=rereplacer&type=.zip/extension.xml','http://www.nonumber.nl/extensions/rereplacer#download'),(1037,8,0,0,'Maximenu CK','Module Maximenu CK to display a mega menu dropdown','mod_maximenuck','module','',0,'8.0.10','','http://update.joomlack.fr/mod_maximenuck_update.xml','http://www.joomlack.fr/extensions-joomla/maximenu-ck'),(1038,8,0,0,'Maximenu CK','Module Maximenu CK to display a mega menu dropdown','mod_maximenuck','module','',0,'8.0.10','','http://update.joomlack.fr/mod_maximenuck_update.xml','http://www.joomlack.fr/extensions-joomla/maximenu-ck'),(1039,11,0,0,'Kunena Forum','Kunena Forum','pkg_kunena','package','',0,'3.0.6','','http://update.kunena.org/3.0/pkg_kunena.xml',''),(1040,11,0,0,'Kunena Language Pack','Language Pack for Kunena Forum','pkg_kunena_languages','package','',0,'3.0.6','','http://update.kunena.org/3.0/pkg_kunena_languages.xml',''),(1041,11,0,0,'Kunena Forum','Kunena Forum','pkg_kunena','package','',0,'3.0.6','','http://update.kunena.org/3.0/pkg_kunena.xml',''),(1042,11,0,0,'Kunena Language Pack','Language Pack for Kunena Forum','pkg_kunena_languages','package','',0,'3.0.6','','http://update.kunena.org/3.0/pkg_kunena_languages.xml',''),(1043,4,0,0,'JCE Editor','','com_jce','component','',1,'2.4.5','','https://www.joomlacontenteditor.net/index.php?option=com_updates&view=update&format=xml&id=1/extension.xml','http://www.joomlacontenteditor.net/news/item/jce-245-released'),(1044,4,0,0,'JCE Editor','','com_jce','component','',1,'2.4.5','','https://www.joomlacontenteditor.net/index.php?option=com_updates&view=update&format=xml&id=1/extension.xml','http://www.joomlacontenteditor.net/news/item/jce-245-released'),(1045,12,0,0,'ReReplacer','','com_rereplacer','component','',1,'5.12.3FREE','','http://download.nonumber.nl/updates.php?e=rereplacer&type=.zip/extension.xml','http://www.nonumber.nl/extensions/rereplacer#download'),(1046,12,0,0,'ReReplacer','','com_rereplacer','component','',1,'5.12.3FREE','','http://download.nonumber.nl/updates.php?e=rereplacer&type=.zip/extension.xml','http://www.nonumber.nl/extensions/rereplacer#download'),(1047,8,0,0,'Maximenu CK','Module Maximenu CK to display a mega menu dropdown','mod_maximenuck','module','',0,'8.0.10','','http://update.joomlack.fr/mod_maximenuck_update.xml','http://www.joomlack.fr/extensions-joomla/maximenu-ck'),(1048,8,0,0,'Maximenu CK','Module Maximenu CK to display a mega menu dropdown','mod_maximenuck','module','',0,'8.0.10','','http://update.joomlack.fr/mod_maximenuck_update.xml','http://www.joomlack.fr/extensions-joomla/maximenu-ck'),(1049,11,0,0,'Kunena Forum','Kunena Forum','pkg_kunena','package','',0,'3.0.6','','http://update.kunena.org/3.0/pkg_kunena.xml',''),(1050,11,0,0,'Kunena Language Pack','Language Pack for Kunena Forum','pkg_kunena_languages','package','',0,'3.0.6','','http://update.kunena.org/3.0/pkg_kunena_languages.xml',''),(1051,11,0,0,'Kunena Forum','Kunena Forum','pkg_kunena','package','',0,'3.0.6','','http://update.kunena.org/3.0/pkg_kunena.xml',''),(1052,11,0,0,'Kunena Language Pack','Language Pack for Kunena Forum','pkg_kunena_languages','package','',0,'3.0.6','','http://update.kunena.org/3.0/pkg_kunena_languages.xml',''),(1053,4,0,0,'JCE Editor','','com_jce','component','',1,'2.4.6','','https://www.joomlacontenteditor.net/index.php?option=com_updates&view=update&format=xml&id=1/extension.xml','http://www.joomlacontenteditor.net/news/item/jce-246-released'),(1054,4,0,0,'JCE Editor','','com_jce','component','',1,'2.4.6','','https://www.joomlacontenteditor.net/index.php?option=com_updates&view=update&format=xml&id=1/extension.xml','http://www.joomlacontenteditor.net/news/item/jce-246-released'),(1055,6,0,0,'Attachments','Attachments for Joomla 2.5+ and 3.x','pkg_attachments','package','',0,'3.2.0','','http://jmcameron.net/attachments/updates/updates.xml','http://jmcameron.net/attachments/updates/3.2.0/index.html'),(1056,6,0,0,'Attachments','Attachments for Joomla 2.5+ and 3.x','pkg_attachments','package','',0,'3.2.0','','http://jmcameron.net/attachments/updates/updates.xml','http://jmcameron.net/attachments/updates/3.2.0/index.html'),(1057,12,0,0,'ReReplacer','','com_rereplacer','component','',1,'5.12.5FREE','','http://download.nonumber.nl/updates.php?e=rereplacer&type=.zip/extension.xml','http://www.nonumber.nl/extensions/rereplacer#download'),(1058,12,0,0,'ReReplacer','','com_rereplacer','component','',1,'5.12.5FREE','','http://download.nonumber.nl/updates.php?e=rereplacer&type=.zip/extension.xml','http://www.nonumber.nl/extensions/rereplacer#download'),(1059,8,0,0,'Maximenu CK','Module Maximenu CK to display a mega menu dropdown','mod_maximenuck','module','',0,'8.0.13','','http://update.joomlack.fr/mod_maximenuck_update.xml','http://www.joomlack.fr/extensions-joomla/maximenu-ck'),(1060,8,0,0,'Maximenu CK','Module Maximenu CK to display a mega menu dropdown','mod_maximenuck','module','',0,'8.0.13','','http://update.joomlack.fr/mod_maximenuck_update.xml','http://www.joomlack.fr/extensions-joomla/maximenu-ck'),(1061,8,0,0,'Maximenu CK','Module Maximenu CK to display a mega menu dropdown','mod_maximenuck','module','',0,'8.0.13','','http://update.joomlack.fr/mod_maximenuck_update.xml','http://www.joomlack.fr/extensions-joomla/maximenu-ck'),(1062,8,0,0,'Maximenu CK','Module Maximenu CK to display a mega menu dropdown','mod_maximenuck','module','',0,'8.0.13','','http://update.joomlack.fr/mod_maximenuck_update.xml','http://www.joomlack.fr/extensions-joomla/maximenu-ck'),(1063,10,10049,0,'DJ-ImageSlider Package','DJ-ImageSlider Package Update','pkg_dj-imageslider','package','',0,'2.2.3','','http://dj-extensions.com/updates/djimageslider.xml','http://dj-extensions.com/dj-imageslider'),(1064,11,0,0,'Kunena Forum','Kunena Forum','pkg_kunena','package','',0,'3.0.7','','http://update.kunena.org/3.0/pkg_kunena.xml',''),(1065,11,0,0,'Kunena Language Pack','Language Pack for Kunena Forum','pkg_kunena_languages','package','',0,'3.0.7','','http://update.kunena.org/3.0/pkg_kunena_languages.xml',''),(1066,11,0,0,'Content - Kunena Discuss','','kunenadiscuss','plugin','content',0,'3.0.7','','http://update.kunena.org/3.0/plg_content_kunenadiscuss.xml',''),(1067,11,0,0,'Kunena Forum','Kunena Forum','pkg_kunena','package','',0,'3.0.7','','http://update.kunena.org/3.0/pkg_kunena.xml',''),(1068,11,0,0,'Kunena Language Pack','Language Pack for Kunena Forum','pkg_kunena_languages','package','',0,'3.0.7','','http://update.kunena.org/3.0/pkg_kunena_languages.xml',''),(1069,11,0,0,'Content - Kunena Discuss','','kunenadiscuss','plugin','content',0,'3.0.7','','http://update.kunena.org/3.0/plg_content_kunenadiscuss.xml',''),(1070,11,0,0,'Kunena Forum','Kunena Forum','pkg_kunena','package','',0,'3.0.7','','http://update.kunena.org/3.0/pkg_kunena.xml',''),(1071,11,0,0,'Kunena Language Pack','Language Pack for Kunena Forum','pkg_kunena_languages','package','',0,'3.0.7','','http://update.kunena.org/3.0/pkg_kunena_languages.xml',''),(1072,11,0,0,'Content - Kunena Discuss','','kunenadiscuss','plugin','content',0,'3.0.7','','http://update.kunena.org/3.0/plg_content_kunenadiscuss.xml',''),(1073,11,0,0,'Kunena Forum','Kunena Forum','pkg_kunena','package','',0,'3.0.7','','http://update.kunena.org/3.0/pkg_kunena.xml',''),(1074,11,0,0,'Kunena Language Pack','Language Pack for Kunena Forum','pkg_kunena_languages','package','',0,'3.0.7','','http://update.kunena.org/3.0/pkg_kunena_languages.xml',''),(1075,11,0,0,'Content - Kunena Discuss','','kunenadiscuss','plugin','content',0,'3.0.7','','http://update.kunena.org/3.0/plg_content_kunenadiscuss.xml',''),(1076,4,0,0,'JCE Editor','','com_jce','component','',1,'2.4.6','','https://www.joomlacontenteditor.net/index.php?option=com_updates&view=update&format=xml&id=1/extension.xml','http://www.joomlacontenteditor.net/news/item/jce-246-released'),(1077,4,0,0,'JCE Editor','','com_jce','component','',1,'2.4.6','','https://www.joomlacontenteditor.net/index.php?option=com_updates&view=update&format=xml&id=1/extension.xml','http://www.joomlacontenteditor.net/news/item/jce-246-released'),(1078,6,0,0,'Attachments','Attachments for Joomla 2.5+ and 3.x','pkg_attachments','package','',0,'3.2.1','','http://jmcameron.net/attachments/updates/updates.xml','http://jmcameron.net/attachments/updates/3.2.1/index.html'),(1079,6,0,0,'Attachments','Attachments for Joomla 2.5+ and 3.x','pkg_attachments','package','',0,'3.2.1','','http://jmcameron.net/attachments/updates/updates.xml','http://jmcameron.net/attachments/updates/3.2.1/index.html'),(1080,12,0,0,'ReReplacer','','com_rereplacer','component','',1,'5.12.5FREE','','http://download.nonumber.nl/updates.php?e=rereplacer&type=.zip/extension.xml','http://www.nonumber.nl/extensions/rereplacer#download'),(1081,12,0,0,'ReReplacer','','com_rereplacer','component','',1,'5.12.5FREE','','http://download.nonumber.nl/updates.php?e=rereplacer&type=.zip/extension.xml','http://www.nonumber.nl/extensions/rereplacer#download'),(1082,8,0,0,'Maximenu CK','Module Maximenu CK to display a mega menu dropdown','mod_maximenuck','module','',0,'8.0.13','','http://update.joomlack.fr/mod_maximenuck_update.xml','http://www.joomlack.fr/extensions-joomla/maximenu-ck'),(1083,8,0,0,'Maximenu CK','Module Maximenu CK to display a mega menu dropdown','mod_maximenuck','module','',0,'8.0.13','','http://update.joomlack.fr/mod_maximenuck_update.xml','http://www.joomlack.fr/extensions-joomla/maximenu-ck'),(1084,11,0,0,'Kunena Forum','Kunena Forum','pkg_kunena','package','',0,'3.0.7','','http://update.kunena.org/3.0/pkg_kunena.xml',''),(1085,11,0,0,'Kunena Language Pack','Language Pack for Kunena Forum','pkg_kunena_languages','package','',0,'3.0.7','','http://update.kunena.org/3.0/pkg_kunena_languages.xml',''),(1086,11,0,0,'Content - Kunena Discuss','','kunenadiscuss','plugin','content',0,'3.0.7','','http://update.kunena.org/3.0/plg_content_kunenadiscuss.xml',''),(1087,11,0,0,'Kunena Forum','Kunena Forum','pkg_kunena','package','',0,'3.0.7','','http://update.kunena.org/3.0/pkg_kunena.xml',''),(1088,11,0,0,'Kunena Language Pack','Language Pack for Kunena Forum','pkg_kunena_languages','package','',0,'3.0.7','','http://update.kunena.org/3.0/pkg_kunena_languages.xml',''),(1089,11,0,0,'Content - Kunena Discuss','','kunenadiscuss','plugin','content',0,'3.0.7','','http://update.kunena.org/3.0/plg_content_kunenadiscuss.xml',''),(1090,4,0,0,'JCE Editor','','com_jce','component','',1,'2.4.6','','https://www.joomlacontenteditor.net/index.php?option=com_updates&view=update&format=xml&id=1/extension.xml','http://www.joomlacontenteditor.net/news/item/jce-246-released'),(1091,4,0,0,'JCE Editor','','com_jce','component','',1,'2.4.6','','https://www.joomlacontenteditor.net/index.php?option=com_updates&view=update&format=xml&id=1/extension.xml','http://www.joomlacontenteditor.net/news/item/jce-246-released'),(1092,6,0,0,'Attachments','Attachments for Joomla 2.5+ and 3.x','pkg_attachments','package','',0,'3.2.1','','http://jmcameron.net/attachments/updates/updates.xml','http://jmcameron.net/attachments/updates/3.2.1/index.html'),(1093,6,0,0,'Attachments','Attachments for Joomla 2.5+ and 3.x','pkg_attachments','package','',0,'3.2.1','','http://jmcameron.net/attachments/updates/updates.xml','http://jmcameron.net/attachments/updates/3.2.1/index.html'),(1094,12,0,0,'ReReplacer','','com_rereplacer','component','',1,'5.13.2FREE','','http://download.nonumber.nl/updates.php?e=rereplacer&type=.zip/extension.xml','http://www.nonumber.nl/extensions/rereplacer#download'),(1095,12,0,0,'ReReplacer','','com_rereplacer','component','',1,'5.13.2FREE','','http://download.nonumber.nl/updates.php?e=rereplacer&type=.zip/extension.xml','http://www.nonumber.nl/extensions/rereplacer#download'),(1096,8,0,0,'Maximenu CK','Module Maximenu CK to display a mega menu dropdown','mod_maximenuck','module','',0,'8.0.13','','http://update.joomlack.fr/mod_maximenuck_update.xml','http://www.joomlack.fr/extensions-joomla/maximenu-ck'),(1097,8,0,0,'Maximenu CK','Module Maximenu CK to display a mega menu dropdown','mod_maximenuck','module','',0,'8.0.13','','http://update.joomlack.fr/mod_maximenuck_update.xml','http://www.joomlack.fr/extensions-joomla/maximenu-ck'),(1098,11,0,0,'Kunena Forum','Kunena Forum','pkg_kunena','package','',0,'3.0.7','','http://update.kunena.org/3.0/pkg_kunena.xml',''),(1099,11,0,0,'Kunena Language Pack','Language Pack for Kunena Forum','pkg_kunena_languages','package','',0,'3.0.7','','http://update.kunena.org/3.0/pkg_kunena_languages.xml',''),(1100,11,0,0,'Content - Kunena Discuss','','kunenadiscuss','plugin','content',0,'3.0.7','','http://update.kunena.org/3.0/plg_content_kunenadiscuss.xml',''),(1101,11,0,0,'Kunena Forum','Kunena Forum','pkg_kunena','package','',0,'3.0.7','','http://update.kunena.org/3.0/pkg_kunena.xml',''),(1102,11,0,0,'Kunena Language Pack','Language Pack for Kunena Forum','pkg_kunena_languages','package','',0,'3.0.7','','http://update.kunena.org/3.0/pkg_kunena_languages.xml',''),(1103,11,0,0,'Content - Kunena Discuss','','kunenadiscuss','plugin','content',0,'3.0.7','','http://update.kunena.org/3.0/plg_content_kunenadiscuss.xml',''),(1104,4,0,0,'JCE Editor','','com_jce','component','',1,'2.4.6','','https://www.joomlacontenteditor.net/index.php?option=com_updates&view=update&format=xml&id=1/extension.xml','http://www.joomlacontenteditor.net/news/item/jce-246-released'),(1105,4,0,0,'JCE Editor','','com_jce','component','',1,'2.4.6','','https://www.joomlacontenteditor.net/index.php?option=com_updates&view=update&format=xml&id=1/extension.xml','http://www.joomlacontenteditor.net/news/item/jce-246-released'),(1106,6,0,0,'Attachments','Attachments for Joomla 2.5+ and 3.x','pkg_attachments','package','',0,'3.2.2','','http://jmcameron.net/attachments/updates/updates.xml','http://jmcameron.net/attachments/updates/3.2.2/index.html'),(1107,6,0,0,'Attachments','Attachments for Joomla 2.5+ and 3.x','pkg_attachments','package','',0,'3.2.2','','http://jmcameron.net/attachments/updates/updates.xml','http://jmcameron.net/attachments/updates/3.2.2/index.html'),(1108,12,0,0,'ReReplacer','','com_rereplacer','component','',1,'5.13.3FREE','','http://download.nonumber.nl/updates.php?e=rereplacer&type=.zip/extension.xml','http://www.nonumber.nl/extensions/rereplacer#download'),(1109,12,0,0,'ReReplacer','','com_rereplacer','component','',1,'5.13.3FREE','','http://download.nonumber.nl/updates.php?e=rereplacer&type=.zip/extension.xml','http://www.nonumber.nl/extensions/rereplacer#download'),(1110,8,0,0,'Maximenu CK','Module Maximenu CK to display a mega menu dropdown','mod_maximenuck','module','',0,'8.0.13','','http://update.joomlack.fr/mod_maximenuck_update.xml','http://www.joomlack.fr/extensions-joomla/maximenu-ck'),(1111,8,0,0,'Maximenu CK','Module Maximenu CK to display a mega menu dropdown','mod_maximenuck','module','',0,'8.0.13','','http://update.joomlack.fr/mod_maximenuck_update.xml','http://www.joomlack.fr/extensions-joomla/maximenu-ck'),(1112,10,0,0,'DJ-ImageSlider Package','DJ-ImageSlider Package Update','pkg_dj-imageslider','package','',0,'2.2.4','','http://dj-extensions.com/updates/djimageslider.xml','http://dj-extensions.com/dj-imageslider'),(1113,10,0,0,'DJ-ImageSlider Package','DJ-ImageSlider Package Update','pkg_dj-imageslider','package','',0,'2.2.4','','http://dj-extensions.com/updates/djimageslider.xml','http://dj-extensions.com/dj-imageslider'),(1114,11,0,0,'Kunena Forum','Kunena Forum','pkg_kunena','package','',0,'3.0.7','','http://update.kunena.org/3.0/pkg_kunena.xml',''),(1115,11,0,0,'Kunena Language Pack','Language Pack for Kunena Forum','pkg_kunena_languages','package','',0,'3.0.7','','http://update.kunena.org/3.0/pkg_kunena_languages.xml',''),(1116,11,0,0,'Content - Kunena Discuss','','kunenadiscuss','plugin','content',0,'3.0.7','','http://update.kunena.org/3.0/plg_content_kunenadiscuss.xml',''),(1117,11,0,0,'Kunena Forum','Kunena Forum','pkg_kunena','package','',0,'3.0.7','','http://update.kunena.org/3.0/pkg_kunena.xml',''),(1118,11,0,0,'Kunena Language Pack','Language Pack for Kunena Forum','pkg_kunena_languages','package','',0,'3.0.7','','http://update.kunena.org/3.0/pkg_kunena_languages.xml',''),(1119,11,0,0,'Content - Kunena Discuss','','kunenadiscuss','plugin','content',0,'3.0.7','','http://update.kunena.org/3.0/plg_content_kunenadiscuss.xml',''),(1120,4,0,0,'JCE Editor','','com_jce','component','',1,'2.4.6','','https://www.joomlacontenteditor.net/index.php?option=com_updates&view=update&format=xml&id=1/extension.xml','http://www.joomlacontenteditor.net/news/item/jce-246-released'),(1121,6,0,0,'Attachments','Attachments for Joomla 2.5+ and 3.x','pkg_attachments','package','',0,'3.2.2','','http://jmcameron.net/attachments/updates/updates.xml','http://jmcameron.net/attachments/updates/3.2.2/index.html'),(1122,4,0,0,'JCE Editor','','com_jce','component','',1,'2.4.6','','https://www.joomlacontenteditor.net/index.php?option=com_updates&view=update&format=xml&id=1/extension.xml','http://www.joomlacontenteditor.net/news/item/jce-246-released'),(1123,12,0,0,'ReReplacer','','com_rereplacer','component','',1,'5.13.3FREE','','http://download.nonumber.nl/updates.php?e=rereplacer&type=.zip/extension.xml','http://www.nonumber.nl/extensions/rereplacer#download'),(1124,6,0,0,'Attachments','Attachments for Joomla 2.5+ and 3.x','pkg_attachments','package','',0,'3.2.2','','http://jmcameron.net/attachments/updates/updates.xml','http://jmcameron.net/attachments/updates/3.2.2/index.html'),(1125,8,0,0,'Maximenu CK','Module Maximenu CK to display a mega menu dropdown','mod_maximenuck','module','',0,'8.0.13','','http://update.joomlack.fr/mod_maximenuck_update.xml','http://www.joomlack.fr/extensions-joomla/maximenu-ck'),(1126,12,0,0,'ReReplacer','','com_rereplacer','component','',1,'5.13.3FREE','','http://download.nonumber.nl/updates.php?e=rereplacer&type=.zip/extension.xml','http://www.nonumber.nl/extensions/rereplacer#download'),(1127,10,0,0,'DJ-ImageSlider Package','DJ-ImageSlider Package Update','pkg_dj-imageslider','package','',0,'2.2.4','','http://dj-extensions.com/updates/djimageslider.xml','http://dj-extensions.com/dj-imageslider'),(1128,8,0,0,'Maximenu CK','Module Maximenu CK to display a mega menu dropdown','mod_maximenuck','module','',0,'8.0.13','','http://update.joomlack.fr/mod_maximenuck_update.xml','http://www.joomlack.fr/extensions-joomla/maximenu-ck'),(1129,11,0,0,'Kunena Forum','Kunena Forum','pkg_kunena','package','',0,'3.0.7','','http://update.kunena.org/3.0/pkg_kunena.xml',''),(1130,11,0,0,'Kunena Language Pack','Language Pack for Kunena Forum','pkg_kunena_languages','package','',0,'3.0.7','','http://update.kunena.org/3.0/pkg_kunena_languages.xml',''),(1131,11,0,0,'Content - Kunena Discuss','','kunenadiscuss','plugin','content',0,'3.0.7','','http://update.kunena.org/3.0/plg_content_kunenadiscuss.xml',''),(1132,10,0,0,'DJ-ImageSlider Package','DJ-ImageSlider Package Update','pkg_dj-imageslider','package','',0,'2.2.4','','http://dj-extensions.com/updates/djimageslider.xml','http://dj-extensions.com/dj-imageslider'),(1133,11,0,0,'Kunena Forum','Kunena Forum','pkg_kunena','package','',0,'3.0.7','','http://update.kunena.org/3.0/pkg_kunena.xml',''),(1134,11,0,0,'Kunena Language Pack','Language Pack for Kunena Forum','pkg_kunena_languages','package','',0,'3.0.7','','http://update.kunena.org/3.0/pkg_kunena_languages.xml',''),(1135,11,0,0,'Content - Kunena Discuss','','kunenadiscuss','plugin','content',0,'3.0.7','','http://update.kunena.org/3.0/plg_content_kunenadiscuss.xml',''),(1136,4,0,0,'JCE Editor','','com_jce','component','',1,'2.4.6','','https://www.joomlacontenteditor.net/index.php?option=com_updates&view=update&format=xml&id=1/extension.xml','http://www.joomlacontenteditor.net/news/item/jce-246-released'),(1137,4,0,0,'JCE Editor','','com_jce','component','',1,'2.4.6','','https://www.joomlacontenteditor.net/index.php?option=com_updates&view=update&format=xml&id=1/extension.xml','http://www.joomlacontenteditor.net/news/item/jce-246-released'),(1138,6,0,0,'Attachments','Attachments for Joomla 2.5+ and 3.x','pkg_attachments','package','',0,'3.2.2','','http://jmcameron.net/attachments/updates/updates.xml','http://jmcameron.net/attachments/updates/3.2.2/index.html'),(1139,6,0,0,'Attachments','Attachments for Joomla 2.5+ and 3.x','pkg_attachments','package','',0,'3.2.2','','http://jmcameron.net/attachments/updates/updates.xml','http://jmcameron.net/attachments/updates/3.2.2/index.html'),(1140,12,0,0,'ReReplacer','','com_rereplacer','component','',1,'5.13.3FREE','','http://download.nonumber.nl/updates.php?e=rereplacer&type=.zip/extension.xml','http://www.nonumber.nl/extensions/rereplacer#download'),(1141,12,0,0,'ReReplacer','','com_rereplacer','component','',1,'5.13.3FREE','','http://download.nonumber.nl/updates.php?e=rereplacer&type=.zip/extension.xml','http://www.nonumber.nl/extensions/rereplacer#download'),(1142,8,0,0,'Maximenu CK','Module Maximenu CK to display a mega menu dropdown','mod_maximenuck','module','',0,'8.0.13','','http://update.joomlack.fr/mod_maximenuck_update.xml','http://www.joomlack.fr/extensions-joomla/maximenu-ck'),(1143,8,0,0,'Maximenu CK','Module Maximenu CK to display a mega menu dropdown','mod_maximenuck','module','',0,'8.0.13','','http://update.joomlack.fr/mod_maximenuck_update.xml','http://www.joomlack.fr/extensions-joomla/maximenu-ck'),(1144,10,0,0,'DJ-ImageSlider Package','DJ-ImageSlider Package Update','pkg_dj-imageslider','package','',0,'2.2.4','','http://dj-extensions.com/updates/djimageslider.xml','http://dj-extensions.com/dj-imageslider'),(1145,10,0,0,'DJ-ImageSlider Package','DJ-ImageSlider Package Update','pkg_dj-imageslider','package','',0,'2.2.4','','http://dj-extensions.com/updates/djimageslider.xml','http://dj-extensions.com/dj-imageslider'),(1146,11,0,0,'Kunena Forum','Kunena Forum','pkg_kunena','package','',0,'3.0.7','','http://update.kunena.org/3.0/pkg_kunena.xml',''),(1147,11,0,0,'Kunena Language Pack','Language Pack for Kunena Forum','pkg_kunena_languages','package','',0,'3.0.7','','http://update.kunena.org/3.0/pkg_kunena_languages.xml',''),(1148,11,0,0,'Content - Kunena Discuss','','kunenadiscuss','plugin','content',0,'3.0.7','','http://update.kunena.org/3.0/plg_content_kunenadiscuss.xml',''),(1149,11,0,0,'Kunena Forum','Kunena Forum','pkg_kunena','package','',0,'3.0.7','','http://update.kunena.org/3.0/pkg_kunena.xml',''),(1150,11,0,0,'Kunena Language Pack','Language Pack for Kunena Forum','pkg_kunena_languages','package','',0,'3.0.7','','http://update.kunena.org/3.0/pkg_kunena_languages.xml',''),(1151,11,0,0,'Content - Kunena Discuss','','kunenadiscuss','plugin','content',0,'3.0.7','','http://update.kunena.org/3.0/plg_content_kunenadiscuss.xml',''),(1152,4,0,0,'JCE Editor','','com_jce','component','',1,'2.4.6','','https://www.joomlacontenteditor.net/index.php?option=com_updates&view=update&format=xml&id=1/extension.xml','http://www.joomlacontenteditor.net/news/item/jce-246-released'),(1153,6,0,0,'Attachments','Attachments for Joomla 2.5+ and 3.x','pkg_attachments','package','',0,'3.2.2','','http://jmcameron.net/attachments/updates/updates.xml','http://jmcameron.net/attachments/updates/3.2.2/index.html'),(1154,12,0,0,'ReReplacer','','com_rereplacer','component','',1,'5.13.3FREE','','http://download.nonumber.nl/updates.php?e=rereplacer&type=.zip/extension.xml','http://www.nonumber.nl/extensions/rereplacer#download'),(1155,8,0,0,'Maximenu CK','Module Maximenu CK to display a mega menu dropdown','mod_maximenuck','module','',0,'8.0.13','','http://update.joomlack.fr/mod_maximenuck_update.xml','http://www.joomlack.fr/extensions-joomla/maximenu-ck'),(1156,10,0,0,'DJ-ImageSlider Package','DJ-ImageSlider Package Update','pkg_dj-imageslider','package','',0,'2.2.4','','http://dj-extensions.com/updates/djimageslider.xml','http://dj-extensions.com/dj-imageslider'),(1157,11,0,0,'Kunena Forum','Kunena Forum','pkg_kunena','package','',0,'3.0.7','','http://update.kunena.org/3.0/pkg_kunena.xml',''),(1158,11,0,0,'Kunena Language Pack','Language Pack for Kunena Forum','pkg_kunena_languages','package','',0,'3.0.7','','http://update.kunena.org/3.0/pkg_kunena_languages.xml',''),(1159,11,0,0,'Content - Kunena Discuss','','kunenadiscuss','plugin','content',0,'3.0.7','','http://update.kunena.org/3.0/plg_content_kunenadiscuss.xml',''),(1160,4,0,0,'JCE Editor','','com_jce','component','',1,'2.4.6','','https://www.joomlacontenteditor.net/index.php?option=com_updates&view=update&format=xml&id=1/extension.xml','http://www.joomlacontenteditor.net/news/item/jce-246-released'),(1161,4,0,0,'JCE Editor','','com_jce','component','',1,'2.4.6','','https://www.joomlacontenteditor.net/index.php?option=com_updates&view=update&format=xml&id=1/extension.xml','http://www.joomlacontenteditor.net/news/item/jce-246-released'),(1162,6,0,0,'Attachments','Attachments for Joomla 2.5+ and 3.x','pkg_attachments','package','',0,'3.2.3','','http://jmcameron.net/attachments/updates/updates.xml','http://jmcameron.net/attachments/updates/3.2.3/index.html'),(1163,6,0,0,'Attachments','Attachments for Joomla 2.5+ and 3.x','pkg_attachments','package','',0,'3.2.3','','http://jmcameron.net/attachments/updates/updates.xml','http://jmcameron.net/attachments/updates/3.2.3/index.html'),(1164,6,0,0,'Attachments','Attachments for Joomla 2.5+ and 3.x','pkg_attachments','package','',0,'3.2.3','','http://jmcameron.net/attachments/updates/updates.xml','http://jmcameron.net/attachments/updates/3.2.3/index.html'),(1165,12,0,0,'ReReplacer','','com_rereplacer','component','',1,'5.13.3FREE','','http://download.nonumber.nl/updates.php?e=rereplacer&type=.zip/extension.xml','http://www.nonumber.nl/extensions/rereplacer#download'),(1166,12,0,0,'ReReplacer','','com_rereplacer','component','',1,'5.13.3FREE','','http://download.nonumber.nl/updates.php?e=rereplacer&type=.zip/extension.xml','http://www.nonumber.nl/extensions/rereplacer#download'),(1167,12,0,0,'ReReplacer','','com_rereplacer','component','',1,'5.13.3FREE','','http://download.nonumber.nl/updates.php?e=rereplacer&type=.zip/extension.xml','http://www.nonumber.nl/extensions/rereplacer#download'),(1168,8,0,0,'Maximenu CK','Module Maximenu CK to display a mega menu dropdown','mod_maximenuck','module','',0,'8.0.13','','http://update.joomlack.fr/mod_maximenuck_update.xml','http://www.joomlack.fr/extensions-joomla/maximenu-ck'),(1169,8,0,0,'Maximenu CK','Module Maximenu CK to display a mega menu dropdown','mod_maximenuck','module','',0,'8.0.13','','http://update.joomlack.fr/mod_maximenuck_update.xml','http://www.joomlack.fr/extensions-joomla/maximenu-ck'),(1170,8,0,0,'Maximenu CK','Module Maximenu CK to display a mega menu dropdown','mod_maximenuck','module','',0,'8.0.13','','http://update.joomlack.fr/mod_maximenuck_update.xml','http://www.joomlack.fr/extensions-joomla/maximenu-ck'),(1171,10,0,0,'DJ-ImageSlider Package','DJ-ImageSlider Package Update','pkg_dj-imageslider','package','',0,'2.2.4','','http://dj-extensions.com/updates/djimageslider.xml','http://dj-extensions.com/dj-imageslider'),(1172,10,0,0,'DJ-ImageSlider Package','DJ-ImageSlider Package Update','pkg_dj-imageslider','package','',0,'2.2.4','','http://dj-extensions.com/updates/djimageslider.xml','http://dj-extensions.com/dj-imageslider'),(1173,10,0,0,'DJ-ImageSlider Package','DJ-ImageSlider Package Update','pkg_dj-imageslider','package','',0,'2.2.4','','http://dj-extensions.com/updates/djimageslider.xml','http://dj-extensions.com/dj-imageslider'),(1174,11,0,0,'Kunena Forum','Kunena Forum','pkg_kunena','package','',0,'3.0.7','','http://update.kunena.org/3.0/pkg_kunena.xml',''),(1175,11,0,0,'Kunena Language Pack','Language Pack for Kunena Forum','pkg_kunena_languages','package','',0,'3.0.7','','http://update.kunena.org/3.0/pkg_kunena_languages.xml',''),(1176,11,0,0,'Content - Kunena Discuss','','kunenadiscuss','plugin','content',0,'3.0.7','','http://update.kunena.org/3.0/plg_content_kunenadiscuss.xml',''),(1177,11,0,0,'Kunena Forum','Kunena Forum','pkg_kunena','package','',0,'3.0.7','','http://update.kunena.org/3.0/pkg_kunena.xml',''),(1178,11,0,0,'Kunena Language Pack','Language Pack for Kunena Forum','pkg_kunena_languages','package','',0,'3.0.7','','http://update.kunena.org/3.0/pkg_kunena_languages.xml',''),(1179,11,0,0,'Content - Kunena Discuss','','kunenadiscuss','plugin','content',0,'3.0.7','','http://update.kunena.org/3.0/plg_content_kunenadiscuss.xml',''),(1180,11,0,0,'Kunena Forum','Kunena Forum','pkg_kunena','package','',0,'3.0.7','','http://update.kunena.org/3.0/pkg_kunena.xml',''),(1181,11,0,0,'Kunena Language Pack','Language Pack for Kunena Forum','pkg_kunena_languages','package','',0,'3.0.7','','http://update.kunena.org/3.0/pkg_kunena_languages.xml',''),(1182,11,0,0,'Content - Kunena Discuss','','kunenadiscuss','plugin','content',0,'3.0.7','','http://update.kunena.org/3.0/plg_content_kunenadiscuss.xml','');

--
-- Table structure for table `o4vxs_user_notes`
--

CREATE TABLE `o4vxs_user_notes` (
  `id` int(10) unsigned NOT NULL AUTO_INCREMENT,
  `user_id` int(10) unsigned NOT NULL DEFAULT '0',
  `catid` int(10) unsigned NOT NULL DEFAULT '0',
  `subject` varchar(100) NOT NULL DEFAULT '',
  `body` text NOT NULL,
  `state` tinyint(3) NOT NULL DEFAULT '0',
  `checked_out` int(10) unsigned NOT NULL DEFAULT '0',
  `checked_out_time` datetime NOT NULL DEFAULT '0000-00-00 00:00:00',
  `created_user_id` int(10) unsigned NOT NULL DEFAULT '0',
  `created_time` datetime NOT NULL DEFAULT '0000-00-00 00:00:00',
  `modified_user_id` int(10) unsigned NOT NULL,
  `modified_time` datetime NOT NULL DEFAULT '0000-00-00 00:00:00',
  `review_time` datetime NOT NULL DEFAULT '0000-00-00 00:00:00',
  `publish_up` datetime NOT NULL DEFAULT '0000-00-00 00:00:00',
  `publish_down` datetime NOT NULL DEFAULT '0000-00-00 00:00:00',
  PRIMARY KEY (`id`),
  KEY `idx_user_id` (`user_id`),
  KEY `idx_category_id` (`catid`)
) ENGINE=MyISAM DEFAULT CHARSET=utf8;

--
-- Dumping data for table `o4vxs_user_notes`
--


--
-- Table structure for table `o4vxs_user_profiles`
--

CREATE TABLE `o4vxs_user_profiles` (
  `user_id` int(11) NOT NULL,
  `profile_key` varchar(100) NOT NULL,
  `profile_value` varchar(255) NOT NULL,
  `ordering` int(11) NOT NULL DEFAULT '0',
  UNIQUE KEY `idx_user_id_profile_key` (`user_id`,`profile_key`)
) ENGINE=MyISAM DEFAULT CHARSET=utf8 COMMENT='Simple user profile storage table';

--
-- Dumping data for table `o4vxs_user_profiles`
--


--
-- Table structure for table `o4vxs_user_usergroup_map`
--

CREATE TABLE `o4vxs_user_usergroup_map` (
  `user_id` int(10) unsigned NOT NULL DEFAULT '0' COMMENT 'Foreign Key to #__users.id',
  `group_id` int(10) unsigned NOT NULL DEFAULT '0' COMMENT 'Foreign Key to #__usergroups.id',
  PRIMARY KEY (`user_id`,`group_id`)
) ENGINE=MyISAM DEFAULT CHARSET=utf8;

--
-- Dumping data for table `o4vxs_user_usergroup_map`
--

INSERT INTO `o4vxs_user_usergroup_map` VALUES (484,8),(485,6),(488,8),(489,6),(490,6),(491,6),(492,6),(493,6),(494,6),(495,6),(496,6),(497,6),(498,6),(499,6),(500,6),(501,6),(502,2),(505,6),(506,6),(507,2),(508,6),(509,2),(510,2),(511,2),(512,2),(513,2),(514,2),(515,2),(516,2),(517,2),(518,2),(519,2),(528,2),(529,2),(530,2),(531,2),(532,2),(533,2),(534,2),(535,2),(536,2),(537,2),(538,2),(539,2),(540,2),(541,2),(542,2),(543,2),(544,2),(545,2),(546,2),(547,2),(548,2),(549,2),(550,2),(551,2),(552,2),(553,2),(554,2),(555,2),(556,2),(557,2),(558,2),(559,2),(560,2),(561,2),(562,2),(563,2),(564,2),(565,2),(566,2),(567,2),(568,2),(569,2),(570,2),(571,2),(572,2),(573,2),(574,2),(575,2),(576,2),(577,2),(578,2),(579,2),(580,2),(581,2),(582,2),(583,2),(584,2),(585,2),(586,2),(587,2),(588,2),(589,2),(590,2),(591,2),(592,2),(593,2),(594,2),(595,2),(596,2),(597,2),(598,2),(599,2),(600,2),(601,2),(602,2),(603,2),(604,2),(605,2),(606,2),(607,2),(608,2),(609,2),(610,2),(611,2);

--
-- Table structure for table `o4vxs_usergroups`
--

CREATE TABLE `o4vxs_usergroups` (
  `id` int(10) unsigned NOT NULL AUTO_INCREMENT COMMENT 'Primary Key',
  `parent_id` int(10) unsigned NOT NULL DEFAULT '0' COMMENT 'Adjacency List Reference Id',
  `lft` int(11) NOT NULL DEFAULT '0' COMMENT 'Nested set lft.',
  `rgt` int(11) NOT NULL DEFAULT '0' COMMENT 'Nested set rgt.',
  `title` varchar(100) NOT NULL DEFAULT '',
  PRIMARY KEY (`id`),
  UNIQUE KEY `idx_usergroup_parent_title_lookup` (`parent_id`,`title`),
  KEY `idx_usergroup_title_lookup` (`title`),
  KEY `idx_usergroup_adjacency_lookup` (`parent_id`),
  KEY `idx_usergroup_nested_set_lookup` (`lft`,`rgt`) USING BTREE
) ENGINE=MyISAM AUTO_INCREMENT=13 DEFAULT CHARSET=utf8;

--
-- Dumping data for table `o4vxs_usergroups`
--

INSERT INTO `o4vxs_usergroups` VALUES (1,0,1,20,'Public'),(2,1,6,17,'Registered'),(3,2,7,14,'Author'),(4,3,8,11,'Editor'),(5,4,9,10,'Publisher'),(6,1,2,5,'Manager'),(7,6,3,4,'Administrator'),(8,1,18,19,'Super Users'),(12,2,15,16,'Customer Group (Example)'),(10,3,12,13,'Shop Suppliers (Example)');

--
-- Table structure for table `o4vxs_users`
--

CREATE TABLE `o4vxs_users` (
  `id` int(11) NOT NULL AUTO_INCREMENT,
  `name` varchar(255) NOT NULL DEFAULT '',
  `username` varchar(150) NOT NULL DEFAULT '',
  `email` varchar(100) NOT NULL DEFAULT '',
  `password` varchar(100) NOT NULL DEFAULT '',
  `usertype` varchar(25) NOT NULL DEFAULT '',
  `block` tinyint(4) NOT NULL DEFAULT '0',
  `sendEmail` tinyint(4) DEFAULT '0',
  `registerDate` datetime NOT NULL DEFAULT '0000-00-00 00:00:00',
  `lastvisitDate` datetime NOT NULL DEFAULT '0000-00-00 00:00:00',
  `activation` varchar(100) NOT NULL DEFAULT '',
  `params` text NOT NULL,
  `lastResetTime` datetime NOT NULL DEFAULT '0000-00-00 00:00:00' COMMENT 'Date of last password reset',
  `resetCount` int(11) NOT NULL DEFAULT '0' COMMENT 'Count of password resets since lastResetTime',
  PRIMARY KEY (`id`),
  KEY `usertype` (`usertype`),
  KEY `idx_name` (`name`),
  KEY `idx_block` (`block`),
  KEY `username` (`username`),
  KEY `email` (`email`)
) ENGINE=MyISAM AUTO_INCREMENT=612 DEFAULT CHARSET=utf8;

--
-- Dumping data for table `o4vxs_users`
--

INSERT INTO `o4vxs_users` VALUES (484,'คนเขียนเว็บ','admin','12345678@hotmail.com','a05044669e5e76a6a2e4c845dac5b15d:0eHGjjfepjPACFHTZRn6Y5xLSmtQE82X','deprecated',0,1,'2013-09-04 06:52:55','2015-06-15 02:31:25','0','{\"admin_style\":\"\",\"admin_language\":\"\",\"language\":\"th-TH\",\"editor\":\"jce\",\"helpsite\":\"\",\"timezone\":\"Asia\\/Bangkok\"}','0000-00-00 00:00:00',0),(485,'ฝ่ายวิชาการ','วิชาการ','academic@hotmail.com','d81bfbce67c39c2598135df980e854cc:RHoQEl4zpQdnccBC9blS9KR9qWeC0s7H','',0,0,'2013-09-16 07:18:45','2014-03-31 02:41:39','','{\"admin_style\":\"\",\"admin_language\":\"\",\"language\":\"\",\"editor\":\"\",\"helpsite\":\"\",\"timezone\":\"\"}','0000-00-00 00:00:00',0),(488,'preeda rattanaprom','army','preeda.rattanaprom@gmail.com','8222238930899d6beb8533f5c11a02f6:KfL9C4mRSpG3A5fHOI155rZvcjS3jNEr','',0,0,'2013-10-20 10:52:56','0000-00-00 00:00:00','','{\"admin_style\":\"\",\"admin_language\":\"\",\"language\":\"\",\"editor\":\"\",\"helpsite\":\"\",\"timezone\":\"Asia\\/Bangkok\"}','0000-00-00 00:00:00',0),(489,'ฝ่ายวัดผล','วัดผล','Evaluate@hotmail.com','ed27d1e573c4dbae907bf32e559af996:INRlrqxOT8eaVPIFFwfzPwyhhfCXihIZ','',0,0,'2013-10-25 01:39:08','2013-10-25 06:09:37','','{\"admin_style\":\"\",\"admin_language\":\"\",\"language\":\"\",\"editor\":\"\",\"helpsite\":\"\",\"timezone\":\"Asia\\/Bangkok\"}','0000-00-00 00:00:00',0),(490,'ฝ่ายทะเบียน','ทะเบียน','yowvareas@hotmail.com','55bb91f361a380626bb18a80d082e780:xw7Qg32TDxBOsMAXiQUZ7Yf50nt23khx','',0,0,'2013-10-25 01:39:55','2014-01-14 03:16:32','','{\"admin_style\":\"\",\"admin_language\":\"\",\"language\":\"\",\"editor\":\"\",\"helpsite\":\"\",\"timezone\":\"Asia\\/Bangkok\"}','0000-00-00 00:00:00',0),(491,'ฝ่ายธุรการ','ธุรการ','Administration@hotmail.com','98a97c03b22e8ec16ac38014155b64c4:YEpA0K3iO28yeaE8XqXeALlPoQ8XtUAT','',0,0,'2013-10-25 01:41:07','2013-10-25 06:07:39','','{\"admin_style\":\"\",\"admin_language\":\"\",\"language\":\"\",\"editor\":\"\",\"helpsite\":\"\",\"timezone\":\"Asia\\/Bangkok\"}','0000-00-00 00:00:00',0),(492,'ฝ่ายวางแผนพัฒนา','วางแผน','plan@hotmail.com','54a821fbcc86e809c8952763eff0c4c9:EJsU5jvXbeeQtDsAVRZ2wkmVp8eYFrJo','',0,0,'2013-10-25 01:47:46','2013-10-25 06:08:02','','{\"admin_style\":\"\",\"admin_language\":\"\",\"language\":\"\",\"editor\":\"\",\"helpsite\":\"\",\"timezone\":\"Asia\\/Bangkok\"}','0000-00-00 00:00:00',0),(493,'ฝ่ายพัฒนาคุณภาพนักศึกษา','พัฒนาคุณภาพ','virinton_mon@hotmail.com','18e41a344c2e0230f1ec071eed5dc948:H3WlDxyDkpPEsGTmB3OraM4XfnjMNlTy','',0,0,'2013-10-25 01:48:58','2013-10-25 07:25:55','','{\"admin_style\":\"\",\"admin_language\":\"\",\"language\":\"\",\"editor\":\"\",\"helpsite\":\"\",\"timezone\":\"Asia\\/Bangkok\"}','0000-00-00 00:00:00',0),(494,'ฝ่ายเทคโนโลยีสารสรเทศ','สารสนเทศ','Information@hotmail.com','4e30bcd99ffdba4c33f8c630e4f97295:S7A1aSNPJGfpqXSXFnGiA9JEGBV0e8V8','',0,0,'2013-10-25 01:51:05','0000-00-00 00:00:00','','{\"admin_style\":\"\",\"admin_language\":\"\",\"language\":\"\",\"editor\":\"\",\"helpsite\":\"\",\"timezone\":\"Asia\\/Bangkok\"}','0000-00-00 00:00:00',0),(495,'ช่างยนต์','ช่างยนต์','Mechanics@hotmail.com','3ffc318903391e5ac0425b15c6909da6:09NGCGbIpSTz1CpoSQInopuj87rcta6w','',0,0,'2013-10-25 01:52:22','2013-10-25 06:41:51','','{\"admin_style\":\"\",\"admin_language\":\"\",\"language\":\"\",\"editor\":\"\",\"helpsite\":\"\",\"timezone\":\"Asia\\/Bangkok\"}','0000-00-00 00:00:00',0),(496,'ช่างไฟฟ้า','ช่างไฟฟ้า','Saiyud54@gmail.com','45f30a5207ad48bb09d258249ea7c29c:JYNjjpp4MfayocDT2gF65mPKkucotCCx','',0,0,'2013-10-25 01:53:10','2013-11-08 06:30:38','','{\"admin_style\":\"\",\"admin_language\":\"\",\"language\":\"\",\"editor\":\"\",\"helpsite\":\"\",\"timezone\":\"Asia\\/Bangkok\"}','0000-00-00 00:00:00',0),(497,'ช่างอิเล็กทรอนิกส์','อิเล็ก','electronic@hotmail.com','8bdfbce7a52a6ef110c9452d3f7db4c4:ebNQ5malZFd0S2zpzhmOW0r0DHYpENxr','',0,0,'2013-10-25 01:53:56','2013-10-25 06:09:23','','{\"admin_style\":\"\",\"admin_language\":\"\",\"language\":\"\",\"editor\":\"\",\"helpsite\":\"\",\"timezone\":\"Asia\\/Bangkok\"}','0000-00-00 00:00:00',0),(498,'ช่างกลโรงงาน','ช่างกล','Mechanic@hotmail.com','60ab665d59e89f53b47859cccbad8b03:OqFhlXtACZJsokPgzxvbFYIVHuyUVBLY','',0,0,'2013-10-25 01:55:32','2013-10-25 07:37:30','','{\"admin_style\":\"\",\"admin_language\":\"\",\"language\":\"\",\"editor\":\"\",\"helpsite\":\"\",\"timezone\":\"Asia\\/Bangkok\"}','0000-00-00 00:00:00',0),(499,'ช่างก่อสร้าง','ก่อสร้าง','construction@hotmail.com','7689c4490b2b3d6a83e9042056c22e19:2KhV0nMhzc25075eO2SMLkULSfLBu6Va','',0,0,'2013-10-25 01:56:17','2013-10-25 06:06:53','','{\"admin_style\":\"\",\"admin_language\":\"\",\"language\":\"\",\"editor\":\"\",\"helpsite\":\"\",\"timezone\":\"Asia\\/Bangkok\"}','0000-00-00 00:00:00',0),(500,'บัญชี','บัญชี','mammos_1978@hotmail.com','719b4467b1e5ea5e81af8df5697a8e5c:bgdUfqEnG5m7fASc30O00Quzd9AUc1oh','',0,0,'2013-10-25 01:57:30','2013-10-25 07:14:50','','{\"admin_style\":\"\",\"admin_language\":\"\",\"language\":\"\",\"editor\":\"\",\"helpsite\":\"\",\"timezone\":\"Asia\\/Bangkok\"}','2013-10-25 07:11:57',1),(501,'คอมพิวเตอร์ธุรกิจ','คอมพิวเตอร์','computer@hotmail.com','507cd8d9db473f1fd89b0d5914f64441:wNpBqj5fjzRItusDXag1II3FkHatBlMo','',0,0,'2013-10-25 01:58:06','2013-10-25 06:51:18','','{\"admin_style\":\"\",\"admin_language\":\"\",\"language\":\"\",\"editor\":\"\",\"helpsite\":\"\",\"timezone\":\"Asia\\/Bangkok\"}','0000-00-00 00:00:00',0),(502,'ฝ่ายกิจกรรม','กิจกรรม','activity@hotmail.com','5ca97bb5b2dd59cf97187d7c7e9f0f29:IuDKe1YdbV9nW8ajOPm801fByWIYmeZ5','',0,0,'2013-10-25 02:16:04','0000-00-00 00:00:00','','{\"admin_style\":\"\",\"admin_language\":\"\",\"language\":\"\",\"editor\":\"\",\"helpsite\":\"\",\"timezone\":\"Asia\\/Bangkok\"}','0000-00-00 00:00:00',0),(505,'ฝ่ายแนะแนว','แนะแนว','info@hotmail.com','fe1718bef7567995990466360c2a4c46:P2QiGTsgwZ1DDAc9JM6zwTfkoTbDE6bx','',0,0,'2013-10-25 05:16:38','0000-00-00 00:00:00','','{\"admin_style\":\"\",\"admin_language\":\"\",\"language\":\"\",\"editor\":\"\",\"helpsite\":\"\",\"timezone\":\"Asia\\/Bangkok\"}','0000-00-00 00:00:00',0),(506,'Lib_nmbk','ห้องสมุด','lib@hotmail.com','8068ad6b78c97ec22e4a6305f6e9e0dc:eO8vDBTCYqIAL6bj3wqssgTZ6cacICsV','',0,0,'2013-10-25 05:26:09','2013-10-30 01:59:21','','{\"admin_style\":\"\",\"admin_language\":\"\",\"language\":\"\",\"editor\":\"\",\"helpsite\":\"\",\"timezone\":\"Asia\\/Bangkok\"}','0000-00-00 00:00:00',0),(507,'สามัญ','สามัญ','genaral@northmbk.ac.th','3778d44be5de789824a26a8cebd84474:Zbmp07jR5ofchKNPlhF8JzYIax2vRBTz','',0,0,'2013-10-25 06:09:16','0000-00-00 00:00:00','','{\"admin_style\":\"\",\"admin_language\":\"\",\"language\":\"\",\"editor\":\"\",\"helpsite\":\"\",\"timezone\":\"Asia\\/Bangkok\"}','0000-00-00 00:00:00',0),(508,'อาร์ม','อาร์ม','arm@northmbk.ac.th','2c71454ad7d0736c90a5fe2312f04212:WHkLRNXRdF4OjlQyOE3Xod4ls1oexKCY','',0,0,'2013-10-25 06:10:07','2013-11-23 03:50:12','','{\"admin_style\":\"\",\"admin_language\":\"\",\"language\":\"\",\"editor\":\"\",\"helpsite\":\"\",\"timezone\":\"Asia\\/Bangkok\"}','0000-00-00 00:00:00',0),(509,'อรพรรณ ศรีจันทร์','yimzaa02','yimzaa@gmail.com','d2758dc0169fe23fc676eac7405d5a99:gvoDOBqDqBnsEIL8C5qstTxE5GoS1KhU','',0,0,'2013-10-25 07:10:33','2013-10-25 07:17:17','','{}','0000-00-00 00:00:00',0),(510,'กิ่งใจ  แผนทอง ','Kingjai Pantong ','comsky_04@hotmail.com','dc3dbcc9287b0fd41a611c265b4079f1:V5CQCMTowGSPiMd5vW4zgt8HKaYSCwtt','',0,0,'2013-10-25 07:11:02','2013-10-25 07:18:43','','{}','0000-00-00 00:00:00',0),(511,'จุฑามาศ  อุตสม','Jutamat','numwarn_42@hotmail.com','1a1d407c8021512848faaffeff7b7128:a9hoB6cNyK7gFLojR9xVl5JPj5BQML3L','',0,0,'2013-10-25 07:11:21','2013-10-25 07:23:52','','{}','0000-00-00 00:00:00',0),(512,'ณิชาภา เรือนรักเรา','nichapha','ni-chap-ha@hotmail.com','c60cb621455b8894a577a338368368b7:DXnaiC4QZec2lNXhvHLMfIdyngxJzyLm','',0,0,'2013-10-25 07:11:21','2013-10-25 07:23:24','','{}','0000-00-00 00:00:00',0),(513,'ปรีดา รัตนพรม','preeda','preeda.ratta@gmail.com','0527a618184580f5449251d021429cfe:87EKuhxyKpHrcsCdGYMbyCwwrFlYaCIs','',0,0,'2013-10-25 07:11:36','0000-00-00 00:00:00','','{}','0000-00-00 00:00:00',0),(514,'สุริยา ปวงสนุก','suriyatouch','suriyatouch@hotmail.com','7556b9763ac0d8361aef2823a81dabdd:OhnvaapyYxNaTtOY3TdCaoACMD0JJwAo','',0,0,'2013-10-25 07:12:56','2013-10-25 07:16:40','','{}','0000-00-00 00:00:00',0),(515,'ช่างกลโรงงาน','Machine','Ponthep.J@hotmail.com','e03ff54c4167662557c19085392f5a5c:UjMvDQvuglWG3Q8TptMgHLysZB4TGJ6m','',0,0,'2013-10-25 07:13:49','2013-10-25 07:16:45','','{}','0000-00-00 00:00:00',0),(516,'ศิริพงษ์  สายหยุด','Siripong','Siripong_017@windowslive.com','a5ec46c249febc17e3fd0f6fe6d3e0cd:7mpprGlE5A1HG2PCb3ugjQUAcrBaBJgm','',0,0,'2013-10-25 07:15:17','2013-11-08 06:27:22','','{}','0000-00-00 00:00:00',0),(517,'เทคนิคอุตสาหกรรม','IEmubankru','num.lp@hotmail.co.th','211a057ec1061957a9ab38139e9e47ef:KG7lXk2GoJZlVTvqzhV9q46eUeghIhik','',0,0,'2013-10-25 07:15:46','2013-10-25 07:17:46','','{}','0000-00-00 00:00:00',0),(518,'ดวงพร อินทจักร','pally','kt_pally@hotmail.com','1d5c38af7aee42ae17cf3e595cb0ecee:SavH2nTGygXnBQQy016tCwAzc8S77bdu','',0,0,'2013-10-25 07:16:49','2013-10-25 07:30:19','','{\"editor\":\"\",\"timezone\":\"Asia\\/Bangkok\",\"language\":\"\"}','0000-00-00 00:00:00',0),(519,'อนุพงศ์  อินทนิด','anupong','virus_of_lovely@hotmail.com','572c890b5586cab958233339ba0677d2:77sCafat4RscJDYE5pDlnBydONBdBJIg','',0,0,'2013-10-25 07:18:17','0000-00-00 00:00:00','','{}','0000-00-00 00:00:00',0),(530,'Tonnydrep','Tonnydrep','stanilats@gmx.com','fd6ec2d927ec2aec393b94006fd4553f:GaW9ANZMQOWFWCjeEK9lRbB6U9t7mJEu','',1,0,'2014-04-05 03:11:39','0000-00-00 00:00:00','110fef371b4c5ce7d71e198206f0b0f2','{}','0000-00-00 00:00:00',0),(531,'Ktulhubook','Ktulhubook','kittylee333@gmx.us','35e1218c37d282180a900db98bbf5d0c:keNOfES9CH6L69I2948gqlL9TtDU4jXB','',1,0,'2014-05-04 12:48:33','0000-00-00 00:00:00','4433dc5bb8ce23a1ac367d35d7bb64c4','{}','0000-00-00 00:00:00',0),(532,'Abizyanodox','Abizyanodox','abizyano95@yandex.com','03c9d3adbdae378fc30cc117745a2f57:wV42mP7aMolPMTLocSgk69NGBEZOSvoC','',1,0,'2014-05-10 12:38:55','0000-00-00 00:00:00','d819e950649b6309af056e711566be77','{}','0000-00-00 00:00:00',0),(533,'BBJackrear','BBJackrear','paddynorman@aol.com','032cb844b7d3b55f1673a8046901e09d:EFxeRuyyc1ssbnozGRrLKQf72UrwDMSQ','',1,0,'2014-05-28 15:32:23','0000-00-00 00:00:00','d2e79c33913f890328a417189aa7cb22','{}','0000-00-00 00:00:00',0),(534,'SteveJoni','SteveJoni','criharry13@aol.com','1d68615f2226092ce0fb479983445b2c:pQ0HLooKEwuSboYNIre4Mpn8m8zV7X2d','',1,0,'2014-06-27 00:54:24','0000-00-00 00:00:00','67cc51c214f58e9bb2f436f0dfa96020','{}','0000-00-00 00:00:00',0),(535,'EdmondDero','EdmondDero','edmondhit@yandex.ru','37a115e88aa81a89e1559bc26e5eb683:yoZAao9CJ1DzrR9I1EAFOQzwtJQB2rnO','',1,0,'2014-07-05 10:15:14','0000-00-00 00:00:00','c738819893055e27bd33e521521a5378','{}','0000-00-00 00:00:00',0),(528,'bablosHaG','bablosHaG','claxokkins@gmx.com','05b6db578201557ef6d602bea4c0e5cf:rKBA43oFhXH0JKnmj4h4MNTBoZWHF1Fm','',1,0,'2014-04-01 20:00:02','0000-00-00 00:00:00','2c6607a2bfacad8c63fe78825536be22','{}','0000-00-00 00:00:00',0),(529,'Adrianoowap','Adrianoowap','adrianoopoo@hotmail.com','3db653c7e9200f30d8fd37744da97680:7ZnXnaxAHCRgdP9Yslwzv3n408cgxZFu','',1,0,'2014-04-05 02:04:05','0000-00-00 00:00:00','e553a444a7794b834293f1514ea91da8','{}','0000-00-00 00:00:00',0),(536,'Cssjackrear','Cssjackrear','bryanjjew@aol.com','c1f584cd6ff530f51102ac6f8c0ba5d1:9eM2DPvDwz4TWQlM3XRT91WJRhJJdd8U','',1,0,'2014-07-07 06:52:38','0000-00-00 00:00:00','d045bc249ae73a5c3037d6a6777b9b69','{}','0000-00-00 00:00:00',0),(537,'dekinw','dekinw','dekinw57@gmail.com','56a0d6368cb802c4f526e661099b097c:XHHffmLCkB3g36XH596wCce85ADxlhMP','',1,0,'2014-08-18 08:19:48','0000-00-00 00:00:00','17b77766dd4754a9289e40fdbfdd574e','{}','0000-00-00 00:00:00',0),(538,'sinooweadne','wagirwrqez','milolatt00@gugoumail.com','55a170ba7be6d80e508cb9c2c567bc19:hhvRB32jbJRra5jrxCDObA7QVbVx3mfY','',1,0,'2014-08-20 03:15:35','0000-00-00 00:00:00','d18e1525cfeeb7ffbdb6c35bb7876acd','{\"activate\":1}','0000-00-00 00:00:00',0),(539,'wuniwloo','kineoubor','abbiehri02@gugoumail.com','d01ef57aa592d908e97c0e51536e607f:9fjl1ljuKWgpFwimr2EZn7Pf71QazeDE','',1,0,'2014-08-31 20:07:31','0000-00-00 00:00:00','0ad87b138b58cba79c770c4a39ef2fd8','{\"activate\":1}','0000-00-00 00:00:00',0),(540,'AlfredoPAf','AlfredoPAf','alfredorip@outlook.com','d3584c2ffdbd8f1ad25cf28d6fe4efc2:BPPW1UBz05zONqo6nfd61grhrC7tvWn2','',1,0,'2014-09-23 22:07:15','0000-00-00 00:00:00','c4b5dbd3d31fec781cefc49d5af1135e','{}','0000-00-00 00:00:00',0),(541,'ArwilCrek','ArwilCrek','irwiclay@aol.co.uk','dd5eee80810985f92eeede451c2a5eda:YYoXHbHWkstmb11MoZ4Qz7ibi7nmBC0d','',1,0,'2014-09-24 22:38:42','0000-00-00 00:00:00','4f7da206e40d19d1bc2064ac7e431e86','{}','0000-00-00 00:00:00',0),(542,'MattCrek','MattCrek','johnnewwman@aol.com','8367a8712be004aa56d8c561ef16afe2:n0hL1iXMISq9XXUjFgI2WUt4Ezr5zygk','',1,0,'2014-10-01 23:08:48','0000-00-00 00:00:00','4811665836a9b6c9078b82bec54749c4','{}','0000-00-00 00:00:00',0),(543,'xvcwenfmwoerlri','xvcwenfmwoerlri','xzczxczxczxcxc@outlook.com','2b871f3c3384dc761466c602c9759881:OeCW8KdG3lmnST7FHAN3aM30lqyXJPlD','',1,0,'2014-10-22 14:25:00','0000-00-00 00:00:00','7beadaad43b018ce630bc6c8fb7315e1','{}','0000-00-00 00:00:00',0),(544,'cvnjhtnobce','cvnjhtnobce','xcvxccvbcvbcvb@outlook.com','ba1d889b3102752e7eba56f6fae782bc:2m2mNMN4IjNrlx7jHqERRrcWQ2IiVpjM','',1,0,'2014-10-22 19:51:01','0000-00-00 00:00:00','97c9a0c0c522d34465116fb4e3391399','{}','0000-00-00 00:00:00',0),(545,'Michaeledox','Michaeledox','gorobecclena@yandex.ru','7e0c01f7f3d4571e241eb5d94062a45c:FVB2JvvWeXEfzpNgCvqEl2lU70JBLjTF','',1,0,'2014-10-31 19:16:49','0000-00-00 00:00:00','831535bede394f94430bbb1d83948cc8','{}','0000-00-00 00:00:00',0),(546,'getloans','getloans','prvi@cheap-car-insurance-quotes.cf','dc51bd93da05a7647f8d9e699be1e5b6:CxtIU3S7Zpjt314ZRnhxp8AUzkaa2xzV','',1,0,'2014-11-07 19:45:04','0000-00-00 00:00:00','30db9ac7b5e9cef9c9639670f82185e3','{\"activate\":1}','0000-00-00 00:00:00',0),(547,'xvcwekuyhoercoq','xvcwekuyhoercoq','cvbcvbcvbvcbvcb@gmail.com','522a4b441a19d186cbf88ac9999dd304:eWVyJNlgIWhIO892fznQlITCVXgU9fxQ','',1,0,'2014-11-09 04:56:21','0000-00-00 00:00:00','26cb9889233ff2dfebf5b6f3842cea46','{\"activate\":1}','0000-00-00 00:00:00',0),(548,'cvnfczhotxw','cvnfczhotxw','xcvxcvcxvcxva@hotmail.com','a80c73540d78ffdb5c1d16a6fec8c7b0:4zihMT7JAF8cvwoRhyLA7zQ4RXakVaPm','',1,0,'2014-11-09 09:09:18','0000-00-00 00:00:00','f804359cc58c2cfe1f2e6749fc24c97f','{}','0000-00-00 00:00:00',0),(549,'Ezra','perezstub','siangkew@shastanets.com','31bbd54548d7f4dad3e33d4a0ee51c02:6ZaxA10dZ5hSy7oRtt99OxWt6p0c8RfQ','',1,0,'2014-11-10 08:52:56','0000-00-00 00:00:00','4ec8aa3a5761f3aad94775c9ee1ae03d','{\"activate\":1}','0000-00-00 00:00:00',0),(550,'xvcweajbkoeriwo','xvcweajbkoeriwo','cvbcvbcvbnmoricb@gmail.com','ea1ec8ef623d453ccc1548ded77bbddd:QDBHEP89wsv598Z3CcPiWca1uqVR8moh','',1,0,'2014-11-10 23:37:47','0000-00-00 00:00:00','d8904a70ad39d6f36c1a25c9105aeb1c','{}','0000-00-00 00:00:00',0),(551,'zenonandwelon','zenonandwelon','UlrviFqf@cadblogtv.pl','262c512cf63a650b06ce29e2ca552d5c:FKfeOvHhzfXTsarvMN53MYCn4emSJUD3','',1,0,'2014-11-11 13:03:47','0000-00-00 00:00:00','ddad8baa829996a862b7a0ccd660f5f4','{}','0000-00-00 00:00:00',0),(552,'nnlyepnv\n','nnlyepnv','lzfwwv@mai1www.northmbk.ac.th.h0st','e29c0947758eef3c06aa16b2b09a72ad:tD3PLNJccqiCsIoZV2ScMT2duuEr5mn8','',1,0,'2014-11-12 09:06:22','0000-00-00 00:00:00','72a078b7ddb3e4692983af528118b130','{}','0000-00-00 00:00:00',0),(553,'xvcwexyyjoermev','xvcwexyyjoermev','zxcbvcbvngn@outlook.com','da9b8caeb3335a88e55df1aadaf90c2f:mKlC3gHZRMcVkzxVuztB7qAMDmvHJ4sR','',1,0,'2014-11-12 19:55:45','0000-00-00 00:00:00','5161dd7be5b17753b43df707ff72c359','{}','0000-00-00 00:00:00',0),(554,'carpinteyroodb\n','carpinteyroodb','gcbctw@mai1www.northmbk.ac.th.h0st','c442e645af698c1f06d847747cf1d948:AaLpaeeDckNkVmn8Ssh3c6tte4FFOUdW','',1,0,'2014-11-14 00:24:44','0000-00-00 00:00:00','d660baf5dcbfcbeaa6279a7d6c623ab1','{}','0000-00-00 00:00:00',0),(555,'AlexWek','AlexWek','skrluf@mailloading.com','123c6730f91f49577bacaaa8c11b063b:TY87PBtKrX1EXas7CUruMaDPUyhI22Pj','',1,0,'2014-11-18 18:32:41','0000-00-00 00:00:00','0acb70a7944e462c08dc1885b4074d77','{}','0000-00-00 00:00:00',0),(556,'joyyCrek','joyyCrek','rayfarell@aim.com','c47cc2ae30bb22189c1366bcbbccc2d6:Kb1gCsfyiDjbe85qJSXWYLXmcGLtGYS2','',1,0,'2014-11-25 06:42:59','0000-00-00 00:00:00','06b10e822df2bd45b748c01e4da02d75','{}','0000-00-00 00:00:00',0),(557,'Donaldgak','Donaldgak','findleycerjoh@gmail.com','222f207bf960de8b8d39e4e83b529681:z6u7dH0dRALc2pwCu9uTROi3kn6oJGje','',1,0,'2014-12-02 08:24:10','0000-00-00 00:00:00','a6c030c6a942308c1e190f69a6ea08d2','{}','0000-00-00 00:00:00',0),(558,'AviaWek','AviaWek','cgqnnr@mailloading.com','2f6e352ea7bb83e59b77d9bcd3a5ea8d:iotGUPAatOJj3a7I246hjDHK29cupc6Y','',1,0,'2014-12-14 06:37:12','0000-00-00 00:00:00','60a89aa6cae090a71b0cc5818b9d35d7','{}','0000-00-00 00:00:00',0),(559,'HowardGeda','HowardGeda','howardmr@mail.ru','b0173455b31cb1059dcf0e5d55397042:CEbjsD3H7E1mqOhx6YkNL8vw17ZCx2zC','',1,0,'2014-12-14 19:42:06','0000-00-00 00:00:00','7cd8d772e374b402bdcb437becb2f00f','{}','0000-00-00 00:00:00',0),(560,'qnze5moq','qnze5moq','xcvbnbnbnm123@outlook.com','f9bbb3b065791070dc5d32f8abe7a302:aUarHheEvoY9MlklFD3qvX9g7lmBHGJv','',1,0,'2014-12-19 06:35:33','0000-00-00 00:00:00','b8700a87a56952f254a44b71d8d6a079','{}','0000-00-00 00:00:00',0),(561,'miff9riu','miff9riu','zcszvxc001@outlook.com','a090923a2ec37a67da21422f6ea415db:9BTRxDZkNXAKZPEcrHCGCiaHCxqmRtqV','',1,0,'2014-12-19 14:17:31','0000-00-00 00:00:00','e071f24dc47d970c75c5cc214743e445','{}','0000-00-00 00:00:00',0),(562,'gvwgstsjaqtyaa','szhigymsjve','fssuobbiopa@hotmail.com','59e486f778eeac37c4a4a89b403c4896:4JtHBW7yyPtOVVSMBEFBp7em5yED4f8x','',1,0,'2014-12-21 20:06:04','0000-00-00 00:00:00','4903f3108ea85c54b21a31a43842b699','{}','0000-00-00 00:00:00',0),(563,'sfkhfwfxdmtjbm','devhrwyrsiz','hiujdqaqvqs@hotmail.com','e1fe6e942eb709a02a2a72524d7800e9:1oxaGRSWtuT8KZxcfRQpbAaG37huMp3U','',1,0,'2014-12-21 21:43:03','0000-00-00 00:00:00','6bb8271d58c5a289e6ecc61db2ca8e3b','{}','0000-00-00 00:00:00',0),(564,'ruuscpuoshxcjq','tjqjyuorbjp','mztpifzubzk@hotmail.com','9c600473e62f57c90cff7368bc00085f:jSBg1jSiRgGKQseEIKJvkI6uBWPlGqRy','',1,0,'2014-12-22 00:05:05','0000-00-00 00:00:00','cc906f50861de771432004f087b03e5f','{}','0000-00-00 00:00:00',0),(565,'exzvmtabtycomp','dehdyduxjbi','qgahhumwmdz@hotmail.com','fa9b0135ea2e92ae641f7bd2c1335d08:lEM5Lz150iw3qN5VjKpXmeC4R9VLRSQh','',1,0,'2014-12-22 04:46:43','0000-00-00 00:00:00','bda57cdf6b69f9240c4bb7a2d85aba26','{}','0000-00-00 00:00:00',0),(566,'byax9tee','byax9tee','xcvbnbnb123@outlook.com','bf908e0b8bc5ee2f643eca0fafd41d5b:1okgOsEjK6caRbL91FpBAG2Fq799bU8F','',1,0,'2014-12-22 07:08:03','0000-00-00 00:00:00','5f67eec353d687c539d0ed0e49311430','{}','0000-00-00 00:00:00',0),(567,'buvbjqagisrnuo','vkgfaevtjbu','pkzreckwgxt@hotmail.com','c37da24014302bad0f9bbf0c942bea8f:i3HjBOmL9uoyAid0P34ZSUvZWkdByuUb','',1,0,'2014-12-23 23:33:35','0000-00-00 00:00:00','d908ac0f3de4c55769bab34e775033f5','{}','0000-00-00 00:00:00',0),(568,'Donatelowat','Donatelowat','donadonalotelo@outlook.com','0fa681b20da1c0e6aef734a8365464cb:VCqERbqJBHEuGSkCPLH8EleLzPVFHJJJ','',1,0,'2014-12-29 18:14:04','0000-00-00 00:00:00','57bcee8d8df1f3b503a321345888e461','{}','0000-00-00 00:00:00',0),(569,'qaki6vxd','qaki6vxd','sdzsdrgn001@outlook.com','eb3cbc6145c1d7d9af695626f714f0f2:QaIe9JVpHVYaiPq2u0Vv4k7ltOadTuCj','',1,0,'2014-12-29 22:06:07','0000-00-00 00:00:00','71d5baeced3d4969c52ae844bc46ddc7','{}','0000-00-00 00:00:00',0),(570,'Robertlype','Robertlype','buceay@mailloading.com','6484de407814ead9ca9cd9a5ead81132:3tXlAmyiuriTTUgSFa0XsqNH2gRnWarC','',1,0,'2014-12-30 00:49:38','0000-00-00 00:00:00','3653c72460b9979125567a71bdfe88d3','{}','0000-00-00 00:00:00',0),(571,'sinoosweadne','wnxmdcxcme','melliesp06@gugoumail.com','64430192b6fb753798d4e66babc260bf:JZZZqIFbDlJ6SYInPZvnpccimmaAjIgh','',1,0,'2015-01-02 17:23:19','0000-00-00 00:00:00','f2c7f6789b058a3d04cf7835c17f3e3a','{\"activate\":1}','0000-00-00 00:00:00',0),(572,'mnedbboerahe','mnedbboerahe','cvbcvbcvbvcbvcbm@outlook.com','3ec63dd78376029d8988531739e27717:Gh2caYnNPtBuQA9vsF7IvRi46XWnDT2e','',1,0,'2015-01-10 04:35:00','0000-00-00 00:00:00','c544263a8a333f8c604254d7fc0922cc','{}','0000-00-00 00:00:00',0),(573,'SnipCrek','SnipCrek','barryhls333@aim.com','80552e758536f2783bb94788da2fb48f:tklL26LGIzal2dhX18DEopIhq5TMQUfk','',1,0,'2015-01-23 04:25:47','0000-00-00 00:00:00','c16c1d618edfb6f3dbe8dfbdaf71b595','{}','0000-00-00 00:00:00',0),(574,'mnkmtboerpde','mnkmtboerpde','cvbvbcvbvcbcvccbm@outlook.com','94bc4925802566deb9dde8b2188b5348:ViNwsIYuzPT05u3396gTnvI4gUqa5HnU','',1,0,'2015-01-27 03:28:13','0000-00-00 00:00:00','8897e456367e75eb415c2f971d0be819','{}','0000-00-00 00:00:00',0),(575,'Lorenzooi','Lorenzooi','mikhail.babachev@gmail.com','6d3a85221f745bac4397f8edddecd180:uSrOBgahsyvOO5f3oQJk46TynUMSH8nC','',1,0,'2015-02-23 07:39:29','0000-00-00 00:00:00','40cded6d8ca4061e13dece7f5d4e7485','{}','0000-00-00 00:00:00',0),(576,'Macgymn','Macgymn','tod334@gmx.com','1e4db27fe53464255e97cab88de0e904:NoC36IJmgSuE5b4dGQQG18KAq8opwH5A','',1,0,'2015-02-24 11:19:48','0000-00-00 00:00:00','c591f6138e19a294c32e764b39c590f0','{}','0000-00-00 00:00:00',0),(577,'DonaldSn','DonaldSn','hundradccallluc1984@sorimail.com','04084daaffb6ef61a7a6f683afab35d3:Iw9wUlOZuhbOhhDylML1QXbOOqybjVff','',1,0,'2015-03-07 14:44:37','0000-00-00 00:00:00','1839606fd660448fbc6f1d8153ab6115','{\"activate\":1}','0000-00-00 00:00:00',0),(578,'ChefamenseSam','ChefamenseSam','suzyplayax@rambler.ru','65aae8bc2c34c3e5617369ffeeecdcd7:uHukK05XZoaWE5r6NP4sydMgXDPYHkW0','',1,0,'2015-03-21 21:47:37','0000-00-00 00:00:00','a88395e3a6edeed327e89c105b9c1117','{}','0000-00-00 00:00:00',0),(579,'Toddgymn','Toddgymn','toddwey@gmx.com','d7df01787b5fad00d04850d9a82a35df:gfSKGg4WZ12GgOclQgo26TLHomY4Yw8G','',1,0,'2015-03-29 17:35:48','0000-00-00 00:00:00','cc1ec64df7959d459590cc1fe1e8dc22','{}','0000-00-00 00:00:00',0),(580,'Downloadsp','Downloadsp','downloadsl@gmailjj.com','b26c493639184f882e2445350d4c3760:aILCBsxc78zVqRYvKKrzu6tbx3hqljLM','',1,0,'2015-04-01 10:46:09','0000-00-00 00:00:00','ea32f50c2b02d8c523ae3c8332edb9f4','{\"activate\":1}','0000-00-00 00:00:00',0),(581,'Mexgymn','Mexgymn','banqllow@gmx.com','b089307e479aba56e636a04bcf6f17d8:vYZittBr6YgmDCWNFwZdYvZhUwEz64eB','',1,0,'2015-04-04 23:10:36','0000-00-00 00:00:00','00ff3652639badf6d5c71e02c5424c96','{}','0000-00-00 00:00:00',0),(582,'Keygymn','Keygymn','pailodon17@gmx.us','13e969b77edbf177ff849601e3ba792c:MFa65Zl7mHFhc0rGppOhTQOpNf7MuYOe','',1,0,'2015-04-12 11:42:18','0000-00-00 00:00:00','8a2ae8b062dd4eb750037d38fa3b594b','{}','0000-00-00 00:00:00',0),(583,'Aiqgymn','Aiqgymn','kimm1914@gmx.com','77b74b439238fb190e9b638176b90cde:o1WkTklLeXdiIfKbHbbsf2EuA8bYPs7C','',1,0,'2015-04-13 07:39:05','0000-00-00 00:00:00','4164b5c494b032f7b1a94b51a4c9a312','{}','0000-00-00 00:00:00',0),(584,'Allelp','Allelp','garrykett@gmx.ca','44ba96c3ef572d5b4872c3e232e76fc8:RvsI7w1gJImGeN9kgZivO2sVutmbnmdu','',1,0,'2015-04-17 00:20:55','0000-00-00 00:00:00','0eeb612d1a209ef063951a38121bc6c8','{}','0000-00-00 00:00:00',0),(585,'Woygymn','Woygymn','timyx1331@outlook.com','4bf5b0bc1706f020a670fc1f0e16e637:qVjiuflcHOL1jNQG83nPacdNQM9psdnQ','',1,0,'2015-04-19 19:17:19','0000-00-00 00:00:00','2b4c75a86b285f68568a3e7e39708b44','{}','0000-00-00 00:00:00',0),(586,'Robertpl','Robertpl','patronizefbjyw@hotmail.com','8be529c9e3d6f456201886c0310a5edc:xj5q3YkoE66pudUb4EiyyAzE4RzYrnlS','',1,0,'2015-04-24 13:55:14','0000-00-00 00:00:00','b4c0c7d958b23c761d22f651b1976481','{}','0000-00-00 00:00:00',0),(587,'Finleyfak','Finleyfak','joh1kerr@gmx.com','431cc67e8aa6aa187bd7cd18f1d2c9a0:3kj7eIBuJQPlLX6uerDxkJSvSvB2T0l9','',1,0,'2015-04-28 23:58:03','0000-00-00 00:00:00','166e7324aa0aeff9def5cc1034aad5fd','{}','0000-00-00 00:00:00',0),(588,'MatthewFef','MatthewFef','matthew@gmailjj.com','69e5a109b834d8a366a167195ed25e97:a93bmvbPBXQlClqWZe8tRYXOW3Utgjpn','',1,0,'2015-04-30 05:23:39','0000-00-00 00:00:00','be2052a30ced85bd41119b2ed9368892','{\"activate\":1}','0000-00-00 00:00:00',0),(589,'mariyawp\n','mariyawp','wiseacreinter@hotmail.com','afaff6773b49e8e92533d651f6015e45:sevuEt0VVX8B0DdPNHhkwoRVczRpM6s8','',1,0,'2015-05-31 12:46:50','0000-00-00 00:00:00','0cf3fe1b6435090c3b7936dadca15f77','{}','0000-00-00 00:00:00',0),(590,'pengar','pengar','kathaleen@sedam.gq','682a5779b921fb21747d3907c7b34903:tR6aRM6Mzhp8mcRHYDk0fKyBcOmQYXXy','',1,0,'2015-06-07 12:17:20','0000-00-00 00:00:00','86553b9abc9b43826edd6c3697c82f92','{}','0000-00-00 00:00:00',0),(591,'RobertPhem','RobertPhem','disballsimi2008@blogneproseo.ru','e9440534a44a6aa7747c4afc7aadb218:Fr1Bgi5SGijiUMqkv1f248d5PM4MSrS4','',1,0,'2015-06-08 07:07:52','0000-00-00 00:00:00','c1859e0f9eafaf3d0ee0c6219cc14033','{}','0000-00-00 00:00:00',0),(592,'Lon','sammypica','ferrycheer@mhorhet.ru','aea2a4dcd216aa3bcd7c6d62f56cd72a:eeC8tEpZZ8W4wCNSBrCSrtYhmrkrFluk','',1,0,'2015-06-10 13:27:35','0000-00-00 00:00:00','565448bb078f7b36ec311fd6d36d02a6','{}','0000-00-00 00:00:00',0),(593,'rozrzaedowka','rozrzaedowka','rozrzaedowka@owcamail.com','19eed02a0b971af72901769224db065d:c8qZBIoQg5OjVu1HqHcqp1u2UZ25oSTU','',1,0,'2015-06-11 21:29:09','0000-00-00 00:00:00','4a892a5fac50fde1c9b12ad02842b94f','{}','0000-00-00 00:00:00',0),(594,'Jannette','twahydra','aniongrub@mhorhet.ru','bd5075e5f42d7f5c2c8374cd36b97ce2:BFvtuPX4G65P2Y833dyYacd2E39PpFw0','',1,0,'2015-06-12 18:13:08','0000-00-00 00:00:00','b87dfb4ee2d93543f47724acc7386378','{}','0000-00-00 00:00:00',0),(595,'Alvin','divvyshyer','diracsmoke@mhorhet.ru','ed2511ac75ce4e9008258aebeda89e49:qvrN5SqmTNtkRRw1bSe1KJozSuh2si3d','',1,0,'2015-06-12 18:22:32','0000-00-00 00:00:00','20a81fc5758cad869a2cb1a6067ffea3','{}','0000-00-00 00:00:00',0),(596,'Tami','plutofang','isbnblurt@mhorhet.ru','c66421f1a1f4451785a69f8aa4558e25:fmUUl9RReqLes2jadHR5na96EXt4c5yM','',1,0,'2015-06-12 18:31:32','0000-00-00 00:00:00','f0a823f8cc7417095663138a6dc4b7fe','{}','0000-00-00 00:00:00',0),(597,'Conrad','atarichock','wekakhieu@mhorhet.ru','e97de474d5150000e60bff958e41fd2b:weD9hIkAPjyFyP1eAkP2qXTDmqJLL1fZ','',1,0,'2015-06-12 18:49:43','0000-00-00 00:00:00','c4b42078353d43d8c3898274abfc0bd1','{}','0000-00-00 00:00:00',0),(598,'Luis','gwenkra','piazacriss@mhorhet.ru','b5acfc9432983c4c90c9a5346762c6ec:8TSsZ1NXIxC1xSIsxbMup4R612XBAbj9','',1,0,'2015-06-12 18:58:40','0000-00-00 00:00:00','dde15f40cf669f9ce00ec20cbdd57028','{}','0000-00-00 00:00:00',0),(599,'Elyse','wrothcur','divihaiti@mhorhet.ru','f8b5a508489f0999f827367608c44af5:OFsW0qAKWjnabRWwSHIhfhT4ApLW6k1i','',1,0,'2015-06-12 19:09:00','0000-00-00 00:00:00','86407e32ed1137326126cf0dfbe0f916','{}','0000-00-00 00:00:00',0),(600,'Orval','flogpass','sebumgean@mhorhet.ru','3dd1645dd6aea9e6de7c96ce166424bf:1NQT6uoEJX6nhOjIfydD1BhST9aedhiQ','',1,0,'2015-06-12 19:18:49','0000-00-00 00:00:00','78d489da480468927bced04703e16672','{}','0000-00-00 00:00:00',0),(601,'Jeffery','diceidiom','rickitem@mhorhet.ru','da0ab729ae55f64b44cdfd9ac2d070e0:ix5Gk5J8r03exTMBWgzz4q4Hyqwrd4xX','',1,0,'2015-06-12 19:28:42','0000-00-00 00:00:00','b01aa827a2b34f66b0119137a388ccd0','{}','0000-00-00 00:00:00',0),(602,'Ferdinand','flicksorb','harshvigor@mhorhet.ru','b5d1ae8649c85b4b954e18cb57916df2:KYR0cdXM2LMZXadm7pZUE3x0f9KewavK','',1,0,'2015-06-12 19:38:12','0000-00-00 00:00:00','b1c389e916272a60266ac79154db678e','{}','0000-00-00 00:00:00',0),(603,'Daniel','assaiinner','wrapsborne@mhorhet.ru','e9c5776788c699593dcfbb52820d36a7:USXpOlElwXhoOmzATZvkD6xPYx68Uv1f','',1,0,'2015-06-12 19:47:29','0000-00-00 00:00:00','51f20fdeaf34ec572f4a4ff3fad4eefd','{}','0000-00-00 00:00:00',0),(604,'Duane','chicklay','loosepass@mhorhet.ru','5f82bb19d338832e881825b09ee9e217:rxyOzFHWb1sj77Mps4x33ce41Ez5OCyT','',1,0,'2015-06-13 05:25:15','0000-00-00 00:00:00','ede79d46dbacb65780595d6d75b664e0','{}','0000-00-00 00:00:00',0),(605,'Crystal','liuzoan','golgiblown@mhorhet.ru','4b447f125c67a2c9aa0f8cc615bac4c7:5aiKUyNJ8K6rhe3swxXU7dQnbwqfWGnv','',1,0,'2015-06-13 05:35:00','0000-00-00 00:00:00','6a26690ec2fd2d4b41fe51b1d6048434','{}','0000-00-00 00:00:00',0),(606,'Dina','chitmzee','decrylilly@mhorhet.ru','a2ba28737808d2a948f3fb10aedc76b5:9QCEru26CHwIQk6S6pD3boNCdyMHAYeD','',1,0,'2015-06-13 05:44:43','0000-00-00 00:00:00','9af2a825bddc017dd97d40ed8659d131','{}','0000-00-00 00:00:00',0),(607,'Alison','toricushas','voltagift@mhorhet.ru','89cd7a79107a9b8bf02dc86209f54b89:4akjuJ4CnNCc8xiyBLIb1j1HSTXwYA3U','',1,0,'2015-06-13 05:53:29','0000-00-00 00:00:00','949e1c1f4a99551630f2f58db3fe3bff','{}','0000-00-00 00:00:00',0),(608,'Yuonne','shulcorey','ednasol@mhorhet.ru','ab281f4dd3b6c069735fd2d3b100a676:5xV0Ly8LmqXe2vRUCZhPH1PgA86tpstA','',1,0,'2015-06-13 06:02:26','0000-00-00 00:00:00','6099858e39e9b7b39a9031312c5ea741','{}','0000-00-00 00:00:00',0),(609,'Benjamin','churrmirza','piquegadid@mhorhet.ru','a3cf6be0d933ac4dff1a8a1e0a2474d0:Kr9tugTV1gqUZF4tu33eVcHyQthKMDEG','',1,0,'2015-06-13 06:30:59','0000-00-00 00:00:00','b39f9079f5d1c3a1966199d9f5e386d7','{}','0000-00-00 00:00:00',0),(610,'Kelsi','mienboot','oatesbogle@mhorhet.ru','05dba466ecc43e92d09a59b7362d8d68:vJjdzuoxqoSWbGQ3bAY4ZLghHFF7S5eT','',1,0,'2015-06-13 06:40:29','0000-00-00 00:00:00','f38884582f2d2f591b3dfcc5adc36a8f','{}','0000-00-00 00:00:00',0),(611,'Valentine','schullew','deusleet@mhorhet.ru','3bf14d0aeb29ca01ad25c68d39212fc1:SINeXMGWX3Bh2nRYkzcwzsk5eGnAJzGm','',1,0,'2015-06-13 06:50:52','0000-00-00 00:00:00','fee858aa4ffbcf8028aa9ecfbf06d745','{}','0000-00-00 00:00:00',0);

--
-- Table structure for table `o4vxs_viewlevels`
--

CREATE TABLE `o4vxs_viewlevels` (
  `id` int(10) unsigned NOT NULL AUTO_INCREMENT COMMENT 'Primary Key',
  `title` varchar(100) NOT NULL DEFAULT '',
  `ordering` int(11) NOT NULL DEFAULT '0',
  `rules` varchar(5120) NOT NULL COMMENT 'JSON encoded access control.',
  PRIMARY KEY (`id`),
  UNIQUE KEY `idx_assetgroup_title_lookup` (`title`)
) ENGINE=MyISAM AUTO_INCREMENT=5 DEFAULT CHARSET=utf8;

--
-- Dumping data for table `o4vxs_viewlevels`
--

INSERT INTO `o4vxs_viewlevels` VALUES (1,'Public',0,'[1]'),(2,'Registered',1,'[6,2,8]'),(3,'Special',2,'[6,3,8]'),(4,'Customer Access Level (Example)',3,'[6,3,12]');

--
-- Table structure for table `o4vxs_weblinks`
--

CREATE TABLE `o4vxs_weblinks` (
  `id` int(10) unsigned NOT NULL AUTO_INCREMENT,
  `catid` int(11) NOT NULL DEFAULT '0',
  `sid` int(11) NOT NULL DEFAULT '0',
  `title` varchar(250) NOT NULL DEFAULT '',
  `alias` varchar(255) CHARACTER SET utf8 COLLATE utf8_bin NOT NULL DEFAULT '',
  `url` varchar(250) NOT NULL DEFAULT '',
  `description` text NOT NULL,
  `date` datetime NOT NULL DEFAULT '0000-00-00 00:00:00',
  `hits` int(11) NOT NULL DEFAULT '0',
  `state` tinyint(1) NOT NULL DEFAULT '0',
  `checked_out` int(11) NOT NULL DEFAULT '0',
  `checked_out_time` datetime NOT NULL DEFAULT '0000-00-00 00:00:00',
  `ordering` int(11) NOT NULL DEFAULT '0',
  `archived` tinyint(1) NOT NULL DEFAULT '0',
  `approved` tinyint(1) NOT NULL DEFAULT '1',
  `access` int(11) NOT NULL DEFAULT '1',
  `params` text NOT NULL,
  `language` char(7) NOT NULL DEFAULT '',
  `created` datetime NOT NULL DEFAULT '0000-00-00 00:00:00',
  `created_by` int(10) unsigned NOT NULL DEFAULT '0',
  `created_by_alias` varchar(255) NOT NULL DEFAULT '',
  `modified` datetime NOT NULL DEFAULT '0000-00-00 00:00:00',
  `modified_by` int(10) unsigned NOT NULL DEFAULT '0',
  `metakey` text NOT NULL,
  `metadesc` text NOT NULL,
  `metadata` text NOT NULL,
  `featured` tinyint(3) unsigned NOT NULL DEFAULT '0' COMMENT 'Set if link is featured.',
  `xreference` varchar(50) NOT NULL COMMENT 'A reference to enable linkages to external data sets.',
  `publish_up` datetime NOT NULL DEFAULT '0000-00-00 00:00:00',
  `publish_down` datetime NOT NULL DEFAULT '0000-00-00 00:00:00',
  PRIMARY KEY (`id`),
  KEY `idx_access` (`access`),
  KEY `idx_checkout` (`checked_out`),
  KEY `idx_state` (`state`),
  KEY `idx_catid` (`catid`),
  KEY `idx_createdby` (`created_by`),
  KEY `idx_featured_catid` (`featured`,`catid`),
  KEY `idx_language` (`language`),
  KEY `idx_xreference` (`xreference`)
) ENGINE=MyISAM AUTO_INCREMENT=10 DEFAULT CHARSET=utf8;

--
-- Dumping data for table `o4vxs_weblinks`
--

INSERT INTO `o4vxs_weblinks` VALUES (1,32,0,'Joomla!','joomla','http://www.joomla.org','<p>Home of Joomla!</p>','0000-00-00 00:00:00',3,1,0,'0000-00-00 00:00:00',1,0,1,1,'{\"target\":\"0\",\"count_clicks\":\"\"}','en-GB','2011-01-01 00:00:01',484,'','2011-01-01 00:00:01',42,'','','{\"robots\":\"\",\"author\":\"\",\"rights\":\"\"}',0,'','0000-00-00 00:00:00','0000-00-00 00:00:00'),(2,33,0,'php.net','php','http://www.php.net','<p>The language that Joomla! is developed in</p>','0000-00-00 00:00:00',6,1,0,'0000-00-00 00:00:00',1,0,1,1,'{\"target\":\"\",\"count_clicks\":\"\"}','en-GB','2011-01-01 00:00:01',484,'','2011-01-01 00:00:01',42,'','','{\"robots\":\"\",\"author\":\"\",\"rights\":\"\"}',0,'','0000-00-00 00:00:00','0000-00-00 00:00:00'),(3,33,0,'MySQL','mysql','http://www.mysql.com','<p>The most commonly used database for Joomla!.</p>','0000-00-00 00:00:00',1,1,0,'0000-00-00 00:00:00',2,0,1,1,'{\"target\":\"\",\"width\":\"\",\"height\":\"\",\"count_clicks\":\"\"}','en-GB','2011-01-01 00:00:01',484,'','2012-01-17 16:19:43',42,'','','{\"robots\":\"\",\"rights\":\"\"}',0,'','0000-00-00 00:00:00','0000-00-00 00:00:00'),(4,32,0,'OpenSourceMatters','opensourcematters','http://www.opensourcematters.org','<p>Home of OSM</p>','0000-00-00 00:00:00',11,1,0,'0000-00-00 00:00:00',3,0,1,1,'{\"target\":\"0\",\"count_clicks\":\"\"}','en-GB','2011-01-01 00:00:01',484,'','2011-01-01 00:00:01',42,'','','{\"robots\":\"\",\"author\":\"\",\"rights\":\"\"}',0,'','0000-00-00 00:00:00','0000-00-00 00:00:00'),(5,32,0,'Joomla! - Forums','joomla-forums','http://forum.joomla.org','<p>Joomla! Forums</p>','0000-00-00 00:00:00',4,1,0,'0000-00-00 00:00:00',2,0,1,1,'{\"target\":\"0\",\"count_clicks\":\"\"}','en-GB','2011-01-01 00:00:01',484,'','2011-01-01 00:00:01',42,'','','{\"robots\":\"\",\"author\":\"\",\"rights\":\"\"}',0,'','0000-00-00 00:00:00','0000-00-00 00:00:00'),(6,33,0,'Ohloh Tracking of Joomla!','ohloh-tracking-of-joomla','http://www.ohloh.net/projects/20','<p>Objective reports from Ohloh about Joomla\'s development activity. Joomla! has some star developers with serious kudos.</p>','0000-00-00 00:00:00',1,1,0,'0000-00-00 00:00:00',3,0,1,1,'{\"target\":\"0\",\"count_clicks\":\"\"}','en-GB','2011-01-01 00:00:01',484,'','2011-01-01 00:00:01',42,'','','{\"robots\":\"\",\"author\":\"\",\"rights\":\"\"}',0,'','0000-00-00 00:00:00','0000-00-00 00:00:00'),(7,31,0,'Baw Baw National Park','baw-baw-national-park','http://www.parkweb.vic.gov.au/1park_display.cfm?park=44','<p>Park of the Austalian Alps National Parks system, Baw Baw  features sub alpine vegetation, beautiful views, and opportunities for hiking, skiing and other outdoor activities.</p>','0000-00-00 00:00:00',0,1,0,'0000-00-00 00:00:00',1,0,1,1,'{\"target\":\"0\",\"count_clicks\":\"\"}','en-GB','2011-01-01 00:00:01',484,'','2011-01-01 00:00:01',42,'','','{\"robots\":\"\",\"author\":\"\",\"rights\":\"\"}',0,'','0000-00-00 00:00:00','0000-00-00 00:00:00'),(8,31,0,'Kakadu','kakadu','http://www.environment.gov.au/parks/kakadu/index.html','<p>Kakadu is known for both its cultural heritage and its natural features. It is one of a small number of places listed as World Heritage Places for both reasons. Extensive rock art is found there.</p>','0000-00-00 00:00:00',0,1,0,'0000-00-00 00:00:00',2,0,1,1,'{\"target\":\"0\",\"count_clicks\":\"\"}','en-GB','2011-01-01 00:00:01',484,'','2011-01-01 00:00:01',42,'','','{\"robots\":\"\",\"author\":\"\",\"rights\":\"\"}',0,'','0000-00-00 00:00:00','0000-00-00 00:00:00'),(9,31,0,'Pulu Keeling','pulu-keeling','http://www.environment.gov.au/parks/cocos/index.html','<p>Located on an atoll 2000 kilometers north of Perth, Pulu Keeling is Australia\'s smallest national park.</p>','0000-00-00 00:00:00',0,1,0,'0000-00-00 00:00:00',3,0,1,1,'{\"target\":\"0\",\"count_clicks\":\"\"}','en-GB','2011-01-01 00:00:01',484,'','2011-01-01 00:00:01',42,'','','{\"robots\":\"\",\"author\":\"\",\"rights\":\"\"}',0,'','2010-07-10 23:44:03','0000-00-00 00:00:00');

--
-- Table structure for table `o4vxs_wf_profiles`
--

CREATE TABLE `o4vxs_wf_profiles` (
  `id` int(11) NOT NULL AUTO_INCREMENT,
  `name` varchar(255) NOT NULL,
  `description` text NOT NULL,
  `users` text NOT NULL,
  `types` text NOT NULL,
  `components` text NOT NULL,
  `area` tinyint(3) NOT NULL,
  `device` varchar(255) NOT NULL,
  `rows` text NOT NULL,
  `plugins` text NOT NULL,
  `published` tinyint(3) NOT NULL,
  `ordering` int(11) NOT NULL,
  `checked_out` tinyint(3) NOT NULL,
  `checked_out_time` datetime NOT NULL,
  `params` text NOT NULL,
  PRIMARY KEY (`id`)
) ENGINE=MyISAM AUTO_INCREMENT=5 DEFAULT CHARSET=utf8;

--
-- Dumping data for table `o4vxs_wf_profiles`
--

INSERT INTO `o4vxs_wf_profiles` VALUES (1,'Default','Default Profile for all users','','3,4,5,10,6,7,8','',0,'desktop,tablet,phone','help,newdocument,undo,redo,spacer,bold,italic,underline,strikethrough,justifyfull,justifycenter,justifyleft,justifyright,spacer,blockquote,formatselect,styleselect,removeformat,cleanup;fontselect,fontsizeselect,forecolor,backcolor,spacer,clipboard,indent,outdent,lists,sub,sup,textcase,charmap,hr;directionality,fullscreen,preview,source,print,searchreplace,spacer,table;visualaid,visualchars,visualblocks,nonbreaking,style,xhtmlxtras,anchor,unlink,link,imgmanager,spellchecker,article','charmap,contextmenu,browser,inlinepopups,media,help,clipboard,searchreplace,directionality,fullscreen,preview,source,table,textcase,print,style,nonbreaking,visualchars,visualblocks,xhtmlxtras,imgmanager,anchor,link,spellchecker,article,lists',1,1,0,'0000-00-00 00:00:00',''),(2,'Front End','Sample Front-end Profile','','3,4,5,10','',1,'desktop,tablet,phone','help,newdocument,undo,redo,spacer,bold,italic,underline,strikethrough,justifyfull,justifycenter,justifyleft,justifyright,spacer,formatselect,styleselect;clipboard,searchreplace,indent,outdent,lists,cleanup,charmap,removeformat,hr,sub,sup,textcase,nonbreaking,visualchars,visualblocks;fullscreen,preview,print,visualaid,style,xhtmlxtras,anchor,unlink,link,imgmanager,spellchecker,article','charmap,contextmenu,inlinepopups,help,clipboard,searchreplace,fullscreen,preview,print,style,textcase,nonbreaking,visualchars,visualblocks,xhtmlxtras,imgmanager,anchor,link,spellchecker,article,lists',0,2,0,'0000-00-00 00:00:00',''),(3,'Blogger','Simple Blogging Profile','','3,4,5,10,6,7,8','',0,'desktop,tablet,phone','bold,italic,strikethrough,lists,blockquote,spacer,justifyleft,justifycenter,justifyright,spacer,link,unlink,imgmanager,article,spellchecker,fullscreen,kitchensink;formatselect,underline,justifyfull,forecolor,clipboard,removeformat,charmap,indent,outdent,undo,redo,help','link,imgmanager,article,spellchecker,fullscreen,kitchensink,clipboard,contextmenu,inlinepopups,lists',0,3,0,'0000-00-00 00:00:00','{\"editor\":{\"toggle\":\"0\"}}'),(4,'Mobile','Sample Mobile Profile','','3,4,5,10,6,7,8','',0,'tablet,phone','undo,redo,spacer,bold,italic,underline,formatselect,spacer,justifyleft,justifycenter,justifyfull,justifyright,spacer,fullscreen,kitchensink;styleselect,lists,spellchecker,article,link,unlink','fullscreen,kitchensink,spellchecker,article,link,inlinepopups,lists',0,4,0,'0000-00-00 00:00:00','{\"editor\":{\"toolbar_theme\":\"mobile\",\"resizing\":\"0\",\"resize_horizontal\":\"0\",\"resizing_use_cookie\":\"0\",\"toggle\":\"0\",\"links\":{\"popups\":{\"default\":\"\",\"jcemediabox\":{\"enable\":\"0\"},\"window\":{\"enable\":\"0\"}}}}}');


